ÿØÿàJFIF``ÿþxØ Dre4m Was Here
Dre4m Shell
Server IP : 109.234.164.53  /  Your IP : 216.73.216.110
Web Server : Apache
System : Linux cervelle.o2switch.net 4.18.0-553.32.1.lve.el8.x86_64 #1 SMP Thu Dec 19 13:14:03 UTC 2024 x86_64
User : computer3 ( 1098)
PHP Version : 7.1.33
Disable Function : NONE
MySQL : OFF  |  cURL : ON  |  WGET : ON  |  Perl : ON  |  Python : ON  |  Sudo : OFF  |  Pkexec : OFF
Directory :  /home/computer3/access-logs/

Upload File :
current_dir [ Writeable ] document_root [ Writeable ]

 

Command :


[ HOME SHELL ]     

Current File : /home/computer3/access-logs/fermegarat.computer3.fr-ssl_log
85.208.96.207 - - [15/Jun/2026:00:11:23 +0200] "GET /new-products.php?a=10&a=10&a=10&a=10&a=10&a=10&a=10&a=10&b=1&b=1&b=1&b=1&b=1&b=1&b=1&b=1&debut=0&debut=0&debut=0&debut=0&debut=0&debut=0&debut=0&debut=0&debut=0&debut=0&debut=10&debut=20&histo_track=1&m=02&seo_cat&seo_cat&seo_cat&seo_cat&x20=0&x20=0&x20=0&x20=1&y=2018 HTTP/1.1" 200 43187 "-" "Mozilla/5.0 (compatible; SemrushBot/7~bl; +http://www.semrush.com/bot.html)"
85.208.96.206 - - [15/Jun/2026:00:11:29 +0200] "GET /new-products.php?a=10&a=10&a=10&a=10&a=10&a=10&a=10&a=10&b=1&b=1&b=1&b=1&b=1&b=1&b=1&b=1&debut=0&debut=0&debut=0&debut=0&debut=0&debut=0&debut=0&debut=10&debut=10&debut=10&debut=10&debut=20&histo_track=1&m=02&seo_cat&seo_cat&seo_cat&seo_cat&x20=0&x20=0&x20=1&x22=1&y=2017 HTTP/1.1" 200 43193 "-" "Mozilla/5.0 (compatible; SemrushBot/7~bl; +http://www.semrush.com/bot.html)"
85.208.96.208 - - [15/Jun/2026:00:11:52 +0200] "GET /new-products.php?a=10&a=10&a=10&a=10&a=10&a=10&a=10&a=10&a=10&a=10&a=10&a=10&a=10&b=1&b=1&b=1&b=1&b=1&b=1&b=1&b=1&b=1&b=1&b=1&b=1&b=1&debut=0&debut=0&debut=0&debut=0&debut=0&debut=0&debut=0&debut=20&debut=20&debut=20&debut=20&debut=20&debut=30&m=08&y=2027 HTTP/1.1" 200 43239 "-" "Mozilla/5.0 (compatible; SemrushBot/7~bl; +http://www.semrush.com/bot.html)"
85.208.96.208 - - [15/Jun/2026:00:11:54 +0200] "GET /marques.php?a=10&a=10&a=10&a=10&b=1&b=1&b=1&b=1&debut=0&debut=0&debut=0&debut=0&debut=0&debut=0&debut=0&debut=0&debut=0&debut=10&debut=20&histo_track=1&seo=20-les-entrees&seo_marq=20&seo_marq=20&seo_marq=20&seo_marq=20&seo_marq=20&seo_marq=20&seo_marq=20&t59=0&t59=0&t59=1&t61=0&t61=1&t76=1&t79=1 HTTP/1.1" 200 42721 "-" "Mozilla/5.0 (compatible; SemrushBot/7~bl; +http://www.semrush.com/bot.html)"
85.208.96.206 - - [15/Jun/2026:00:11:56 +0200] "GET /new-products.php?a=10&a=10&a=10&a=10&a=10&a=10&a=10&a=10&b=1&b=1&b=1&b=1&b=1&b=1&b=1&b=1&debut=0&debut=0&debut=0&debut=0&debut=0&debut=0&debut=0&debut=0&debut=0&debut=10&debut=10&debut=20&histo_track=1&m=02&seo_cat&seo_cat&seo_cat&seo_cat&x20=0&x20=0&x20=1&x22=1&y=2024 HTTP/1.1" 200 43192 "-" "Mozilla/5.0 (compatible; SemrushBot/7~bl; +http://www.semrush.com/bot.html)"
85.208.96.197 - - [15/Jun/2026:00:11:58 +0200] "GET /new-products.php?a=10&a=10&a=10&a=10&b=1&b=1&b=1&b=1&debut=0&debut=0&debut=0&debut=0&debut=0&debut=0&debut=0&debut=0&debut=10&debut=20&debut=20&debut=30&m=04&seo_cat&seo_cat&seo_cat&seo_cat&seo_cat&seo_cat&seo_cat&seo_cat&x20=0&x20=0&x20=0&x20=0&x20=0&x20=0&x20=1&x22=1&y=2024 HTTP/1.1" 200 43200 "-" "Mozilla/5.0 (compatible; SemrushBot/7~bl; +http://www.semrush.com/bot.html)"
185.191.171.1 - - [15/Jun/2026:00:12:19 +0200] "GET /new-products.php?a=10&a=10&a=10&a=10&a=10&b=1&b=1&b=1&b=1&b=1&debut=0&debut=0&debut=0&debut=0&debut=0&debut=0&debut=0&debut=0&debut=10&debut=10&debut=30&histo_track=1&m=04&seo_cat&seo_cat&seo_cat&seo_cat&seo_cat&seo_cat&x20=0&x20=0&x20=1&x22=0&x22=0&x22=1&y=2027 HTTP/1.1" 200 43172 "-" "Mozilla/5.0 (compatible; SemrushBot/7~bl; +http://www.semrush.com/bot.html)"
185.191.171.1 - - [15/Jun/2026:00:12:31 +0200] "GET /new-products.php?a=10&a=10&a=10&a=10&a=10&a=10&a=10&a=10&a=10&b=1&b=1&b=1&b=1&b=1&b=1&b=1&b=1&b=1&debut=0&debut=0&debut=0&debut=10&debut=10&debut=10&debut=10&debut=10&debut=20&debut=20&debut=20&debut=30&histo_track=1&m=01&seo_cat&seo_cat&seo_cat&x20=1&x22=0&x22=1&y=2026 HTTP/1.1" 200 43193 "-" "Mozilla/5.0 (compatible; SemrushBot/7~bl; +http://www.semrush.com/bot.html)"
185.191.171.19 - - [15/Jun/2026:00:12:54 +0200] "GET /new-products.php?a=10&a=10&a=10&a=10&a=10&a=10&b=1&b=1&b=1&b=1&b=1&b=1&debut=0&debut=0&debut=0&debut=0&debut=0&debut=10&debut=10&debut=10&debut=30&m=12&seo_cat&seo_cat&seo_cat&x20=0&x20=1&x22=1&y=2020 HTTP/1.1" 200 43061 "-" "Mozilla/5.0 (compatible; SemrushBot/7~bl; +http://www.semrush.com/bot.html)"
185.191.171.11 - - [15/Jun/2026:00:12:57 +0200] "GET /new-products.php?a=10&a=10&a=10&b=1&b=1&b=1&debut=0&debut=0&debut=0&debut=10&debut=20&debut=30&m=03&seo_cat&seo_cat&seo_cat&x20=0&x20=1&x22=1&y=2022 HTTP/1.1" 200 42946 "-" "Mozilla/5.0 (compatible; SemrushBot/7~bl; +http://www.semrush.com/bot.html)"
85.208.96.195 - - [15/Jun/2026:00:13:16 +0200] "GET /new-products.php?a=10&a=10&a=10&a=10&a=10&a=10&a=10&a=10&a=10&b=1&b=1&b=1&b=1&b=1&b=1&b=1&b=1&b=1&debut=0&debut=0&debut=0&debut=0&debut=10&debut=10&debut=10&debut=10&debut=10&debut=10&debut=20&debut=30&histo_track=1&m=06&seo_cat&seo_cat&seo_cat&x20=1&x22=0&x22=1&y=2025 HTTP/1.1" 200 43258 "-" "Mozilla/5.0 (compatible; SemrushBot/7~bl; +http://www.semrush.com/bot.html)"
88.99.57.91 - - [15/Jun/2026:00:13:30 +0200] "GET /blog HTTP/1.1" 301 278 "-" "Mozilla/5.0 (Windows NT 10.0; Win64; x64) AppleWebKit/537.36 (KHTML, like Gecko) Chrome/128.0.0.0 Safari/537.36"
88.99.57.91 - - [15/Jun/2026:00:13:30 +0200] "GET /blog HTTP/1.1" 200 42079 "-" "Mozilla/5.0 (Windows NT 10.0; Win64; x64) AppleWebKit/537.36 (KHTML, like Gecko) Chrome/128.0.0.0 Safari/537.36"
85.208.96.195 - - [15/Jun/2026:00:13:34 +0200] "GET /marques.php?a=10&a=10&a=10&a=10&b=1&b=1&b=1&b=1&debut=0&debut=0&debut=0&debut=0&debut=0&debut=0&debut=0&debut=0&debut=0&debut=10&debut=20&histo_track=1&seo=20-les-entrees&seo_marq=20&seo_marq=20&seo_marq=20&seo_marq=20&seo_marq=20&seo_marq=20&seo_marq=20&t59=0&t59=1&t63=0&t63=0&t63=1&t76=1&t79=1 HTTP/1.1" 200 42721 "-" "Mozilla/5.0 (compatible; SemrushBot/7~bl; +http://www.semrush.com/bot.html)"
185.191.171.1 - - [15/Jun/2026:00:13:36 +0200] "GET /new-products.php?a=10&a=10&a=10&a=10&a=10&a=10&a=10&a=10&a=10&b=1&b=1&b=1&b=1&b=1&b=1&b=1&b=1&b=1&debut=0&debut=0&debut=0&debut=0&debut=10&debut=10&debut=10&debut=10&debut=20&debut=20&debut=20&debut=30&histo_track=1&m=12&seo_cat&seo_cat&seo_cat&x20=1&x22=0&x22=1&y=2026 HTTP/1.1" 200 43199 "-" "Mozilla/5.0 (compatible; SemrushBot/7~bl; +http://www.semrush.com/bot.html)"
85.208.96.212 - - [15/Jun/2026:00:14:02 +0200] "GET /new-products.php?a=10&a=10&a=10&a=10&a=10&a=10&a=10&a=10&a=10&b=1&b=1&b=1&b=1&b=1&b=1&b=1&b=1&b=1&debut=0&debut=0&debut=0&debut=0&debut=10&debut=10&debut=10&debut=10&debut=10&debut=10&debut=20&debut=30&histo_track=1&m=01&seo_cat&seo_cat&seo_cat&x20=1&x22=0&x22=1&y=2028 HTTP/1.1" 200 43264 "-" "Mozilla/5.0 (compatible; SemrushBot/7~bl; +http://www.semrush.com/bot.html)"
185.191.171.11 - - [15/Jun/2026:00:14:33 +0200] "GET /new-products.php?a=10&a=10&a=10&a=10&a=10&a=10&a=10&a=10&a=10&b=1&b=1&b=1&b=1&b=1&b=1&b=1&b=1&b=1&debut=0&debut=0&debut=0&debut=10&debut=10&debut=10&debut=10&debut=10&debut=20&debut=20&debut=20&debut=30&histo_track=1&m=01&seo_cat&seo_cat&seo_cat&x20=1&x22=0&x22=1&y=2027 HTTP/1.1" 200 43193 "-" "Mozilla/5.0 (compatible; SemrushBot/7~bl; +http://www.semrush.com/bot.html)"
185.191.171.14 - - [15/Jun/2026:00:14:47 +0200] "GET /new-products.php?a=10&a=10&a=10&a=10&a=10&b=1&b=1&b=1&b=1&b=1&debut=0&debut=0&debut=0&debut=0&debut=0&debut=0&debut=0&debut=0&debut=20&debut=20&debut=30&seo_cat&seo_cat&seo_cat&seo_cat&seo_cat&seo_cat&x20=1&x22=0&x22=0&x22=0&x22=0&x22=1 HTTP/1.1" 200 43146 "-" "Mozilla/5.0 (compatible; SemrushBot/7~bl; +http://www.semrush.com/bot.html)"
85.208.96.200 - - [15/Jun/2026:00:15:05 +0200] "GET /new-products.php?a=10&a=10&a=10&a=10&a=10&a=10&a=10&a=10&a=10&b=1&b=1&b=1&b=1&b=1&b=1&b=1&b=1&b=1&debut=0&debut=0&debut=0&debut=0&debut=0&debut=10&debut=10&debut=10&debut=10&debut=10&debut=20&debut=30&histo_track=1&m=06&seo_cat&seo_cat&seo_cat&x20=0&x20=1&x22=1&y=2020 HTTP/1.1" 200 43183 "-" "Mozilla/5.0 (compatible; SemrushBot/7~bl; +http://www.semrush.com/bot.html)"
85.208.96.206 - - [15/Jun/2026:00:15:07 +0200] "GET /new-products.php?a=10&a=10&a=10&a=10&a=10&b=1&b=1&b=1&b=1&b=1&debut=0&debut=0&debut=0&debut=0&debut=0&debut=0&debut=0&debut=0&debut=20&debut=30&m=10&seo_cat&seo_cat&seo_cat&seo_cat&seo_cat&x20=1&x22=0&x22=0&x22=0&x22=1&y=2018 HTTP/1.1" 200 43103 "-" "Mozilla/5.0 (compatible; SemrushBot/7~bl; +http://www.semrush.com/bot.html)"
185.191.171.16 - - [15/Jun/2026:00:15:09 +0200] "GET /new-products.php?a=10&a=10&a=10&a=10&a=10&a=10&a=10&a=10&a=10&a=10&a=10&a=10&a=10&b=1&b=1&b=1&b=1&b=1&b=1&b=1&b=1&b=1&b=1&b=1&b=1&b=1&debut=0&debut=0&debut=0&debut=0&debut=0&debut=0&debut=0&debut=10&debut=10&debut=10&debut=10&debut=10&debut=30&m=12&y=2014 HTTP/1.1" 200 43171 "-" "Mozilla/5.0 (compatible; SemrushBot/7~bl; +http://www.semrush.com/bot.html)"
85.208.96.200 - - [15/Jun/2026:00:15:11 +0200] "GET /new-products.php?a=10&a=10&a=10&a=10&a=10&a=10&a=10&b=1&b=1&b=1&b=1&b=1&b=1&b=1&debut=0&debut=0&debut=0&debut=0&debut=0&debut=0&debut=0&debut=20&debut=20&debut=20&debut=30&histo_track=1&m=08&seo_cat&seo_cat&seo_cat&seo_cat&x20=1&x22=0&x22=0&x22=1&y=2016 HTTP/1.1" 200 43162 "-" "Mozilla/5.0 (compatible; SemrushBot/7~bl; +http://www.semrush.com/bot.html)"
85.208.96.204 - - [15/Jun/2026:00:15:27 +0200] "GET /new-products.php?a=10&a=10&a=10&a=10&a=10&a=10&a=10&a=10&a=10&b=1&b=1&b=1&b=1&b=1&b=1&b=1&b=1&b=1&debut=0&debut=0&debut=0&debut=0&debut=10&debut=10&debut=10&debut=20&debut=20&debut=20&debut=20&debut=30&histo_track=1&m=05&seo_cat&seo_cat&seo_cat&x20=1&x22=0&x22=1&y=2019 HTTP/1.1" 200 43187 "-" "Mozilla/5.0 (compatible; SemrushBot/7~bl; +http://www.semrush.com/bot.html)"
85.208.96.206 - - [15/Jun/2026:00:15:56 +0200] "GET /new-products.php?a=10&a=10&a=10&a=10&a=10&a=10&a=10&a=10&a=10&b=1&b=1&b=1&b=1&b=1&b=1&b=1&b=1&b=1&debut=0&debut=0&debut=0&debut=0&debut=20&debut=20&debut=20&debut=20&debut=20&debut=20&debut=20&debut=30&histo_track=1&m=10&seo_cat&seo_cat&seo_cat&x20=0&x20=1&x22=1&y=2023 HTTP/1.1" 200 43264 "-" "Mozilla/5.0 (compatible; SemrushBot/7~bl; +http://www.semrush.com/bot.html)"
185.191.171.14 - - [15/Jun/2026:00:15:59 +0200] "GET /new-products.php?a=10&a=10&a=10&a=10&b=1&b=1&b=1&b=1&debut=0&debut=0&debut=0&debut=0&debut=0&debut=0&debut=0&debut=0&debut=0&debut=20&debut=20&debut=30&m=03&seo_cat&seo_cat&seo_cat&seo_cat&seo_cat&seo_cat&seo_cat&seo_cat&x20=1&x22=0&x22=0&x22=0&x22=0&x22=0&x22=0&x22=1&y=2020 HTTP/1.1" 200 43273 "-" "Mozilla/5.0 (compatible; SemrushBot/7~bl; +http://www.semrush.com/bot.html)"
85.208.96.196 - - [15/Jun/2026:00:16:01 +0200] "GET /new-products.php?a=10&a=10&a=10&a=10&a=10&a=10&a=10&a=10&a=10&b=1&b=1&b=1&b=1&b=1&b=1&b=1&b=1&b=1&debut=0&debut=0&debut=0&debut=0&debut=10&debut=10&debut=10&debut=10&debut=10&debut=10&debut=10&debut=20&histo_track=1&m=03&seo_cat&seo_cat&seo_cat&x20=0&x20=0&x20=1&y=2022 HTTP/1.1" 200 43188 "-" "Mozilla/5.0 (compatible; SemrushBot/7~bl; +http://www.semrush.com/bot.html)"
185.191.171.14 - - [15/Jun/2026:00:16:24 +0200] "GET /new-products.php?a=10&a=10&a=10&a=10&a=10&a=10&a=10&a=10&b=1&b=1&b=1&b=1&b=1&b=1&b=1&b=1&debut=0&debut=0&debut=0&debut=0&debut=0&debut=0&debut=0&debut=0&debut=0&debut=10&debut=10&debut=20&histo_track=1&m=12&seo_cat&seo_cat&seo_cat&seo_cat&x20=0&x20=0&x20=0&x20=1&y=2021 HTTP/1.1" 200 43199 "-" "Mozilla/5.0 (compatible; SemrushBot/7~bl; +http://www.semrush.com/bot.html)"
185.191.171.11 - - [15/Jun/2026:00:16:31 +0200] "GET /new-products.php?a=10&a=10&a=10&a=10&b=1&b=1&b=1&b=1&debut=0&debut=0&debut=0&debut=0&debut=0&debut=0&debut=0&debut=0&debut=0&debut=10&debut=20&debut=30&m=11&seo_cat&seo_cat&seo_cat&seo_cat&seo_cat&seo_cat&seo_cat&seo_cat&x20=0&x20=0&x20=0&x20=0&x20=0&x20=0&x20=1&x22=1&y=2024 HTTP/1.1" 200 43201 "-" "Mozilla/5.0 (compatible; SemrushBot/7~bl; +http://www.semrush.com/bot.html)"
185.191.171.4 - - [15/Jun/2026:00:16:37 +0200] "GET /new-products.php?a=10&a=10&a=10&a=10&a=10&a=10&b=1&b=1&b=1&b=1&b=1&b=1&debut=0&debut=0&debut=0&debut=0&debut=0&debut=0&debut=0&debut=0&debut=10&debut=30&histo_track=1&m=03&seo_cat&seo_cat&seo_cat&seo_cat&x20=1&x22=0&x22=0&x22=1&y=2020 HTTP/1.1" 200 43191 "-" "Mozilla/5.0 (compatible; SemrushBot/7~bl; +http://www.semrush.com/bot.html)"
185.191.171.14 - - [15/Jun/2026:00:16:56 +0200] "GET /new-products.php?a=10&a=10&a=10&a=10&a=10&a=10&a=10&a=10&b=1&b=1&b=1&b=1&b=1&b=1&b=1&b=1&debut=0&debut=0&debut=0&debut=0&debut=0&debut=0&debut=0&debut=0&debut=0&debut=0&debut=20&debut=30&histo_track=1&m=10&seo_cat&seo_cat&seo_cat&seo_cat&x20=0&x20=0&x20=1&x22=1&y=2017 HTTP/1.1" 200 43262 "-" "Mozilla/5.0 (compatible; SemrushBot/7~bl; +http://www.semrush.com/bot.html)"
185.191.171.14 - - [15/Jun/2026:00:16:59 +0200] "GET /new-products.php?a=10&a=10&a=10&a=10&b=1&b=1&b=1&b=1&debut=0&debut=0&debut=0&debut=0&debut=0&debut=0&debut=0&debut=0&debut=10&debut=10&debut=20&debut=30&m=11&seo_cat&seo_cat&seo_cat&seo_cat&seo_cat&seo_cat&seo_cat&seo_cat&x20=0&x20=0&x20=0&x20=0&x20=0&x20=1&x22=0&x22=1&y=2019 HTTP/1.1" 200 43420 "-" "Mozilla/5.0 (compatible; SemrushBot/7~bl; +http://www.semrush.com/bot.html)"
185.191.171.14 - - [15/Jun/2026:00:17:00 +0200] "GET /new-products.php?a=10&a=10&a=10&a=10&b=1&b=1&b=1&b=1&debut=0&debut=0&debut=0&debut=0&debut=0&debut=0&debut=0&debut=0&debut=10&debut=10&debut=20&debut=30&m=11&seo_cat&seo_cat&seo_cat&seo_cat&seo_cat&seo_cat&seo_cat&seo_cat&x20=0&x20=0&x20=0&x20=0&x20=0&x20=1&x22=0&x22=1&y=2019 HTTP/1.1" 200 43420 "-" "Mozilla/5.0 (compatible; SemrushBot/7~bl; +http://www.semrush.com/bot.html)"
85.208.96.210 - - [15/Jun/2026:00:17:19 +0200] "GET /new-products.php?a=10&a=10&a=10&a=10&a=10&a=10&a=10&a=10&a=10&a=10&a=10&a=10&b=1&b=1&b=1&b=1&b=1&b=1&b=1&b=1&b=1&b=1&b=1&b=1&debut=0&debut=0&debut=0&debut=0&debut=0&debut=0&debut=0&debut=0&debut=0&debut=0&debut=0&debut=0&debut=30&m=04&seo_cat&x22=1&y=2021 HTTP/1.1" 200 43158 "-" "Mozilla/5.0 (compatible; SemrushBot/7~bl; +http://www.semrush.com/bot.html)"
185.191.171.9 - - [15/Jun/2026:00:17:45 +0200] "GET /new-products.php?a=10&a=10&a=10&a=10&a=10&a=10&b=1&b=1&b=1&b=1&b=1&b=1&debut=0&debut=0&debut=0&debut=0&debut=0&debut=10&debut=10&debut=20&debut=20&debut=30&histo_track=1&m=11&seo_cat&seo_cat&seo_cat&seo_cat&x20=0&x20=1&x22=0&x22=1&y=2020 HTTP/1.1" 200 43198 "-" "Mozilla/5.0 (compatible; SemrushBot/7~bl; +http://www.semrush.com/bot.html)"
185.191.171.14 - - [15/Jun/2026:00:17:51 +0200] "GET /new-products.php?a=10&a=10&a=10&a=10&a=10&a=10&a=10&a=10&b=1&b=1&b=1&b=1&b=1&b=1&b=1&b=1&debut=0&debut=0&debut=0&debut=0&debut=0&debut=0&debut=0&debut=0&debut=10&debut=20&debut=20&debut=30&histo_track=1&m=02&seo_cat&seo_cat&seo_cat&seo_cat&x20=0&x20=0&x20=0&x20=1&y=2016 HTTP/1.1" 200 43194 "-" "Mozilla/5.0 (compatible; SemrushBot/7~bl; +http://www.semrush.com/bot.html)"
85.208.96.196 - - [15/Jun/2026:00:18:14 +0200] "GET /new-products.php?a=10&a=10&a=10&a=10&a=10&a=10&a=10&a=10&a=10&b=1&b=1&b=1&b=1&b=1&b=1&b=1&b=1&b=1&debut=0&debut=0&debut=0&debut=0&debut=0&debut=10&debut=10&debut=10&debut=10&debut=10&debut=20&debut=30&histo_track=1&m=02&seo_cat&seo_cat&seo_cat&x20=0&x20=1&x22=1&y=2017 HTTP/1.1" 200 43187 "-" "Mozilla/5.0 (compatible; SemrushBot/7~bl; +http://www.semrush.com/bot.html)"
85.208.96.209 - - [15/Jun/2026:00:18:23 +0200] "GET /new-products.php?a=10&a=10&a=10&a=10&a=10&a=10&a=10&a=10&b=1&b=1&b=1&b=1&b=1&b=1&b=1&b=1&debut=0&debut=0&debut=0&debut=0&debut=0&debut=0&debut=0&debut=0&debut=0&debut=0&debut=20&debut=30&histo_track=1&m=05&seo_cat&seo_cat&seo_cat&seo_cat&x20=0&x20=1&x22=0&x22=1&y=2024 HTTP/1.1" 200 43185 "-" "Mozilla/5.0 (compatible; SemrushBot/7~bl; +http://www.semrush.com/bot.html)"
185.191.171.14 - - [15/Jun/2026:00:18:47 +0200] "GET /new-products.php?a=10&a=10&a=10&a=10&a=10&a=10&a=10&b=1&b=1&b=1&b=1&b=1&b=1&b=1&debut=0&debut=0&debut=0&debut=0&debut=0&debut=0&debut=0&debut=10&debut=10&debut=20&debut=30&m=02&seo_cat&seo_cat&seo_cat&seo_cat&x22=0&x22=0&x22=0&x22=1&y=2027 HTTP/1.1" 200 43056 "-" "Mozilla/5.0 (compatible; SemrushBot/7~bl; +http://www.semrush.com/bot.html)"
185.191.171.9 - - [15/Jun/2026:00:19:08 +0200] "GET /new-products.php?a=10&a=10&a=10&b=1&b=1&b=1&debut=0&debut=0&debut=0&debut=0&debut=0&debut=0&debut=0&debut=20&debut=20&debut=30&m=08&seo_cat&seo_cat&seo_cat&seo_cat&seo_cat&seo_cat&seo_cat&x20=1&x22=0&x22=0&x22=0&x22=0&x22=0&x22=1&y=2018 HTTP/1.1" 200 43128 "-" "Mozilla/5.0 (compatible; SemrushBot/7~bl; +http://www.semrush.com/bot.html)"
85.208.96.206 - - [15/Jun/2026:00:19:22 +0200] "GET /new-products.php?a=10&a=10&a=10&a=10&a=10&a=10&a=10&a=10&a=10&b=1&b=1&b=1&b=1&b=1&b=1&b=1&b=1&b=1&debut=0&debut=0&debut=0&debut=0&debut=10&debut=10&debut=10&debut=10&debut=10&debut=10&debut=10&debut=30&histo_track=1&m=12&seo_cat&seo_cat&seo_cat&x20=1&x22=0&x22=1&y=2017 HTTP/1.1" 200 43199 "-" "Mozilla/5.0 (compatible; SemrushBot/7~bl; +http://www.semrush.com/bot.html)"
185.191.171.10 - - [15/Jun/2026:00:19:24 +0200] "GET /new-products.php?a=10&a=10&a=10&b=1&b=1&b=1&debut=0&debut=0&debut=0&debut=0&debut=0&debut=0&debut=0&debut=0&debut=20&debut=20&debut=30&m=08&seo_cat&seo_cat&seo_cat&seo_cat&seo_cat&seo_cat&seo_cat&seo_cat&x20=0&x20=0&x20=0&x20=0&x20=1&x22=0&x22=0&x22=1&y=2025 HTTP/1.1" 200 43172 "-" "Mozilla/5.0 (compatible; SemrushBot/7~bl; +http://www.semrush.com/bot.html)"
85.208.96.209 - - [15/Jun/2026:00:19:30 +0200] "GET /new-products.php?a=10&a=10&a=10&a=10&a=10&a=10&a=10&a=10&a=10&b=1&b=1&b=1&b=1&b=1&b=1&b=1&b=1&b=1&debut=0&debut=0&debut=0&debut=10&debut=10&debut=10&debut=20&debut=20&debut=20&debut=20&debut=20&debut=30&histo_track=1&m=10&seo_cat&seo_cat&seo_cat&x20=1&x22=0&x22=1&y=2019 HTTP/1.1" 200 43193 "-" "Mozilla/5.0 (compatible; SemrushBot/7~bl; +http://www.semrush.com/bot.html)"
185.191.171.18 - - [15/Jun/2026:00:19:32 +0200] "GET /new-products.php?a=10&a=10&a=10&a=10&a=10&a=10&b=1&b=1&b=1&b=1&b=1&b=1&debut=0&debut=0&debut=0&debut=0&debut=0&debut=0&debut=0&debut=10&debut=20&m=03&seo_cat&seo_cat&seo_cat&x20=0&x20=0&x20=1&y=2024 HTTP/1.1" 200 43046 "-" "Mozilla/5.0 (compatible; SemrushBot/7~bl; +http://www.semrush.com/bot.html)"
185.191.171.3 - - [15/Jun/2026:00:19:46 +0200] "GET /new-products.php?a=10&a=10&a=10&a=10&a=10&a=10&a=10&a=10&a=10&b=1&b=1&b=1&b=1&b=1&b=1&b=1&b=1&b=1&debut=0&debut=0&debut=0&debut=0&debut=10&debut=10&debut=20&debut=20&debut=20&debut=20&debut=20&debut=30&histo_track=1&m=04&seo_cat&seo_cat&seo_cat&x20=0&x20=1&x22=1&y=2028 HTTP/1.1" 200 43186 "-" "Mozilla/5.0 (compatible; SemrushBot/7~bl; +http://www.semrush.com/bot.html)"
85.208.96.210 - - [15/Jun/2026:00:19:52 +0200] "GET /new-products.php?a=10&a=10&a=10&a=10&a=10&a=10&a=10&a=10&a=10&b=1&b=1&b=1&b=1&b=1&b=1&b=1&b=1&b=1&debut=0&debut=0&debut=0&debut=10&debut=10&debut=10&debut=10&debut=20&debut=20&debut=20&debut=20&debut=30&histo_track=1&m=04&seo_cat&seo_cat&seo_cat&x20=0&x20=1&x22=1&y=2028 HTTP/1.1" 200 43188 "-" "Mozilla/5.0 (compatible; SemrushBot/7~bl; +http://www.semrush.com/bot.html)"
85.208.96.197 - - [15/Jun/2026:00:20:12 +0200] "GET /new-products.php?a=10&a=10&a=10&a=10&b=1&b=1&b=1&b=1&debut=0&debut=0&debut=0&debut=0&debut=0&debut=0&debut=10&debut=10&debut=10&debut=30&histo_track=1&m=01&seo_cat&seo_cat&seo_cat&seo_cat&seo_cat&seo_cat&x20=0&x20=1&x22=0&x22=0&x22=0&x22=1&y=2027 HTTP/1.1" 200 43145 "-" "Mozilla/5.0 (compatible; SemrushBot/7~bl; +http://www.semrush.com/bot.html)"
85.208.96.200 - - [15/Jun/2026:00:20:23 +0200] "GET /new-products.php?a=10&a=10&a=10&a=10&a=10&a=10&a=10&a=10&b=1&b=1&b=1&b=1&b=1&b=1&b=1&b=1&debut=0&debut=0&debut=0&debut=0&debut=0&debut=0&debut=0&debut=10&debut=20&debut=20&debut=20&debut=30&histo_track=1&m=12&seo_cat&seo_cat&seo_cat&seo_cat&x20=1&x22=0&x22=0&x22=1&y=2021 HTTP/1.1" 200 43203 "-" "Mozilla/5.0 (compatible; SemrushBot/7~bl; +http://www.semrush.com/bot.html)"
108.165.76.247 - - [15/Jun/2026:00:20:37 +0200] "GET /robots.txt HTTP/1.1" 301 284 "-" "Mozilla/5.0 (Windows NT 10.0; Win64; x64) AppleWebKit/537.36 (KHTML, like Gecko) Chrome/94.0.4606.81 Safari/537.36"
108.165.76.247 - - [15/Jun/2026:00:20:38 +0200] "GET /robots.txt HTTP/1.1" 200 136 "-" "Mozilla/5.0 (Windows NT 10.0; Win64; x64) AppleWebKit/537.36 (KHTML, like Gecko) Chrome/94.0.4606.81 Safari/537.36"
108.165.76.247 - - [15/Jun/2026:00:20:38 +0200] "GET / HTTP/1.1" 301 274 "-" "Mozilla/5.0 (Windows NT 10.0; Win64; x64) AppleWebKit/537.36 (KHTML, like Gecko) Chrome/94.0.4606.81 Safari/537.36"
108.165.76.247 - - [15/Jun/2026:00:20:38 +0200] "GET / HTTP/1.1" 200 55475 "-" "Mozilla/5.0 (Windows NT 10.0; Win64; x64) AppleWebKit/537.36 (KHTML, like Gecko) Chrome/94.0.4606.81 Safari/537.36"
108.165.76.247 - - [15/Jun/2026:00:20:39 +0200] "GET / HTTP/1.1" 200 55475 "-" "Mozilla/5.0 (iPhone; CPU iPhone OS 6_0 like Mac OS X) AppleWebKit/536.26 (KHTML, like Gecko)                     Version/6.0 Mobile/10A5376e Safari/8536.25"
185.191.171.4 - - [15/Jun/2026:00:20:45 +0200] "GET /new-products.php?a=10&a=10&a=10&b=1&b=1&b=1&debut=0&debut=0&debut=0&debut=0&debut=0&debut=0&debut=10&debut=10&debut=30&histo_track=1&m=09&seo_cat&seo_cat&seo_cat&seo_cat&seo_cat&seo_cat&x20=0&x20=0&x20=0&x20=1&x22=0&x22=1&y=2026 HTTP/1.1" 200 43108 "-" "Mozilla/5.0 (compatible; SemrushBot/7~bl; +http://www.semrush.com/bot.html)"
185.191.171.13 - - [15/Jun/2026:00:20:48 +0200] "GET /new-products.php?a=10&a=10&a=10&b=1&b=1&b=1&debut=0&debut=0&debut=0&debut=0&debut=0&debut=0&debut=0&debut=0&debut=0&debut=0&debut=0&debut=30&m=02&seo_cat&seo_cat&seo_cat&seo_cat&seo_cat&seo_cat&seo_cat&seo_cat&seo_cat&x20=0&x20=0&x20=0&x20=0&x20=0&x20=0&x20=1&x22=0&x22=1&y=2027 HTTP/1.1" 200 43134 "-" "Mozilla/5.0 (compatible; SemrushBot/7~bl; +http://www.semrush.com/bot.html)"
85.208.96.195 - - [15/Jun/2026:00:21:04 +0200] "GET /robots.txt HTTP/1.1" 200 136 "-" "Mozilla/5.0 (compatible; SemrushBot/7~bl; +http://www.semrush.com/bot.html)"
85.208.96.210 - - [15/Jun/2026:00:21:04 +0200] "GET /new-products.php?a=10&a=10&a=10&a=10&b=1&b=1&b=1&b=1&debut=0&debut=0&debut=0&debut=0&debut=0&debut=0&debut=0&debut=0&debut=0&debut=10&debut=10&debut=20&m=02&seo_cat&seo_cat&seo_cat&seo_cat&seo_cat&seo_cat&seo_cat&seo_cat&x20=0&x20=0&x20=0&x20=0&x20=0&x20=0&x20=0&x20=1&y=2017 HTTP/1.1" 200 43201 "-" "Mozilla/5.0 (compatible; SemrushBot/7~bl; +http://www.semrush.com/bot.html)"
85.208.96.195 - - [15/Jun/2026:00:21:08 +0200] "GET /new-products.php?a=10&a=10&a=10&a=10&a=10&a=10&a=10&a=10&a=10&b=1&b=1&b=1&b=1&b=1&b=1&b=1&b=1&b=1&debut=0&debut=0&debut=0&debut=10&debut=10&debut=10&debut=20&debut=20&debut=20&debut=20&debut=20&debut=30&histo_track=1&m=12&seo_cat&seo_cat&seo_cat&x20=0&x20=1&x22=1&y=2022 HTTP/1.1" 200 43201 "-" "Mozilla/5.0 (compatible; SemrushBot/7~bl; +http://www.semrush.com/bot.html)"
23.239.184.97 - - [15/Jun/2026:00:21:16 +0200] "GET /page-nous-situer HTTP/1.1" 200 40557 "-" "Mozilla/5.0 (Macintosh; Intel Mac OS X 10_15_7) AppleWebKit/537.36 (KHTML, like Gecko) Chrome/142.0.0.0 Safari/537.36"
23.239.184.97 - - [15/Jun/2026:00:21:17 +0200] "GET /templates/shop/bootstrap/css/bootstrap.min.css HTTP/1.1" 200 106945 "https://www.google.com/" "Mozilla/5.0 (Macintosh; Intel Mac OS X 10_15_7) AppleWebKit/537.36 (KHTML, like Gecko) Chrome/142.0.0.0 Safari/537.36"
23.239.184.97 - - [15/Jun/2026:00:21:17 +0200] "GET /templates/shop/js/jquery.min.js HTTP/1.1" 200 84320 "https://www.google.com/" "Mozilla/5.0 (Macintosh; Intel Mac OS X 10_15_7) AppleWebKit/537.36 (KHTML, like Gecko) Chrome/142.0.0.0 Safari/537.36"
23.239.184.97 - - [15/Jun/2026:00:21:17 +0200] "GET /templates/shop/bootstrap/css/bootstrap-responsive.min.css HTTP/1.1" 200 19072 "https://www.google.com/" "Mozilla/5.0 (Macintosh; Intel Mac OS X 10_15_7) AppleWebKit/537.36 (KHTML, like Gecko) Chrome/142.0.0.0 Safari/537.36"
23.239.184.97 - - [15/Jun/2026:00:21:17 +0200] "GET /templates/shop/bootstrap/css/bootstrap.min2.css HTTP/1.1" 200 85843 "https://www.google.com/" "Mozilla/5.0 (Macintosh; Intel Mac OS X 10_15_7) AppleWebKit/537.36 (KHTML, like Gecko) Chrome/142.0.0.0 Safari/537.36"
23.239.184.97 - - [15/Jun/2026:00:21:17 +0200] "GET /templates/shop/css/font-awesome/css/font-awesome.min.css HTTP/1.1" 200 19431 "https://www.google.com/" "Mozilla/5.0 (Macintosh; Intel Mac OS X 10_15_7) AppleWebKit/537.36 (KHTML, like Gecko) Chrome/142.0.0.0 Safari/537.36"
23.239.184.97 - - [15/Jun/2026:00:21:17 +0200] "GET /templates/shop/css/font-awesome/css/font-awesome.css HTTP/1.1" 200 28747 "https://www.google.com/" "Mozilla/5.0 (Macintosh; Intel Mac OS X 10_15_7) AppleWebKit/537.36 (KHTML, like Gecko) Chrome/142.0.0.0 Safari/537.36"
23.239.184.97 - - [15/Jun/2026:00:21:17 +0200] "GET /templates/shop/css/animate.min.css HTTP/1.1" 200 55844 "https://www.google.com/" "Mozilla/5.0 (Macintosh; Intel Mac OS X 10_15_7) AppleWebKit/537.36 (KHTML, like Gecko) Chrome/142.0.0.0 Safari/537.36"
23.239.184.97 - - [15/Jun/2026:00:21:17 +0200] "GET /templates/shop/css/jssocials-theme-minima.css HTTP/1.1" 200 4308 "https://www.google.com/" "Mozilla/5.0 (Macintosh; Intel Mac OS X 10_15_7) AppleWebKit/537.36 (KHTML, like Gecko) Chrome/142.0.0.0 Safari/537.36"
23.239.184.97 - - [15/Jun/2026:00:21:17 +0200] "GET /templates/shop/css/jssocials.css HTTP/1.1" 200 1327 "https://www.google.com/" "Mozilla/5.0 (Macintosh; Intel Mac OS X 10_15_7) AppleWebKit/537.36 (KHTML, like Gecko) Chrome/142.0.0.0 Safari/537.36"
23.239.184.97 - - [15/Jun/2026:00:21:17 +0200] "GET /templates/shop/css/helper.css HTTP/1.1" 200 5029 "https://www.google.com/" "Mozilla/5.0 (Macintosh; Intel Mac OS X 10_15_7) AppleWebKit/537.36 (KHTML, like Gecko) Chrome/142.0.0.0 Safari/537.36"
23.239.184.97 - - [15/Jun/2026:00:21:17 +0200] "GET /templates/shop/css/dropdown.linear.columnar.css HTTP/1.1" 200 800 "https://www.google.com/" "Mozilla/5.0 (Macintosh; Intel Mac OS X 10_15_7) AppleWebKit/537.36 (KHTML, like Gecko) Chrome/142.0.0.0 Safari/537.36"
23.239.184.97 - - [15/Jun/2026:00:21:17 +0200] "GET /templates/shop/css/default.advanced.css HTTP/1.1" 200 1232 "https://www.google.com/" "Mozilla/5.0 (Macintosh; Intel Mac OS X 10_15_7) AppleWebKit/537.36 (KHTML, like Gecko) Chrome/142.0.0.0 Safari/537.36"
23.239.184.97 - - [15/Jun/2026:00:21:17 +0200] "GET /templates/shop/css/style.css HTTP/1.1" 200 12038 "https://www.google.com/" "Mozilla/5.0 (Macintosh; Intel Mac OS X 10_15_7) AppleWebKit/537.36 (KHTML, like Gecko) Chrome/142.0.0.0 Safari/537.36"
23.239.184.97 - - [15/Jun/2026:00:21:17 +0200] "GET /templates/shop/css/global.php HTTP/1.1" 200 27284 "https://www.google.com/" "Mozilla/5.0 (Macintosh; Intel Mac OS X 10_15_7) AppleWebKit/537.36 (KHTML, like Gecko) Chrome/142.0.0.0 Safari/537.36"
23.239.184.97 - - [15/Jun/2026:00:21:17 +0200] "GET /templates/shop/css/lightbox.css HTTP/1.1" 200 3875 "https://www.google.com/" "Mozilla/5.0 (Macintosh; Intel Mac OS X 10_15_7) AppleWebKit/537.36 (KHTML, like Gecko) Chrome/142.0.0.0 Safari/537.36"
23.239.184.97 - - [15/Jun/2026:00:21:17 +0200] "GET /start_to_top/style.css HTTP/1.1" 200 - "https://www.google.com/" "Mozilla/5.0 (Macintosh; Intel Mac OS X 10_15_7) AppleWebKit/537.36 (KHTML, like Gecko) Chrome/142.0.0.0 Safari/537.36"
23.239.184.97 - - [15/Jun/2026:00:21:17 +0200] "GET /start_to_top/modernizr.js HTTP/1.1" 200 51364 "https://www.google.com/" "Mozilla/5.0 (Macintosh; Intel Mac OS X 10_15_7) AppleWebKit/537.36 (KHTML, like Gecko) Chrome/142.0.0.0 Safari/537.36"
23.239.184.97 - - [15/Jun/2026:00:21:17 +0200] "GET /templates/shop/jssor/jssor.css HTTP/1.1" 200 6629 "https://www.google.com/" "Mozilla/5.0 (Macintosh; Intel Mac OS X 10_15_7) AppleWebKit/537.36 (KHTML, like Gecko) Chrome/142.0.0.0 Safari/537.36"
23.239.184.97 - - [15/Jun/2026:00:21:17 +0200] "GET /templates/shop/css/jquery.bxslider.css HTTP/1.1" 200 3867 "https://www.google.com/" "Mozilla/5.0 (Macintosh; Intel Mac OS X 10_15_7) AppleWebKit/537.36 (KHTML, like Gecko) Chrome/142.0.0.0 Safari/537.36"
23.239.184.97 - - [15/Jun/2026:00:21:17 +0200] "GET /templates/shop/css/global_end_3colonnes.css HTTP/1.1" 200 2973 "https://www.google.com/" "Mozilla/5.0 (Macintosh; Intel Mac OS X 10_15_7) AppleWebKit/537.36 (KHTML, like Gecko) Chrome/142.0.0.0 Safari/537.36"
23.239.184.97 - - [15/Jun/2026:00:21:17 +0200] "GET /templates/shop/css/menu_end.css HTTP/1.1" 200 1251 "https://www.google.com/" "Mozilla/5.0 (Macintosh; Intel Mac OS X 10_15_7) AppleWebKit/537.36 (KHTML, like Gecko) Chrome/142.0.0.0 Safari/537.36"
23.239.184.97 - - [15/Jun/2026:00:21:17 +0200] "GET /templates/shop/js/jquery.bxslider.js HTTP/1.1" 200 50573 "https://www.google.com/" "Mozilla/5.0 (Macintosh; Intel Mac OS X 10_15_7) AppleWebKit/537.36 (KHTML, like Gecko) Chrome/142.0.0.0 Safari/537.36"
23.239.184.97 - - [15/Jun/2026:00:21:17 +0200] "GET /js/js.cookie.min.js HTTP/1.1" 200 6765 "https://www.google.com/" "Mozilla/5.0 (Macintosh; Intel Mac OS X 10_15_7) AppleWebKit/537.36 (KHTML, like Gecko) Chrome/142.0.0.0 Safari/537.36"
23.239.184.97 - - [15/Jun/2026:00:21:17 +0200] "GET /templates/shop/bootstrap/js/bootstrap.min.js HTTP/1.1" 200 28631 "https://www.google.com/" "Mozilla/5.0 (Macintosh; Intel Mac OS X 10_15_7) AppleWebKit/537.36 (KHTML, like Gecko) Chrome/142.0.0.0 Safari/537.36"
23.239.184.97 - - [15/Jun/2026:00:21:17 +0200] "GET /templates/shop/css/dropdown.linear.css HTTP/1.1" 200 605 "https://www.google.com/" "Mozilla/5.0 (Macintosh; Intel Mac OS X 10_15_7) AppleWebKit/537.36 (KHTML, like Gecko) Chrome/142.0.0.0 Safari/537.36"
23.239.184.97 - - [15/Jun/2026:00:21:17 +0200] "GET /templates/shop/js/holder.js HTTP/1.1" 200 10517 "https://www.google.com/" "Mozilla/5.0 (Macintosh; Intel Mac OS X 10_15_7) AppleWebKit/537.36 (KHTML, like Gecko) Chrome/142.0.0.0 Safari/537.36"
23.239.184.97 - - [15/Jun/2026:00:21:17 +0200] "GET /templates/shop/js/script.js HTTP/1.1" 200 - "https://www.google.com/" "Mozilla/5.0 (Macintosh; Intel Mac OS X 10_15_7) AppleWebKit/537.36 (KHTML, like Gecko) Chrome/142.0.0.0 Safari/537.36"
23.239.184.97 - - [15/Jun/2026:00:21:17 +0200] "GET /templates/shop/css/dropdown.css HTTP/1.1" 200 937 "https://www.google.com/" "Mozilla/5.0 (Macintosh; Intel Mac OS X 10_15_7) AppleWebKit/537.36 (KHTML, like Gecko) Chrome/142.0.0.0 Safari/537.36"
23.239.184.97 - - [15/Jun/2026:00:21:17 +0200] "GET /templates/shop/js/verif.js HTTP/1.1" 200 5312 "https://www.google.com/" "Mozilla/5.0 (Macintosh; Intel Mac OS X 10_15_7) AppleWebKit/537.36 (KHTML, like Gecko) Chrome/142.0.0.0 Safari/537.36"
23.239.184.97 - - [15/Jun/2026:00:21:17 +0200] "GET /templates/shop/js/menu.js HTTP/1.1" 200 1268 "https://www.google.com/" "Mozilla/5.0 (Macintosh; Intel Mac OS X 10_15_7) AppleWebKit/537.36 (KHTML, like Gecko) Chrome/142.0.0.0 Safari/537.36"
23.239.184.97 - - [15/Jun/2026:00:21:17 +0200] "GET /templates/shop/js/lightbox.js HTTP/1.1" 200 14936 "https://www.google.com/" "Mozilla/5.0 (Macintosh; Intel Mac OS X 10_15_7) AppleWebKit/537.36 (KHTML, like Gecko) Chrome/142.0.0.0 Safari/537.36"
23.239.184.97 - - [15/Jun/2026:00:21:17 +0200] "GET /templates/shop/js/jssocials.js HTTP/1.1" 200 13101 "https://www.google.com/" "Mozilla/5.0 (Macintosh; Intel Mac OS X 10_15_7) AppleWebKit/537.36 (KHTML, like Gecko) Chrome/142.0.0.0 Safari/537.36"
23.239.184.97 - - [15/Jun/2026:00:21:17 +0200] "GET /start_to_top/main.js HTTP/1.1" 200 879 "https://www.google.com/" "Mozilla/5.0 (Macintosh; Intel Mac OS X 10_15_7) AppleWebKit/537.36 (KHTML, like Gecko) Chrome/142.0.0.0 Safari/537.36"
85.208.96.205 - - [15/Jun/2026:00:21:20 +0200] "GET /new-products.php?a=10&a=10&a=10&a=10&b=1&b=1&b=1&b=1&debut=0&debut=0&debut=0&debut=0&debut=0&debut=0&debut=0&debut=0&debut=0&debut=10&debut=10&debut=30&m=09&seo_cat&seo_cat&seo_cat&seo_cat&seo_cat&seo_cat&seo_cat&seo_cat&x20=0&x20=0&x20=0&x20=0&x20=0&x20=0&x20=0&x20=1&y=2025 HTTP/1.1" 200 43202 "-" "Mozilla/5.0 (compatible; SemrushBot/7~bl; +http://www.semrush.com/bot.html)"
108.165.76.247 - - [15/Jun/2026:00:21:20 +0200] "GET /ads.txt HTTP/1.1" 404 55475 "-" "Mozilla/5.0 (Windows NT 10.0; Win64; x64) AppleWebKit/537.36 (KHTML, like Gecko) Chrome/94.0.4606.81 Safari/537.36"
108.165.76.247 - - [15/Jun/2026:00:21:21 +0200] "GET /blog HTTP/1.1" 200 42079 "-" "Mozilla/5.0 (iPhone; CPU iPhone OS 6_0 like Mac OS X) AppleWebKit/536.26 (KHTML, like Gecko)                     Version/6.0 Mobile/10A5376e Safari/8536.25"
108.165.76.247 - - [15/Jun/2026:00:21:21 +0200] "GET /nous-contacter HTTP/1.1" 200 47804 "-" "Mozilla/5.0 (iPhone; CPU iPhone OS 6_0 like Mac OS X) AppleWebKit/536.26 (KHTML, like Gecko)                     Version/6.0 Mobile/10A5376e Safari/8536.25"
108.165.76.247 - - [15/Jun/2026:00:21:21 +0200] "GET /cart.php HTTP/1.1" 200 41275 "-" "Mozilla/5.0 (iPhone; CPU iPhone OS 6_0 like Mac OS X) AppleWebKit/536.26 (KHTML, like Gecko)                     Version/6.0 Mobile/10A5376e Safari/8536.25"
108.165.76.247 - - [15/Jun/2026:00:21:21 +0200] "GET /page-nous-situer HTTP/1.1" 200 40557 "-" "Mozilla/5.0 (iPhone; CPU iPhone OS 6_0 like Mac OS X) AppleWebKit/536.26 (KHTML, like Gecko)                     Version/6.0 Mobile/10A5376e Safari/8536.25"
108.165.76.247 - - [15/Jun/2026:00:21:24 +0200] "GET /nous-contacter HTTP/1.1" 200 47804 "-" "Mozilla/5.0 (Windows NT 10.0; Win64; x64) AppleWebKit/537.36 (KHTML, like Gecko) Chrome/94.0.4606.81 Safari/537.36"
108.165.76.247 - - [15/Jun/2026:00:21:25 +0200] "GET /page-nous-situer HTTP/1.1" 200 40557 "-" "Mozilla/5.0 (Windows NT 10.0; Win64; x64) AppleWebKit/537.36 (KHTML, like Gecko) Chrome/94.0.4606.81 Safari/537.36"
108.165.76.247 - - [15/Jun/2026:00:21:25 +0200] "GET /page-retour-produit HTTP/1.1" 200 41822 "-" "Mozilla/5.0 (Windows NT 10.0; Win64; x64) AppleWebKit/537.36 (KHTML, like Gecko) Chrome/94.0.4606.81 Safari/537.36"
108.165.76.247 - - [15/Jun/2026:00:21:25 +0200] "GET /blog-magret-de-canard HTTP/1.1" 200 42558 "-" "Mozilla/5.0 (Windows NT 10.0; Win64; x64) AppleWebKit/537.36 (KHTML, like Gecko) Chrome/94.0.4606.81 Safari/537.36"
108.165.76.247 - - [15/Jun/2026:00:21:25 +0200] "GET /w-22-les-confits HTTP/1.1" 200 42715 "-" "Mozilla/5.0 (Windows NT 10.0; Win64; x64) AppleWebKit/537.36 (KHTML, like Gecko) Chrome/94.0.4606.81 Safari/537.36"
108.165.76.247 - - [15/Jun/2026:00:21:25 +0200] "GET /cart.php HTTP/1.1" 200 41275 "-" "Mozilla/5.0 (Windows NT 10.0; Win64; x64) AppleWebKit/537.36 (KHTML, like Gecko) Chrome/94.0.4606.81 Safari/537.36"
108.165.76.247 - - [15/Jun/2026:00:21:25 +0200] "GET /blog HTTP/1.1" 200 42079 "-" "Mozilla/5.0 (Windows NT 10.0; Win64; x64) AppleWebKit/537.36 (KHTML, like Gecko) Chrome/94.0.4606.81 Safari/537.36"
108.165.76.247 - - [15/Jun/2026:00:21:25 +0200] "GET /w-20-les-entrees HTTP/1.1" 200 42721 "-" "Mozilla/5.0 (Windows NT 10.0; Win64; x64) AppleWebKit/537.36 (KHTML, like Gecko) Chrome/94.0.4606.81 Safari/537.36"
108.165.76.247 - - [15/Jun/2026:00:21:25 +0200] "GET /page-qui-sommes-nous HTTP/1.1" 200 42658 "-" "Mozilla/5.0 (Windows NT 10.0; Win64; x64) AppleWebKit/537.36 (KHTML, like Gecko) Chrome/94.0.4606.81 Safari/537.36"
108.165.76.247 - - [15/Jun/2026:00:21:25 +0200] "GET /page-livraisons HTTP/1.1" 200 42102 "-" "Mozilla/5.0 (Windows NT 10.0; Win64; x64) AppleWebKit/537.36 (KHTML, like Gecko) Chrome/94.0.4606.81 Safari/537.36"
108.165.76.247 - - [15/Jun/2026:00:21:35 +0200] "GET /page-conditions-ventes HTTP/1.1" 200 49118 "-" "Mozilla/5.0 (Windows NT 10.0; Win64; x64) AppleWebKit/537.36 (KHTML, like Gecko) Chrome/94.0.4606.81 Safari/537.36"
108.165.76.247 - - [15/Jun/2026:00:21:35 +0200] "GET /nous-contacter?m=07&amp%3By=2026 HTTP/1.1" 200 47840 "-" "Mozilla/5.0 (Windows NT 10.0; Win64; x64) AppleWebKit/537.36 (KHTML, like Gecko) Chrome/94.0.4606.81 Safari/537.36"
85.208.96.209 - - [15/Jun/2026:00:21:35 +0200] "GET /new-products.php?a=10&a=10&a=10&a=10&a=10&a=10&a=10&a=10&b=1&b=1&b=1&b=1&b=1&b=1&b=1&b=1&debut=0&debut=0&debut=0&debut=0&debut=0&debut=0&debut=0&debut=0&debut=0&debut=10&debut=10&debut=20&histo_track=1&m=04&seo_cat&seo_cat&seo_cat&seo_cat&x20=0&x20=0&x20=1&x22=1&y=2022 HTTP/1.1" 200 43186 "-" "Mozilla/5.0 (compatible; SemrushBot/7~bl; +http://www.semrush.com/bot.html)"
108.165.76.247 - - [15/Jun/2026:00:21:35 +0200] "GET /categorie-61-les-pates-et-galantines HTTP/1.1" 200 43371 "-" "Mozilla/5.0 (Windows NT 10.0; Win64; x64) AppleWebKit/537.36 (KHTML, like Gecko) Chrome/94.0.4606.81 Safari/537.36"
108.165.76.247 - - [15/Jun/2026:00:21:35 +0200] "GET /nous-contacter?m=05&amp%3By=2026 HTTP/1.1" 200 47840 "-" "Mozilla/5.0 (Windows NT 10.0; Win64; x64) AppleWebKit/537.36 (KHTML, like Gecko) Chrome/94.0.4606.81 Safari/537.36"
108.165.76.247 - - [15/Jun/2026:00:21:35 +0200] "GET /categorie-72-les-saucissons HTTP/1.1" 200 43303 "-" "Mozilla/5.0 (Windows NT 10.0; Win64; x64) AppleWebKit/537.36 (KHTML, like Gecko) Chrome/94.0.4606.81 Safari/537.36"
108.165.76.247 - - [15/Jun/2026:00:21:35 +0200] "GET /categorie-63-les-confits HTTP/1.1" 200 43282 "-" "Mozilla/5.0 (Windows NT 10.0; Win64; x64) AppleWebKit/537.36 (KHTML, like Gecko) Chrome/94.0.4606.81 Safari/537.36"
108.165.76.247 - - [15/Jun/2026:00:21:35 +0200] "GET /categorie-79-les-foies-gras-mi-cuit HTTP/1.1" 200 43636 "-" "Mozilla/5.0 (Windows NT 10.0; Win64; x64) AppleWebKit/537.36 (KHTML, like Gecko) Chrome/94.0.4606.81 Safari/537.36"
108.165.76.247 - - [15/Jun/2026:00:21:35 +0200] "GET /cart.php?m=05&amp%3By=2026 HTTP/1.1" 200 41311 "-" "Mozilla/5.0 (Windows NT 10.0; Win64; x64) AppleWebKit/537.36 (KHTML, like Gecko) Chrome/94.0.4606.81 Safari/537.36"
108.165.76.247 - - [15/Jun/2026:00:21:35 +0200] "GET /cart.php?m=07&amp%3By=2026 HTTP/1.1" 200 41311 "-" "Mozilla/5.0 (Windows NT 10.0; Win64; x64) AppleWebKit/537.36 (KHTML, like Gecko) Chrome/94.0.4606.81 Safari/537.36"
108.165.76.247 - - [15/Jun/2026:00:21:35 +0200] "GET /categorie-59-les-rillettes HTTP/1.1" 200 43300 "-" "Mozilla/5.0 (Windows NT 10.0; Win64; x64) AppleWebKit/537.36 (KHTML, like Gecko) Chrome/94.0.4606.81 Safari/537.36"
85.208.96.208 - - [15/Jun/2026:00:21:37 +0200] "GET /new-products.php?a=10&a=10&a=10&a=10&a=10&a=10&a=10&a=10&a=10&a=10&a=10&a=10&a=10&b=1&b=1&b=1&b=1&b=1&b=1&b=1&b=1&b=1&b=1&b=1&b=1&b=1&debut=0&debut=0&debut=0&debut=0&debut=0&debut=0&debut=10&debut=10&debut=10&debut=10&debut=20&debut=20&debut=30&m=07&y=2017 HTTP/1.1" 200 43238 "-" "Mozilla/5.0 (compatible; SemrushBot/7~bl; +http://www.semrush.com/bot.html)"
108.165.76.247 - - [15/Jun/2026:00:21:44 +0200] "GET /promotions HTTP/1.1" 200 42823 "-" "Mozilla/5.0 (Windows NT 10.0; Win64; x64) AppleWebKit/537.36 (KHTML, like Gecko) Chrome/94.0.4606.81 Safari/537.36"
108.165.76.247 - - [15/Jun/2026:00:21:44 +0200] "GET /categorie-1-produits-de-la-ferme HTTP/1.1" 200 49577 "-" "Mozilla/5.0 (Windows NT 10.0; Win64; x64) AppleWebKit/537.36 (KHTML, like Gecko) Chrome/94.0.4606.81 Safari/537.36"
108.165.76.247 - - [15/Jun/2026:00:21:45 +0200] "GET /categorie-76-les-foies-gras-conserves HTTP/1.1" 200 43350 "-" "Mozilla/5.0 (Windows NT 10.0; Win64; x64) AppleWebKit/537.36 (KHTML, like Gecko) Chrome/94.0.4606.81 Safari/537.36"
108.165.76.247 - - [15/Jun/2026:00:21:45 +0200] "GET /evenements HTTP/1.1" 200 46313 "-" "Mozilla/5.0 (Windows NT 10.0; Win64; x64) AppleWebKit/537.36 (KHTML, like Gecko) Chrome/94.0.4606.81 Safari/537.36"
108.165.76.247 - - [15/Jun/2026:00:21:45 +0200] "GET /contact.php HTTP/1.1" 200 47798 "-" "Mozilla/5.0 (Windows NT 10.0; Win64; x64) AppleWebKit/537.36 (KHTML, like Gecko) Chrome/94.0.4606.81 Safari/537.36"
108.165.76.247 - - [15/Jun/2026:00:21:45 +0200] "GET /index.php HTTP/1.1" 200 55475 "-" "Mozilla/5.0 (Windows NT 10.0; Win64; x64) AppleWebKit/537.36 (KHTML, like Gecko) Chrome/94.0.4606.81 Safari/537.36"
108.165.76.247 - - [15/Jun/2026:00:21:45 +0200] "GET /mon-compte HTTP/1.1" 200 58717 "-" "Mozilla/5.0 (Windows NT 10.0; Win64; x64) AppleWebKit/537.36 (KHTML, like Gecko) Chrome/94.0.4606.81 Safari/537.36"
108.165.76.247 - - [15/Jun/2026:00:21:45 +0200] "GET /produit-%20 HTTP/1.1" 404 55475 "-" "Mozilla/5.0 (Windows NT 10.0; Win64; x64) AppleWebKit/537.36 (KHTML, like Gecko) Chrome/94.0.4606.81 Safari/537.36"
108.165.76.247 - - [15/Jun/2026:00:21:45 +0200] "GET /page-mentions-legales HTTP/1.1" 200 53915 "-" "Mozilla/5.0 (Windows NT 10.0; Win64; x64) AppleWebKit/537.36 (KHTML, like Gecko) Chrome/94.0.4606.81 Safari/537.36"
108.165.76.247 - - [15/Jun/2026:00:21:45 +0200] "GET /page-nos-selections HTTP/1.1" 200 41297 "-" "Mozilla/5.0 (Windows NT 10.0; Win64; x64) AppleWebKit/537.36 (KHTML, like Gecko) Chrome/94.0.4606.81 Safari/537.36"
85.208.96.204 - - [15/Jun/2026:00:21:49 +0200] "GET /new-products.php?a=10&a=10&a=10&a=10&a=10&a=10&a=10&a=10&a=10&b=1&b=1&b=1&b=1&b=1&b=1&b=1&b=1&b=1&debut=0&debut=0&debut=0&debut=0&debut=10&debut=10&debut=10&debut=10&debut=20&debut=20&debut=20&debut=30&histo_track=1&m=10&seo_cat&seo_cat&seo_cat&x20=0&x20=1&x22=1&y=2021 HTTP/1.1" 200 43191 "-" "Mozilla/5.0 (compatible; SemrushBot/7~bl; +http://www.semrush.com/bot.html)"
108.165.76.247 - - [15/Jun/2026:00:21:54 +0200] "GET /nouveautes HTTP/1.1" 200 42694 "-" "Mozilla/5.0 (Windows NT 10.0; Win64; x64) AppleWebKit/537.36 (KHTML, like Gecko) Chrome/94.0.4606.81 Safari/537.36"
108.165.76.247 - - [15/Jun/2026:00:21:55 +0200] "GET /top-ventes HTTP/1.1" 200 42645 "-" "Mozilla/5.0 (Windows NT 10.0; Win64; x64) AppleWebKit/537.36 (KHTML, like Gecko) Chrome/94.0.4606.81 Safari/537.36"
108.165.76.247 - - [15/Jun/2026:00:21:55 +0200] "GET /page-bienvenue HTTP/1.1" 200 41316 "-" "Mozilla/5.0 (Windows NT 10.0; Win64; x64) AppleWebKit/537.36 (KHTML, like Gecko) Chrome/94.0.4606.81 Safari/537.36"
108.165.76.247 - - [15/Jun/2026:00:21:55 +0200] "GET /sitemap HTTP/1.1" 200 44375 "-" "Mozilla/5.0 (Windows NT 10.0; Win64; x64) AppleWebKit/537.36 (KHTML, like Gecko) Chrome/94.0.4606.81 Safari/537.36"
108.165.76.247 - - [15/Jun/2026:00:21:55 +0200] "GET /evenements?m=07&amp%3By=2026 HTTP/1.1" 200 46313 "-" "Mozilla/5.0 (Windows NT 10.0; Win64; x64) AppleWebKit/537.36 (KHTML, like Gecko) Chrome/94.0.4606.81 Safari/537.36"
108.165.76.247 - - [15/Jun/2026:00:21:55 +0200] "GET /evenements?m=05&amp%3By=2026 HTTP/1.1" 200 46313 "-" "Mozilla/5.0 (Windows NT 10.0; Win64; x64) AppleWebKit/537.36 (KHTML, like Gecko) Chrome/94.0.4606.81 Safari/537.36"
108.165.76.247 - - [15/Jun/2026:00:21:55 +0200] "GET /blog.php HTTP/1.1" 200 42087 "-" "Mozilla/5.0 (Windows NT 10.0; Win64; x64) AppleWebKit/537.36 (KHTML, like Gecko) Chrome/94.0.4606.81 Safari/537.36"
108.165.76.247 - - [15/Jun/2026:00:21:55 +0200] "GET /garantie%2B HTTP/1.1" 404 55475 "-" "Mozilla/5.0 (Windows NT 10.0; Win64; x64) AppleWebKit/537.36 (KHTML, like Gecko) Chrome/94.0.4606.81 Safari/537.36"
108.165.76.247 - - [15/Jun/2026:00:21:55 +0200] "GET /categorie-68-les-saucisses HTTP/1.1" 200 43159 "-" "Mozilla/5.0 (Windows NT 10.0; Win64; x64) AppleWebKit/537.36 (KHTML, like Gecko) Chrome/94.0.4606.81 Safari/537.36"
108.165.76.247 - - [15/Jun/2026:00:21:55 +0200] "GET /evenements-archives HTTP/1.1" 200 48395 "-" "Mozilla/5.0 (Windows NT 10.0; Win64; x64) AppleWebKit/537.36 (KHTML, like Gecko) Chrome/94.0.4606.81 Safari/537.36"
108.165.76.247 - - [15/Jun/2026:00:22:05 +0200] "GET /evenements-archives?m=07&amp%3By=2026 HTTP/1.1" 200 48431 "-" "Mozilla/5.0 (Windows NT 10.0; Win64; x64) AppleWebKit/537.36 (KHTML, like Gecko) Chrome/94.0.4606.81 Safari/537.36"
108.165.76.247 - - [15/Jun/2026:00:22:05 +0200] "GET /evenement-3-rabaud-promis-portes-ouvertes-2019 HTTP/1.1" 200 42488 "-" "Mozilla/5.0 (Windows NT 10.0; Win64; x64) AppleWebKit/537.36 (KHTML, like Gecko) Chrome/94.0.4606.81 Safari/537.36"
108.165.76.247 - - [15/Jun/2026:00:22:05 +0200] "GET /evenements-archives?m=05&amp%3By=2026 HTTP/1.1" 200 48431 "-" "Mozilla/5.0 (Windows NT 10.0; Win64; x64) AppleWebKit/537.36 (KHTML, like Gecko) Chrome/94.0.4606.81 Safari/537.36"
108.165.76.247 - - [15/Jun/2026:00:22:05 +0200] "GET /w- HTTP/1.1" 404 55475 "-" "Mozilla/5.0 (Windows NT 10.0; Win64; x64) AppleWebKit/537.36 (KHTML, like Gecko) Chrome/94.0.4606.81 Safari/537.36"
108.165.76.247 - - [15/Jun/2026:00:22:05 +0200] "GET /categorie-68-les-saucisses?m=07&amp%3By=2026 HTTP/1.1" 200 43159 "-" "Mozilla/5.0 (Windows NT 10.0; Win64; x64) AppleWebKit/537.36 (KHTML, like Gecko) Chrome/94.0.4606.81 Safari/537.36"
108.165.76.247 - - [15/Jun/2026:00:22:09 +0200] "GET /categorie-68-les-saucisses?m=05&amp%3By=2026 HTTP/1.1" 200 43159 "-" "Mozilla/5.0 (Windows NT 10.0; Win64; x64) AppleWebKit/537.36 (KHTML, like Gecko) Chrome/94.0.4606.81 Safari/537.36"
85.208.96.200 - - [15/Jun/2026:00:22:25 +0200] "GET /new-products.php?a=10&a=10&a=10&a=10&a=10&a=10&a=10&a=10&a=10&a=10&a=10&a=10&b=1&b=1&b=1&b=1&b=1&b=1&b=1&b=1&b=1&b=1&b=1&b=1&debut=0&debut=0&debut=0&debut=0&debut=0&debut=0&debut=0&debut=0&debut=0&debut=0&debut=0&debut=10&debut=30&m=12&seo_cat&x22=1&y=2014 HTTP/1.1" 200 43173 "-" "Mozilla/5.0 (compatible; SemrushBot/7~bl; +http://www.semrush.com/bot.html)"
185.191.171.13 - - [15/Jun/2026:00:22:40 +0200] "GET /new-products.php?a=10&a=10&a=10&a=10&a=10&a=10&a=10&a=10&a=10&b=1&b=1&b=1&b=1&b=1&b=1&b=1&b=1&b=1&debut=0&debut=0&debut=0&debut=10&debut=10&debut=10&debut=10&debut=10&debut=20&debut=20&debut=20&debut=30&histo_track=1&m=08&seo_cat&seo_cat&seo_cat&x20=1&x22=0&x22=1&y=2021 HTTP/1.1" 200 43269 "-" "Mozilla/5.0 (compatible; SemrushBot/7~bl; +http://www.semrush.com/bot.html)"
185.191.171.1 - - [15/Jun/2026:00:22:47 +0200] "GET /new-products.php?a=10&a=10&a=10&a=10&a=10&b=1&b=1&b=1&b=1&b=1&debut=0&debut=0&debut=0&debut=0&debut=0&debut=0&debut=0&debut=10&debut=20&debut=30&m=10&seo_cat&seo_cat&seo_cat&seo_cat&seo_cat&x20=1&x22=0&x22=0&x22=0&x22=1&y=2016 HTTP/1.1" 200 43178 "-" "Mozilla/5.0 (compatible; SemrushBot/7~bl; +http://www.semrush.com/bot.html)"
185.191.171.16 - - [15/Jun/2026:00:22:51 +0200] "GET /new-products.php?a=10&a=10&a=10&a=10&a=10&a=10&a=10&a=10&a=10&b=1&b=1&b=1&b=1&b=1&b=1&b=1&b=1&b=1&debut=0&debut=0&debut=0&debut=0&debut=10&debut=10&debut=10&debut=20&debut=20&debut=20&debut=20&debut=30&histo_track=1&m=01&seo_cat&seo_cat&seo_cat&x20=1&x22=0&x22=1&y=2023 HTTP/1.1" 200 43264 "-" "Mozilla/5.0 (compatible; SemrushBot/7~bl; +http://www.semrush.com/bot.html)"
85.208.96.202 - - [15/Jun/2026:00:23:41 +0200] "GET /new-products.php?a=10&a=10&a=10&a=10&a=10&a=10&a=10&a=10&a=10&a=10&a=10&a=10&a=10&b=1&b=1&b=1&b=1&b=1&b=1&b=1&b=1&b=1&b=1&b=1&b=1&b=1&debut=0&debut=0&debut=0&debut=0&debut=0&debut=0&debut=0&debut=10&debut=10&debut=10&debut=10&debut=20&debut=30&m=10&y=2029 HTTP/1.1" 200 43163 "-" "Mozilla/5.0 (compatible; SemrushBot/7~bl; +http://www.semrush.com/bot.html)"
85.208.96.202 - - [15/Jun/2026:00:23:44 +0200] "GET /marques.php?a=10&a=10&a=10&a=10&b=1&b=1&b=1&b=1&debut=0&debut=0&debut=0&debut=0&debut=0&debut=0&debut=0&debut=0&debut=0&debut=10&debut=20&histo_track=1&seo=20-les-entrees&seo_marq=20&seo_marq=20&seo_marq=20&seo_marq=20&seo_marq=20&seo_marq=20&seo_marq=20&t59=1&t63=0&t63=1&t76=0&t76=0&t76=1&t79=1 HTTP/1.1" 200 42721 "-" "Mozilla/5.0 (compatible; SemrushBot/7~bl; +http://www.semrush.com/bot.html)"
85.208.96.205 - - [15/Jun/2026:00:23:46 +0200] "GET /new-products.php?a=10&a=10&a=10&a=10&a=10&a=10&b=1&b=1&b=1&b=1&b=1&b=1&debut=0&debut=0&debut=0&debut=0&debut=0&debut=0&debut=0&debut=20&debut=20&debut=20&debut=30&m=05&seo_cat&seo_cat&seo_cat&seo_cat&seo_cat&x20=1&x22=0&x22=0&x22=0&x22=1&y=2014 HTTP/1.1" 200 43137 "-" "Mozilla/5.0 (compatible; SemrushBot/7~bl; +http://www.semrush.com/bot.html)"
185.191.171.1 - - [15/Jun/2026:00:24:00 +0200] "GET /marques.php?a=10&a=10&a=10&a=10&a=10&a=10&a=10&b=1&b=1&b=1&b=1&b=1&b=1&b=1&debut=0&debut=0&debut=0&debut=0&debut=0&debut=0&debut=0&debut=0&debut=0&debut=0&debut=10&debut=20&seo=20-les-entrees&seo_marq=20&seo_marq=20&seo_marq=20&seo_marq=20&seo_marq=20&t59=1&t61=1&t63=0&t63=1&t76=1 HTTP/1.1" 200 42721 "-" "Mozilla/5.0 (compatible; SemrushBot/7~bl; +http://www.semrush.com/bot.html)"
185.191.171.17 - - [15/Jun/2026:00:24:04 +0200] "GET /new-products.php?a=10&a=10&a=10&a=10&a=10&a=10&a=10&a=10&a=10&a=10&a=10&a=10&a=10&b=1&b=1&b=1&b=1&b=1&b=1&b=1&b=1&b=1&b=1&b=1&b=1&b=1&debut=0&debut=0&debut=0&debut=0&debut=0&debut=0&debut=0&debut=0&debut=10&debut=10&debut=10&debut=10&debut=30&m=09&y=2026 HTTP/1.1" 200 43160 "-" "Mozilla/5.0 (compatible; SemrushBot/7~bl; +http://www.semrush.com/bot.html)"
185.191.171.4 - - [15/Jun/2026:00:24:17 +0200] "GET /new-products.php?a=10&a=10&a=10&a=10&a=10&a=10&a=10&b=1&b=1&b=1&b=1&b=1&b=1&b=1&debut=0&debut=0&debut=0&debut=0&debut=0&debut=0&debut=0&debut=0&debut=0&debut=20&debut=30&m=03&seo_cat&seo_cat&seo_cat&seo_cat&x20=0&x20=0&x20=1&x22=1&y=2021 HTTP/1.1" 200 43124 "-" "Mozilla/5.0 (compatible; SemrushBot/7~bl; +http://www.semrush.com/bot.html)"
85.208.96.197 - - [15/Jun/2026:00:24:23 +0200] "GET /new-products.php?a=10&a=10&a=10&a=10&a=10&a=10&a=10&a=10&a=10&b=1&b=1&b=1&b=1&b=1&b=1&b=1&b=1&b=1&debut=0&debut=0&debut=0&debut=0&debut=0&debut=10&debut=10&debut=10&debut=10&debut=20&debut=20&debut=30&histo_track=1&m=11&seo_cat&seo_cat&seo_cat&x20=1&x22=0&x22=1&y=2023 HTTP/1.1" 200 43187 "-" "Mozilla/5.0 (compatible; SemrushBot/7~bl; +http://www.semrush.com/bot.html)"
201.217.246.98 - - [15/Jun/2026:00:24:26 +0200] "GET /produit-40-foie-gras-conserve-boite-350gr- HTTP/1.1" 200 42894 "-" "Mozilla/5.0 (Macintosh; Intel Mac OS X 11_2_0) AppleWebKit/537.36 (KHTML, like Gecko) Brave Chrome/87.0.4280.101 Safari/537.36"
185.191.171.12 - - [15/Jun/2026:00:24:48 +0200] "GET /new-products.php?a=10&a=10&a=10&b=1&b=1&b=1&debut=0&debut=0&debut=0&debut=0&debut=0&debut=0&debut=0&debut=0&debut=0&debut=0&debut=0&debut=30&m=02&seo_cat&seo_cat&seo_cat&seo_cat&seo_cat&seo_cat&seo_cat&seo_cat&seo_cat&x20=0&x20=0&x20=1&x22=0&x22=0&x22=0&x22=0&x22=0&x22=1&y=2021 HTTP/1.1" 200 43134 "-" "Mozilla/5.0 (compatible; SemrushBot/7~bl; +http://www.semrush.com/bot.html)"
34.125.243.244 - - [15/Jun/2026:00:24:55 +0200] "GET /uploadfiles/products/mini/15704563800Photo_3.jpg HTTP/1.1" 200 5085 "-" "Mozilla/5.0 AppleWebKit/537.36 (KHTML, like Gecko; compatible; ReyilBot/0.1"
85.208.96.198 - - [15/Jun/2026:00:25:01 +0200] "GET /new-products.php?a=10&a=10&a=10&a=10&a=10&a=10&a=10&a=10&a=10&a=10&a=10&a=10&a=10&b=1&b=1&b=1&b=1&b=1&b=1&b=1&b=1&b=1&b=1&b=1&b=1&b=1&debut=0&debut=0&debut=0&debut=0&debut=0&debut=0&debut=10&debut=20&debut=20&debut=20&debut=20&debut=20&debut=30&m=01&y=2028 HTTP/1.1" 200 43238 "-" "Mozilla/5.0 (compatible; SemrushBot/7~bl; +http://www.semrush.com/bot.html)"
