ÿØÿà JFIF ` ` ÿþxØ
| Server IP : 109.234.164.53 / Your IP : 216.73.216.136 Web Server : Apache System : Linux cervelle.o2switch.net 4.18.0-553.32.1.lve.el8.x86_64 #1 SMP Thu Dec 19 13:14:03 UTC 2024 x86_64 User : computer3 ( 1098) PHP Version : 7.1.33 Disable Function : NONE MySQL : OFF | cURL : ON | WGET : ON | Perl : ON | Python : ON | Sudo : OFF | Pkexec : OFF Directory : /home/computer3/access-logs/ |
Upload File : |
144.76.19.27 - - [19/Aug/2026:00:04:25 +0200] "GET /new-products.php?&seo_cat=&x20=1&debut=0&seo_cat=&x5=1&debut=0&seo_cat=&x5=0&debut=0&seo_cat=&x21=1&debut=0&seo_cat=&x23=1&debut=0&seo_cat=&x20=0&debut=0&seo_cat=&x23=0&debut=0 HTTP/1.1" 200 133539 "-" "Mozilla/5.0 (compatible; SERankingBacklinksBot/1.0; +https://seranking.com/backlinks-crawler)"
144.76.19.27 - - [19/Aug/2026:00:04:29 +0200] "GET /new-products.php?&seo_cat=&x20=1&debut=0&seo_cat=&x17=1&debut=0&seo_cat=&x20=0&debut=0&seo_cat=&x23=1&debut=0&seo_cat=&x5=1&debut=0&seo_cat=&x5=0&debut=0&seo_cat=&x17=0&debut=0 HTTP/1.1" 200 71142 "-" "Mozilla/5.0 (compatible; SERankingBacklinksBot/1.0; +https://seranking.com/backlinks-crawler)"
144.76.19.27 - - [19/Aug/2026:00:04:32 +0200] "GET /new-products.php?&seo_cat=&x20=1&debut=0&seo_cat=&x5=1&debut=0&seo_cat=&x5=0&debut=0&seo_cat=&x21=1&debut=0&seo_cat=&x23=1&debut=0&seo_cat=&x21=0&debut=0&seo_cat=&x17=1&debut=0 HTTP/1.1" 200 203533 "-" "Mozilla/5.0 (compatible; SERankingBacklinksBot/1.0; +https://seranking.com/backlinks-crawler)"
144.76.19.27 - - [19/Aug/2026:00:04:35 +0200] "GET /new-products.php?&seo_cat=&x20=1&debut=0&seo_cat=&x17=1&debut=0&seo_cat=&x20=0&debut=0&seo_cat=&x23=1&debut=0&seo_cat=&x5=1&debut=0&seo_cat=&x5=0&debut=0&seo_cat=&x20=1&debut=0 HTTP/1.1" 200 203281 "-" "Mozilla/5.0 (compatible; SERankingBacklinksBot/1.0; +https://seranking.com/backlinks-crawler)"
144.76.19.27 - - [19/Aug/2026:00:04:39 +0200] "GET /new-products.php?&seo_cat=&x20=1&debut=0&seo_cat=&x5=1&debut=0&seo_cat=&x5=0&debut=0&seo_cat=&x21=1&debut=0&seo_cat=&x23=1&debut=0&seo_cat=&x21=0&debut=0&seo_cat=&x20=0&debut=0 HTTP/1.1" 200 71118 "-" "Mozilla/5.0 (compatible; SERankingBacklinksBot/1.0; +https://seranking.com/backlinks-crawler)"
144.76.19.27 - - [19/Aug/2026:00:04:42 +0200] "GET /new-products.php?&seo_cat=&x20=1&debut=0&seo_cat=&x17=1&debut=0&seo_cat=&x20=0&debut=0&seo_cat=&x23=1&debut=0&seo_cat=&x5=1&debut=0&seo_cat=&x5=0&debut=0&seo_cat=&x21=1&debut=0 HTTP/1.1" 200 168340 "-" "Mozilla/5.0 (compatible; SERankingBacklinksBot/1.0; +https://seranking.com/backlinks-crawler)"
185.191.171.5 - - [19/Aug/2026:00:04:43 +0200] "GET /new-products.php?a=25&a=25&a=25&a=25&a=25&b=1&b=1&b=1&b=1&b=1&debut=0&debut=0&debut=0&debut=0&debut=0&debut=0&debut=0&debut=0&debut=0&debut=0&debut=0&debut=25&seo_cat&seo_cat&seo_cat&seo_cat&seo_cat&seo_cat&seo_cat&x20=1&x21=0&x21=0&x21=1&x23=1&x5=0&x5=1 HTTP/1.1" 200 130752 "-" "Mozilla/5.0 (compatible; SemrushBot/7~bl; +http://www.semrush.com/bot.html)"
144.76.19.27 - - [19/Aug/2026:00:04:45 +0200] "GET /new-products.php?&seo_cat=&x20=1&debut=0&seo_cat=&x5=1&debut=0&seo_cat=&x5=0&debut=0&seo_cat=&x21=1&debut=0&seo_cat=&x23=1&debut=0&seo_cat=&x21=0&debut=0&seo_cat=&x21=1&debut=0 HTTP/1.1" 200 203619 "-" "Mozilla/5.0 (compatible; SERankingBacklinksBot/1.0; +https://seranking.com/backlinks-crawler)"
144.76.19.27 - - [19/Aug/2026:00:04:49 +0200] "GET /new-products.php?&seo_cat=&x20=1&debut=0&seo_cat=&x17=1&debut=0&seo_cat=&x20=0&debut=0&seo_cat=&x23=1&debut=0&seo_cat=&x5=1&debut=0&seo_cat=&x5=0&debut=0&seo_cat=&x23=0&debut=0 HTTP/1.1" 200 93321 "-" "Mozilla/5.0 (compatible; SERankingBacklinksBot/1.0; +https://seranking.com/backlinks-crawler)"
185.191.171.5 - - [19/Aug/2026:00:04:49 +0200] "GET /category.php?a=24&a=24&b=1&b=1&debut=0&debut=0&debut=0&debut=0&debut=24&seo=47-lits-gigognes&seo_cat=47&seo_cat=47&seo_cat=47&t60=0&t60=1&x20=1 HTTP/1.1" 200 69497 "-" "Mozilla/5.0 (compatible; SemrushBot/7~bl; +http://www.semrush.com/bot.html)"
144.76.19.27 - - [19/Aug/2026:00:04:52 +0200] "GET /new-products.php?&seo_cat=&x20=1&debut=0&seo_cat=&x5=1&debut=0&seo_cat=&x5=0&debut=0&seo_cat=&x21=1&debut=0&seo_cat=&x23=1&debut=0&seo_cat=&x21=0&debut=0&seo_cat=&x23=0&debut=0 HTTP/1.1" 200 168090 "-" "Mozilla/5.0 (compatible; SERankingBacklinksBot/1.0; +https://seranking.com/backlinks-crawler)"
83.99.206.116 - - [19/Aug/2026:00:04:52 +0200] "GET /new-products.php?&seo_cat=&x17=1&debut=0&seo_cat=&x5=1&debut=0&seo_cat=&x20=1&debut=0&seo_cat=&x23=1&debut=0&seo_cat=&x5=0&debut=0&seo_cat=&x17=0&debut=0&seo_cat=&x5=1&debut=0&seo_cat=&x5=0&debut=0&seo_cat=&x20=0&debut=0&seo_cat=&x17=1&debut=0 HTTP/1.1" 200 100273 "-" "Mozilla/5.0 (X11; Linux x86_64) AppleWebKit/537.36 (KHTML, like Gecko; GeedoShopProductFinder) Chrome/142.0.0.0 Safari/537.36"
144.76.19.27 - - [19/Aug/2026:00:04:55 +0200] "GET /new-products.php?&seo_cat=&x20=1&debut=0&seo_cat=&x17=1&debut=0&seo_cat=&x20=0&debut=0&seo_cat=&x5=1&debut=0&seo_cat=&x17=0&debut=0&seo_cat=&x17=1&debut=0&seo_cat=&x5=0&debut=0 HTTP/1.1" 200 93263 "-" "Mozilla/5.0 (compatible; SERankingBacklinksBot/1.0; +https://seranking.com/backlinks-crawler)"
144.76.19.27 - - [19/Aug/2026:00:04:58 +0200] "GET /new-products.php?&seo_cat=&x20=1&debut=0&seo_cat=&x5=1&debut=0&seo_cat=&x5=0&debut=0&seo_cat=&x21=1&debut=0&seo_cat=&x23=1&debut=0&seo_cat=&x23=0&debut=0&seo_cat=&x17=1&debut=0 HTTP/1.1" 200 203613 "-" "Mozilla/5.0 (compatible; SERankingBacklinksBot/1.0; +https://seranking.com/backlinks-crawler)"
144.76.19.27 - - [19/Aug/2026:00:05:02 +0200] "GET /new-products.php?&seo_cat=&x20=1&debut=0&seo_cat=&x17=1&debut=0&seo_cat=&x20=0&debut=0&seo_cat=&x5=1&debut=0&seo_cat=&x17=0&debut=0&seo_cat=&x20=1&debut=0&seo_cat=&x5=0&debut=0 HTTP/1.1" 200 168108 "-" "Mozilla/5.0 (compatible; SERankingBacklinksBot/1.0; +https://seranking.com/backlinks-crawler)"
144.76.19.27 - - [19/Aug/2026:00:05:05 +0200] "GET /new-products.php?&seo_cat=&x20=1&debut=0&seo_cat=&x5=1&debut=0&seo_cat=&x5=0&debut=0&seo_cat=&x21=1&debut=0&seo_cat=&x23=1&debut=0&seo_cat=&x23=0&debut=0&seo_cat=&x20=0&debut=0 HTTP/1.1" 200 133539 "-" "Mozilla/5.0 (compatible; SERankingBacklinksBot/1.0; +https://seranking.com/backlinks-crawler)"
144.76.19.27 - - [19/Aug/2026:00:05:08 +0200] "GET /new-products.php?&seo_cat=&x20=1&debut=0&seo_cat=&x17=1&debut=0&seo_cat=&x20=0&debut=0&seo_cat=&x5=1&debut=0&seo_cat=&x17=0&debut=0&seo_cat=&x21=1&debut=0&seo_cat=&x5=0&debut=0 HTTP/1.1" 200 133589 "-" "Mozilla/5.0 (compatible; SERankingBacklinksBot/1.0; +https://seranking.com/backlinks-crawler)"
144.76.19.27 - - [19/Aug/2026:00:05:12 +0200] "GET /new-products.php?&seo_cat=&x20=1&debut=0&seo_cat=&x5=1&debut=0&seo_cat=&x5=0&debut=0&seo_cat=&x21=1&debut=0&seo_cat=&x23=1&debut=0&seo_cat=&x23=0&debut=0&seo_cat=&x21=0&debut=0 HTTP/1.1" 200 168020 "-" "Mozilla/5.0 (compatible; SERankingBacklinksBot/1.0; +https://seranking.com/backlinks-crawler)"
83.99.206.116 - - [19/Aug/2026:00:05:13 +0200] "GET /new-products.php?&seo_cat=&x17=1&debut=0&seo_cat=&x5=1&debut=0&seo_cat=&x21=1&debut=0&seo_cat=&x23=1&debut=0&seo_cat=&x20=1&debut=0&debut=24&a=24&b=1&seo_cat=&x23=0&debut=0&seo_cat=&x5=0&debut=0 HTTP/1.1" 200 204127 "-" "Mozilla/5.0 (X11; Linux x86_64) AppleWebKit/537.36 (KHTML, like Gecko; GeedoShopProductFinder) Chrome/142.0.0.0 Safari/537.36"
144.76.19.27 - - [19/Aug/2026:00:05:15 +0200] "GET /new-products.php?&seo_cat=&x20=1&debut=0&seo_cat=&x17=1&debut=0&seo_cat=&x20=0&debut=0&seo_cat=&x5=1&debut=0&seo_cat=&x17=0&debut=0&seo_cat=&x23=1&debut=0&seo_cat=&x5=0&debut=0 HTTP/1.1" 200 71032 "-" "Mozilla/5.0 (compatible; SERankingBacklinksBot/1.0; +https://seranking.com/backlinks-crawler)"
144.76.19.27 - - [19/Aug/2026:00:05:18 +0200] "GET /new-products.php?&seo_cat=&x20=1&debut=0&seo_cat=&x5=1&debut=0&seo_cat=&x5=0&debut=0&seo_cat=&x21=1&debut=0&seo_cat=&x23=1&debut=0&seo_cat=&x23=0&debut=0&seo_cat=&x23=1&debut=0 HTTP/1.1" 200 203689 "-" "Mozilla/5.0 (compatible; SERankingBacklinksBot/1.0; +https://seranking.com/backlinks-crawler)"
144.76.19.27 - - [19/Aug/2026:00:05:23 +0200] "GET /new-products.php?&seo_cat=&x20=1&debut=0&seo_cat=&x17=1&debut=0&seo_cat=&x20=0&debut=0&seo_cat=&x5=1&debut=0&seo_cat=&x17=0&debut=0&seo_cat=&x5=0&debut=0&seo_cat=&x17=1&debut=0 HTTP/1.1" 200 93323 "-" "Mozilla/5.0 (compatible; SERankingBacklinksBot/1.0; +https://seranking.com/backlinks-crawler)"
144.76.19.27 - - [19/Aug/2026:00:05:26 +0200] "GET /new-products.php?&seo_cat=&x20=1&debut=0&seo_cat=&x5=1&debut=0&seo_cat=&x5=0&debut=0&seo_cat=&x23=1&debut=0&seo_cat=&x17=1&debut=0&seo_cat=&x17=0&debut=0&seo_cat=&x17=1&debut=0 HTTP/1.1" 200 203359 "-" "Mozilla/5.0 (compatible; SERankingBacklinksBot/1.0; +https://seranking.com/backlinks-crawler)"
144.76.19.27 - - [19/Aug/2026:00:05:29 +0200] "GET /new-products.php?&seo_cat=&x20=1&debut=0&seo_cat=&x17=1&debut=0&seo_cat=&x20=0&debut=0&seo_cat=&x5=1&debut=0&seo_cat=&x17=0&debut=0&seo_cat=&x5=0&debut=0&seo_cat=&x20=1&debut=0 HTTP/1.1" 200 168096 "-" "Mozilla/5.0 (compatible; SERankingBacklinksBot/1.0; +https://seranking.com/backlinks-crawler)"
83.99.206.116 - - [19/Aug/2026:00:05:32 +0200] "GET /new-products.php?&seo_cat=&x17=1&debut=0&seo_cat=&x5=1&debut=0&seo_cat=&x23=1&debut=0&seo_cat=&x20=1&debut=0&seo_cat=&x21=1&debut=0 HTTP/1.1" 200 202152 "-" "Mozilla/5.0 (X11; Linux x86_64) AppleWebKit/537.36 (KHTML, like Gecko; GeedoShopProductFinder) Chrome/142.0.0.0 Safari/537.36"
185.191.171.8 - - [19/Aug/2026:00:05:32 +0200] "GET /category.php?a=24&a=24&a=24&b=1&b=1&b=1&debut=0&debut=0&debut=0&debut=0&debut=0&debut=0&debut=0&debut=0&debut=0&debut=24&seo=47-lits-gigognes&seo_cat=47&seo_cat=47&seo_cat=47&seo_cat=47&seo_cat=47&seo_cat=47&seo_cat=47&t58=1&t59=0&t59=1&t60=1&t62=0&t62=1&x20=1 HTTP/1.1" 200 69967 "-" "Mozilla/5.0 (compatible; SemrushBot/7~bl; +http://www.semrush.com/bot.html)"
144.76.19.27 - - [19/Aug/2026:00:05:32 +0200] "GET /new-products.php?&seo_cat=&x20=1&debut=0&seo_cat=&x5=1&debut=0&seo_cat=&x5=0&debut=0&seo_cat=&x23=1&debut=0&seo_cat=&x17=1&debut=0&seo_cat=&x17=0&debut=0&seo_cat=&x20=0&debut=0 HTTP/1.1" 200 71046 "-" "Mozilla/5.0 (compatible; SERankingBacklinksBot/1.0; +https://seranking.com/backlinks-crawler)"
144.76.19.27 - - [19/Aug/2026:00:05:36 +0200] "GET /new-products.php?&seo_cat=&x20=1&debut=0&seo_cat=&x17=1&debut=0&seo_cat=&x20=0&debut=0&seo_cat=&x5=1&debut=0&seo_cat=&x17=0&debut=0&seo_cat=&x5=0&debut=0&seo_cat=&x21=1&debut=0 HTTP/1.1" 200 133577 "-" "Mozilla/5.0 (compatible; SERankingBacklinksBot/1.0; +https://seranking.com/backlinks-crawler)"
144.76.19.27 - - [19/Aug/2026:00:05:39 +0200] "GET /new-products.php?&seo_cat=&x20=1&debut=0&seo_cat=&x5=1&debut=0&seo_cat=&x5=0&debut=0&seo_cat=&x23=1&debut=0&seo_cat=&x17=1&debut=0&seo_cat=&x17=0&debut=0&seo_cat=&x21=1&debut=0 HTTP/1.1" 200 203679 "-" "Mozilla/5.0 (compatible; SERankingBacklinksBot/1.0; +https://seranking.com/backlinks-crawler)"
144.76.19.27 - - [19/Aug/2026:00:05:42 +0200] "GET /new-products.php?&seo_cat=&x20=1&debut=0&seo_cat=&x17=1&debut=0&seo_cat=&x20=0&debut=0&seo_cat=&x5=1&debut=0&seo_cat=&x17=0&debut=0&seo_cat=&x5=0&debut=0&seo_cat=&x23=1&debut=0 HTTP/1.1" 200 71018 "-" "Mozilla/5.0 (compatible; SERankingBacklinksBot/1.0; +https://seranking.com/backlinks-crawler)"
144.76.19.27 - - [19/Aug/2026:00:05:45 +0200] "GET /new-products.php?&seo_cat=&x20=1&debut=0&seo_cat=&x5=1&debut=0&seo_cat=&x5=0&debut=0&seo_cat=&x23=1&debut=0&seo_cat=&x17=1&debut=0&seo_cat=&x17=0&debut=0&seo_cat=&x23=0&debut=0 HTTP/1.1" 200 168018 "-" "Mozilla/5.0 (compatible; SERankingBacklinksBot/1.0; +https://seranking.com/backlinks-crawler)"
144.76.19.27 - - [19/Aug/2026:00:05:49 +0200] "GET /new-products.php?&seo_cat=&x20=1&debut=0&seo_cat=&x17=1&debut=0&seo_cat=&x20=0&debut=0&seo_cat=&x5=1&debut=0&seo_cat=&x20=1&debut=0&seo_cat=&x17=0&debut=0&seo_cat=&x5=0&debut=0 HTTP/1.1" 200 168096 "-" "Mozilla/5.0 (compatible; SERankingBacklinksBot/1.0; +https://seranking.com/backlinks-crawler)"
85.208.96.207 - - [19/Aug/2026:00:05:50 +0200] "GET /new-products.php?a=24&b=1&debut=0&debut=0&debut=0&debut=0&debut=0&debut=0&debut=0&debut=0&debut=0&debut=0&debut=0&debut=0&debut=0&debut=0&debut=0&debut=24&seo_cat&seo_cat&seo_cat&seo_cat&seo_cat&seo_cat&seo_cat&seo_cat&seo_cat&seo_cat&seo_cat&seo_cat&seo_cat&seo_cat&seo_cat&x17=0&x17=1&x20=0&x20=1&x21=0&x21=0&x21=0&x21=1&x22=0&x22=1&x5=0&x5=0&x5=0&x5=0&x5=1 HTTP/1.1" 200 161584 "-" "Mozilla/5.0 (compatible; SemrushBot/7~bl; +http://www.semrush.com/bot.html)"
144.76.19.27 - - [19/Aug/2026:00:05:52 +0200] "GET /new-products.php?&seo_cat=&x20=1&debut=0&seo_cat=&x5=1&debut=0&seo_cat=&x5=0&debut=0&seo_cat=&x23=1&debut=0&seo_cat=&x17=1&debut=0&seo_cat=&x20=0&debut=0&seo_cat=&x17=0&debut=0 HTTP/1.1" 200 71118 "-" "Mozilla/5.0 (compatible; SERankingBacklinksBot/1.0; +https://seranking.com/backlinks-crawler)"
83.99.206.116 - - [19/Aug/2026:00:05:52 +0200] "GET /marques.php?seo=20-lits-gigognes&histo_track=1&seo_marq=20&t47=1&debut=0&seo_marq=20&t59=1&debut=0&seo_marq=20&t60=1&debut=0&seo_marq=20&t59=0&debut=0&seo_marq=20&t47=0&debut=0 HTTP/1.1" 200 87768 "-" "Mozilla/5.0 (X11; Linux x86_64) AppleWebKit/537.36 (KHTML, like Gecko; GeedoShopProductFinder) Chrome/142.0.0.0 Safari/537.36"
144.76.19.27 - - [19/Aug/2026:00:05:55 +0200] "GET /new-products.php?&seo_cat=&x20=1&debut=0&seo_cat=&x17=1&debut=0&seo_cat=&x20=0&debut=0&seo_cat=&x5=1&debut=0&seo_cat=&x20=1&debut=0&seo_cat=&x20=0&debut=0&seo_cat=&x5=0&debut=0 HTTP/1.1" 200 93251 "-" "Mozilla/5.0 (compatible; SERankingBacklinksBot/1.0; +https://seranking.com/backlinks-crawler)"
185.191.171.6 - - [19/Aug/2026:00:05:58 +0200] "GET /new-products.php?a=25&b=1&debut=0&debut=0&debut=0&debut=0&debut=0&debut=0&debut=0&debut=0&debut=0&debut=0&debut=0&debut=0&debut=0&debut=25&histo_track=1&seo_cat&seo_cat&seo_cat&seo_cat&seo_cat&seo_cat&seo_cat&seo_cat&seo_cat&seo_cat&seo_cat&seo_cat&seo_cat&x17=0&x17=0&x17=0&x17=0&x17=0&x17=1&x20=0&x20=1&x21=0&x21=1&x23=0&x23=1&x5=1 HTTP/1.1" 200 161555 "-" "Mozilla/5.0 (compatible; SemrushBot/7~bl; +http://www.semrush.com/bot.html)"
144.76.19.27 - - [19/Aug/2026:00:05:58 +0200] "GET /new-products.php?&seo_cat=&x20=1&debut=0&seo_cat=&x5=1&debut=0&seo_cat=&x5=0&debut=0&seo_cat=&x23=1&debut=0&seo_cat=&x17=1&debut=0&seo_cat=&x20=0&debut=0&seo_cat=&x20=1&debut=0 HTTP/1.1" 200 203367 "-" "Mozilla/5.0 (compatible; SERankingBacklinksBot/1.0; +https://seranking.com/backlinks-crawler)"
144.76.19.27 - - [19/Aug/2026:00:06:02 +0200] "GET /new-products.php?&seo_cat=&x20=1&debut=0&seo_cat=&x17=1&debut=0&seo_cat=&x20=0&debut=0&seo_cat=&x5=1&debut=0&seo_cat=&x20=1&debut=0&seo_cat=&x21=1&debut=0&seo_cat=&x5=0&debut=0 HTTP/1.1" 200 203577 "-" "Mozilla/5.0 (compatible; SERankingBacklinksBot/1.0; +https://seranking.com/backlinks-crawler)"
85.208.96.204 - - [19/Aug/2026:00:06:02 +0200] "GET /new-products.php?a=24&a=25&a=25&a=25&a=25&a=25&b=1&b=1&b=1&b=1&b=1&b=1&debut=0&debut=0&debut=0&debut=0&debut=0&debut=0&debut=0&debut=0&debut=0&debut=0&debut=0&debut=0&debut=0&debut=25&histo_track=1&seo_cat&seo_cat&seo_cat&seo_cat&seo_cat&seo_cat&seo_cat&seo_cat&x17=1&x20=0&x20=1&x21=0&x21=0&x21=1&x23=1&x5=1 HTTP/1.1" 200 160916 "-" "Mozilla/5.0 (compatible; SemrushBot/7~bl; +http://www.semrush.com/bot.html)"
144.76.19.27 - - [19/Aug/2026:00:06:05 +0200] "GET /new-products.php?&seo_cat=&x20=1&debut=0&seo_cat=&x5=1&debut=0&seo_cat=&x5=0&debut=0&seo_cat=&x23=1&debut=0&seo_cat=&x17=1&debut=0&seo_cat=&x20=0&debut=0&seo_cat=&x21=1&debut=0 HTTP/1.1" 200 168372 "-" "Mozilla/5.0 (compatible; SERankingBacklinksBot/1.0; +https://seranking.com/backlinks-crawler)"
144.76.19.27 - - [19/Aug/2026:00:06:08 +0200] "GET /new-products.php?&seo_cat=&x20=1&debut=0&seo_cat=&x17=1&debut=0&seo_cat=&x20=0&debut=0&seo_cat=&x5=1&debut=0&seo_cat=&x20=1&debut=0&seo_cat=&x23=1&debut=0&seo_cat=&x5=0&debut=0 HTTP/1.1" 200 203283 "-" "Mozilla/5.0 (compatible; SERankingBacklinksBot/1.0; +https://seranking.com/backlinks-crawler)"
144.76.19.27 - - [19/Aug/2026:00:06:11 +0200] "GET /new-products.php?&seo_cat=&x20=1&debut=0&seo_cat=&x5=1&debut=0&seo_cat=&x5=0&debut=0&seo_cat=&x23=1&debut=0&seo_cat=&x17=1&debut=0&seo_cat=&x20=0&debut=0&seo_cat=&x23=0&debut=0 HTTP/1.1" 200 93337 "-" "Mozilla/5.0 (compatible; SERankingBacklinksBot/1.0; +https://seranking.com/backlinks-crawler)"
83.99.206.116 - - [19/Aug/2026:00:06:12 +0200] "GET /new-products.php?&seo_cat=&x17=1&debut=0&seo_cat=&x5=1&debut=0&seo_cat=&x5=0&debut=0&seo_cat=&x20=1&debut=0&seo_cat=&x21=1&debut=0&seo_cat=&x23=1&debut=0&seo_cat=&x20=0&debut=0&seo_cat=&x5=1&debut=0 HTTP/1.1" 200 197477 "-" "Mozilla/5.0 (X11; Linux x86_64) AppleWebKit/537.36 (KHTML, like Gecko; GeedoShopProductFinder) Chrome/142.0.0.0 Safari/537.36"
144.76.19.27 - - [19/Aug/2026:00:06:15 +0200] "GET /new-products.php?&seo_cat=&x20=1&debut=0&seo_cat=&x17=1&debut=0&seo_cat=&x20=0&debut=0&seo_cat=&x5=1&debut=0&seo_cat=&x20=1&debut=0&seo_cat=&x5=0&debut=0&seo_cat=&x17=0&debut=0 HTTP/1.1" 200 168020 "-" "Mozilla/5.0 (compatible; SERankingBacklinksBot/1.0; +https://seranking.com/backlinks-crawler)"
144.76.19.27 - - [19/Aug/2026:00:06:18 +0200] "GET /new-products.php?&seo_cat=&x20=1&debut=0&seo_cat=&x5=1&debut=0&seo_cat=&x5=0&debut=0&seo_cat=&x23=1&debut=0&seo_cat=&x17=1&debut=0&seo_cat=&x21=1&debut=0&seo_cat=&x17=0&debut=0 HTTP/1.1" 200 203669 "-" "Mozilla/5.0 (compatible; SERankingBacklinksBot/1.0; +https://seranking.com/backlinks-crawler)"
144.76.19.27 - - [19/Aug/2026:00:06:21 +0200] "GET /new-products.php?&seo_cat=&x20=1&debut=0&seo_cat=&x17=1&debut=0&seo_cat=&x20=0&debut=0&seo_cat=&x5=1&debut=0&seo_cat=&x20=1&debut=0&seo_cat=&x5=0&debut=0&seo_cat=&x20=0&debut=0 HTTP/1.1" 200 93301 "-" "Mozilla/5.0 (compatible; SERankingBacklinksBot/1.0; +https://seranking.com/backlinks-crawler)"
144.76.19.27 - - [19/Aug/2026:00:06:25 +0200] "GET /new-products.php?&seo_cat=&x20=1&debut=0&seo_cat=&x5=1&debut=0&seo_cat=&x5=0&debut=0&seo_cat=&x23=1&debut=0&seo_cat=&x17=1&debut=0&seo_cat=&x21=1&debut=0&seo_cat=&x20=0&debut=0 HTTP/1.1" 200 168398 "-" "Mozilla/5.0 (compatible; SERankingBacklinksBot/1.0; +https://seranking.com/backlinks-crawler)"
144.76.19.27 - - [19/Aug/2026:00:06:28 +0200] "GET /new-products.php?&seo_cat=&x20=1&debut=0&seo_cat=&x17=1&debut=0&seo_cat=&x20=0&debut=0&seo_cat=&x5=1&debut=0&seo_cat=&x20=1&debut=0&seo_cat=&x5=0&debut=0&seo_cat=&x21=1&debut=0 HTTP/1.1" 200 203621 "-" "Mozilla/5.0 (compatible; SERankingBacklinksBot/1.0; +https://seranking.com/backlinks-crawler)"
144.76.19.27 - - [19/Aug/2026:00:06:31 +0200] "GET /new-products.php?&seo_cat=&x20=1&debut=0&seo_cat=&x5=1&debut=0&seo_cat=&x5=0&debut=0&seo_cat=&x23=1&debut=0&seo_cat=&x17=1&debut=0&seo_cat=&x21=1&debut=0&seo_cat=&x21=0&debut=0 HTTP/1.1" 200 203335 "-" "Mozilla/5.0 (compatible; SERankingBacklinksBot/1.0; +https://seranking.com/backlinks-crawler)"
83.99.206.116 - - [19/Aug/2026:00:06:32 +0200] "GET /new-products.php?&seo_cat=&x17=1&debut=0&seo_cat=&x5=1&debut=0&seo_cat=&x20=1&debut=0&seo_cat=&x23=1&debut=0&seo_cat=&x5=0&debut=0&seo_cat=&x23=0&debut=0&seo_cat=&x21=1&debut=0&debut=24&a=24&b=1&seo_cat=&x23=1&debut=0 HTTP/1.1" 200 204820 "-" "Mozilla/5.0 (X11; Linux x86_64) AppleWebKit/537.36 (KHTML, like Gecko; GeedoShopProductFinder) Chrome/142.0.0.0 Safari/537.36"
144.76.19.27 - - [19/Aug/2026:00:06:34 +0200] "GET /new-products.php?&seo_cat=&x20=1&debut=0&seo_cat=&x17=1&debut=0&seo_cat=&x20=0&debut=0&seo_cat=&x5=1&debut=0&seo_cat=&x20=1&debut=0&seo_cat=&x5=0&debut=0&seo_cat=&x23=1&debut=0 HTTP/1.1" 200 203333 "-" "Mozilla/5.0 (compatible; SERankingBacklinksBot/1.0; +https://seranking.com/backlinks-crawler)"
144.76.19.27 - - [19/Aug/2026:00:06:38 +0200] "GET /new-products.php?&seo_cat=&x20=1&debut=0&seo_cat=&x5=1&debut=0&seo_cat=&x5=0&debut=0&seo_cat=&x23=1&debut=0&seo_cat=&x17=1&debut=0&seo_cat=&x21=1&debut=0&seo_cat=&x23=0&debut=0 HTTP/1.1" 200 203569 "-" "Mozilla/5.0 (compatible; SERankingBacklinksBot/1.0; +https://seranking.com/backlinks-crawler)"
185.191.171.6 - - [19/Aug/2026:00:06:40 +0200] "GET /new-products.php?a=24&a=24&a=24&a=24&a=24&a=24&b=1&b=1&b=1&b=1&b=1&b=1&debut=0&debut=0&debut=0&debut=0&debut=0&debut=0&debut=0&debut=0&debut=0&debut=0&debut=0&debut=0&debut=0&debut=24&histo_track=1&seo_cat&seo_cat&seo_cat&seo_cat&seo_cat&seo_cat&seo_cat&seo_cat&x17=1&x20=1&x21=0&x21=1&x23=0&x23=1&x5=0&x5=1 HTTP/1.1" 200 166798 "-" "Mozilla/5.0 (compatible; SemrushBot/7~bl; +http://www.semrush.com/bot.html)"
144.76.19.27 - - [19/Aug/2026:00:06:41 +0200] "GET /new-products.php?&seo_cat=&x20=1&debut=0&seo_cat=&x17=1&debut=0&seo_cat=&x20=0&debut=0&seo_cat=&x5=1&debut=0&seo_cat=&x21=1&debut=0&seo_cat=&x17=0&debut=0&seo_cat=&x5=0&debut=0 HTTP/1.1" 200 133643 "-" "Mozilla/5.0 (compatible; SERankingBacklinksBot/1.0; +https://seranking.com/backlinks-crawler)"
144.76.19.27 - - [19/Aug/2026:00:06:44 +0200] "GET /new-products.php?&seo_cat=&x20=1&debut=0&seo_cat=&x5=1&debut=0&seo_cat=&x5=0&debut=0&seo_cat=&x23=1&debut=0&seo_cat=&x17=1&debut=0&seo_cat=&x23=0&debut=0&seo_cat=&x17=0&debut=0 HTTP/1.1" 200 168088 "-" "Mozilla/5.0 (compatible; SERankingBacklinksBot/1.0; +https://seranking.com/backlinks-crawler)"
144.76.19.27 - - [19/Aug/2026:00:06:48 +0200] "GET /new-products.php?&seo_cat=&x20=1&debut=0&seo_cat=&x17=1&debut=0&seo_cat=&x20=0&debut=0&seo_cat=&x5=1&debut=0&seo_cat=&x21=1&debut=0&seo_cat=&x20=1&debut=0&seo_cat=&x5=0&debut=0 HTTP/1.1" 200 203545 "-" "Mozilla/5.0 (compatible; SERankingBacklinksBot/1.0; +https://seranking.com/backlinks-crawler)"
144.76.19.27 - - [19/Aug/2026:00:06:51 +0200] "GET /new-products.php?&seo_cat=&x20=1&debut=0&seo_cat=&x5=1&debut=0&seo_cat=&x5=0&debut=0&seo_cat=&x23=1&debut=0&seo_cat=&x17=1&debut=0&seo_cat=&x23=0&debut=0&seo_cat=&x20=0&debut=0 HTTP/1.1" 200 93325 "-" "Mozilla/5.0 (compatible; SERankingBacklinksBot/1.0; +https://seranking.com/backlinks-crawler)"
144.76.19.27 - - [19/Aug/2026:00:06:54 +0200] "GET /new-products.php?&seo_cat=&x20=1&debut=0&seo_cat=&x17=1&debut=0&seo_cat=&x20=0&debut=0&seo_cat=&x5=1&debut=0&seo_cat=&x21=1&debut=0&seo_cat=&x21=0&debut=0&seo_cat=&x5=0&debut=0 HTTP/1.1" 200 93307 "-" "Mozilla/5.0 (compatible; SERankingBacklinksBot/1.0; +https://seranking.com/backlinks-crawler)"
144.76.19.27 - - [19/Aug/2026:00:06:57 +0200] "GET /new-products.php?&seo_cat=&x20=1&debut=0&seo_cat=&x5=1&debut=0&seo_cat=&x5=0&debut=0&seo_cat=&x23=1&debut=0&seo_cat=&x17=1&debut=0&seo_cat=&x23=0&debut=0&seo_cat=&x21=1&debut=0 HTTP/1.1" 200 203617 "-" "Mozilla/5.0 (compatible; SERankingBacklinksBot/1.0; +https://seranking.com/backlinks-crawler)"
144.76.19.27 - - [19/Aug/2026:00:07:00 +0200] "GET /new-products.php?&seo_cat=&x20=1&debut=0&seo_cat=&x17=1&debut=0&seo_cat=&x20=0&debut=0&seo_cat=&x5=1&debut=0&seo_cat=&x21=1&debut=0&seo_cat=&x23=1&debut=0&seo_cat=&x5=0&debut=0 HTTP/1.1" 200 168388 "-" "Mozilla/5.0 (compatible; SERankingBacklinksBot/1.0; +https://seranking.com/backlinks-crawler)"
144.76.19.27 - - [19/Aug/2026:00:07:04 +0200] "GET /new-products.php?&seo_cat=&x20=1&debut=0&seo_cat=&x5=1&debut=0&seo_cat=&x5=0&debut=0&seo_cat=&x23=1&debut=0&seo_cat=&x17=1&debut=0&seo_cat=&x23=0&debut=0&seo_cat=&x23=1&debut=0 HTTP/1.1" 200 203283 "-" "Mozilla/5.0 (compatible; SERankingBacklinksBot/1.0; +https://seranking.com/backlinks-crawler)"
144.76.19.27 - - [19/Aug/2026:00:07:07 +0200] "GET /new-products.php?&seo_cat=&x20=1&debut=0&seo_cat=&x17=1&debut=0&seo_cat=&x20=0&debut=0&seo_cat=&x5=1&debut=0&seo_cat=&x21=1&debut=0&seo_cat=&x5=0&debut=0&seo_cat=&x17=0&debut=0 HTTP/1.1" 200 133581 "-" "Mozilla/5.0 (compatible; SERankingBacklinksBot/1.0; +https://seranking.com/backlinks-crawler)"
144.76.19.27 - - [19/Aug/2026:00:07:10 +0200] "GET /new-products.php?&seo_cat=&x20=1&debut=0&seo_cat=&x5=1&debut=0&seo_cat=&x5=0&debut=0&seo_cat=&x23=1&debut=0&seo_cat=&x20=0&debut=0&seo_cat=&x17=1&debut=0&seo_cat=&x17=0&debut=0 HTTP/1.1" 200 71112 "-" "Mozilla/5.0 (compatible; SERankingBacklinksBot/1.0; +https://seranking.com/backlinks-crawler)"
144.76.19.27 - - [19/Aug/2026:00:07:14 +0200] "GET /new-products.php?&seo_cat=&x20=1&debut=0&seo_cat=&x17=1&debut=0&seo_cat=&x20=0&debut=0&seo_cat=&x5=1&debut=0&seo_cat=&x21=1&debut=0&seo_cat=&x5=0&debut=0&seo_cat=&x20=1&debut=0 HTTP/1.1" 200 203599 "-" "Mozilla/5.0 (compatible; SERankingBacklinksBot/1.0; +https://seranking.com/backlinks-crawler)"
185.191.171.19 - - [19/Aug/2026:00:07:15 +0200] "GET /new-products.php?a=24&a=25&a=25&a=25&a=25&b=1&b=1&b=1&b=1&b=1&debut=0&debut=0&debut=0&debut=0&debut=0&debut=0&debut=0&debut=0&debut=0&debut=0&debut=0&debut=0&debut=0&debut=25&seo_cat&seo_cat&seo_cat&seo_cat&seo_cat&seo_cat&seo_cat&seo_cat&seo_cat&x17=0&x17=0&x17=0&x17=1&x20=0&x20=1&x21=0&x21=1&x5=1 HTTP/1.1" 200 154341 "-" "Mozilla/5.0 (compatible; SemrushBot/7~bl; +http://www.semrush.com/bot.html)"
144.76.19.27 - - [19/Aug/2026:00:07:17 +0200] "GET /new-products.php?&seo_cat=&x20=1&debut=0&seo_cat=&x5=1&debut=0&seo_cat=&x5=0&debut=0&seo_cat=&x23=1&debut=0&seo_cat=&x20=0&debut=0&seo_cat=&x17=1&debut=0&seo_cat=&x20=1&debut=0 HTTP/1.1" 200 203283 "-" "Mozilla/5.0 (compatible; SERankingBacklinksBot/1.0; +https://seranking.com/backlinks-crawler)"
144.76.19.27 - - [19/Aug/2026:00:07:20 +0200] "GET /new-products.php?&seo_cat=&x20=1&debut=0&seo_cat=&x17=1&debut=0&seo_cat=&x20=0&debut=0&seo_cat=&x5=1&debut=0&seo_cat=&x21=1&debut=0&seo_cat=&x5=0&debut=0&seo_cat=&x21=0&debut=0 HTTP/1.1" 200 93323 "-" "Mozilla/5.0 (compatible; SERankingBacklinksBot/1.0; +https://seranking.com/backlinks-crawler)"
144.76.19.27 - - [19/Aug/2026:00:07:24 +0200] "GET /new-products.php?&seo_cat=&x20=1&debut=0&seo_cat=&x5=1&debut=0&seo_cat=&x5=0&debut=0&seo_cat=&x23=1&debut=0&seo_cat=&x20=0&debut=0&seo_cat=&x17=1&debut=0&seo_cat=&x21=1&debut=0 HTTP/1.1" 200 168350 "-" "Mozilla/5.0 (compatible; SERankingBacklinksBot/1.0; +https://seranking.com/backlinks-crawler)"
144.76.19.27 - - [19/Aug/2026:00:07:27 +0200] "GET /new-products.php?&seo_cat=&x20=1&debut=0&seo_cat=&x17=1&debut=0&seo_cat=&x20=0&debut=0&seo_cat=&x5=1&debut=0&seo_cat=&x21=1&debut=0&seo_cat=&x5=0&debut=0&seo_cat=&x23=1&debut=0 HTTP/1.1" 200 168350 "-" "Mozilla/5.0 (compatible; SERankingBacklinksBot/1.0; +https://seranking.com/backlinks-crawler)"
185.191.171.8 - - [19/Aug/2026:00:07:28 +0200] "GET /new-products.php?a=24&a=24&a=25&a=25&a=25&a=25&b=1&b=1&b=1&b=1&b=1&b=1&debut=0&debut=0&debut=0&debut=0&debut=0&debut=0&debut=0&debut=0&debut=0&debut=0&debut=0&debut=0&debut=0&debut=0&debut=0&debut=25&seo_cat&seo_cat&seo_cat&seo_cat&seo_cat&seo_cat&seo_cat&seo_cat&seo_cat&seo_cat&x17=0&x17=0&x17=1&x20=0&x20=0&x20=0&x20=1&x23=1&x5=0&x5=1 HTTP/1.1" 200 91006 "-" "Mozilla/5.0 (compatible; SemrushBot/7~bl; +http://www.semrush.com/bot.html)"
144.76.19.27 - - [19/Aug/2026:00:07:30 +0200] "GET /new-products.php?&seo_cat=&x20=1&debut=0&seo_cat=&x5=1&debut=0&seo_cat=&x5=0&debut=0&seo_cat=&x23=1&debut=0&seo_cat=&x20=0&debut=0&seo_cat=&x17=1&debut=0&seo_cat=&x23=0&debut=0 HTTP/1.1" 200 93253 "-" "Mozilla/5.0 (compatible; SERankingBacklinksBot/1.0; +https://seranking.com/backlinks-crawler)"
144.76.19.27 - - [19/Aug/2026:00:07:33 +0200] "GET /new-products.php?&seo_cat=&x20=1&debut=0&seo_cat=&x17=1&debut=0&seo_cat=&x20=0&debut=0&seo_cat=&x5=1&debut=0&seo_cat=&x23=1&debut=0&seo_cat=&x17=0&debut=0&seo_cat=&x5=0&debut=0 HTTP/1.1" 200 71096 "-" "Mozilla/5.0 (compatible; SERankingBacklinksBot/1.0; +https://seranking.com/backlinks-crawler)"
185.191.171.16 - - [19/Aug/2026:00:07:35 +0200] "GET /new-products.php?a=24&a=24&b=1&b=1&debut=0&debut=0&debut=0&debut=0&debut=0&debut=0&debut=0&debut=0&debut=0&debut=0&debut=0&debut=0&debut=0&debut=0&debut=24&histo_track=1&seo_cat&seo_cat&seo_cat&seo_cat&seo_cat&seo_cat&seo_cat&seo_cat&seo_cat&seo_cat&seo_cat&seo_cat&seo_cat&x17=1&x20=0&x20=0&x20=0&x20=1&x21=1&x22=0&x22=1&x23=0&x23=0&x23=1&x5=0&x5=1 HTTP/1.1" 200 167786 "-" "Mozilla/5.0 (compatible; SemrushBot/7~bl; +http://www.semrush.com/bot.html)"
144.76.19.27 - - [19/Aug/2026:00:07:37 +0200] "GET /new-products.php?&seo_cat=&x20=1&debut=0&seo_cat=&x5=1&debut=0&seo_cat=&x5=0&debut=0&seo_cat=&x23=1&debut=0&seo_cat=&x20=0&debut=0&seo_cat=&x20=1&debut=0&seo_cat=&x17=1&debut=0 HTTP/1.1" 200 203371 "-" "Mozilla/5.0 (compatible; SERankingBacklinksBot/1.0; +https://seranking.com/backlinks-crawler)"
144.76.19.27 - - [19/Aug/2026:00:07:40 +0200] "GET /new-products.php?&seo_cat=&x20=1&debut=0&seo_cat=&x17=1&debut=0&seo_cat=&x20=0&debut=0&seo_cat=&x5=1&debut=0&seo_cat=&x23=1&debut=0&seo_cat=&x20=1&debut=0&seo_cat=&x5=0&debut=0 HTTP/1.1" 200 203351 "-" "Mozilla/5.0 (compatible; SERankingBacklinksBot/1.0; +https://seranking.com/backlinks-crawler)"
144.76.19.27 - - [19/Aug/2026:00:07:43 +0200] "GET /new-products.php?&seo_cat=&x20=1&debut=0&seo_cat=&x5=1&debut=0&seo_cat=&x5=0&debut=0&seo_cat=&x23=1&debut=0&seo_cat=&x20=0&debut=0&seo_cat=&x20=1&debut=0&seo_cat=&x20=0&debut=0 HTTP/1.1" 200 71086 "-" "Mozilla/5.0 (compatible; SERankingBacklinksBot/1.0; +https://seranking.com/backlinks-crawler)"
85.208.96.207 - - [19/Aug/2026:00:07:44 +0200] "GET /new-products.php?a=24&a=25&b=1&b=1&debut=0&debut=0&debut=0&debut=0&debut=0&debut=0&debut=0&debut=0&debut=0&debut=0&debut=0&debut=0&debut=24&debut=25&seo_cat&seo_cat&seo_cat&seo_cat&seo_cat&seo_cat&seo_cat&seo_cat&seo_cat&seo_cat&seo_cat&seo_cat&x17=0&x17=0&x17=0&x17=0&x17=0&x17=1&x20=1&x21=1&x22=1&x5=0&x5=0&x5=1 HTTP/1.1" 200 154677 "-" "Mozilla/5.0 (compatible; SemrushBot/7~bl; +http://www.semrush.com/bot.html)"
144.76.19.27 - - [19/Aug/2026:00:07:47 +0200] "GET /new-products.php?&seo_cat=&x20=1&debut=0&seo_cat=&x17=1&debut=0&seo_cat=&x20=0&debut=0&seo_cat=&x5=1&debut=0&seo_cat=&x23=1&debut=0&seo_cat=&x21=1&debut=0&seo_cat=&x5=0&debut=0 HTTP/1.1" 200 168338 "-" "Mozilla/5.0 (compatible; SERankingBacklinksBot/1.0; +https://seranking.com/backlinks-crawler)"
144.76.19.27 - - [19/Aug/2026:00:07:50 +0200] "GET /new-products.php?&seo_cat=&x20=1&debut=0&seo_cat=&x5=1&debut=0&seo_cat=&x5=0&debut=0&seo_cat=&x23=1&debut=0&seo_cat=&x20=0&debut=0&seo_cat=&x20=1&debut=0&seo_cat=&x21=1&debut=0 HTTP/1.1" 200 203709 "-" "Mozilla/5.0 (compatible; SERankingBacklinksBot/1.0; +https://seranking.com/backlinks-crawler)"
85.208.96.195 - - [19/Aug/2026:00:07:52 +0200] "GET /new-products.php?a=24&a=25&a=25&b=1&b=1&b=1&debut=0&debut=0&debut=0&debut=0&debut=0&debut=0&debut=0&debut=0&debut=0&debut=0&debut=0&debut=0&debut=0&debut=0&debut=25&seo_cat&seo_cat&seo_cat&seo_cat&seo_cat&seo_cat&seo_cat&seo_cat&seo_cat&seo_cat&seo_cat&seo_cat&x17=0&x17=1&x20=0&x20=0&x20=0&x20=1&x21=1&x22=1&x23=0&x23=1&x5=0&x5=1 HTTP/1.1" 200 161399 "-" "Mozilla/5.0 (compatible; SemrushBot/7~bl; +http://www.semrush.com/bot.html)"
144.76.19.27 - - [19/Aug/2026:00:07:54 +0200] "GET /new-products.php?&seo_cat=&x20=1&debut=0&seo_cat=&x17=1&debut=0&seo_cat=&x20=0&debut=0&seo_cat=&x5=1&debut=0&seo_cat=&x23=1&debut=0&seo_cat=&x23=0&debut=0&seo_cat=&x5=0&debut=0 HTTP/1.1" 200 93271 "-" "Mozilla/5.0 (compatible; SERankingBacklinksBot/1.0; +https://seranking.com/backlinks-crawler)"
144.76.19.27 - - [19/Aug/2026:00:07:57 +0200] "GET /new-products.php?&seo_cat=&x20=1&debut=0&seo_cat=&x5=1&debut=0&seo_cat=&x5=0&debut=0&seo_cat=&x23=1&debut=0&seo_cat=&x20=0&debut=0&seo_cat=&x20=1&debut=0&seo_cat=&x23=0&debut=0 HTTP/1.1" 200 168092 "-" "Mozilla/5.0 (compatible; SERankingBacklinksBot/1.0; +https://seranking.com/backlinks-crawler)"
144.76.19.27 - - [19/Aug/2026:00:08:00 +0200] "GET /new-products.php?&seo_cat=&x20=1&debut=0&seo_cat=&x17=1&debut=0&seo_cat=&x20=0&debut=0&seo_cat=&x5=1&debut=0&seo_cat=&x23=1&debut=0&seo_cat=&x5=0&debut=0&seo_cat=&x17=0&debut=0 HTTP/1.1" 200 71104 "-" "Mozilla/5.0 (compatible; SERankingBacklinksBot/1.0; +https://seranking.com/backlinks-crawler)"
185.191.171.14 - - [19/Aug/2026:00:08:02 +0200] "GET /new-products.php?debut=0&debut=0&debut=0&debut=0&debut=0&debut=0&debut=0&debut=0&debut=0&debut=0&debut=0&seo_cat&seo_cat&seo_cat&seo_cat&seo_cat&seo_cat&seo_cat&seo_cat&seo_cat&seo_cat&seo_cat&x17=0&x17=0&x17=0&x17=0&x17=1&x21=1&x23=1&x5=0&x5=0&x5=0&x5=1 HTTP/1.1" 200 199243 "-" "Mozilla/5.0 (compatible; SemrushBot/7~bl; +http://www.semrush.com/bot.html)"
185.191.171.14 - - [19/Aug/2026:00:08:03 +0200] "GET /new-products.php?debut=0&debut=0&debut=0&debut=0&debut=0&debut=0&debut=0&debut=0&debut=0&debut=0&debut=0&seo_cat&seo_cat&seo_cat&seo_cat&seo_cat&seo_cat&seo_cat&seo_cat&seo_cat&seo_cat&seo_cat&x17=0&x17=0&x17=0&x17=0&x17=1&x21=1&x23=1&x5=0&x5=0&x5=0&x5=1 HTTP/1.1" 200 199053 "-" "Mozilla/5.0 (compatible; SemrushBot/7~bl; +http://www.semrush.com/bot.html)"
144.76.19.27 - - [19/Aug/2026:00:08:03 +0200] "GET /new-products.php?&seo_cat=&x20=1&debut=0&seo_cat=&x5=1&debut=0&seo_cat=&x5=0&debut=0&seo_cat=&x23=1&debut=0&seo_cat=&x20=0&debut=0&seo_cat=&x21=1&debut=0&seo_cat=&x17=1&debut=0 HTTP/1.1" 200 168340 "-" "Mozilla/5.0 (compatible; SERankingBacklinksBot/1.0; +https://seranking.com/backlinks-crawler)"
144.76.19.27 - - [19/Aug/2026:00:08:07 +0200] "GET /new-products.php?&seo_cat=&x20=1&debut=0&seo_cat=&x17=1&debut=0&seo_cat=&x20=0&debut=0&seo_cat=&x5=1&debut=0&seo_cat=&x23=1&debut=0&seo_cat=&x5=0&debut=0&seo_cat=&x20=1&debut=0 HTTP/1.1" 200 203293 "-" "Mozilla/5.0 (compatible; SERankingBacklinksBot/1.0; +https://seranking.com/backlinks-crawler)"
185.191.171.2 - - [19/Aug/2026:00:08:08 +0200] "GET /new-products.php?debut=0&debut=0&debut=0&debut=0&debut=0&debut=0&debut=0&debut=0&debut=0&debut=0&debut=0&debut=0&debut=0&debut=0&debut=0&seo_cat&seo_cat&seo_cat&seo_cat&seo_cat&seo_cat&seo_cat&seo_cat&seo_cat&seo_cat&seo_cat&seo_cat&seo_cat&seo_cat&seo_cat&x17=0&x17=0&x17=0&x17=0&x17=1&x21=1&x5=0&x5=0&x5=0&x5=0&x5=0&x5=0&x5=0&x5=0&x5=1 HTTP/1.1" 200 194999 "-" "Mozilla/5.0 (compatible; SemrushBot/7~bl; +http://www.semrush.com/bot.html)"
144.76.19.27 - - [19/Aug/2026:00:08:10 +0200] "GET /new-products.php?&seo_cat=&x20=1&debut=0&seo_cat=&x5=1&debut=0&seo_cat=&x5=0&debut=0&seo_cat=&x23=1&debut=0&seo_cat=&x20=0&debut=0&seo_cat=&x21=1&debut=0&seo_cat=&x20=1&debut=0 HTTP/1.1" 200 203625 "-" "Mozilla/5.0 (compatible; SERankingBacklinksBot/1.0; +https://seranking.com/backlinks-crawler)"
85.208.96.193 - - [19/Aug/2026:00:08:11 +0200] "GET /new-products.php?a=24&b=1&debut=0&debut=0&debut=0&debut=0&debut=0&debut=0&debut=0&debut=0&debut=0&debut=0&debut=24&seo_cat&seo_cat&seo_cat&seo_cat&seo_cat&seo_cat&seo_cat&seo_cat&seo_cat&seo_cat&x20=0&x20=1&x21=0&x21=0&x21=1&x23=0&x23=1&x5=0&x5=0&x5=1 HTTP/1.1" 200 136405 "-" "Mozilla/5.0 (compatible; SemrushBot/7~bl; +http://www.semrush.com/bot.html)"
144.76.19.27 - - [19/Aug/2026:00:08:13 +0200] "GET /new-products.php?&seo_cat=&x20=1&debut=0&seo_cat=&x17=1&debut=0&seo_cat=&x20=0&debut=0&seo_cat=&x5=1&debut=0&seo_cat=&x23=1&debut=0&seo_cat=&x5=0&debut=0&seo_cat=&x21=1&debut=0 HTTP/1.1" 200 168358 "-" "Mozilla/5.0 (compatible; SERankingBacklinksBot/1.0; +https://seranking.com/backlinks-crawler)"
144.76.19.27 - - [19/Aug/2026:00:08:16 +0200] "GET /new-products.php?&seo_cat=&x20=1&debut=0&seo_cat=&x5=1&debut=0&seo_cat=&x5=0&debut=0&seo_cat=&x23=1&debut=0&seo_cat=&x20=0&debut=0&seo_cat=&x21=1&debut=0&seo_cat=&x21=0&debut=0 HTTP/1.1" 200 71086 "-" "Mozilla/5.0 (compatible; SERankingBacklinksBot/1.0; +https://seranking.com/backlinks-crawler)"
85.208.96.196 - - [19/Aug/2026:00:08:20 +0200] "GET /new-products.php?debut=0&debut=0&debut=0&debut=0&debut=0&debut=0&debut=0&debut=0&debut=0&debut=0&debut=0&debut=0&histo_track=1&seo_cat&seo_cat&seo_cat&seo_cat&seo_cat&seo_cat&seo_cat&seo_cat&seo_cat&seo_cat&seo_cat&seo_cat&x17=0&x17=0&x17=0&x17=1&x21=0&x21=0&x21=0&x21=1&x22=0&x22=0&x22=1&x5=1 HTTP/1.1" 200 193751 "-" "Mozilla/5.0 (compatible; SemrushBot/7~bl; +http://www.semrush.com/bot.html)"
144.76.19.27 - - [19/Aug/2026:00:08:20 +0200] "GET /new-products.php?&seo_cat=&x20=1&debut=0&seo_cat=&x17=1&debut=0&seo_cat=&x20=0&debut=0&seo_cat=&x5=1&debut=0&seo_cat=&x23=1&debut=0&seo_cat=&x5=0&debut=0&seo_cat=&x23=0&debut=0 HTTP/1.1" 200 93277 "-" "Mozilla/5.0 (compatible; SERankingBacklinksBot/1.0; +https://seranking.com/backlinks-crawler)"
144.76.19.27 - - [19/Aug/2026:00:08:23 +0200] "GET /new-products.php?&seo_cat=&x20=1&debut=0&seo_cat=&x5=1&debut=0&seo_cat=&x5=0&debut=0&seo_cat=&x23=1&debut=0&seo_cat=&x20=0&debut=0&seo_cat=&x21=1&debut=0&seo_cat=&x23=0&debut=0 HTTP/1.1" 200 133529 "-" "Mozilla/5.0 (compatible; SERankingBacklinksBot/1.0; +https://seranking.com/backlinks-crawler)"
144.76.19.27 - - [19/Aug/2026:00:08:27 +0200] "GET /new-products.php?&seo_cat=&x20=1&debut=0&seo_cat=&x17=1&debut=0&seo_cat=&x20=0&debut=0&seo_cat=&x5=1&debut=0&seo_cat=&x5=0&debut=0&seo_cat=&x17=0&debut=0&seo_cat=&x17=1&debut=0 HTTP/1.1" 200 93253 "-" "Mozilla/5.0 (compatible; SERankingBacklinksBot/1.0; +https://seranking.com/backlinks-crawler)"
83.99.206.231 - - [19/Aug/2026:00:08:30 +0200] "GET /new-products.php?&seo_cat=&x17=1&debut=0&seo_cat=&x5=1&debut=0&seo_cat=&x20=1&debut=0&seo_cat=&x23=1&debut=0&seo_cat=&x21=1&debut=0&histo_track=1&seo_cat=&x20=0&debut=0&seo_cat=&x23=0&debut=0 HTTP/1.1" 200 190911 "-" "Mozilla/5.0 (X11; Linux x86_64) AppleWebKit/537.36 (KHTML, like Gecko; GeedoShopProductFinder) Chrome/142.0.0.0 Safari/537.36"
144.76.19.27 - - [19/Aug/2026:00:08:30 +0200] "GET /new-products.php?&seo_cat=&x20=1&debut=0&seo_cat=&x5=1&debut=0&seo_cat=&x5=0&debut=0&seo_cat=&x23=1&debut=0&seo_cat=&x20=0&debut=0&seo_cat=&x23=0&debut=0&seo_cat=&x17=1&debut=0 HTTP/1.1" 200 93317 "-" "Mozilla/5.0 (compatible; SERankingBacklinksBot/1.0; +https://seranking.com/backlinks-crawler)"
144.76.19.27 - - [19/Aug/2026:00:08:34 +0200] "GET /new-products.php?&seo_cat=&x20=1&debut=0&seo_cat=&x17=1&debut=0&seo_cat=&x20=0&debut=0&seo_cat=&x5=1&debut=0&seo_cat=&x5=0&debut=0&seo_cat=&x17=0&debut=0&seo_cat=&x20=1&debut=0 HTTP/1.1" 200 168156 "-" "Mozilla/5.0 (compatible; SERankingBacklinksBot/1.0; +https://seranking.com/backlinks-crawler)"
144.76.19.27 - - [19/Aug/2026:00:08:37 +0200] "GET /new-products.php?&seo_cat=&x20=1&debut=0&seo_cat=&x5=1&debut=0&seo_cat=&x5=0&debut=0&seo_cat=&x23=1&debut=0&seo_cat=&x20=0&debut=0&seo_cat=&x23=0&debut=0&seo_cat=&x20=1&debut=0 HTTP/1.1" 200 168052 "-" "Mozilla/5.0 (compatible; SERankingBacklinksBot/1.0; +https://seranking.com/backlinks-crawler)"
144.76.19.27 - - [19/Aug/2026:00:08:40 +0200] "GET /new-products.php?&seo_cat=&x20=1&debut=0&seo_cat=&x17=1&debut=0&seo_cat=&x20=0&debut=0&seo_cat=&x5=1&debut=0&seo_cat=&x5=0&debut=0&seo_cat=&x17=0&debut=0&seo_cat=&x21=1&debut=0 HTTP/1.1" 200 133529 "-" "Mozilla/5.0 (compatible; SERankingBacklinksBot/1.0; +https://seranking.com/backlinks-crawler)"
144.76.19.27 - - [19/Aug/2026:00:08:43 +0200] "GET /new-products.php?&seo_cat=&x20=1&debut=0&seo_cat=&x5=1&debut=0&seo_cat=&x5=0&debut=0&seo_cat=&x23=1&debut=0&seo_cat=&x20=0&debut=0&seo_cat=&x23=0&debut=0&seo_cat=&x21=1&debut=0 HTTP/1.1" 200 133513 "-" "Mozilla/5.0 (compatible; SERankingBacklinksBot/1.0; +https://seranking.com/backlinks-crawler)"
144.76.19.27 - - [19/Aug/2026:00:08:47 +0200] "GET /new-products.php?&seo_cat=&x20=1&debut=0&seo_cat=&x17=1&debut=0&seo_cat=&x20=0&debut=0&seo_cat=&x5=1&debut=0&seo_cat=&x5=0&debut=0&seo_cat=&x17=0&debut=0&seo_cat=&x23=1&debut=0 HTTP/1.1" 200 71098 "-" "Mozilla/5.0 (compatible; SERankingBacklinksBot/1.0; +https://seranking.com/backlinks-crawler)"
85.208.96.199 - - [19/Aug/2026:00:08:47 +0200] "GET /category.php?a=24&a=24&a=24&a=24&a=24&a=24&a=24&a=24&b=1&b=1&b=1&b=1&b=1&b=1&b=1&b=1&debut=0&debut=0&debut=0&debut=0&debut=0&debut=0&debut=0&debut=0&debut=0&debut=0&debut=0&debut=0&debut=0&debut=0&debut=24&seo=47-lits-gigognes&seo_cat=47&seo_cat=47&seo_cat=47&seo_cat=47&seo_cat=47&seo_cat=47&seo_cat=47&t58=1&t59=1&t62=0&t62=1&x20=0&x20=1&x5=1 HTTP/1.1" 200 70301 "-" "Mozilla/5.0 (compatible; SemrushBot/7~bl; +http://www.semrush.com/bot.html)"
185.191.171.5 - - [19/Aug/2026:00:08:49 +0200] "GET /new-products.php?a=24&a=24&a=24&a=24&a=25&a=25&a=25&a=25&b=1&b=1&b=1&b=1&b=1&b=1&b=1&b=1&debut=0&debut=0&debut=0&debut=0&debut=0&debut=0&debut=0&debut=0&debut=0&debut=0&debut=0&debut=0&debut=0&debut=0&debut=0&debut=25&histo_track=1&seo_cat&seo_cat&seo_cat&seo_cat&seo_cat&seo_cat&seo_cat&seo_cat&x17=0&x17=1&x20=1&x21=0&x21=1&x22=0&x22=1&x23=1 HTTP/1.1" 200 132419 "-" "Mozilla/5.0 (compatible; SemrushBot/7~bl; +http://www.semrush.com/bot.html)"
144.76.19.27 - - [19/Aug/2026:00:08:50 +0200] "GET /new-products.php?&seo_cat=&x20=1&debut=0&seo_cat=&x5=1&debut=0&seo_cat=&x5=0&debut=0&seo_cat=&x23=1&debut=0&seo_cat=&x20=0&debut=0&seo_cat=&x23=0&debut=0&seo_cat=&x23=1&debut=0 HTTP/1.1" 200 71028 "-" "Mozilla/5.0 (compatible; SERankingBacklinksBot/1.0; +https://seranking.com/backlinks-crawler)"
83.99.206.231 - - [19/Aug/2026:00:08:50 +0200] "GET /new-products.php?&seo_cat=&x17=1&debut=0&seo_cat=&x5=1&debut=0&seo_cat=&x20=1&debut=0&seo_cat=&x21=1&debut=0&seo_cat=&x23=1&debut=0&seo_cat=&x23=0&debut=0 HTTP/1.1" 200 202863 "-" "Mozilla/5.0 (X11; Linux x86_64) AppleWebKit/537.36 (KHTML, like Gecko; GeedoShopProductFinder) Chrome/142.0.0.0 Safari/537.36"
144.76.19.27 - - [19/Aug/2026:00:08:53 +0200] "GET /new-products.php?&seo_cat=&x20=1&debut=0&seo_cat=&x17=1&debut=0&seo_cat=&x20=0&debut=0&seo_cat=&x5=1&debut=0&seo_cat=&x5=0&debut=0&seo_cat=&x20=1&debut=0&seo_cat=&x17=0&debut=0 HTTP/1.1" 200 168104 "-" "Mozilla/5.0 (compatible; SERankingBacklinksBot/1.0; +https://seranking.com/backlinks-crawler)"
144.76.19.27 - - [19/Aug/2026:00:08:56 +0200] "GET /new-products.php?&seo_cat=&x20=1&debut=0&seo_cat=&x5=1&debut=0&seo_cat=&x5=0&debut=0&seo_cat=&x23=1&debut=0&seo_cat=&x21=1&debut=0&seo_cat=&x17=1&debut=0&seo_cat=&x17=0&debut=0 HTTP/1.1" 200 203709 "-" "Mozilla/5.0 (compatible; SERankingBacklinksBot/1.0; +https://seranking.com/backlinks-crawler)"
144.76.19.27 - - [19/Aug/2026:00:09:00 +0200] "GET /new-products.php?&seo_cat=&x20=1&debut=0&seo_cat=&x17=1&debut=0&seo_cat=&x20=0&debut=0&seo_cat=&x5=1&debut=0&seo_cat=&x5=0&debut=0&seo_cat=&x20=1&debut=0&seo_cat=&x20=0&debut=0 HTTP/1.1" 200 93329 "-" "Mozilla/5.0 (compatible; SERankingBacklinksBot/1.0; +https://seranking.com/backlinks-crawler)"
85.208.96.204 - - [19/Aug/2026:00:09:00 +0200] "GET /new-products.php?a=25&a=25&b=1&b=1&debut=0&debut=0&debut=0&debut=0&debut=0&debut=0&debut=0&debut=0&debut=0&debut=0&debut=0&debut=0&debut=0&debut=0&debut=25&histo_track=1&seo_cat&seo_cat&seo_cat&seo_cat&seo_cat&seo_cat&seo_cat&seo_cat&seo_cat&seo_cat&seo_cat&seo_cat&seo_cat&x20=0&x20=0&x20=1&x21=0&x21=0&x21=0&x21=0&x21=1&x23=0&x23=1&x5=0&x5=0&x5=1 HTTP/1.1" 200 132423 "-" "Mozilla/5.0 (compatible; SemrushBot/7~bl; +http://www.semrush.com/bot.html)"
144.76.19.27 - - [19/Aug/2026:00:09:03 +0200] "GET /new-products.php?&seo_cat=&x20=1&debut=0&seo_cat=&x5=1&debut=0&seo_cat=&x5=0&debut=0&seo_cat=&x23=1&debut=0&seo_cat=&x21=1&debut=0&seo_cat=&x17=1&debut=0&seo_cat=&x20=0&debut=0 HTTP/1.1" 200 168338 "-" "Mozilla/5.0 (compatible; SERankingBacklinksBot/1.0; +https://seranking.com/backlinks-crawler)"
144.76.19.27 - - [19/Aug/2026:00:09:07 +0200] "GET /new-products.php?&seo_cat=&x20=1&debut=0&seo_cat=&x17=1&debut=0&seo_cat=&x20=0&debut=0&seo_cat=&x5=1&debut=0&seo_cat=&x5=0&debut=0&seo_cat=&x20=1&debut=0&seo_cat=&x21=1&debut=0 HTTP/1.1" 200 203621 "-" "Mozilla/5.0 (compatible; SERankingBacklinksBot/1.0; +https://seranking.com/backlinks-crawler)"
144.76.19.27 - - [19/Aug/2026:00:09:10 +0200] "GET /new-products.php?&seo_cat=&x20=1&debut=0&seo_cat=&x5=1&debut=0&seo_cat=&x5=0&debut=0&seo_cat=&x23=1&debut=0&seo_cat=&x21=1&debut=0&seo_cat=&x17=1&debut=0&seo_cat=&x21=0&debut=0 HTTP/1.1" 200 203355 "-" "Mozilla/5.0 (compatible; SERankingBacklinksBot/1.0; +https://seranking.com/backlinks-crawler)"
83.99.206.231 - - [19/Aug/2026:00:09:10 +0200] "GET /new-products.php?&seo_cat=&x17=1&debut=0&seo_cat=&x5=1&debut=0&seo_cat=&x20=1&debut=0&seo_cat=&x23=1&debut=0&seo_cat=&x23=0&debut=0&seo_cat=&x21=1&debut=0&seo_cat=&x17=0&debut=0&seo_cat=&x5=0&debut=0 HTTP/1.1" 200 204332 "-" "Mozilla/5.0 (X11; Linux x86_64) AppleWebKit/537.36 (KHTML, like Gecko; GeedoShopProductFinder) Chrome/142.0.0.0 Safari/537.36"
144.76.19.27 - - [19/Aug/2026:00:09:13 +0200] "GET /new-products.php?&seo_cat=&x20=1&debut=0&seo_cat=&x17=1&debut=0&seo_cat=&x20=0&debut=0&seo_cat=&x5=1&debut=0&seo_cat=&x5=0&debut=0&seo_cat=&x20=1&debut=0&seo_cat=&x23=1&debut=0 HTTP/1.1" 200 203355 "-" "Mozilla/5.0 (compatible; SERankingBacklinksBot/1.0; +https://seranking.com/backlinks-crawler)"
144.76.19.27 - - [19/Aug/2026:00:09:16 +0200] "GET /new-products.php?&seo_cat=&x20=1&debut=0&seo_cat=&x5=1&debut=0&seo_cat=&x5=0&debut=0&seo_cat=&x23=1&debut=0&seo_cat=&x21=1&debut=0&seo_cat=&x17=1&debut=0&seo_cat=&x23=0&debut=0 HTTP/1.1" 200 203603 "-" "Mozilla/5.0 (compatible; SERankingBacklinksBot/1.0; +https://seranking.com/backlinks-crawler)"
144.76.19.27 - - [19/Aug/2026:00:09:20 +0200] "GET /new-products.php?&seo_cat=&x20=1&debut=0&seo_cat=&x17=1&debut=0&seo_cat=&x20=0&debut=0&seo_cat=&x5=1&debut=0&seo_cat=&x5=0&debut=0&seo_cat=&x21=1&debut=0&seo_cat=&x17=0&debut=0 HTTP/1.1" 200 133587 "-" "Mozilla/5.0 (compatible; SERankingBacklinksBot/1.0; +https://seranking.com/backlinks-crawler)"
144.76.19.27 - - [19/Aug/2026:00:09:23 +0200] "GET /new-products.php?&seo_cat=&x20=1&debut=0&seo_cat=&x5=1&debut=0&seo_cat=&x5=0&debut=0&seo_cat=&x23=1&debut=0&seo_cat=&x21=1&debut=0&seo_cat=&x20=0&debut=0&seo_cat=&x17=1&debut=0 HTTP/1.1" 200 168388 "-" "Mozilla/5.0 (compatible; SERankingBacklinksBot/1.0; +https://seranking.com/backlinks-crawler)"
144.76.19.27 - - [19/Aug/2026:00:09:26 +0200] "GET /new-products.php?&seo_cat=&x20=1&debut=0&seo_cat=&x17=1&debut=0&seo_cat=&x20=0&debut=0&seo_cat=&x5=1&debut=0&seo_cat=&x5=0&debut=0&seo_cat=&x21=1&debut=0&seo_cat=&x20=1&debut=0 HTTP/1.1" 200 203635 "-" "Mozilla/5.0 (compatible; SERankingBacklinksBot/1.0; +https://seranking.com/backlinks-crawler)"
144.76.19.27 - - [19/Aug/2026:00:09:30 +0200] "GET /new-products.php?&seo_cat=&x20=1&debut=0&seo_cat=&x5=1&debut=0&seo_cat=&x5=0&debut=0&seo_cat=&x23=1&debut=0&seo_cat=&x21=1&debut=0&seo_cat=&x20=0&debut=0&seo_cat=&x20=1&debut=0 HTTP/1.1" 200 203709 "-" "Mozilla/5.0 (compatible; SERankingBacklinksBot/1.0; +https://seranking.com/backlinks-crawler)"
83.99.206.231 - - [19/Aug/2026:00:09:31 +0200] "GET /marques.php?seo=20-lits-gigognes&seo_marq=20&t60=1&debut=0&seo_marq=20&t59=1&debut=0&seo_marq=20&t58=1&debut=0&seo_marq=20&t59=0&debut=0&seo_marq=20&t47=1&debut=0&seo_marq=20&t59=1&debut=0&seo_marq=20&t60=0&debut=0&seo_marq=20&t58=0&debut=0&seo_marq=20&t60=1&debut=0&seo_marq=20&t59=0&debut=0&seo_marq=20&t47=0&debut=0&seo_marq=20&t47=1&debut=0 HTTP/1.1" 200 183551 "-" "Mozilla/5.0 (X11; Linux x86_64) AppleWebKit/537.36 (KHTML, like Gecko; GeedoShopProductFinder) Chrome/142.0.0.0 Safari/537.36"
85.208.96.195 - - [19/Aug/2026:00:09:33 +0200] "GET /new-products.php?a=24&b=1&debut=0&debut=0&debut=0&debut=0&debut=0&debut=0&debut=0&debut=0&debut=0&debut=24&seo_cat&seo_cat&seo_cat&seo_cat&seo_cat&seo_cat&seo_cat&seo_cat&seo_cat&x17=1&x20=1&x22=1&x23=1&x5=0&x5=0&x5=0&x5=0&x5=1 HTTP/1.1" 200 95580 "-" "Mozilla/5.0 (compatible; SemrushBot/7~bl; +http://www.semrush.com/bot.html)"
144.76.19.27 - - [19/Aug/2026:00:09:33 +0200] "GET /new-products.php?&seo_cat=&x20=1&debut=0&seo_cat=&x17=1&debut=0&seo_cat=&x20=0&debut=0&seo_cat=&x5=1&debut=0&seo_cat=&x5=0&debut=0&seo_cat=&x21=1&debut=0&seo_cat=&x21=0&debut=0 HTTP/1.1" 200 93325 "-" "Mozilla/5.0 (compatible; SERankingBacklinksBot/1.0; +https://seranking.com/backlinks-crawler)"
144.76.19.27 - - [19/Aug/2026:00:09:36 +0200] "GET /new-products.php?&seo_cat=&x20=1&debut=0&seo_cat=&x5=1&debut=0&seo_cat=&x5=0&debut=0&seo_cat=&x23=1&debut=0&seo_cat=&x21=1&debut=0&seo_cat=&x20=0&debut=0&seo_cat=&x21=0&debut=0 HTTP/1.1" 200 71030 "-" "Mozilla/5.0 (compatible; SERankingBacklinksBot/1.0; +https://seranking.com/backlinks-crawler)"
144.76.19.27 - - [19/Aug/2026:00:09:40 +0200] "GET /new-products.php?&seo_cat=&x20=1&debut=0&seo_cat=&x17=1&debut=0&seo_cat=&x20=0&debut=0&seo_cat=&x5=1&debut=0&seo_cat=&x5=0&debut=0&seo_cat=&x21=1&debut=0&seo_cat=&x23=1&debut=0 HTTP/1.1" 200 168412 "-" "Mozilla/5.0 (compatible; SERankingBacklinksBot/1.0; +https://seranking.com/backlinks-crawler)"
144.76.19.27 - - [19/Aug/2026:00:09:43 +0200] "GET /new-products.php?&seo_cat=&x20=1&debut=0&seo_cat=&x5=1&debut=0&seo_cat=&x5=0&debut=0&seo_cat=&x23=1&debut=0&seo_cat=&x21=1&debut=0&seo_cat=&x20=0&debut=0&seo_cat=&x23=0&debut=0 HTTP/1.1" 200 133581 "-" "Mozilla/5.0 (compatible; SERankingBacklinksBot/1.0; +https://seranking.com/backlinks-crawler)"
144.76.19.27 - - [19/Aug/2026:00:09:46 +0200] "GET /new-products.php?&seo_cat=&x20=1&debut=0&seo_cat=&x17=1&debut=0&seo_cat=&x20=0&debut=0&seo_cat=&x5=1&debut=0&seo_cat=&x5=0&debut=0&seo_cat=&x23=1&debut=0&seo_cat=&x17=0&debut=0 HTTP/1.1" 200 71026 "-" "Mozilla/5.0 (compatible; SERankingBacklinksBot/1.0; +https://seranking.com/backlinks-crawler)"
144.76.19.27 - - [19/Aug/2026:00:09:50 +0200] "GET /new-products.php?&seo_cat=&x20=1&debut=0&seo_cat=&x5=1&debut=0&seo_cat=&x5=0&debut=0&seo_cat=&x23=1&debut=0&seo_cat=&x21=1&debut=0&seo_cat=&x21=0&debut=0&seo_cat=&x17=1&debut=0 HTTP/1.1" 200 203301 "-" "Mozilla/5.0 (compatible; SERankingBacklinksBot/1.0; +https://seranking.com/backlinks-crawler)"
83.99.206.222 - - [19/Aug/2026:00:09:50 +0200] "GET /marques.php?seo=20-lits-gigognes&seo_marq=20&t60=1&debut=0&seo_marq=20&t59=1&debut=0&seo_marq=20&t60=0&debut=0&seo_marq=20&t58=1&debut=0&seo_marq=20&t58=0&debut=0&seo_marq=20&t58=1&debut=0&histo_track=1&seo_marq=20&t59=0&debut=0&seo_marq=20&t58=0&debut=0 HTTP/1.1" 200 181469 "-" "Mozilla/5.0 (X11; Linux x86_64) AppleWebKit/537.36 (KHTML, like Gecko; GeedoShopProductFinder) Chrome/142.0.0.0 Safari/537.36"
144.76.19.27 - - [19/Aug/2026:00:09:53 +0200] "GET /new-products.php?&seo_cat=&x20=1&debut=0&seo_cat=&x17=1&debut=0&seo_cat=&x20=0&debut=0&seo_cat=&x5=1&debut=0&seo_cat=&x5=0&debut=0&seo_cat=&x23=1&debut=0&seo_cat=&x20=1&debut=0 HTTP/1.1" 200 203283 "-" "Mozilla/5.0 (compatible; SERankingBacklinksBot/1.0; +https://seranking.com/backlinks-crawler)"
144.76.19.27 - - [19/Aug/2026:00:09:56 +0200] "GET /new-products.php?&seo_cat=&x20=1&debut=0&seo_cat=&x5=1&debut=0&seo_cat=&x5=0&debut=0&seo_cat=&x23=1&debut=0&seo_cat=&x21=1&debut=0&seo_cat=&x21=0&debut=0&seo_cat=&x20=0&debut=0 HTTP/1.1" 200 71104 "-" "Mozilla/5.0 (compatible; SERankingBacklinksBot/1.0; +https://seranking.com/backlinks-crawler)"
