185.191.171.19 - - [15/Jun/2026:01:04:01 +0200] "GET /category.php?a=24&a=24&a=24&b=1&b=1&b=1&debut=0&debut=0&debut=0&debut=0&debut=0&debut=0&debut=0&debut=0&debut=0&debut=0&debut=0&debut=0&debut=0&debut=24&seo=47-lits-gigognes&seo_cat=47&seo_cat=47&seo_cat=47&seo_cat=47&seo_cat=47&seo_cat=47&seo_cat=47&seo_cat=47&seo_cat=47&seo_cat=47&seo_cat=47&t58=0&t58=0&t58=1&t59=0&t59=1&t60=0&t60=0&t60=0&t60=0&t60=0&t60=1 HTTP/1.1" 200 70498 "-" "Mozilla/5.0 (compatible; SemrushBot/7~bl; +http://www.semrush.com/bot.html)"
185.191.171.14 - - [15/Jun/2026:01:04:10 +0200] "GET /new-products.php?a=24&a=24&a=25&b=1&b=1&b=1&debut=0&debut=0&debut=0&debut=0&debut=0&debut=0&debut=0&debut=0&debut=0&debut=0&debut=0&debut=0&debut=0&debut=0&debut=25&seo_cat&seo_cat&seo_cat&seo_cat&seo_cat&seo_cat&seo_cat&seo_cat&seo_cat&seo_cat&seo_cat&seo_cat&x17=0&x17=0&x17=0&x17=1&x20=1&x21=0&x21=0&x21=0&x21=0&x21=1&x23=1&x5=1 HTTP/1.1" 200 161554 "-" "Mozilla/5.0 (compatible; SemrushBot/7~bl; +http://www.semrush.com/bot.html)"
85.208.96.198 - - [15/Jun/2026:01:04:22 +0200] "GET /new-products.php?a=24&a=24&b=1&b=1&debut=0&debut=0&debut=0&debut=0&debut=0&debut=0&debut=0&debut=0&debut=0&debut=0&debut=0&debut=0&debut=0&debut=0&debut=24&seo_cat&seo_cat&seo_cat&seo_cat&seo_cat&seo_cat&seo_cat&seo_cat&seo_cat&seo_cat&seo_cat&seo_cat&seo_cat&x20=0&x20=0&x20=1&x21=0&x21=0&x21=1&x22=0&x22=0&x22=1&x23=0&x23=0&x23=0&x23=1 HTTP/1.1" 200 108858 "-" "Mozilla/5.0 (compatible; SemrushBot/7~bl; +http://www.semrush.com/bot.html)"
85.208.96.198 - - [15/Jun/2026:01:04:23 +0200] "GET /new-products.php?a=24&a=24&b=1&b=1&debut=0&debut=0&debut=0&debut=0&debut=0&debut=0&debut=0&debut=0&debut=0&debut=0&debut=0&debut=0&debut=0&debut=0&debut=24&seo_cat&seo_cat&seo_cat&seo_cat&seo_cat&seo_cat&seo_cat&seo_cat&seo_cat&seo_cat&seo_cat&seo_cat&seo_cat&x20=0&x20=0&x20=1&x21=0&x21=0&x21=1&x22=0&x22=0&x22=1&x23=0&x23=0&x23=0&x23=1 HTTP/1.1" 200 108932 "-" "Mozilla/5.0 (compatible; SemrushBot/7~bl; +http://www.semrush.com/bot.html)"
185.191.171.14 - - [15/Jun/2026:01:05:21 +0200] "GET /category.php?a=24&a=24&a=25&a=25&a=25&b=1&b=1&b=1&b=1&b=1&debut=0&debut=0&debut=0&debut=0&debut=0&debut=0&debut=0&debut=0&debut=0&debut=0&debut=0&debut=0&debut=0&debut=25&seo=47-lits-gigognes&seo_cat=47&seo_cat=47&seo_cat=47&seo_cat=47&seo_cat=47&seo_cat=47&seo_cat=47&seo_cat=47&seo_cat=47&t59=1&t60=1&x20=0&x20=0&x20=0&x20=0&x20=0&x20=1&x5=1 HTTP/1.1" 200 70436 "-" "Mozilla/5.0 (compatible; SemrushBot/7~bl; +http://www.semrush.com/bot.html)"
8.231.141.210 - - [15/Jun/2026:01:05:23 +0200] "GET /uploadfiles/products/15500762820gigogne_ref_30_pli%C3%A9.jpg HTTP/1.1" 200 88351 "-" "Mozilla/5.0 (X11; Linux x86_64) AppleWebKit/537.36 (KHTML, like Gecko) Chrome/91.0.4472.114 Safari/537.36"
185.191.171.13 - - [15/Jun/2026:01:05:26 +0200] "GET /marques.php?a=24&a=24&a=24&a=24&a=24&a=25&a=25&a=25&b=1&b=1&b=1&b=1&b=1&b=1&b=1&b=1&debut=0&debut=0&debut=0&debut=0&debut=0&debut=0&debut=0&debut=0&debut=0&debut=0&debut=0&debut=0&debut=0&debut=0&debut=25&seo=20-lits-gigognes&seo_marq=20&seo_marq=20&seo_marq=20&seo_marq=20&seo_marq=20&seo_marq=20&seo_marq=20&t47=1&t58=0&t58=0&t58=0&t58=1&t59=1&t62=1 HTTP/1.1" 200 64327 "-" "Mozilla/5.0 (compatible; SemrushBot/7~bl; +http://www.semrush.com/bot.html)"
185.191.171.13 - - [15/Jun/2026:01:05:27 +0200] "GET /marques.php?a=24&a=24&a=24&a=24&a=24&a=25&a=25&a=25&b=1&b=1&b=1&b=1&b=1&b=1&b=1&b=1&debut=0&debut=0&debut=0&debut=0&debut=0&debut=0&debut=0&debut=0&debut=0&debut=0&debut=0&debut=0&debut=0&debut=0&debut=25&seo=20-lits-gigognes&seo_marq=20&seo_marq=20&seo_marq=20&seo_marq=20&seo_marq=20&seo_marq=20&seo_marq=20&t47=1&t58=0&t58=0&t58=0&t58=1&t59=1&t62=1 HTTP/1.1" 200 64413 "-" "Mozilla/5.0 (compatible; SemrushBot/7~bl; +http://www.semrush.com/bot.html)"
185.191.171.17 - - [15/Jun/2026:01:05:30 +0200] "GET /new-products.php?a=24&a=24&b=1&b=1&debut=0&debut=0&debut=0&debut=0&debut=0&debut=0&debut=0&debut=0&debut=0&debut=0&debut=0&debut=0&debut=0&debut=0&debut=0&debut=24&seo_cat&seo_cat&seo_cat&seo_cat&seo_cat&seo_cat&seo_cat&seo_cat&seo_cat&seo_cat&seo_cat&seo_cat&seo_cat&seo_cat&x17=1&x20=0&x20=0&x20=0&x20=1&x21=0&x21=0&x21=1&x22=0&x22=1&x23=0&x23=1&x5=0&x5=1 HTTP/1.1" 200 168089 "-" "Mozilla/5.0 (compatible; SemrushBot/7~bl; +http://www.semrush.com/bot.html)"
185.191.171.11 - - [15/Jun/2026:01:05:37 +0200] "GET /new-products.php?a=24&a=24&a=24&a=24&a=24&b=1&b=1&b=1&b=1&b=1&debut=0&debut=0&debut=0&debut=0&debut=0&debut=0&debut=0&debut=0&debut=0&debut=0&debut=0&debut=0&debut=0&debut=0&debut=24&seo_cat&seo_cat&seo_cat&seo_cat&seo_cat&seo_cat&seo_cat&seo_cat&seo_cat&seo_cat&x17=0&x17=1&x20=1&x21=0&x21=0&x21=0&x21=1&x23=1&x5=0&x5=1 HTTP/1.1" 200 167239 "-" "Mozilla/5.0 (compatible; SemrushBot/7~bl; +http://www.semrush.com/bot.html)"
185.191.171.9 - - [15/Jun/2026:01:05:56 +0200] "GET /new-products.php?a=24&a=24&a=24&a=24&a=24&a=24&a=24&a=25&b=1&b=1&b=1&b=1&b=1&b=1&b=1&b=1&debut=0&debut=0&debut=0&debut=0&debut=0&debut=0&debut=0&debut=0&debut=0&debut=0&debut=0&debut=0&debut=0&debut=0&debut=24&debut=25&seo_cat&seo_cat&seo_cat&seo_cat&seo_cat&seo_cat&seo_cat&seo_cat&x20=1&x21=1&x22=1&x23=0&x23=1&x5=0&x5=0&x5=1 HTTP/1.1" 200 132133 "-" "Mozilla/5.0 (compatible; SemrushBot/7~bl; +http://www.semrush.com/bot.html)"
185.191.171.10 - - [15/Jun/2026:01:06:16 +0200] "GET /new-products.php?a=24&a=24&a=24&a=24&b=1&b=1&b=1&b=1&debut=0&debut=0&debut=0&debut=0&debut=0&debut=0&debut=0&debut=0&debut=0&debut=0&debut=0&debut=0&debut=24&seo_cat&seo_cat&seo_cat&seo_cat&seo_cat&seo_cat&seo_cat&seo_cat&seo_cat&x17=0&x17=0&x17=1&x20=0&x20=0&x20=1&x21=0&x21=0&x21=1 HTTP/1.1" 200 131083 "-" "Mozilla/5.0 (compatible; SemrushBot/7~bl; +http://www.semrush.com/bot.html)"
185.191.171.10 - - [15/Jun/2026:01:06:17 +0200] "GET /new-products.php?a=24&a=24&a=24&a=24&b=1&b=1&b=1&b=1&debut=0&debut=0&debut=0&debut=0&debut=0&debut=0&debut=0&debut=0&debut=0&debut=0&debut=0&debut=0&debut=24&seo_cat&seo_cat&seo_cat&seo_cat&seo_cat&seo_cat&seo_cat&seo_cat&seo_cat&x17=0&x17=0&x17=1&x20=0&x20=0&x20=1&x21=0&x21=0&x21=1 HTTP/1.1" 200 130905 "-" "Mozilla/5.0 (compatible; SemrushBot/7~bl; +http://www.semrush.com/bot.html)"
185.191.171.15 - - [15/Jun/2026:01:06:30 +0200] "GET /marques.php?a=24&a=24&a=24&a=24&a=24&a=24&a=24&b=1&b=1&b=1&b=1&b=1&b=1&b=1&debut=0&debut=0&debut=0&debut=0&debut=0&debut=0&debut=0&debut=0&debut=0&debut=0&debut=0&debut=24&histo_track=1&seo=20-lits-gigognes&seo_marq=20&seo_marq=20&seo_marq=20&seo_marq=20&seo_marq=20&t58=1&t59=1&t60=0&t60=1&t62=1 HTTP/1.1" 200 64205 "-" "Mozilla/5.0 (compatible; SemrushBot/7~bl; +http://www.semrush.com/bot.html)"
185.191.171.15 - - [15/Jun/2026:01:06:30 +0200] "GET /marques.php?a=24&a=24&a=24&a=24&a=24&a=24&a=24&b=1&b=1&b=1&b=1&b=1&b=1&b=1&debut=0&debut=0&debut=0&debut=0&debut=0&debut=0&debut=0&debut=0&debut=0&debut=0&debut=0&debut=24&histo_track=1&seo=20-lits-gigognes&seo_marq=20&seo_marq=20&seo_marq=20&seo_marq=20&seo_marq=20&t58=1&t59=1&t60=0&t60=1&t62=1 HTTP/1.1" 200 64189 "-" "Mozilla/5.0 (compatible; SemrushBot/7~bl; +http://www.semrush.com/bot.html)"
85.208.96.208 - - [15/Jun/2026:01:06:32 +0200] "GET /marques.php?a=24&a=24&a=24&a=24&a=24&b=1&b=1&b=1&b=1&b=1&debut=0&debut=0&debut=0&debut=0&debut=0&debut=0&debut=0&debut=0&debut=0&debut=0&debut=0&debut=0&debut=0&debut=24&histo_track=1&seo=20-lits-gigognes&seo_marq=20&seo_marq=20&seo_marq=20&seo_marq=20&seo_marq=20&seo_marq=20&seo_marq=20&seo_marq=20&seo_marq=20&t47=0&t47=0&t47=0&t47=0&t47=0&t47=0&t47=1&t58=1&t60=1 HTTP/1.1" 200 64511 "-" "Mozilla/5.0 (compatible; SemrushBot/7~bl; +http://www.semrush.com/bot.html)"
85.208.96.208 - - [15/Jun/2026:01:06:32 +0200] "GET /marques.php?a=24&a=24&a=24&a=24&a=24&b=1&b=1&b=1&b=1&b=1&debut=0&debut=0&debut=0&debut=0&debut=0&debut=0&debut=0&debut=0&debut=0&debut=0&debut=0&debut=0&debut=0&debut=24&histo_track=1&seo=20-lits-gigognes&seo_marq=20&seo_marq=20&seo_marq=20&seo_marq=20&seo_marq=20&seo_marq=20&seo_marq=20&seo_marq=20&seo_marq=20&t47=0&t47=0&t47=0&t47=0&t47=0&t47=0&t47=1&t58=1&t60=1 HTTP/1.1" 200 64473 "-" "Mozilla/5.0 (compatible; SemrushBot/7~bl; +http://www.semrush.com/bot.html)"
85.208.96.205 - - [15/Jun/2026:01:06:34 +0200] "GET /marques.php?debut=0&debut=0&debut=0&debut=0&debut=0&debut=0&debut=0&debut=0&debut=0&debut=0&debut=0&debut=0&seo=20-lits-gigognes&seo_marq=20&seo_marq=20&seo_marq=20&seo_marq=20&seo_marq=20&seo_marq=20&seo_marq=20&seo_marq=20&seo_marq=20&seo_marq=20&seo_marq=20&seo_marq=20&t47=0&t47=0&t47=1&t58=0&t58=0&t58=0&t58=1&t59=0&t59=0&t59=1&t60=0&t60=1 HTTP/1.1" 200 183695 "-" "Mozilla/5.0 (compatible; SemrushBot/7~bl; +http://www.semrush.com/bot.html)"
85.208.96.198 - - [15/Jun/2026:01:07:20 +0200] "GET /new-products.php?a=24&a=24&a=25&b=1&b=1&b=1&debut=0&debut=0&debut=0&debut=0&debut=0&debut=0&debut=0&debut=0&debut=0&debut=0&debut=0&debut=0&debut=0&debut=25&seo_cat&seo_cat&seo_cat&seo_cat&seo_cat&seo_cat&seo_cat&seo_cat&seo_cat&seo_cat&seo_cat&x20=1&x21=0&x21=1&x23=0&x23=0&x23=0&x23=1&x5=0&x5=0&x5=0&x5=1 HTTP/1.1" 200 131722 "-" "Mozilla/5.0 (compatible; SemrushBot/7~bl; +http://www.semrush.com/bot.html)"
85.208.96.203 - - [15/Jun/2026:01:07:26 +0200] "GET /category.php?a=24&b=1&debut=0&debut=0&debut=0&debut=0&debut=0&debut=0&debut=0&debut=0&debut=0&debut=0&debut=0&debut=0&debut=0&debut=24&seo=47-lits-gigognes&seo_cat=47&seo_cat=47&seo_cat=47&seo_cat=47&seo_cat=47&seo_cat=47&seo_cat=47&seo_cat=47&seo_cat=47&seo_cat=47&seo_cat=47&seo_cat=47&seo_cat=47&t58=0&t58=1&t59=0&t59=0&t59=0&t59=0&t59=0&t59=1&t60=0&t60=1&t62=1&x5=0&x5=1 HTTP/1.1" 200 70642 "-" "Mozilla/5.0 (compatible; SemrushBot/7~bl; +http://www.semrush.com/bot.html)"
185.191.171.12 - - [15/Jun/2026:01:07:30 +0200] "GET /new-products.php?debut=0&debut=0&debut=0&debut=0&debut=0&debut=0&debut=0&debut=0&debut=0&debut=0&debut=0&debut=0&debut=0&debut=0&seo_cat&seo_cat&seo_cat&seo_cat&seo_cat&seo_cat&seo_cat&seo_cat&seo_cat&seo_cat&seo_cat&seo_cat&seo_cat&seo_cat&x17=0&x17=1&x20=1&x21=0&x21=1&x22=0&x22=0&x22=1&x23=0&x23=0&x23=1&x5=0&x5=0&x5=1 HTTP/1.1" 200 208166 "-" "Mozilla/5.0 (compatible; SemrushBot/7~bl; +http://www.semrush.com/bot.html)"
185.191.171.17 - - [15/Jun/2026:01:07:37 +0200] "GET /category.php?a=25&b=1&debut=0&debut=0&debut=0&debut=0&debut=0&debut=0&debut=0&debut=0&debut=0&debut=0&debut=0&debut=0&debut=0&debut=25&seo=47-lits-gigognes&seo_cat=47&seo_cat=47&seo_cat=47&seo_cat=47&seo_cat=47&seo_cat=47&seo_cat=47&seo_cat=47&seo_cat=47&seo_cat=47&seo_cat=47&seo_cat=47&seo_cat=47&t58=0&t58=0&t58=0&t58=0&t58=0&t58=1&t59=0&t59=0&t59=0&t59=1&t60=1&t62=1&x20=1 HTTP/1.1" 200 70602 "-" "Mozilla/5.0 (compatible; SemrushBot/7~bl; +http://www.semrush.com/bot.html)"
85.208.96.212 - - [15/Jun/2026:01:07:45 +0200] "GET /new-products.php?a=25&b=1&debut=0&debut=0&debut=0&debut=0&debut=0&debut=0&debut=0&debut=0&debut=0&debut=0&debut=0&debut=0&debut=0&debut=0&debut=25&histo_track=1&seo_cat&seo_cat&seo_cat&seo_cat&seo_cat&seo_cat&seo_cat&seo_cat&seo_cat&seo_cat&seo_cat&seo_cat&seo_cat&seo_cat&x17=0&x17=1&x20=0&x20=0&x20=1&x21=1&x22=1&x23=0&x23=0&x23=0&x23=0&x23=0&x23=1&x5=1 HTTP/1.1" 200 162170 "-" "Mozilla/5.0 (compatible; SemrushBot/7~bl; +http://www.semrush.com/bot.html)"
49.233.164.138 - - [15/Jun/2026:01:07:52 +0200] "GET /category.php?seo=47-lits-gigognes&histo_track=1&seo_cat=47&x20=1&debut=0&debut=24&a=24&b=1&debut=0&a=24&b=1&seo_cat=47&t60=1&debut=0 HTTP/1.1" 200 94433 "https://www.litsolide.com/category.php?seo=47-lits-gigognes&histo_track=1&seo_cat=47&x20=1&debut=0&debut=24&a=24&b=1&debut=0&a=24&b=1&seo_cat=47&t60=1&debut=0" "Mozilla/5.0 (Macintosh; Intel Mac OS X 10_15_7) AppleWebKit/537.36 (KHTML, like Gecko) Chrome/120.0.0.0 Safari/537.36"
85.208.96.193 - - [15/Jun/2026:01:07:52 +0200] "GET /category.php?a=24&b=1&debut=0&debut=0&debut=0&debut=0&debut=0&debut=0&debut=0&debut=0&debut=24&seo=47-lits-gigognes&seo_cat=47&seo_cat=47&seo_cat=47&seo_cat=47&seo_cat=47&seo_cat=47&seo_cat=47&seo_cat=47&t58=0&t58=1&t59=1&t60=0&t60=0&t60=1&t62=0&t62=1 HTTP/1.1" 200 70032 "-" "Mozilla/5.0 (compatible; SemrushBot/7~bl; +http://www.semrush.com/bot.html)"
185.191.171.7 - - [15/Jun/2026:01:07:56 +0200] "GET /new-products.php?a=24&a=24&a=25&a=25&b=1&b=1&b=1&b=1&debut=0&debut=0&debut=0&debut=0&debut=0&debut=0&debut=0&debut=0&debut=0&debut=0&debut=0&debut=0&debut=0&debut=0&debut=25&seo_cat&seo_cat&seo_cat&seo_cat&seo_cat&seo_cat&seo_cat&seo_cat&seo_cat&seo_cat&seo_cat&x20=0&x20=1&x21=0&x21=0&x21=1&x22=0&x22=1&x5=0&x5=0&x5=0&x5=1 HTTP/1.1" 200 125618 "-" "Mozilla/5.0 (compatible; SemrushBot/7~bl; +http://www.semrush.com/bot.html)"
185.191.171.7 - - [15/Jun/2026:01:07:56 +0200] "GET /new-products.php?a=24&a=24&a=25&a=25&b=1&b=1&b=1&b=1&debut=0&debut=0&debut=0&debut=0&debut=0&debut=0&debut=0&debut=0&debut=0&debut=0&debut=0&debut=0&debut=0&debut=0&debut=25&seo_cat&seo_cat&seo_cat&seo_cat&seo_cat&seo_cat&seo_cat&seo_cat&seo_cat&seo_cat&seo_cat&x20=0&x20=1&x21=0&x21=0&x21=1&x22=0&x22=1&x5=0&x5=0&x5=0&x5=1 HTTP/1.1" 200 125591 "-" "Mozilla/5.0 (compatible; SemrushBot/7~bl; +http://www.semrush.com/bot.html)"
85.208.96.198 - - [15/Jun/2026:01:08:15 +0200] "GET /new-products.php?a=24&a=25&a=25&a=25&a=25&b=1&b=1&b=1&b=1&b=1&debut=0&debut=0&debut=0&debut=0&debut=0&debut=0&debut=0&debut=0&debut=0&debut=0&debut=0&debut=0&debut=0&debut=0&debut=25&histo_track=1&seo_cat&seo_cat&seo_cat&seo_cat&seo_cat&seo_cat&seo_cat&seo_cat&seo_cat&seo_cat&x17=0&x17=0&x17=1&x20=0&x20=1&x21=0&x21=0&x21=1&x22=1&x23=1 HTTP/1.1" 200 132490 "-" "Mozilla/5.0 (compatible; SemrushBot/7~bl; +http://www.semrush.com/bot.html)"
185.191.171.12 - - [15/Jun/2026:01:08:22 +0200] "GET /new-products.php?a=24&a=25&b=1&b=1&debut=0&debut=0&debut=0&debut=0&debut=0&debut=0&debut=0&debut=0&debut=0&debut=0&debut=25&histo_track=1&seo_cat&seo_cat&seo_cat&seo_cat&seo_cat&seo_cat&seo_cat&seo_cat&seo_cat&x17=1&x20=0&x20=0&x20=1&x21=0&x21=1&x22=0&x22=1&x23=1 HTTP/1.1" 200 131017 "-" "Mozilla/5.0 (compatible; SemrushBot/7~bl; +http://www.semrush.com/bot.html)"
185.191.171.13 - - [15/Jun/2026:01:08:31 +0200] "GET /category.php?a=24&b=1&debut=0&debut=0&debut=0&debut=0&debut=0&debut=0&debut=0&debut=0&debut=0&debut=0&debut=24&seo=47-lits-gigognes&seo_cat=47&seo_cat=47&seo_cat=47&seo_cat=47&seo_cat=47&seo_cat=47&seo_cat=47&seo_cat=47&seo_cat=47&seo_cat=47&t58=0&t58=0&t58=0&t58=0&t58=0&t58=0&t58=1&t59=1&t60=0&t60=1 HTTP/1.1" 200 70278 "-" "Mozilla/5.0 (compatible; SemrushBot/7~bl; +http://www.semrush.com/bot.html)"
185.191.171.12 - - [15/Jun/2026:01:08:40 +0200] "GET /new-products.php?a=24&b=1&debut=0&debut=0&debut=0&debut=0&debut=0&debut=0&debut=0&debut=0&debut=0&debut=0&debut=0&debut=0&debut=0&debut=0&debut=24&seo_cat&seo_cat&seo_cat&seo_cat&seo_cat&seo_cat&seo_cat&seo_cat&seo_cat&seo_cat&seo_cat&seo_cat&seo_cat&seo_cat&x17=0&x17=1&x20=1&x21=0&x21=1&x22=0&x22=0&x22=0&x22=1&x23=0&x23=0&x23=0&x23=1&x5=1 HTTP/1.1" 200 167717 "-" "Mozilla/5.0 (compatible; SemrushBot/7~bl; +http://www.semrush.com/bot.html)"
85.208.96.195 - - [15/Jun/2026:01:09:28 +0200] "GET /new-products.php?debut=0&debut=0&debut=0&debut=0&debut=0&debut=0&debut=0&debut=0&debut=0&debut=0&debut=0&seo_cat&seo_cat&seo_cat&seo_cat&seo_cat&seo_cat&seo_cat&seo_cat&seo_cat&seo_cat&seo_cat&x17=0&x17=0&x17=0&x17=0&x17=0&x17=1&x21=1&x22=1&x23=0&x23=0&x23=1 HTTP/1.1" 200 170311 "-" "Mozilla/5.0 (compatible; SemrushBot/7~bl; +http://www.semrush.com/bot.html)"
185.191.171.5 - - [15/Jun/2026:01:09:35 +0200] "GET /category.php?a=24&a=24&a=24&a=24&a=24&a=24&a=24&b=1&b=1&b=1&b=1&b=1&b=1&b=1&debut=0&debut=0&debut=0&debut=0&debut=0&debut=0&debut=0&debut=0&debut=0&debut=0&debut=0&debut=0&debut=0&debut=0&debut=24&seo=47-lits-gigognes&seo_cat=47&seo_cat=47&seo_cat=47&seo_cat=47&seo_cat=47&seo_cat=47&seo_cat=47&seo_cat=47&t58=1&t59=0&t59=1&t62=0&t62=1&x20=1&x5=0&x5=1 HTTP/1.1" 200 70462 "-" "Mozilla/5.0 (compatible; SemrushBot/7~bl; +http://www.semrush.com/bot.html)"
34.125.39.15 - - [15/Jun/2026:01:09:46 +0200] "GET /uploadfiles/products/15499631080syst%C3%A9mefixationpied.jpg HTTP/1.1" 404 59087 "-" "Mozilla/5.0 AppleWebKit/537.36 (KHTML, like Gecko; compatible; ReyilBot/0.1"
85.208.96.205 - - [15/Jun/2026:01:09:46 +0200] "GET /marques.php?a=24&a=24&a=24&b=1&b=1&b=1&debut=0&debut=0&debut=0&debut=0&debut=0&debut=0&debut=0&debut=0&debut=0&debut=0&debut=24&seo=20-lits-gigognes&seo_marq=20&seo_marq=20&seo_marq=20&seo_marq=20&seo_marq=20&seo_marq=20&seo_marq=20&seo_marq=20&t47=1&t58=1&t59=0&t59=0&t59=1&t60=1&t62=0&t62=1 HTTP/1.1" 200 64165 "-" "Mozilla/5.0 (compatible; SemrushBot/7~bl; +http://www.semrush.com/bot.html)"
85.208.96.205 - - [15/Jun/2026:01:09:47 +0200] "GET /marques.php?a=24&a=24&a=24&b=1&b=1&b=1&debut=0&debut=0&debut=0&debut=0&debut=0&debut=0&debut=0&debut=0&debut=0&debut=0&debut=24&seo=20-lits-gigognes&seo_marq=20&seo_marq=20&seo_marq=20&seo_marq=20&seo_marq=20&seo_marq=20&seo_marq=20&seo_marq=20&t47=1&t58=1&t59=0&t59=0&t59=1&t60=1&t62=0&t62=1 HTTP/1.1" 200 64153 "-" "Mozilla/5.0 (compatible; SemrushBot/7~bl; +http://www.semrush.com/bot.html)"
185.191.171.14 - - [15/Jun/2026:01:10:15 +0200] "GET /new-products.php?a=24&a=25&a=25&b=1&b=1&b=1&debut=0&debut=0&debut=0&debut=0&debut=0&debut=0&debut=0&debut=0&debut=0&debut=0&debut=0&debut=0&debut=0&debut=25&seo_cat&seo_cat&seo_cat&seo_cat&seo_cat&seo_cat&seo_cat&seo_cat&seo_cat&seo_cat&seo_cat&x17=0&x17=0&x17=0&x17=1&x20=1&x21=1&x22=1&x23=1&x5=0&x5=0&x5=1 HTTP/1.1" 200 161054 "-" "Mozilla/5.0 (compatible; SemrushBot/7~bl; +http://www.semrush.com/bot.html)"
35.239.235.54 - - [15/Jun/2026:01:10:24 +0200] "GET /new-products.php?a=24&a=24&a=25&b=1&b=1&b=1&debut=0&debut=0&debut=0&debut=0&debut=0&debut=0&debut=0&debut=0&debut=0&debut=0&debut=0&debut=25&histo_track=1&seo_cat=&seo_cat=&seo_cat=&seo_cat=&seo_cat=&seo_cat=&seo_cat=&seo_cat=&seo_cat=&x20=0&x20=0&x20=0&x20=1&x21=1&x23=1&x5=0&x5=0&x5=1 HTTP/1.1" 301 703 "-" "Mozilla/5.0 AppleWebKit/537.36 (KHTML, like Gecko; compatible; SleepBot/1.0; +http://sleepbot.com/) Chrome/131.0.0.0 Safari/537.36"
35.239.235.54 - - [15/Jun/2026:01:10:24 +0200] "GET /new-products.php?a=24&a=24&a=25&b=1&b=1&b=1&debut=0&debut=0&debut=0&debut=0&debut=0&debut=0&debut=0&debut=0&debut=0&debut=0&debut=0&debut=25&histo_track=1&seo_cat=&seo_cat=&seo_cat=&seo_cat=&seo_cat=&seo_cat=&seo_cat=&seo_cat=&seo_cat=&x20=0&x20=0&x20=0&x20=1&x21=1&x23=1&x5=0&x5=0&x5=1 HTTP/1.1" 200 131755 "http://www.litsolide.com/new-products.php?a=24&a=24&a=25&b=1&b=1&b=1&debut=0&debut=0&debut=0&debut=0&debut=0&debut=0&debut=0&debut=0&debut=0&debut=0&debut=0&debut=25&histo_track=1&seo_cat=&seo_cat=&seo_cat=&seo_cat=&seo_cat=&seo_cat=&seo_cat=&seo_cat=&seo_cat=&x20=0&x20=0&x20=0&x20=1&x21=1&x23=1&x5=0&x5=0&x5=1" "Mozilla/5.0 AppleWebKit/537.36 (KHTML, like Gecko; compatible; SleepBot/1.0; +http://sleepbot.com/) Chrome/131.0.0.0 Safari/537.36"
185.191.171.12 - - [15/Jun/2026:01:10:33 +0200] "GET /category.php?a=24&a=24&a=24&a=25&a=25&b=1&b=1&b=1&b=1&b=1&debut=0&debut=0&debut=0&debut=0&debut=0&debut=0&debut=0&debut=0&debut=0&debut=0&debut=0&debut=0&debut=0&debut=0&debut=25&seo=47-lits-gigognes&seo_cat=47&seo_cat=47&seo_cat=47&seo_cat=47&seo_cat=47&seo_cat=47&seo_cat=47&seo_cat=47&seo_cat=47&seo_cat=47&t59=0&t59=0&t59=0&t59=1&t60=0&t60=1&x20=0&x20=0&x20=1&x5=1 HTTP/1.1" 200 70550 "-" "Mozilla/5.0 (compatible; SemrushBot/7~bl; +http://www.semrush.com/bot.html)"
185.191.171.8 - - [15/Jun/2026:01:10:36 +0200] "GET /category.php?a=24&a=24&a=24&b=1&b=1&b=1&debut=0&debut=0&debut=0&debut=0&debut=0&debut=24&seo=47-lits-gigognes&seo_cat=47&seo_cat=47&seo_cat=47&t59=0&t59=1&t60=1 HTTP/1.1" 200 69749 "-" "Mozilla/5.0 (compatible; SemrushBot/7~bl; +http://www.semrush.com/bot.html)"
85.208.96.206 - - [15/Jun/2026:01:10:42 +0200] "GET /category.php?a=24&b=1&debut=0&debut=0&debut=0&debut=0&debut=0&debut=0&debut=0&debut=0&debut=0&debut=0&debut=0&debut=0&debut=0&debut=24&seo=47-lits-gigognes&seo_cat=47&seo_cat=47&seo_cat=47&seo_cat=47&seo_cat=47&seo_cat=47&seo_cat=47&seo_cat=47&seo_cat=47&seo_cat=47&seo_cat=47&seo_cat=47&seo_cat=47&t58=0&t58=0&t58=1&t59=1&t60=0&t60=0&t60=0&t60=0&t60=1&x20=0&x20=1&x5=0&x5=1 HTTP/1.1" 200 70578 "-" "Mozilla/5.0 (compatible; SemrushBot/7~bl; +http://www.semrush.com/bot.html)"
85.208.96.211 - - [15/Jun/2026:01:11:09 +0200] "GET /category.php?a=24&a=24&b=1&b=1&debut=0&debut=0&debut=0&debut=0&debut=0&debut=0&debut=0&debut=0&debut=0&debut=0&debut=0&debut=0&debut=24&seo=47-lits-gigognes&seo_cat=47&seo_cat=47&seo_cat=47&seo_cat=47&seo_cat=47&seo_cat=47&seo_cat=47&seo_cat=47&seo_cat=47&seo_cat=47&seo_cat=47&t58=0&t58=1&t59=0&t59=0&t59=0&t59=0&t59=1&t62=0&t62=1&x5=0&x5=1 HTTP/1.1" 200 70381 "-" "Mozilla/5.0 (compatible; SemrushBot/7~bl; +http://www.semrush.com/bot.html)"
185.191.171.3 - - [15/Jun/2026:01:11:25 +0200] "GET /new-products.php?a=24&a=24&b=1&b=1&debut=0&debut=0&debut=0&debut=0&debut=0&debut=0&debut=0&debut=0&debut=0&debut=0&debut=0&debut=24&seo_cat&seo_cat&seo_cat&seo_cat&seo_cat&seo_cat&seo_cat&seo_cat&seo_cat&seo_cat&x17=1&x20=1&x21=0&x21=0&x21=0&x21=0&x21=0&x21=0&x21=1&x23=1 HTTP/1.1" 200 137081 "-" "Mozilla/5.0 (compatible; SemrushBot/7~bl; +http://www.semrush.com/bot.html)"
85.208.96.198 - - [15/Jun/2026:01:11:31 +0200] "GET /new-products.php?a=24&a=24&b=1&b=1&debut=0&debut=0&debut=0&debut=0&debut=0&debut=0&debut=0&debut=0&debut=0&debut=24&histo_track=1&seo_cat&seo_cat&seo_cat&seo_cat&seo_cat&seo_cat&seo_cat&seo_cat&x20=1&x23=0&x23=0&x23=0&x23=0&x23=0&x23=1&x5=1 HTTP/1.1" 200 64016 "-" "Mozilla/5.0 (compatible; SemrushBot/7~bl; +http://www.semrush.com/bot.html)"
85.208.96.198 - - [15/Jun/2026:01:11:32 +0200] "GET /new-products.php?a=24&a=24&b=1&b=1&debut=0&debut=0&debut=0&debut=0&debut=0&debut=0&debut=0&debut=0&debut=0&debut=24&histo_track=1&seo_cat&seo_cat&seo_cat&seo_cat&seo_cat&seo_cat&seo_cat&seo_cat&x20=1&x23=0&x23=0&x23=0&x23=0&x23=0&x23=1&x5=1 HTTP/1.1" 200 63962 "-" "Mozilla/5.0 (compatible; SemrushBot/7~bl; +http://www.semrush.com/bot.html)"
85.208.96.206 - - [15/Jun/2026:01:11:35 +0200] "GET /new-products.php?a=24&a=24&a=25&a=25&b=1&b=1&b=1&b=1&debut=0&debut=0&debut=0&debut=0&debut=0&debut=0&debut=0&debut=0&debut=0&debut=0&debut=0&debut=0&debut=0&debut=25&histo_track=1&seo_cat&seo_cat&seo_cat&seo_cat&seo_cat&seo_cat&seo_cat&seo_cat&seo_cat&seo_cat&x17=0&x17=0&x17=0&x17=1&x20=0&x20=1&x21=0&x21=1&x5=0&x5=1 HTTP/1.1" 200 154677 "-" "Mozilla/5.0 (compatible; SemrushBot/7~bl; +http://www.semrush.com/bot.html)"
85.208.96.200 - - [15/Jun/2026:01:11:43 +0200] "GET /category.php?a=24&a=24&b=1&b=1&debut=0&debut=0&debut=0&debut=0&debut=0&debut=0&debut=0&debut=0&debut=0&debut=0&debut=0&debut=24&histo_track=1&seo=47-lits-gigognes&seo_cat=47&seo_cat=47&seo_cat=47&seo_cat=47&seo_cat=47&seo_cat=47&seo_cat=47&seo_cat=47&seo_cat=47&seo_cat=47&t58=0&t58=0&t58=0&t58=1&t59=0&t59=0&t59=0&t59=1&t60=0&t60=1 HTTP/1.1" 200 70340 "-" "Mozilla/5.0 (compatible; SemrushBot/7~bl; +http://www.semrush.com/bot.html)"
85.208.96.198 - - [15/Jun/2026:01:11:56 +0200] "GET /new-products.php?a=24&a=24&a=24&a=24&a=25&a=25&a=25&a=25&a=25&b=1&b=1&b=1&b=1&b=1&b=1&b=1&b=1&b=1&debut=0&debut=0&debut=0&debut=0&debut=0&debut=0&debut=0&debut=0&debut=0&debut=0&debut=0&debut=0&debut=0&debut=0&debut=0&debut=25&histo_track=1&seo_cat&seo_cat&seo_cat&seo_cat&seo_cat&seo_cat&seo_cat&x17=1&x20=1&x21=1&x5=0&x5=0&x5=0&x5=1 HTTP/1.1" 200 155196 "-" "Mozilla/5.0 (compatible; SemrushBot/7~bl; +http://www.semrush.com/bot.html)"
185.191.171.16 - - [15/Jun/2026:01:11:58 +0200] "GET /category.php?a=24&a=25&a=25&a=25&a=25&b=1&b=1&b=1&b=1&b=1&debut=0&debut=0&debut=0&debut=0&debut=0&debut=0&debut=0&debut=0&debut=0&debut=0&debut=0&debut=0&debut=25&seo=47-lits-gigognes&seo_cat=47&seo_cat=47&seo_cat=47&seo_cat=47&seo_cat=47&seo_cat=47&seo_cat=47&seo_cat=47&t60=1&t62=0&t62=1&x20=0&x20=1&x5=0&x5=0&x5=1 HTTP/1.1" 200 70338 "-" "Mozilla/5.0 (compatible; SemrushBot/7~bl; +http://www.semrush.com/bot.html)"
185.191.171.13 - - [15/Jun/2026:01:12:00 +0200] "GET /marques.php?debut=0&debut=0&debut=0&debut=0&debut=0&debut=0&debut=0&debut=0&histo_track=1&seo=20-lits-gigognes&seo_marq=20&seo_marq=20&seo_marq=20&seo_marq=20&seo_marq=20&seo_marq=20&seo_marq=20&seo_marq=20&t47=1&t58=1&t59=0&t59=0&t59=0&t59=0&t59=1&t60=1 HTTP/1.1" 200 181597 "-" "Mozilla/5.0 (compatible; SemrushBot/7~bl; +http://www.semrush.com/bot.html)"
85.208.96.193 - - [15/Jun/2026:01:12:32 +0200] "GET /new-products.php?a=24&b=1&debut=0&debut=0&debut=0&debut=0&debut=0&debut=0&debut=0&debut=0&debut=0&debut=0&debut=0&debut=0&debut=0&debut=24&histo_track=1&seo_cat&seo_cat&seo_cat&seo_cat&seo_cat&seo_cat&seo_cat&seo_cat&seo_cat&seo_cat&seo_cat&seo_cat&seo_cat&x17=0&x17=0&x17=1&x20=0&x20=1&x21=0&x21=1&x22=0&x22=0&x22=0&x22=0&x22=1&x5=1 HTTP/1.1" 200 161101 "-" "Mozilla/5.0 (compatible; SemrushBot/7~bl; +http://www.semrush.com/bot.html)"
185.191.171.7 - - [15/Jun/2026:01:12:34 +0200] "GET /category.php?a=24&a=25&a=25&a=25&b=1&b=1&b=1&b=1&debut=0&debut=0&debut=0&debut=0&debut=0&debut=0&debut=0&debut=0&debut=0&debut=0&debut=0&debut=0&debut=25&histo_track=1&seo=47-lits-gigognes&seo_cat=47&seo_cat=47&seo_cat=47&seo_cat=47&seo_cat=47&seo_cat=47&seo_cat=47&seo_cat=47&seo_cat=47&t59=1&t60=0&t60=0&t60=1&t62=1&x20=0&x20=1&x5=0&x5=1 HTTP/1.1" 200 70368 "-" "Mozilla/5.0 (compatible; SemrushBot/7~bl; +http://www.semrush.com/bot.html)"
185.191.171.8 - - [15/Jun/2026:01:12:42 +0200] "GET /marques.php?a=24&b=1&debut=0&debut=0&debut=0&debut=0&debut=0&debut=0&debut=0&debut=0&debut=0&debut=24&histo_track=1&seo=20-lits-gigognes&seo_marq=20&seo_marq=20&seo_marq=20&seo_marq=20&seo_marq=20&seo_marq=20&seo_marq=20&seo_marq=20&seo_marq=20&t47=0&t47=1&t58=0&t58=0&t58=0&t58=0&t58=0&t58=1&t60=1 HTTP/1.1" 200 64179 "-" "Mozilla/5.0 (compatible; SemrushBot/7~bl; +http://www.semrush.com/bot.html)"
185.191.171.8 - - [15/Jun/2026:01:12:43 +0200] "GET /marques.php?a=24&b=1&debut=0&debut=0&debut=0&debut=0&debut=0&debut=0&debut=0&debut=0&debut=0&debut=24&histo_track=1&seo=20-lits-gigognes&seo_marq=20&seo_marq=20&seo_marq=20&seo_marq=20&seo_marq=20&seo_marq=20&seo_marq=20&seo_marq=20&seo_marq=20&t47=0&t47=1&t58=0&t58=0&t58=0&t58=0&t58=0&t58=1&t60=1 HTTP/1.1" 200 64193 "-" "Mozilla/5.0 (compatible; SemrushBot/7~bl; +http://www.semrush.com/bot.html)"
85.208.96.201 - - [15/Jun/2026:01:12:51 +0200] "GET /new-products.php?a=24&a=24&a=24&a=24&a=24&a=24&b=1&b=1&b=1&b=1&b=1&b=1&debut=0&debut=0&debut=0&debut=0&debut=0&debut=0&debut=0&debut=0&debut=0&debut=0&debut=0&debut=0&debut=0&debut=0&debut=0&debut=24&seo_cat&seo_cat&seo_cat&seo_cat&seo_cat&seo_cat&seo_cat&seo_cat&seo_cat&seo_cat&x17=1&x20=0&x20=1&x21=0&x21=0&x21=1&x23=0&x23=1&x5=0&x5=1 HTTP/1.1" 200 167517 "-" "Mozilla/5.0 (compatible; SemrushBot/7~bl; +http://www.semrush.com/bot.html)"
85.208.96.196 - - [15/Jun/2026:01:13:02 +0200] "GET /robots.txt HTTP/1.1" 200 135 "-" "Mozilla/5.0 (compatible; SemrushBot/7~bl; +http://www.semrush.com/bot.html)"
185.191.171.16 - - [15/Jun/2026:01:13:03 +0200] "GET /category.php?a=24&a=24&a=24&a=25&a=25&b=1&b=1&b=1&b=1&b=1&debut=0&debut=0&debut=0&debut=0&debut=0&debut=0&debut=0&debut=0&debut=0&debut=0&debut=0&debut=0&debut=0&debut=25&histo_track=1&seo=47-lits-gigognes&seo_cat=47&seo_cat=47&seo_cat=47&seo_cat=47&seo_cat=47&seo_cat=47&seo_cat=47&seo_cat=47&seo_cat=47&t58=1&t59=1&x20=0&x20=1&x5=0&x5=0&x5=0&x5=0&x5=1 HTTP/1.1" 200 70470 "-" "Mozilla/5.0 (compatible; SemrushBot/7~bl; +http://www.semrush.com/bot.html)"
185.191.171.9 - - [15/Jun/2026:01:13:28 +0200] "GET /new-products.php?a=24&a=24&b=1&b=1&debut=0&debut=0&debut=0&debut=0&debut=0&debut=0&debut=0&debut=0&debut=0&debut=0&debut=0&debut=0&debut=0&debut=0&debut=0&debut=24&seo_cat&seo_cat&seo_cat&seo_cat&seo_cat&seo_cat&seo_cat&seo_cat&seo_cat&seo_cat&seo_cat&seo_cat&seo_cat&seo_cat&x17=1&x20=1&x21=0&x21=0&x21=1&x22=0&x22=0&x22=1&x23=0&x23=0&x23=0&x23=1&x5=0&x5=1 HTTP/1.1" 200 168037 "-" "Mozilla/5.0 (compatible; SemrushBot/7~bl; +http://www.semrush.com/bot.html)"
85.208.96.210 - - [15/Jun/2026:01:13:35 +0200] "GET /new-products.php?a=24&a=24&b=1&b=1&debut=0&debut=0&debut=0&debut=0&debut=0&debut=0&debut=0&debut=0&debut=0&debut=0&debut=0&debut=0&debut=0&debut=0&debut=24&histo_track=1&seo_cat&seo_cat&seo_cat&seo_cat&seo_cat&seo_cat&seo_cat&seo_cat&seo_cat&seo_cat&seo_cat&seo_cat&seo_cat&x17=0&x17=0&x17=0&x17=0&x17=0&x17=1&x20=0&x20=0&x20=1&x21=1&x22=0&x22=1&x5=1 HTTP/1.1" 200 161454 "-" "Mozilla/5.0 (compatible; SemrushBot/7~bl; +http://www.semrush.com/bot.html)"
37.67.78.157 - - [15/Jun/2026:01:13:39 +0200] "GET /produit-52-ref-30-en-70x200-complet HTTP/1.1" 200 192462 "https://www.litsolide.com/produit-52-ref-30-en-70x200-complet" "Mozilla/5.0 (iPhone; CPU iPhone OS 18_7 like Mac OS X) AppleWebKit/605.1.15 (KHTML, like Gecko) Version/26.5 Mobile/15E148 Safari/604.1"
37.67.78.157 - - [15/Jun/2026:01:13:39 +0200] "GET /templates/shop/css/font-awesome/css/font-awesome.min.css HTTP/1.1" 200 19431 "https://www.litsolide.com/produit-52-ref-30-en-70x200-complet" "Mozilla/5.0 (iPhone; CPU iPhone OS 18_7 like Mac OS X) AppleWebKit/605.1.15 (KHTML, like Gecko) Version/26.5 Mobile/15E148 Safari/604.1"
37.67.78.157 - - [15/Jun/2026:01:13:39 +0200] "GET /templates/shop/css/helper.css HTTP/1.1" 200 5049 "https://www.litsolide.com/produit-52-ref-30-en-70x200-complet" "Mozilla/5.0 (iPhone; CPU iPhone OS 18_7 like Mac OS X) AppleWebKit/605.1.15 (KHTML, like Gecko) Version/26.5 Mobile/15E148 Safari/604.1"
37.67.78.157 - - [15/Jun/2026:01:13:40 +0200] "GET /templates/shop/css/global.php HTTP/1.1" 200 30532 "https://www.litsolide.com/produit-52-ref-30-en-70x200-complet" "Mozilla/5.0 (iPhone; CPU iPhone OS 18_7 like Mac OS X) AppleWebKit/605.1.15 (KHTML, like Gecko) Version/26.5 Mobile/15E148 Safari/604.1"
37.67.78.157 - - [15/Jun/2026:01:13:40 +0200] "GET /templates/shop/css/lightbox.css HTTP/1.1" 200 3875 "https://www.litsolide.com/produit-52-ref-30-en-70x200-complet" "Mozilla/5.0 (iPhone; CPU iPhone OS 18_7 like Mac OS X) AppleWebKit/605.1.15 (KHTML, like Gecko) Version/26.5 Mobile/15E148 Safari/604.1"
37.67.78.157 - - [15/Jun/2026:01:13:40 +0200] "GET /start_to_top/modernizr.js HTTP/1.1" 200 51364 "https://www.litsolide.com/produit-52-ref-30-en-70x200-complet" "Mozilla/5.0 (iPhone; CPU iPhone OS 18_7 like Mac OS X) AppleWebKit/605.1.15 (KHTML, like Gecko) Version/26.5 Mobile/15E148 Safari/604.1"
37.67.78.157 - - [15/Jun/2026:01:13:40 +0200] "GET /templates/shop/css/jquery.bxslider.css HTTP/1.1" 200 3867 "https://www.litsolide.com/produit-52-ref-30-en-70x200-complet" "Mozilla/5.0 (iPhone; CPU iPhone OS 18_7 like Mac OS X) AppleWebKit/605.1.15 (KHTML, like Gecko) Version/26.5 Mobile/15E148 Safari/604.1"
37.67.78.157 - - [15/Jun/2026:01:13:40 +0200] "GET /templates/shop/css/menu_end.css HTTP/1.1" 200 1317 "https://www.litsolide.com/produit-52-ref-30-en-70x200-complet" "Mozilla/5.0 (iPhone; CPU iPhone OS 18_7 like Mac OS X) AppleWebKit/605.1.15 (KHTML, like Gecko) Version/26.5 Mobile/15E148 Safari/604.1"
37.67.78.157 - - [15/Jun/2026:01:13:40 +0200] "GET /templates/shop/css/dropdown.linear.css HTTP/1.1" 200 605 "https://www.litsolide.com/produit-52-ref-30-en-70x200-complet" "Mozilla/5.0 (iPhone; CPU iPhone OS 18_7 like Mac OS X) AppleWebKit/605.1.15 (KHTML, like Gecko) Version/26.5 Mobile/15E148 Safari/604.1"
37.67.78.157 - - [15/Jun/2026:01:13:40 +0200] "GET /templates/shop/bootstrap/js/bootstrap.min.js HTTP/1.1" 200 28631 "https://www.litsolide.com/produit-52-ref-30-en-70x200-complet" "Mozilla/5.0 (iPhone; CPU iPhone OS 18_7 like Mac OS X) AppleWebKit/605.1.15 (KHTML, like Gecko) Version/26.5 Mobile/15E148 Safari/604.1"
37.67.78.157 - - [15/Jun/2026:01:13:40 +0200] "GET /templates/shop/js/holder.js HTTP/1.1" 200 10517 "https://www.litsolide.com/produit-52-ref-30-en-70x200-complet" "Mozilla/5.0 (iPhone; CPU iPhone OS 18_7 like Mac OS X) AppleWebKit/605.1.15 (KHTML, like Gecko) Version/26.5 Mobile/15E148 Safari/604.1"
37.67.78.157 - - [15/Jun/2026:01:13:40 +0200] "GET /templates/shop/js/script.js HTTP/1.1" 200 - "https://www.litsolide.com/produit-52-ref-30-en-70x200-complet" "Mozilla/5.0 (iPhone; CPU iPhone OS 18_7 like Mac OS X) AppleWebKit/605.1.15 (KHTML, like Gecko) Version/26.5 Mobile/15E148 Safari/604.1"
37.67.78.157 - - [15/Jun/2026:01:13:40 +0200] "GET /templates/shop/js/jssocials.js HTTP/1.1" 200 12620 "https://www.litsolide.com/produit-52-ref-30-en-70x200-complet" "Mozilla/5.0 (iPhone; CPU iPhone OS 18_7 like Mac OS X) AppleWebKit/605.1.15 (KHTML, like Gecko) Version/26.5 Mobile/15E148 Safari/604.1"
37.67.78.157 - - [15/Jun/2026:01:13:40 +0200] "GET /templates/shop/js/verif2.js HTTP/1.1" 200 5333 "https://www.litsolide.com/produit-52-ref-30-en-70x200-complet" "Mozilla/5.0 (iPhone; CPU iPhone OS 18_7 like Mac OS X) AppleWebKit/605.1.15 (KHTML, like Gecko) Version/26.5 Mobile/15E148 Safari/604.1"
37.67.78.157 - - [15/Jun/2026:01:13:40 +0200] "GET /templates/shop/js/wow.min.js HTTP/1.1" 200 4776 "https://www.litsolide.com/produit-52-ref-30-en-70x200-complet" "Mozilla/5.0 (iPhone; CPU iPhone OS 18_7 like Mac OS X) AppleWebKit/605.1.15 (KHTML, like Gecko) Version/26.5 Mobile/15E148 Safari/604.1"
37.67.78.157 - - [15/Jun/2026:01:13:40 +0200] "GET /templates/shop/img/16161002310base_background-lit-solide.jpg HTTP/1.1" 200 129245 "https://www.litsolide.com/produit-52-ref-30-en-70x200-complet" "Mozilla/5.0 (iPhone; CPU iPhone OS 18_7 like Mac OS X) AppleWebKit/605.1.15 (KHTML, like Gecko) Version/26.5 Mobile/15E148 Safari/604.1"
37.67.78.157 - - [15/Jun/2026:01:13:40 +0200] "GET /templates/shop/css/font-awesome/fonts/fontawesome-webfont.woff2?v=4.3.0 HTTP/1.1" 200 56780 "https://www.litsolide.com/produit-52-ref-30-en-70x200-complet" "Mozilla/5.0 (iPhone; CPU iPhone OS 18_7 like Mac OS X) AppleWebKit/605.1.15 (KHTML, like Gecko) Version/26.5 Mobile/15E148 Safari/604.1"
37.67.78.157 - - [15/Jun/2026:01:13:40 +0200] "GET /uploadfiles/products/mini/15500756852Gigogne_ref_30_pli%C3%A9_d%C3%A9cal%C3%A9.jpg HTTP/1.1" 200 8562 "https://www.litsolide.com/produit-52-ref-30-en-70x200-complet" "Mozilla/5.0 (iPhone; CPU iPhone OS 18_7 like Mac OS X) AppleWebKit/605.1.15 (KHTML, like Gecko) Version/26.5 Mobile/15E148 Safari/604.1"
37.67.78.157 - - [15/Jun/2026:01:13:40 +0200] "GET /uploadfiles/products/mini/17746041910litsolide_vistec_1080.png HTTP/1.1" 200 22863 "https://www.litsolide.com/produit-52-ref-30-en-70x200-complet" "Mozilla/5.0 (iPhone; CPU iPhone OS 18_7 like Mac OS X) AppleWebKit/605.1.15 (KHTML, like Gecko) Version/26.5 Mobile/15E148 Safari/604.1"
37.67.78.157 - - [15/Jun/2026:01:13:40 +0200] "GET /templates/shop/img/myenne_5_0.png HTTP/1.1" 200 6642 "https://www.litsolide.com/produit-52-ref-30-en-70x200-complet" "Mozilla/5.0 (iPhone; CPU iPhone OS 18_7 like Mac OS X) AppleWebKit/605.1.15 (KHTML, like Gecko) Version/26.5 Mobile/15E148 Safari/604.1"
37.67.78.157 - - [15/Jun/2026:01:13:40 +0200] "GET /templates/shop/img/16137554810Logo_on.png HTTP/1.1" 200 9465 "https://www.litsolide.com/produit-52-ref-30-en-70x200-complet" "Mozilla/5.0 (iPhone; CPU iPhone OS 18_7 like Mac OS X) AppleWebKit/605.1.15 (KHTML, like Gecko) Version/26.5 Mobile/15E148 Safari/604.1"
37.67.78.157 - - [15/Jun/2026:01:13:40 +0200] "GET /templates/shop/img/back_hover.png HTTP/1.1" 200 5426 "https://www.litsolide.com/produit-52-ref-30-en-70x200-complet" "Mozilla/5.0 (iPhone; CPU iPhone OS 18_7 like Mac OS X) AppleWebKit/605.1.15 (KHTML, like Gecko) Version/26.5 Mobile/15E148 Safari/604.1"
37.67.78.157 - - [15/Jun/2026:01:13:40 +0200] "GET /templates/shop/img/empty_cart_hover.png HTTP/1.1" 200 5215 "https://www.litsolide.com/produit-52-ref-30-en-70x200-complet" "Mozilla/5.0 (iPhone; CPU iPhone OS 18_7 like Mac OS X) AppleWebKit/605.1.15 (KHTML, like Gecko) Version/26.5 Mobile/15E148 Safari/604.1"
37.67.78.157 - - [15/Jun/2026:01:13:40 +0200] "GET /uploadfiles/products/mini/15501527800jeux_de_pieds.jpg HTTP/1.1" 200 11563 "https://www.litsolide.com/produit-52-ref-30-en-70x200-complet" "Mozilla/5.0 (iPhone; CPU iPhone OS 18_7 like Mac OS X) AppleWebKit/605.1.15 (KHTML, like Gecko) Version/26.5 Mobile/15E148 Safari/604.1"
37.67.78.157 - - [15/Jun/2026:01:13:40 +0200] "GET /uploadfiles/categories/49-1616507665cadres-a-latte-solide.png HTTP/1.1" 200 8712 "https://www.litsolide.com/produit-52-ref-30-en-70x200-complet" "Mozilla/5.0 (iPhone; CPU iPhone OS 18_7 like Mac OS X) AppleWebKit/605.1.15 (KHTML, like Gecko) Version/26.5 Mobile/15E148 Safari/604.1"
37.67.78.157 - - [15/Jun/2026:01:13:40 +0200] "GET /templates/shop/img/panier_vide.png HTTP/1.1" 200 3914 "https://www.litsolide.com/produit-52-ref-30-en-70x200-complet" "Mozilla/5.0 (iPhone; CPU iPhone OS 18_7 like Mac OS X) AppleWebKit/605.1.15 (KHTML, like Gecko) Version/26.5 Mobile/15E148 Safari/604.1"
37.67.78.157 - - [15/Jun/2026:01:13:40 +0200] "GET /uploadfiles/images/pictogrammes/Pictogramme_Acarien.jpg HTTP/1.1" 200 22995 "https://www.litsolide.com/produit-52-ref-30-en-70x200-complet" "Mozilla/5.0 (iPhone; CPU iPhone OS 18_7 like Mac OS X) AppleWebKit/605.1.15 (KHTML, like Gecko) Version/26.5 Mobile/15E148 Safari/604.1"
37.67.78.157 - - [15/Jun/2026:01:13:40 +0200] "GET /includes/stats.php?ref=https%3A%2F%2Fwww.litsolide.com%2Fproduit-52-ref-30-en-70x200-complet HTTP/1.1" 200 - "https://www.litsolide.com/produit-52-ref-30-en-70x200-complet" "Mozilla/5.0 (iPhone; CPU iPhone OS 18_7 like Mac OS X) AppleWebKit/605.1.15 (KHTML, like Gecko) Version/26.5 Mobile/15E148 Safari/604.1"
37.67.78.157 - - [15/Jun/2026:01:13:40 +0200] "GET /uploadfiles/products/mini/15500650270gigogne_ref_30_pli%C3%A9.jpg HTTP/1.1" 200 9028 "https://www.litsolide.com/produit-52-ref-30-en-70x200-complet" "Mozilla/5.0 (iPhone; CPU iPhone OS 18_7 like Mac OS X) AppleWebKit/605.1.15 (KHTML, like Gecko) Version/26.5 Mobile/15E148 Safari/604.1"
37.67.78.157 - - [15/Jun/2026:01:13:40 +0200] "GET /uploadfiles/products/mini/16519140060Gigogne_ref_zen_d%C3%A9pli%C3%A9.JPG HTTP/1.1" 200 10029 "https://www.litsolide.com/produit-52-ref-30-en-70x200-complet" "Mozilla/5.0 (iPhone; CPU iPhone OS 18_7 like Mac OS X) AppleWebKit/605.1.15 (KHTML, like Gecko) Version/26.5 Mobile/15E148 Safari/604.1"
37.67.78.157 - - [15/Jun/2026:01:13:40 +0200] "GET /uploadfiles/slide1_internal/0PubColonne_Livraison_Rapide.png HTTP/1.1" 200 9273 "https://www.litsolide.com/produit-52-ref-30-en-70x200-complet" "Mozilla/5.0 (iPhone; CPU iPhone OS 18_7 like Mac OS X) AppleWebKit/605.1.15 (KHTML, like Gecko) Version/26.5 Mobile/15E148 Safari/604.1"
37.67.78.157 - - [15/Jun/2026:01:13:40 +0200] "GET /uploadfiles/slide1_internal/0LitSolide_oreiller_cervicale.jpg HTTP/1.1" 200 43234 "https://www.litsolide.com/produit-52-ref-30-en-70x200-complet" "Mozilla/5.0 (iPhone; CPU iPhone OS 18_7 like Mac OS X) AppleWebKit/605.1.15 (KHTML, like Gecko) Version/26.5 Mobile/15E148 Safari/604.1"
37.67.78.157 - - [15/Jun/2026:01:13:40 +0200] "GET /uploadfiles/slide1_internal/0LitSolide_sgain_place_gigogne.jpg HTTP/1.1" 200 25208 "https://www.litsolide.com/produit-52-ref-30-en-70x200-complet" "Mozilla/5.0 (iPhone; CPU iPhone OS 18_7 like Mac OS X) AppleWebKit/605.1.15 (KHTML, like Gecko) Version/26.5 Mobile/15E148 Safari/604.1"
37.67.78.157 - - [15/Jun/2026:01:13:40 +0200] "GET /images/mini_prev.png HTTP/1.1" 200 3399 "https://www.litsolide.com/produit-52-ref-30-en-70x200-complet" "Mozilla/5.0 (iPhone; CPU iPhone OS 18_7 like Mac OS X) AppleWebKit/605.1.15 (KHTML, like Gecko) Version/26.5 Mobile/15E148 Safari/604.1"
37.67.78.157 - - [15/Jun/2026:01:13:40 +0200] "GET /templates/shop/img/vignettes/visa.png HTTP/1.1" 200 5379 "https://www.litsolide.com/produit-52-ref-30-en-70x200-complet" "Mozilla/5.0 (iPhone; CPU iPhone OS 18_7 like Mac OS X) AppleWebKit/605.1.15 (KHTML, like Gecko) Version/26.5 Mobile/15E148 Safari/604.1"
37.67.78.157 - - [15/Jun/2026:01:13:40 +0200] "GET /templates/shop/img/vignettes/paypal.png HTTP/1.1" 200 5905 "https://www.litsolide.com/produit-52-ref-30-en-70x200-complet" "Mozilla/5.0 (iPhone; CPU iPhone OS 18_7 like Mac OS X) AppleWebKit/605.1.15 (KHTML, like Gecko) Version/26.5 Mobile/15E148 Safari/604.1"
37.67.78.157 - - [15/Jun/2026:01:13:40 +0200] "GET /templates/shop/img/add_cart.png HTTP/1.1" 200 5931 "https://www.litsolide.com/produit-52-ref-30-en-70x200-complet" "Mozilla/5.0 (iPhone; CPU iPhone OS 18_7 like Mac OS X) AppleWebKit/605.1.15 (KHTML, like Gecko) Version/26.5 Mobile/15E148 Safari/604.1"
85.208.96.193 - - [15/Jun/2026:01:13:49 +0200] "GET /new-products.php?a=24&a=25&a=25&a=25&a=25&b=1&b=1&b=1&b=1&b=1&debut=0&debut=0&debut=0&debut=0&debut=0&debut=0&debut=0&debut=0&debut=0&debut=0&debut=0&debut=0&debut=0&debut=0&debut=25&seo_cat&seo_cat&seo_cat&seo_cat&seo_cat&seo_cat&seo_cat&seo_cat&seo_cat&seo_cat&x17=1&x20=1&x21=0&x21=0&x21=1&x22=0&x22=0&x22=1&x23=1&x5=1 HTTP/1.1" 200 161302 "-" "Mozilla/5.0 (compatible; SemrushBot/7~bl; +http://www.semrush.com/bot.html)"
185.191.171.12 - - [15/Jun/2026:01:14:34 +0200] "GET /new-products.php?a=24&a=25&a=25&b=1&b=1&b=1&debut=0&debut=0&debut=0&debut=0&debut=0&debut=0&debut=0&debut=0&debut=0&debut=0&debut=0&debut=0&debut=0&debut=25&histo_track=1&seo_cat&seo_cat&seo_cat&seo_cat&seo_cat&seo_cat&seo_cat&seo_cat&seo_cat&seo_cat&seo_cat&x17=1&x20=1&x21=0&x21=0&x21=0&x21=1&x22=0&x22=0&x22=1&x23=1&x5=1 HTTP/1.1" 200 161596 "-" "Mozilla/5.0 (compatible; SemrushBot/7~bl; +http://www.semrush.com/bot.html)"
185.191.171.1 - - [15/Jun/2026:01:14:54 +0200] "GET /new-products.php?a=24&a=25&b=1&b=1&debut=0&debut=0&debut=0&debut=0&debut=0&debut=0&debut=0&debut=0&debut=0&debut=0&debut=0&debut=25&histo_track=1&seo_cat&seo_cat&seo_cat&seo_cat&seo_cat&seo_cat&seo_cat&seo_cat&seo_cat&seo_cat&x17=0&x17=1&x20=0&x20=0&x20=1&x21=1&x23=1&x5=0&x5=0&x5=1 HTTP/1.1" 200 160473 "-" "Mozilla/5.0 (compatible; SemrushBot/7~bl; +http://www.semrush.com/bot.html)"
85.208.96.210 - - [15/Jun/2026:01:14:56 +0200] "GET /new-products.php?a=24&b=1&debut=0&debut=0&debut=0&debut=0&debut=0&debut=0&debut=0&debut=0&debut=0&debut=0&debut=0&debut=0&debut=0&debut=0&debut=24&histo_track=1&seo_cat&seo_cat&seo_cat&seo_cat&seo_cat&seo_cat&seo_cat&seo_cat&seo_cat&seo_cat&seo_cat&seo_cat&seo_cat&seo_cat&x17=0&x17=0&x17=1&x20=1&x21=0&x21=1&x22=0&x22=0&x22=0&x22=1&x23=0&x23=1&x5=0&x5=1 HTTP/1.1" 200 167999 "-" "Mozilla/5.0 (compatible; SemrushBot/7~bl; +http://www.semrush.com/bot.html)"
185.191.171.13 - - [15/Jun/2026:01:15:00 +0200] "GET /new-products.php?a=25&a=25&b=1&b=1&debut=0&debut=0&debut=0&debut=0&debut=0&debut=0&debut=0&debut=0&debut=0&debut=0&debut=0&debut=0&debut=0&debut=25&histo_track=1&seo_cat&seo_cat&seo_cat&seo_cat&seo_cat&seo_cat&seo_cat&seo_cat&seo_cat&seo_cat&seo_cat&seo_cat&x20=0&x20=0&x20=0&x20=1&x21=0&x21=1&x5=0&x5=0&x5=0&x5=0&x5=0&x5=1 HTTP/1.1" 200 125532 "-" "Mozilla/5.0 (compatible; SemrushBot/7~bl; +http://www.semrush.com/bot.html)"
185.191.171.13 - - [15/Jun/2026:01:15:01 +0200] "GET /new-products.php?a=25&a=25&b=1&b=1&debut=0&debut=0&debut=0&debut=0&debut=0&debut=0&debut=0&debut=0&debut=0&debut=0&debut=0&debut=0&debut=0&debut=25&histo_track=1&seo_cat&seo_cat&seo_cat&seo_cat&seo_cat&seo_cat&seo_cat&seo_cat&seo_cat&seo_cat&seo_cat&seo_cat&x20=0&x20=0&x20=0&x20=1&x21=0&x21=1&x5=0&x5=0&x5=0&x5=0&x5=0&x5=1 HTTP/1.1" 200 125629 "-" "Mozilla/5.0 (compatible; SemrushBot/7~bl; +http://www.semrush.com/bot.html)"
47.79.201.216 - - [15/Jun/2026:01:15:05 +0200] "GET /new-products.php?debut=0&x23=1 HTTP/1.1" 200 70356 "https://www.google.com/" "Mozilla/5.0 (Linux; Android 10; K) AppleWebKit/537.36 (KHTML, like Gecko) Chrome/132.0.0.0 Mobile Safari/537.36"
85.208.96.197 - - [15/Jun/2026:01:15:23 +0200] "GET /new-products.php?a=24&b=1&debut=0&debut=0&debut=0&debut=0&debut=0&debut=0&debut=0&debut=0&debut=0&debut=0&debut=0&debut=24&seo_cat&seo_cat&seo_cat&seo_cat&seo_cat&seo_cat&seo_cat&seo_cat&seo_cat&seo_cat&seo_cat&x17=0&x17=0&x17=0&x17=0&x17=0&x17=1&x20=1&x21=0&x21=1&x5=0&x5=1 HTTP/1.1" 200 159634 "-" "Mozilla/5.0 (compatible; SemrushBot/7~bl; +http://www.semrush.com/bot.html)"
34.123.97.235 - - [15/Jun/2026:01:15:28 +0200] "GET /new-products.php?a=24&a=24&a=24&a=24&a=25&b=1&b=1&b=1&b=1&b=1&debut=0&debut=0&debut=0&debut=0&debut=0&debut=0&debut=0&debut=0&debut=0&debut=0&debut=0&debut=0&debut=0&debut=25&histo_track=1&seo_cat=&seo_cat=&seo_cat=&seo_cat=&seo_cat=&seo_cat=&seo_cat=&seo_cat=&seo_cat=&x17=1&x20=0&x20=0&x20=1&x21=1&x22=0&x22=1&x23=1&x5=1 HTTP/1.1" 301 763 "-" "Mozilla/5.0 AppleWebKit/537.36 (KHTML, like Gecko; compatible; SleepBot/1.0; +http://sleepbot.com/) Chrome/131.0.0.0 Safari/537.36"
34.123.97.235 - - [15/Jun/2026:01:15:29 +0200] "GET /new-products.php?a=24&a=24&a=24&a=24&a=25&b=1&b=1&b=1&b=1&b=1&debut=0&debut=0&debut=0&debut=0&debut=0&debut=0&debut=0&debut=0&debut=0&debut=0&debut=0&debut=0&debut=0&debut=25&histo_track=1&seo_cat=&seo_cat=&seo_cat=&seo_cat=&seo_cat=&seo_cat=&seo_cat=&seo_cat=&seo_cat=&x17=1&x20=0&x20=0&x20=1&x21=1&x22=0&x22=1&x23=1&x5=1 HTTP/1.1" 200 161908 "http://www.litsolide.com/new-products.php?a=24&a=24&a=24&a=24&a=25&b=1&b=1&b=1&b=1&b=1&debut=0&debut=0&debut=0&debut=0&debut=0&debut=0&debut=0&debut=0&debut=0&debut=0&debut=0&debut=0&debut=0&debut=25&histo_track=1&seo_cat=&seo_cat=&seo_cat=&seo_cat=&seo_cat=&seo_cat=&seo_cat=&seo_cat=&seo_cat=&x17=1&x20=0&x20=0&x20=1&x21=1&x22=0&x22=1&x23=1&x5=1" "Mozilla/5.0 AppleWebKit/537.36 (KHTML, like Gecko; compatible; SleepBot/1.0; +http://sleepbot.com/) Chrome/131.0.0.0 Safari/537.36"
35.195.68.207 - - [15/Jun/2026:01:15:33 +0200] "GET /robots.txt HTTP/1.1" 301 283 "-" "Mozilla/5.0 (compatible; VelenPublicWebCrawler/1.0; +https://velen.io)"
85.208.96.205 - - [15/Jun/2026:01:15:33 +0200] "GET /marques.php?a=24&a=24&a=24&a=24&a=24&a=25&a=25&a=25&b=1&b=1&b=1&b=1&b=1&b=1&b=1&b=1&debut=0&debut=0&debut=0&debut=0&debut=0&debut=0&debut=0&debut=0&debut=0&debut=0&debut=0&debut=0&debut=0&debut=25&seo=20-lits-gigognes&seo_marq=20&seo_marq=20&seo_marq=20&seo_marq=20&seo_marq=20&seo_marq=20&t47=1&t58=0&t58=0&t58=1&t59=1&t60=1 HTTP/1.1" 200 64483 "-" "Mozilla/5.0 (compatible; SemrushBot/7~bl; +http://www.semrush.com/bot.html)"
85.208.96.205 - - [15/Jun/2026:01:15:34 +0200] "GET /marques.php?a=24&a=24&a=24&a=24&a=24&a=25&a=25&a=25&b=1&b=1&b=1&b=1&b=1&b=1&b=1&b=1&debut=0&debut=0&debut=0&debut=0&debut=0&debut=0&debut=0&debut=0&debut=0&debut=0&debut=0&debut=0&debut=0&debut=25&seo=20-lits-gigognes&seo_marq=20&seo_marq=20&seo_marq=20&seo_marq=20&seo_marq=20&seo_marq=20&t47=1&t58=0&t58=0&t58=1&t59=1&t60=1 HTTP/1.1" 200 64297 "-" "Mozilla/5.0 (compatible; SemrushBot/7~bl; +http://www.semrush.com/bot.html)"
35.195.68.207 - - [15/Jun/2026:01:15:37 +0200] "GET /robots.txt HTTP/1.1" 200 135 "http://www.litsolide.com/robots.txt" "Mozilla/5.0 (compatible; VelenPublicWebCrawler/1.0; +https://velen.io)"
35.195.68.207 - - [15/Jun/2026:01:15:42 +0200] "GET /categorie-65-inferieur-gigogne HTTP/1.1" 200 114259 "http://www.litsolide.com/categorie-65-inferieur-gigogne" "Mozilla/5.0 (compatible; VelenPublicWebCrawler/1.0; +https://velen.io)"
185.191.171.2 - - [15/Jun/2026:01:15:44 +0200] "GET /category.php?a=24&a=24&b=1&b=1&debut=0&debut=0&debut=0&debut=0&debut=0&debut=0&debut=0&debut=0&debut=0&debut=0&debut=0&debut=24&seo=47-lits-gigognes&seo_cat=47&seo_cat=47&seo_cat=47&seo_cat=47&seo_cat=47&seo_cat=47&seo_cat=47&seo_cat=47&seo_cat=47&seo_cat=47&t58=0&t58=1&t60=0&t60=1&x20=0&x20=0&x20=0&x20=1&x5=0&x5=1 HTTP/1.1" 200 70362 "-" "Mozilla/5.0 (compatible; SemrushBot/7~bl; +http://www.semrush.com/bot.html)"
185.191.171.13 - - [15/Jun/2026:01:15:51 +0200] "GET /new-products.php?a=24&a=24&a=24&a=24&a=25&a=25&b=1&b=1&b=1&b=1&b=1&b=1&debut=0&debut=0&debut=0&debut=0&debut=0&debut=0&debut=0&debut=0&debut=0&debut=0&debut=0&debut=0&debut=0&debut=0&debut=25&seo_cat&seo_cat&seo_cat&seo_cat&seo_cat&seo_cat&seo_cat&seo_cat&seo_cat&x17=0&x17=1&x20=1&x21=0&x21=1&x22=0&x22=0&x22=0&x22=1 HTTP/1.1" 200 125736 "-" "Mozilla/5.0 (compatible; SemrushBot/7~bl; +http://www.semrush.com/bot.html)"
185.191.171.13 - - [15/Jun/2026:01:15:52 +0200] "GET /new-products.php?a=24&a=24&a=24&a=24&a=25&a=25&b=1&b=1&b=1&b=1&b=1&b=1&debut=0&debut=0&debut=0&debut=0&debut=0&debut=0&debut=0&debut=0&debut=0&debut=0&debut=0&debut=0&debut=0&debut=0&debut=25&seo_cat&seo_cat&seo_cat&seo_cat&seo_cat&seo_cat&seo_cat&seo_cat&seo_cat&x17=0&x17=1&x20=1&x21=0&x21=1&x22=0&x22=0&x22=0&x22=1 HTTP/1.1" 200 125676 "-" "Mozilla/5.0 (compatible; SemrushBot/7~bl; +http://www.semrush.com/bot.html)"
185.191.171.1 - - [15/Jun/2026:01:16:11 +0200] "GET /marques.php?a=24&a=24&a=24&b=1&b=1&b=1&debut=0&debut=0&debut=0&debut=0&debut=0&debut=0&debut=0&debut=0&debut=0&debut=0&debut=0&debut=0&debut=0&debut=24&seo=20-lits-gigognes&seo_marq=20&seo_marq=20&seo_marq=20&seo_marq=20&seo_marq=20&seo_marq=20&seo_marq=20&seo_marq=20&seo_marq=20&seo_marq=20&seo_marq=20&t47=0&t47=1&t58=0&t58=1&t59=0&t59=0&t59=0&t59=0&t59=0&t59=1&t62=1 HTTP/1.1" 200 64403 "-" "Mozilla/5.0 (compatible; SemrushBot/7~bl; +http://www.semrush.com/bot.html)"
185.191.171.1 - - [15/Jun/2026:01:16:12 +0200] "GET /marques.php?a=24&a=24&a=24&b=1&b=1&b=1&debut=0&debut=0&debut=0&debut=0&debut=0&debut=0&debut=0&debut=0&debut=0&debut=0&debut=0&debut=0&debut=0&debut=24&seo=20-lits-gigognes&seo_marq=20&seo_marq=20&seo_marq=20&seo_marq=20&seo_marq=20&seo_marq=20&seo_marq=20&seo_marq=20&seo_marq=20&seo_marq=20&seo_marq=20&t47=0&t47=1&t58=0&t58=1&t59=0&t59=0&t59=0&t59=0&t59=0&t59=1&t62=1 HTTP/1.1" 200 64663 "-" "Mozilla/5.0 (compatible; SemrushBot/7~bl; +http://www.semrush.com/bot.html)"
85.208.96.205 - - [15/Jun/2026:01:16:16 +0200] "GET /new-products.php?a=24&a=24&b=1&b=1&debut=0&debut=0&debut=0&debut=0&debut=0&debut=0&debut=0&debut=0&debut=0&debut=0&debut=0&debut=0&debut=0&debut=24&seo_cat&seo_cat&seo_cat&seo_cat&seo_cat&seo_cat&seo_cat&seo_cat&seo_cat&seo_cat&seo_cat&seo_cat&x17=1&x20=0&x20=0&x20=0&x20=1&x21=0&x21=1&x22=1&x23=1&x5=0&x5=0&x5=1 HTTP/1.1" 200 166923 "-" "Mozilla/5.0 (compatible; SemrushBot/7~bl; +http://www.semrush.com/bot.html)"
185.191.171.11 - - [15/Jun/2026:01:16:41 +0200] "GET /marques.php?a=24&a=24&b=1&b=1&debut=0&debut=0&debut=0&debut=0&debut=0&debut=0&debut=0&debut=0&debut=0&debut=0&debut=0&debut=24&histo_track=1&seo=20-lits-gigognes&seo_marq=20&seo_marq=20&seo_marq=20&seo_marq=20&seo_marq=20&seo_marq=20&seo_marq=20&seo_marq=20&seo_marq=20&seo_marq=20&t58=0&t58=1&t59=0&t59=0&t59=0&t59=1&t60=0&t60=1&t62=0&t62=1 HTTP/1.1" 200 64347 "-" "Mozilla/5.0 (compatible; SemrushBot/7~bl; +http://www.semrush.com/bot.html)"
