144.76.19.27 - - [19/Aug/2026:01:01:52 +0200] "GET /new-products.php?&seo_cat=&x5=1&debut=0&seo_cat=&x23=1&debut=0&seo_cat=&x17=1&debut=0&seo_cat=&x17=0&debut=0&seo_cat=&x5=0&debut=0&seo_cat=&x23=0&debut=0&seo_cat=&x20=1&debut=0 HTTP/1.1" 200 168010 "-" "Mozilla/5.0 (compatible; SERankingBacklinksBot/1.0; +https://seranking.com/backlinks-crawler)"
144.76.19.27 - - [19/Aug/2026:01:01:55 +0200] "GET /new-products.php?&seo_cat=&x5=1&debut=0&seo_cat=&x23=1&debut=0&seo_cat=&x17=1&debut=0&seo_cat=&x17=0&debut=0&seo_cat=&x5=0&debut=0&seo_cat=&x23=0&debut=0&seo_cat=&x21=1&debut=0 HTTP/1.1" 200 133601 "-" "Mozilla/5.0 (compatible; SERankingBacklinksBot/1.0; +https://seranking.com/backlinks-crawler)"
185.191.171.5 - - [19/Aug/2026:01:01:55 +0200] "GET /marques.php?a=24&b=1&debut=0&debut=0&debut=0&debut=0&debut=0&debut=0&debut=0&debut=0&debut=0&debut=0&debut=0&debut=24&histo_track=1&seo=20-lits-gigognes&seo_marq=20&seo_marq=20&seo_marq=20&seo_marq=20&seo_marq=20&seo_marq=20&seo_marq=20&seo_marq=20&seo_marq=20&seo_marq=20&seo_marq=20&t47=0&t47=0&t47=0&t47=1&t58=0&t58=1&t59=0&t59=0&t59=1&t60=0&t60=1 HTTP/1.1" 200 64246 "-" "Mozilla/5.0 (compatible; SemrushBot/7~bl; +http://www.semrush.com/bot.html)"
185.191.171.5 - - [19/Aug/2026:01:01:56 +0200] "GET /marques.php?a=24&b=1&debut=0&debut=0&debut=0&debut=0&debut=0&debut=0&debut=0&debut=0&debut=0&debut=0&debut=0&debut=24&histo_track=1&seo=20-lits-gigognes&seo_marq=20&seo_marq=20&seo_marq=20&seo_marq=20&seo_marq=20&seo_marq=20&seo_marq=20&seo_marq=20&seo_marq=20&seo_marq=20&seo_marq=20&t47=0&t47=0&t47=0&t47=1&t58=0&t58=1&t59=0&t59=0&t59=1&t60=0&t60=1 HTTP/1.1" 200 64306 "-" "Mozilla/5.0 (compatible; SemrushBot/7~bl; +http://www.semrush.com/bot.html)"
144.76.19.27 - - [19/Aug/2026:01:01:58 +0200] "GET /new-products.php?&seo_cat=&x5=1&debut=0&seo_cat=&x23=1&debut=0&seo_cat=&x17=1&debut=0&seo_cat=&x17=0&debut=0&seo_cat=&x5=0&debut=0&seo_cat=&x23=0&debut=0&seo_cat=&x23=1&debut=0 HTTP/1.1" 200 71104 "-" "Mozilla/5.0 (compatible; SERankingBacklinksBot/1.0; +https://seranking.com/backlinks-crawler)"
144.76.19.27 - - [19/Aug/2026:01:02:01 +0200] "GET /new-products.php?&seo_cat=&x5=1&debut=0&seo_cat=&x23=1&debut=0&seo_cat=&x17=1&debut=0&seo_cat=&x20=1&debut=0&seo_cat=&x17=0&debut=0&seo_cat=&x17=1&debut=0&seo_cat=&x5=0&debut=0 HTTP/1.1" 200 203371 "-" "Mozilla/5.0 (compatible; SERankingBacklinksBot/1.0; +https://seranking.com/backlinks-crawler)"
144.76.19.27 - - [19/Aug/2026:01:02:05 +0200] "GET /new-products.php?&seo_cat=&x5=1&debut=0&seo_cat=&x23=1&debut=0&seo_cat=&x17=1&debut=0&seo_cat=&x20=1&debut=0&seo_cat=&x17=0&debut=0&seo_cat=&x20=0&debut=0&seo_cat=&x5=0&debut=0 HTTP/1.1" 200 71112 "-" "Mozilla/5.0 (compatible; SERankingBacklinksBot/1.0; +https://seranking.com/backlinks-crawler)"
144.76.19.27 - - [19/Aug/2026:01:02:08 +0200] "GET /new-products.php?&seo_cat=&x5=1&debut=0&seo_cat=&x23=1&debut=0&seo_cat=&x17=1&debut=0&seo_cat=&x20=1&debut=0&seo_cat=&x17=0&debut=0&seo_cat=&x21=1&debut=0&seo_cat=&x5=0&debut=0 HTTP/1.1" 200 203681 "-" "Mozilla/5.0 (compatible; SERankingBacklinksBot/1.0; +https://seranking.com/backlinks-crawler)"
144.76.19.27 - - [19/Aug/2026:01:02:11 +0200] "GET /new-products.php?&seo_cat=&x5=1&debut=0&seo_cat=&x23=1&debut=0&seo_cat=&x17=1&debut=0&seo_cat=&x20=1&debut=0&seo_cat=&x17=0&debut=0&seo_cat=&x23=0&debut=0&seo_cat=&x5=0&debut=0 HTTP/1.1" 200 168074 "-" "Mozilla/5.0 (compatible; SERankingBacklinksBot/1.0; +https://seranking.com/backlinks-crawler)"
185.191.171.19 - - [19/Aug/2026:01:02:12 +0200] "GET /new-products.php?a=24&a=24&a=24&b=1&b=1&b=1&debut=0&debut=0&debut=0&debut=0&debut=0&debut=0&debut=0&debut=0&debut=0&debut=0&debut=0&debut=0&debut=0&debut=24&seo_cat&seo_cat&seo_cat&seo_cat&seo_cat&seo_cat&seo_cat&seo_cat&seo_cat&seo_cat&seo_cat&x17=1&x20=0&x20=0&x20=1&x21=1&x22=0&x22=0&x22=0&x22=1&x23=1&x5=1 HTTP/1.1" 200 166834 "-" "Mozilla/5.0 (compatible; SemrushBot/7~bl; +http://www.semrush.com/bot.html)"
144.76.19.27 - - [19/Aug/2026:01:02:15 +0200] "GET /new-products.php?&seo_cat=&x5=1&debut=0&seo_cat=&x23=1&debut=0&seo_cat=&x17=1&debut=0&seo_cat=&x20=1&debut=0&seo_cat=&x17=0&debut=0&seo_cat=&x5=0&debut=0&seo_cat=&x17=1&debut=0 HTTP/1.1" 200 203341 "-" "Mozilla/5.0 (compatible; SERankingBacklinksBot/1.0; +https://seranking.com/backlinks-crawler)"
144.76.19.27 - - [19/Aug/2026:01:02:18 +0200] "GET /new-products.php?&seo_cat=&x5=1&debut=0&seo_cat=&x23=1&debut=0&seo_cat=&x17=1&debut=0&seo_cat=&x20=1&debut=0&seo_cat=&x17=0&debut=0&seo_cat=&x5=0&debut=0&seo_cat=&x20=0&debut=0 HTTP/1.1" 200 71086 "-" "Mozilla/5.0 (compatible; SERankingBacklinksBot/1.0; +https://seranking.com/backlinks-crawler)"
185.191.171.12 - - [19/Aug/2026:01:02:21 +0200] "GET /new-products.php?a=24&a=24&a=24&b=1&b=1&b=1&debut=0&debut=0&debut=0&debut=0&debut=0&debut=0&debut=0&debut=0&debut=0&debut=0&debut=0&debut=0&debut=24&histo_track=1&seo_cat&seo_cat&seo_cat&seo_cat&seo_cat&seo_cat&seo_cat&seo_cat&seo_cat&seo_cat&x17=0&x17=0&x17=0&x17=1&x20=1&x21=0&x21=0&x21=0&x21=1&x22=1 HTTP/1.1" 200 131088 "-" "Mozilla/5.0 (compatible; SemrushBot/7~bl; +http://www.semrush.com/bot.html)"
144.76.19.27 - - [19/Aug/2026:01:02:21 +0200] "GET /new-products.php?&seo_cat=&x5=1&debut=0&seo_cat=&x23=1&debut=0&seo_cat=&x17=1&debut=0&seo_cat=&x20=1&debut=0&seo_cat=&x17=0&debut=0&seo_cat=&x5=0&debut=0&seo_cat=&x21=1&debut=0 HTTP/1.1" 200 203697 "-" "Mozilla/5.0 (compatible; SERankingBacklinksBot/1.0; +https://seranking.com/backlinks-crawler)"
144.76.19.27 - - [19/Aug/2026:01:02:24 +0200] "GET /new-products.php?&seo_cat=&x5=1&debut=0&seo_cat=&x23=1&debut=0&seo_cat=&x17=1&debut=0&seo_cat=&x20=1&debut=0&seo_cat=&x17=0&debut=0&seo_cat=&x5=0&debut=0&seo_cat=&x23=0&debut=0 HTTP/1.1" 200 168018 "-" "Mozilla/5.0 (compatible; SERankingBacklinksBot/1.0; +https://seranking.com/backlinks-crawler)"
144.76.19.27 - - [19/Aug/2026:01:02:28 +0200] "GET /new-products.php?&seo_cat=&x5=1&debut=0&seo_cat=&x23=1&debut=0&seo_cat=&x17=1&debut=0&seo_cat=&x20=1&debut=0&seo_cat=&x20=0&debut=0&seo_cat=&x17=0&debut=0&seo_cat=&x5=0&debut=0 HTTP/1.1" 200 71118 "-" "Mozilla/5.0 (compatible; SERankingBacklinksBot/1.0; +https://seranking.com/backlinks-crawler)"
83.99.206.105 - - [19/Aug/2026:01:02:29 +0200] "GET /new-products.php?&seo_cat=&x17=1&debut=0&seo_cat=&x5=1&debut=0&seo_cat=&x21=1&debut=0&seo_cat=&x23=1&debut=0&seo_cat=&x5=0&debut=0&seo_cat=&x5=1&debut=0&seo_cat=&x23=0&debut=0&seo_cat=&x17=0&debut=0&seo_cat=&x20=1&debut=0&seo_cat=&x5=0&debut=0 HTTP/1.1" 200 205948 "-" "Mozilla/5.0 (X11; Linux x86_64) AppleWebKit/537.36 (KHTML, like Gecko; GeedoShopProductFinder) Chrome/142.0.0.0 Safari/537.36"
144.76.19.27 - - [19/Aug/2026:01:02:31 +0200] "GET /new-products.php?&seo_cat=&x5=1&debut=0&seo_cat=&x23=1&debut=0&seo_cat=&x17=1&debut=0&seo_cat=&x20=1&debut=0&seo_cat=&x20=0&debut=0&seo_cat=&x20=1&debut=0&seo_cat=&x5=0&debut=0 HTTP/1.1" 200 203281 "-" "Mozilla/5.0 (compatible; SERankingBacklinksBot/1.0; +https://seranking.com/backlinks-crawler)"
220.181.108.167 - - [19/Aug/2026:01:02:32 +0200] "GET /templates/shop/img/retour_liste_hover.png HTTP/1.1" 200 1494 "-" "Mozilla/5.0 (compatible; Baiduspider/2.0; +http://www.baidu.com/search/spider.html)"
144.76.19.27 - - [19/Aug/2026:01:02:34 +0200] "GET /new-products.php?&seo_cat=&x5=1&debut=0&seo_cat=&x23=1&debut=0&seo_cat=&x17=1&debut=0&seo_cat=&x20=1&debut=0&seo_cat=&x20=0&debut=0&seo_cat=&x21=1&debut=0&seo_cat=&x5=0&debut=0 HTTP/1.1" 200 168350 "-" "Mozilla/5.0 (compatible; SERankingBacklinksBot/1.0; +https://seranking.com/backlinks-crawler)"
144.76.19.27 - - [19/Aug/2026:01:02:38 +0200] "GET /new-products.php?&seo_cat=&x5=1&debut=0&seo_cat=&x23=1&debut=0&seo_cat=&x17=1&debut=0&seo_cat=&x20=1&debut=0&seo_cat=&x20=0&debut=0&seo_cat=&x23=0&debut=0&seo_cat=&x5=0&debut=0 HTTP/1.1" 200 93253 "-" "Mozilla/5.0 (compatible; SERankingBacklinksBot/1.0; +https://seranking.com/backlinks-crawler)"
185.191.171.14 - - [19/Aug/2026:01:02:39 +0200] "GET /new-products.php?a=24&a=24&a=24&b=1&b=1&b=1&debut=0&debut=0&debut=0&debut=0&debut=0&debut=0&debut=0&debut=0&debut=0&debut=0&debut=0&debut=0&debut=0&debut=0&debut=24&seo_cat&seo_cat&seo_cat&seo_cat&seo_cat&seo_cat&seo_cat&seo_cat&seo_cat&seo_cat&seo_cat&seo_cat&x20=1&x21=0&x21=1&x22=0&x22=0&x22=1&x23=0&x23=0&x23=1&x5=0&x5=0&x5=1 HTTP/1.1" 200 137985 "-" "Mozilla/5.0 (compatible; SemrushBot/7~bl; +http://www.semrush.com/bot.html)"
144.76.19.27 - - [19/Aug/2026:01:02:41 +0200] "GET /new-products.php?&seo_cat=&x5=1&debut=0&seo_cat=&x23=1&debut=0&seo_cat=&x17=1&debut=0&seo_cat=&x20=1&debut=0&seo_cat=&x20=0&debut=0&seo_cat=&x5=0&debut=0&seo_cat=&x17=0&debut=0 HTTP/1.1" 200 71028 "-" "Mozilla/5.0 (compatible; SERankingBacklinksBot/1.0; +https://seranking.com/backlinks-crawler)"
185.191.171.3 - - [19/Aug/2026:01:02:42 +0200] "GET /new-products.php?debut=0&debut=0&debut=0&debut=0&debut=0&debut=0&debut=0&debut=0&debut=0&debut=0&debut=0&debut=0&debut=0&debut=0&debut=0&seo_cat&seo_cat&seo_cat&seo_cat&seo_cat&seo_cat&seo_cat&seo_cat&seo_cat&seo_cat&seo_cat&seo_cat&seo_cat&seo_cat&seo_cat&x17=0&x17=0&x17=0&x17=0&x17=0&x17=1&x20=1&x21=0&x21=0&x21=0&x21=0&x21=0&x21=1&x5=0&x5=1 HTTP/1.1" 200 208757 "-" "Mozilla/5.0 (compatible; SemrushBot/7~bl; +http://www.semrush.com/bot.html)"
185.191.171.3 - - [19/Aug/2026:01:02:43 +0200] "GET /new-products.php?debut=0&debut=0&debut=0&debut=0&debut=0&debut=0&debut=0&debut=0&debut=0&debut=0&debut=0&debut=0&debut=0&debut=0&debut=0&seo_cat&seo_cat&seo_cat&seo_cat&seo_cat&seo_cat&seo_cat&seo_cat&seo_cat&seo_cat&seo_cat&seo_cat&seo_cat&seo_cat&seo_cat&x17=0&x17=0&x17=0&x17=0&x17=0&x17=1&x20=1&x21=0&x21=0&x21=0&x21=0&x21=0&x21=1&x5=0&x5=1 HTTP/1.1" 200 208829 "-" "Mozilla/5.0 (compatible; SemrushBot/7~bl; +http://www.semrush.com/bot.html)"
144.76.19.27 - - [19/Aug/2026:01:02:44 +0200] "GET /new-products.php?&seo_cat=&x5=1&debut=0&seo_cat=&x23=1&debut=0&seo_cat=&x17=1&debut=0&seo_cat=&x20=1&debut=0&seo_cat=&x20=0&debut=0&seo_cat=&x5=0&debut=0&seo_cat=&x20=1&debut=0 HTTP/1.1" 200 203285 "-" "Mozilla/5.0 (compatible; SERankingBacklinksBot/1.0; +https://seranking.com/backlinks-crawler)"
144.76.19.27 - - [19/Aug/2026:01:02:48 +0200] "GET /new-products.php?&seo_cat=&x5=1&debut=0&seo_cat=&x23=1&debut=0&seo_cat=&x17=1&debut=0&seo_cat=&x20=1&debut=0&seo_cat=&x20=0&debut=0&seo_cat=&x5=0&debut=0&seo_cat=&x21=1&debut=0 HTTP/1.1" 200 168476 "-" "Mozilla/5.0 (compatible; SERankingBacklinksBot/1.0; +https://seranking.com/backlinks-crawler)"
83.99.206.105 - - [19/Aug/2026:01:02:49 +0200] "GET /new-products.php?&seo_cat=&x17=1&debut=0&seo_cat=&x5=1&debut=0&seo_cat=&x21=1&debut=0&seo_cat=&x23=1&debut=0&histo_track=1&seo_cat=&x21=0&debut=0&seo_cat=&x17=0&debut=0 HTTP/1.1" 200 99467 "-" "Mozilla/5.0 (X11; Linux x86_64) AppleWebKit/537.36 (KHTML, like Gecko; GeedoShopProductFinder) Chrome/142.0.0.0 Safari/537.36"
144.76.19.27 - - [19/Aug/2026:01:02:51 +0200] "GET /new-products.php?&seo_cat=&x5=1&debut=0&seo_cat=&x23=1&debut=0&seo_cat=&x17=1&debut=0&seo_cat=&x20=1&debut=0&seo_cat=&x20=0&debut=0&seo_cat=&x5=0&debut=0&seo_cat=&x23=0&debut=0 HTTP/1.1" 200 93325 "-" "Mozilla/5.0 (compatible; SERankingBacklinksBot/1.0; +https://seranking.com/backlinks-crawler)"
144.76.19.27 - - [19/Aug/2026:01:02:54 +0200] "GET /new-products.php?&seo_cat=&x5=1&debut=0&seo_cat=&x23=1&debut=0&seo_cat=&x17=1&debut=0&seo_cat=&x20=1&debut=0&seo_cat=&x21=1&debut=0&seo_cat=&x17=0&debut=0&seo_cat=&x5=0&debut=0 HTTP/1.1" 200 203671 "-" "Mozilla/5.0 (compatible; SERankingBacklinksBot/1.0; +https://seranking.com/backlinks-crawler)"
144.76.19.27 - - [19/Aug/2026:01:02:58 +0200] "GET /new-products.php?&seo_cat=&x5=1&debut=0&seo_cat=&x23=1&debut=0&seo_cat=&x17=1&debut=0&seo_cat=&x20=1&debut=0&seo_cat=&x21=1&debut=0&seo_cat=&x20=0&debut=0&seo_cat=&x5=0&debut=0 HTTP/1.1" 200 168390 "-" "Mozilla/5.0 (compatible; SERankingBacklinksBot/1.0; +https://seranking.com/backlinks-crawler)"
144.76.19.27 - - [19/Aug/2026:01:03:01 +0200] "GET /new-products.php?&seo_cat=&x5=1&debut=0&seo_cat=&x23=1&debut=0&seo_cat=&x17=1&debut=0&seo_cat=&x20=1&debut=0&seo_cat=&x21=1&debut=0&seo_cat=&x21=0&debut=0&seo_cat=&x5=0&debut=0 HTTP/1.1" 200 203359 "-" "Mozilla/5.0 (compatible; SERankingBacklinksBot/1.0; +https://seranking.com/backlinks-crawler)"
144.76.19.27 - - [19/Aug/2026:01:03:04 +0200] "GET /new-products.php?&seo_cat=&x5=1&debut=0&seo_cat=&x23=1&debut=0&seo_cat=&x17=1&debut=0&seo_cat=&x20=1&debut=0&seo_cat=&x21=1&debut=0&seo_cat=&x23=0&debut=0&seo_cat=&x5=0&debut=0 HTTP/1.1" 200 203545 "-" "Mozilla/5.0 (compatible; SERankingBacklinksBot/1.0; +https://seranking.com/backlinks-crawler)"
144.76.19.27 - - [19/Aug/2026:01:03:07 +0200] "GET /new-products.php?&seo_cat=&x5=1&debut=0&seo_cat=&x23=1&debut=0&seo_cat=&x17=1&debut=0&seo_cat=&x20=1&debut=0&seo_cat=&x21=1&debut=0&seo_cat=&x5=0&debut=0&seo_cat=&x17=0&debut=0 HTTP/1.1" 200 203639 "-" "Mozilla/5.0 (compatible; SERankingBacklinksBot/1.0; +https://seranking.com/backlinks-crawler)"
83.99.206.105 - - [19/Aug/2026:01:03:09 +0200] "GET /marques.php?seo=20-lits-gigognes&histo_track=1&seo_marq=20&t47=1&debut=0&seo_marq=20&t59=1&debut=0&seo_marq=20&t58=1&debut=0&seo_marq=20&t58=0&debut=0 HTTP/1.1" 200 178895 "-" "Mozilla/5.0 (X11; Linux x86_64) AppleWebKit/537.36 (KHTML, like Gecko; GeedoShopProductFinder) Chrome/142.0.0.0 Safari/537.36"
85.208.96.208 - - [19/Aug/2026:01:03:09 +0200] "GET /new-products.php?debut=0&debut=0&debut=0&debut=0&debut=0&debut=0&debut=0&debut=0&debut=0&debut=0&debut=0&debut=0&debut=0&debut=0&debut=0&histo_track=1&seo_cat&seo_cat&seo_cat&seo_cat&seo_cat&seo_cat&seo_cat&seo_cat&seo_cat&seo_cat&seo_cat&seo_cat&seo_cat&seo_cat&seo_cat&x17=0&x17=0&x17=0&x17=1&x21=0&x21=0&x21=0&x21=0&x21=0&x21=0&x21=1&x23=0&x23=0&x23=1&x5=1 HTTP/1.1" 200 202001 "-" "Mozilla/5.0 (compatible; SemrushBot/7~bl; +http://www.semrush.com/bot.html)"
144.76.19.27 - - [19/Aug/2026:01:03:11 +0200] "GET /new-products.php?&seo_cat=&x5=1&debut=0&seo_cat=&x23=1&debut=0&seo_cat=&x17=1&debut=0&seo_cat=&x20=1&debut=0&seo_cat=&x21=1&debut=0&seo_cat=&x5=0&debut=0&seo_cat=&x20=0&debut=0 HTTP/1.1" 200 168388 "-" "Mozilla/5.0 (compatible; SERankingBacklinksBot/1.0; +https://seranking.com/backlinks-crawler)"
144.76.19.27 - - [19/Aug/2026:01:03:14 +0200] "GET /new-products.php?&seo_cat=&x5=1&debut=0&seo_cat=&x23=1&debut=0&seo_cat=&x17=1&debut=0&seo_cat=&x20=1&debut=0&seo_cat=&x21=1&debut=0&seo_cat=&x5=0&debut=0&seo_cat=&x21=0&debut=0 HTTP/1.1" 200 203335 "-" "Mozilla/5.0 (compatible; SERankingBacklinksBot/1.0; +https://seranking.com/backlinks-crawler)"
144.76.19.27 - - [19/Aug/2026:01:03:17 +0200] "GET /new-products.php?&seo_cat=&x5=1&debut=0&seo_cat=&x23=1&debut=0&seo_cat=&x17=1&debut=0&seo_cat=&x20=1&debut=0&seo_cat=&x21=1&debut=0&seo_cat=&x5=0&debut=0&seo_cat=&x23=0&debut=0 HTTP/1.1" 200 203633 "-" "Mozilla/5.0 (compatible; SERankingBacklinksBot/1.0; +https://seranking.com/backlinks-crawler)"
185.191.171.16 - - [19/Aug/2026:01:03:19 +0200] "GET /new-products.php?a=24&a=24&a=24&a=24&a=24&b=1&b=1&b=1&b=1&b=1&debut=0&debut=0&debut=0&debut=0&debut=0&debut=0&debut=0&debut=0&debut=0&debut=0&debut=0&debut=0&debut=0&debut=24&seo_cat&seo_cat&seo_cat&seo_cat&seo_cat&seo_cat&seo_cat&seo_cat&seo_cat&x20=0&x20=1&x21=0&x21=0&x21=1&x22=1&x23=0&x23=1&x5=1 HTTP/1.1" 200 137311 "-" "Mozilla/5.0 (compatible; SemrushBot/7~bl; +http://www.semrush.com/bot.html)"
144.76.19.27 - - [19/Aug/2026:01:03:20 +0200] "GET /new-products.php?&seo_cat=&x5=1&debut=0&seo_cat=&x23=1&debut=0&seo_cat=&x17=1&debut=0&seo_cat=&x20=1&debut=0&seo_cat=&x23=0&debut=0&seo_cat=&x17=0&debut=0&seo_cat=&x5=0&debut=0 HTTP/1.1" 200 168156 "-" "Mozilla/5.0 (compatible; SERankingBacklinksBot/1.0; +https://seranking.com/backlinks-crawler)"
144.76.19.27 - - [19/Aug/2026:01:03:24 +0200] "GET /new-products.php?&seo_cat=&x5=1&debut=0&seo_cat=&x23=1&debut=0&seo_cat=&x17=1&debut=0&seo_cat=&x20=1&debut=0&seo_cat=&x23=0&debut=0&seo_cat=&x20=0&debut=0&seo_cat=&x5=0&debut=0 HTTP/1.1" 200 93251 "-" "Mozilla/5.0 (compatible; SERankingBacklinksBot/1.0; +https://seranking.com/backlinks-crawler)"
144.76.19.27 - - [19/Aug/2026:01:03:27 +0200] "GET /new-products.php?&seo_cat=&x5=1&debut=0&seo_cat=&x23=1&debut=0&seo_cat=&x17=1&debut=0&seo_cat=&x20=1&debut=0&seo_cat=&x23=0&debut=0&seo_cat=&x21=1&debut=0&seo_cat=&x5=0&debut=0 HTTP/1.1" 200 203617 "-" "Mozilla/5.0 (compatible; SERankingBacklinksBot/1.0; +https://seranking.com/backlinks-crawler)"
83.99.206.105 - - [19/Aug/2026:01:03:29 +0200] "GET /marques.php?seo=20-lits-gigognes&seo_marq=20&t60=1&debut=0&seo_marq=20&t59=1&debut=0&seo_marq=20&t60=0&debut=0&seo_marq=20&t58=1&debut=0&seo_marq=20&t58=0&debut=0&seo_marq=20&t58=1&debut=0&seo_marq=20&t60=1&debut=0&seo_marq=20&t60=0&debut=0 HTTP/1.1" 200 158022 "-" "Mozilla/5.0 (X11; Linux x86_64) AppleWebKit/537.36 (KHTML, like Gecko; GeedoShopProductFinder) Chrome/142.0.0.0 Safari/537.36"
144.76.19.27 - - [19/Aug/2026:01:03:30 +0200] "GET /new-products.php?&seo_cat=&x5=1&debut=0&seo_cat=&x23=1&debut=0&seo_cat=&x17=1&debut=0&seo_cat=&x20=1&debut=0&seo_cat=&x23=0&debut=0&seo_cat=&x23=1&debut=0&seo_cat=&x5=0&debut=0 HTTP/1.1" 200 203301 "-" "Mozilla/5.0 (compatible; SERankingBacklinksBot/1.0; +https://seranking.com/backlinks-crawler)"
144.76.19.27 - - [19/Aug/2026:01:03:33 +0200] "GET /new-products.php?&seo_cat=&x5=1&debut=0&seo_cat=&x23=1&debut=0&seo_cat=&x17=1&debut=0&seo_cat=&x20=1&debut=0&seo_cat=&x23=0&debut=0&seo_cat=&x5=0&debut=0&seo_cat=&x17=0&debut=0 HTTP/1.1" 200 168020 "-" "Mozilla/5.0 (compatible; SERankingBacklinksBot/1.0; +https://seranking.com/backlinks-crawler)"
144.76.19.27 - - [19/Aug/2026:01:03:37 +0200] "GET /new-products.php?&seo_cat=&x5=1&debut=0&seo_cat=&x23=1&debut=0&seo_cat=&x17=1&debut=0&seo_cat=&x20=1&debut=0&seo_cat=&x23=0&debut=0&seo_cat=&x5=0&debut=0&seo_cat=&x20=0&debut=0 HTTP/1.1" 200 93341 "-" "Mozilla/5.0 (compatible; SERankingBacklinksBot/1.0; +https://seranking.com/backlinks-crawler)"
144.76.19.27 - - [19/Aug/2026:01:03:40 +0200] "GET /new-products.php?&seo_cat=&x5=1&debut=0&seo_cat=&x23=1&debut=0&seo_cat=&x17=1&debut=0&seo_cat=&x20=1&debut=0&seo_cat=&x23=0&debut=0&seo_cat=&x5=0&debut=0&seo_cat=&x21=1&debut=0 HTTP/1.1" 200 203535 "-" "Mozilla/5.0 (compatible; SERankingBacklinksBot/1.0; +https://seranking.com/backlinks-crawler)"
144.76.19.27 - - [19/Aug/2026:01:03:43 +0200] "GET /new-products.php?&seo_cat=&x5=1&debut=0&seo_cat=&x23=1&debut=0&seo_cat=&x17=1&debut=0&seo_cat=&x20=1&debut=0&seo_cat=&x23=0&debut=0&seo_cat=&x5=0&debut=0&seo_cat=&x23=1&debut=0 HTTP/1.1" 200 203281 "-" "Mozilla/5.0 (compatible; SERankingBacklinksBot/1.0; +https://seranking.com/backlinks-crawler)"
144.76.19.27 - - [19/Aug/2026:01:03:46 +0200] "GET /new-products.php?&seo_cat=&x5=1&debut=0&seo_cat=&x23=1&debut=0&seo_cat=&x17=1&debut=0&seo_cat=&x20=1&debut=0&seo_cat=&x5=0&debut=0&seo_cat=&x17=0&debut=0&seo_cat=&x17=1&debut=0 HTTP/1.1" 200 203341 "-" "Mozilla/5.0 (compatible; SERankingBacklinksBot/1.0; +https://seranking.com/backlinks-crawler)"
83.99.206.105 - - [19/Aug/2026:01:03:49 +0200] "GET /marques.php?seo=20-lits-gigognes&seo_marq=20&t60=1&debut=0&seo_marq=20&t47=1&debut=0&histo_track=1&seo_marq=20&t47=0&debut=0&seo_marq=20&t47=1&debut=0&seo_marq=20&t60=0&debut=0&seo_marq=20&t60=1&debut=0&seo_marq=20&t59=1&debut=0 HTTP/1.1" 200 180855 "-" "Mozilla/5.0 (X11; Linux x86_64) AppleWebKit/537.36 (KHTML, like Gecko; GeedoShopProductFinder) Chrome/142.0.0.0 Safari/537.36"
144.76.19.27 - - [19/Aug/2026:01:03:50 +0200] "GET /new-products.php?&seo_cat=&x5=1&debut=0&seo_cat=&x23=1&debut=0&seo_cat=&x17=1&debut=0&seo_cat=&x20=1&debut=0&seo_cat=&x5=0&debut=0&seo_cat=&x17=0&debut=0&seo_cat=&x20=0&debut=0 HTTP/1.1" 200 71028 "-" "Mozilla/5.0 (compatible; SERankingBacklinksBot/1.0; +https://seranking.com/backlinks-crawler)"
144.76.19.27 - - [19/Aug/2026:01:03:53 +0200] "GET /new-products.php?&seo_cat=&x5=1&debut=0&seo_cat=&x23=1&debut=0&seo_cat=&x17=1&debut=0&seo_cat=&x20=1&debut=0&seo_cat=&x5=0&debut=0&seo_cat=&x17=0&debut=0&seo_cat=&x21=1&debut=0 HTTP/1.1" 200 203685 "-" "Mozilla/5.0 (compatible; SERankingBacklinksBot/1.0; +https://seranking.com/backlinks-crawler)"
144.76.19.27 - - [19/Aug/2026:01:03:56 +0200] "GET /new-products.php?&seo_cat=&x5=1&debut=0&seo_cat=&x23=1&debut=0&seo_cat=&x17=1&debut=0&seo_cat=&x20=1&debut=0&seo_cat=&x5=0&debut=0&seo_cat=&x17=0&debut=0&seo_cat=&x23=0&debut=0 HTTP/1.1" 200 168020 "-" "Mozilla/5.0 (compatible; SERankingBacklinksBot/1.0; +https://seranking.com/backlinks-crawler)"
185.191.171.15 - - [19/Aug/2026:01:03:56 +0200] "GET /new-products.php?a=24&a=24&a=24&a=24&a=24&a=25&b=1&b=1&b=1&b=1&b=1&b=1&debut=0&debut=0&debut=0&debut=0&debut=0&debut=0&debut=0&debut=0&debut=0&debut=0&debut=0&debut=0&debut=0&debut=25&histo_track=1&seo_cat&seo_cat&seo_cat&seo_cat&seo_cat&seo_cat&seo_cat&seo_cat&x17=1&x20=0&x20=1&x5=0&x5=0&x5=0&x5=0&x5=1 HTTP/1.1" 200 84243 "-" "Mozilla/5.0 (compatible; SemrushBot/7~bl; +http://www.semrush.com/bot.html)"
185.191.171.15 - - [19/Aug/2026:01:03:59 +0200] "GET /category.php?a=24&a=24&b=1&b=1&debut=0&debut=0&debut=0&debut=0&debut=0&debut=0&debut=0&debut=0&debut=0&debut=0&debut=0&debut=0&debut=0&debut=24&seo=47-lits-gigognes&seo_cat=47&seo_cat=47&seo_cat=47&seo_cat=47&seo_cat=47&seo_cat=47&seo_cat=47&seo_cat=47&seo_cat=47&seo_cat=47&seo_cat=47&seo_cat=47&t58=1&t59=1&t60=0&t60=0&t60=0&t60=0&t60=0&t60=0&t60=1&t62=1&x20=0&x20=1 HTTP/1.1" 200 70473 "-" "Mozilla/5.0 (compatible; SemrushBot/7~bl; +http://www.semrush.com/bot.html)"
144.76.19.27 - - [19/Aug/2026:01:04:00 +0200] "GET /new-products.php?&seo_cat=&x5=1&debut=0&seo_cat=&x23=1&debut=0&seo_cat=&x17=1&debut=0&seo_cat=&x20=1&debut=0&seo_cat=&x5=0&debut=0&seo_cat=&x20=0&debut=0&seo_cat=&x17=0&debut=0 HTTP/1.1" 200 71030 "-" "Mozilla/5.0 (compatible; SERankingBacklinksBot/1.0; +https://seranking.com/backlinks-crawler)"
144.76.19.27 - - [19/Aug/2026:01:04:03 +0200] "GET /new-products.php?&seo_cat=&x5=1&debut=0&seo_cat=&x23=1&debut=0&seo_cat=&x17=1&debut=0&seo_cat=&x20=1&debut=0&seo_cat=&x5=0&debut=0&seo_cat=&x20=0&debut=0&seo_cat=&x20=1&debut=0 HTTP/1.1" 200 203373 "-" "Mozilla/5.0 (compatible; SERankingBacklinksBot/1.0; +https://seranking.com/backlinks-crawler)"
85.208.96.210 - - [19/Aug/2026:01:04:06 +0200] "GET /new-products.php?debut=0&debut=0&debut=0&debut=0&debut=0&debut=0&debut=0&debut=0&debut=0&debut=0&debut=0&debut=0&debut=0&debut=0&seo_cat&seo_cat&seo_cat&seo_cat&seo_cat&seo_cat&seo_cat&seo_cat&seo_cat&seo_cat&seo_cat&seo_cat&seo_cat&seo_cat&x17=0&x17=0&x17=0&x17=0&x17=0&x17=0&x17=1&x20=1&x21=0&x21=1&x23=1&x5=0&x5=0&x5=1 HTTP/1.1" 200 208112 "-" "Mozilla/5.0 (compatible; SemrushBot/7~bl; +http://www.semrush.com/bot.html)"
144.76.19.27 - - [19/Aug/2026:01:04:06 +0200] "GET /new-products.php?&seo_cat=&x5=1&debut=0&seo_cat=&x23=1&debut=0&seo_cat=&x17=1&debut=0&seo_cat=&x20=1&debut=0&seo_cat=&x5=0&debut=0&seo_cat=&x20=0&debut=0&seo_cat=&x21=1&debut=0 HTTP/1.1" 200 168424 "-" "Mozilla/5.0 (compatible; SERankingBacklinksBot/1.0; +https://seranking.com/backlinks-crawler)"
85.208.96.210 - - [19/Aug/2026:01:04:08 +0200] "GET /new-products.php?debut=0&debut=0&debut=0&debut=0&debut=0&debut=0&debut=0&debut=0&debut=0&debut=0&debut=0&debut=0&debut=0&debut=0&seo_cat&seo_cat&seo_cat&seo_cat&seo_cat&seo_cat&seo_cat&seo_cat&seo_cat&seo_cat&seo_cat&seo_cat&seo_cat&seo_cat&x17=0&x17=0&x17=0&x17=0&x17=0&x17=0&x17=1&x20=1&x21=0&x21=1&x23=1&x5=0&x5=0&x5=1 HTTP/1.1" 200 208098 "-" "Mozilla/5.0 (compatible; SemrushBot/7~bl; +http://www.semrush.com/bot.html)"
83.99.206.105 - - [19/Aug/2026:01:04:09 +0200] "GET /marques.php?seo=20-lits-gigognes&seo_marq=20&t60=1&debut=0&seo_marq=20&t60=0&debut=0&seo_marq=20&t58=1&debut=0&seo_marq=20&t59=1&debut=0&seo_marq=20&t59=0&debut=0&seo_marq=20&t58=0&debut=0&seo_marq=20&t58=1&debut=0 HTTP/1.1" 200 123026 "-" "Mozilla/5.0 (X11; Linux x86_64) AppleWebKit/537.36 (KHTML, like Gecko; GeedoShopProductFinder) Chrome/142.0.0.0 Safari/537.36"
144.76.19.27 - - [19/Aug/2026:01:04:09 +0200] "GET /new-products.php?&seo_cat=&x5=1&debut=0&seo_cat=&x23=1&debut=0&seo_cat=&x17=1&debut=0&seo_cat=&x20=1&debut=0&seo_cat=&x5=0&debut=0&seo_cat=&x20=0&debut=0&seo_cat=&x23=0&debut=0 HTTP/1.1" 200 93311 "-" "Mozilla/5.0 (compatible; SERankingBacklinksBot/1.0; +https://seranking.com/backlinks-crawler)"
144.76.19.27 - - [19/Aug/2026:01:04:13 +0200] "GET /new-products.php?&seo_cat=&x5=1&debut=0&seo_cat=&x23=1&debut=0&seo_cat=&x17=1&debut=0&seo_cat=&x20=1&debut=0&seo_cat=&x5=0&debut=0&seo_cat=&x21=1&debut=0&seo_cat=&x17=0&debut=0 HTTP/1.1" 200 203709 "-" "Mozilla/5.0 (compatible; SERankingBacklinksBot/1.0; +https://seranking.com/backlinks-crawler)"
185.191.171.9 - - [19/Aug/2026:01:04:14 +0200] "GET /new-products.php?a=24&a=24&b=1&b=1&debut=0&debut=0&debut=0&debut=0&debut=0&debut=0&debut=0&debut=0&debut=0&debut=0&debut=0&debut=0&debut=0&debut=24&seo_cat&seo_cat&seo_cat&seo_cat&seo_cat&seo_cat&seo_cat&seo_cat&seo_cat&seo_cat&seo_cat&seo_cat&x17=0&x17=0&x17=1&x20=1&x21=0&x21=0&x21=0&x21=1&x22=0&x22=0&x22=0&x22=1 HTTP/1.1" 200 131400 "-" "Mozilla/5.0 (compatible; SemrushBot/7~bl; +http://www.semrush.com/bot.html)"
144.76.19.27 - - [19/Aug/2026:01:04:16 +0200] "GET /new-products.php?&seo_cat=&x5=1&debut=0&seo_cat=&x23=1&debut=0&seo_cat=&x17=1&debut=0&seo_cat=&x20=1&debut=0&seo_cat=&x5=0&debut=0&seo_cat=&x21=1&debut=0&seo_cat=&x20=0&debut=0 HTTP/1.1" 200 168398 "-" "Mozilla/5.0 (compatible; SERankingBacklinksBot/1.0; +https://seranking.com/backlinks-crawler)"
185.191.171.13 - - [19/Aug/2026:01:04:18 +0200] "GET /new-products.php?a=25&b=1&debut=0&debut=0&debut=0&debut=0&debut=0&debut=0&debut=0&debut=0&debut=0&debut=0&debut=0&debut=0&debut=25&seo_cat&seo_cat&seo_cat&seo_cat&seo_cat&seo_cat&seo_cat&seo_cat&seo_cat&seo_cat&seo_cat&seo_cat&x17=0&x17=1&x20=1&x21=0&x21=1&x22=0&x22=0&x22=1&x23=1&x5=0&x5=0&x5=1 HTTP/1.1" 200 160588 "-" "Mozilla/5.0 (compatible; SemrushBot/7~bl; +http://www.semrush.com/bot.html)"
144.76.19.27 - - [19/Aug/2026:01:04:19 +0200] "GET /new-products.php?&seo_cat=&x5=1&debut=0&seo_cat=&x23=1&debut=0&seo_cat=&x17=1&debut=0&seo_cat=&x20=1&debut=0&seo_cat=&x5=0&debut=0&seo_cat=&x21=1&debut=0&seo_cat=&x21=0&debut=0 HTTP/1.1" 200 203373 "-" "Mozilla/5.0 (compatible; SERankingBacklinksBot/1.0; +https://seranking.com/backlinks-crawler)"
85.208.96.202 - - [19/Aug/2026:01:04:21 +0200] "GET /new-products.php?a=24&a=24&a=24&a=24&a=24&a=24&a=24&a=24&a=24&a=24&b=1&b=1&b=1&b=1&b=1&b=1&b=1&b=1&b=1&b=1&debut=0&debut=0&debut=0&debut=0&debut=0&debut=0&debut=0&debut=0&debut=0&debut=0&debut=0&debut=0&debut=0&debut=0&debut=0&debut=24&seo_cat&seo_cat&seo_cat&seo_cat&seo_cat&seo_cat&x20=1&x22=1&x23=0&x23=0&x23=1&x5=1 HTTP/1.1" 200 64507 "-" "Mozilla/5.0 (compatible; SemrushBot/7~bl; +http://www.semrush.com/bot.html)"
85.208.96.202 - - [19/Aug/2026:01:04:21 +0200] "GET /new-products.php?a=24&a=24&a=24&a=24&a=24&a=24&a=24&a=24&a=24&a=24&b=1&b=1&b=1&b=1&b=1&b=1&b=1&b=1&b=1&b=1&debut=0&debut=0&debut=0&debut=0&debut=0&debut=0&debut=0&debut=0&debut=0&debut=0&debut=0&debut=0&debut=0&debut=0&debut=0&debut=24&seo_cat&seo_cat&seo_cat&seo_cat&seo_cat&seo_cat&x20=1&x22=1&x23=0&x23=0&x23=1&x5=1 HTTP/1.1" 200 64257 "-" "Mozilla/5.0 (compatible; SemrushBot/7~bl; +http://www.semrush.com/bot.html)"
144.76.19.27 - - [19/Aug/2026:01:04:22 +0200] "GET /new-products.php?&seo_cat=&x5=1&debut=0&seo_cat=&x23=1&debut=0&seo_cat=&x17=1&debut=0&seo_cat=&x20=1&debut=0&seo_cat=&x5=0&debut=0&seo_cat=&x21=1&debut=0&seo_cat=&x23=0&debut=0 HTTP/1.1" 200 203609 "-" "Mozilla/5.0 (compatible; SERankingBacklinksBot/1.0; +https://seranking.com/backlinks-crawler)"
85.208.96.212 - - [19/Aug/2026:01:04:23 +0200] "GET /new-products.php?a=24&a=24&a=24&a=24&a=24&a=24&a=25&b=1&b=1&b=1&b=1&b=1&b=1&b=1&debut=0&debut=0&debut=0&debut=0&debut=0&debut=0&debut=0&debut=0&debut=0&debut=24&debut=24&debut=24&debut=24&debut=24&debut=25&debut=48&histo_track=1&seo_cat&seo_cat&seo_cat&seo_cat&seo_cat&seo_cat&seo_cat&seo_cat&seo_cat&x17=0&x17=0&x17=1&x20=0&x20=0&x20=1&x21=1&x23=0&x23=1 HTTP/1.1" 200 64437 "-" "Mozilla/5.0 (compatible; SemrushBot/7~bl; +http://www.semrush.com/bot.html)"
85.208.96.212 - - [19/Aug/2026:01:04:24 +0200] "GET /new-products.php?a=24&a=24&a=24&a=24&a=24&a=24&a=25&b=1&b=1&b=1&b=1&b=1&b=1&b=1&debut=0&debut=0&debut=0&debut=0&debut=0&debut=0&debut=0&debut=0&debut=0&debut=24&debut=24&debut=24&debut=24&debut=24&debut=25&debut=48&histo_track=1&seo_cat&seo_cat&seo_cat&seo_cat&seo_cat&seo_cat&seo_cat&seo_cat&seo_cat&x17=0&x17=0&x17=1&x20=0&x20=0&x20=1&x21=1&x23=0&x23=1 HTTP/1.1" 200 64513 "-" "Mozilla/5.0 (compatible; SemrushBot/7~bl; +http://www.semrush.com/bot.html)"
144.76.19.27 - - [19/Aug/2026:01:04:26 +0200] "GET /new-products.php?&seo_cat=&x5=1&debut=0&seo_cat=&x23=1&debut=0&seo_cat=&x21=1&debut=0&seo_cat=&x21=0&debut=0&seo_cat=&x23=0&debut=0&seo_cat=&x20=1&debut=0&seo_cat=&x17=1&debut=0 HTTP/1.1" 200 203574 "-" "Mozilla/5.0 (compatible; SERankingBacklinksBot/1.0; +https://seranking.com/backlinks-crawler)"
144.76.19.27 - - [19/Aug/2026:01:04:29 +0200] "GET /new-products.php?&seo_cat=&x5=1&debut=0&seo_cat=&x23=1&debut=0&seo_cat=&x17=1&debut=0&seo_cat=&x20=1&debut=0&seo_cat=&x5=0&debut=0&seo_cat=&x23=0&debut=0&seo_cat=&x17=0&debut=0 HTTP/1.1" 200 168018 "-" "Mozilla/5.0 (compatible; SERankingBacklinksBot/1.0; +https://seranking.com/backlinks-crawler)"
144.76.19.27 - - [19/Aug/2026:01:04:32 +0200] "GET /new-products.php?&seo_cat=&x5=1&debut=0&seo_cat=&x23=1&debut=0&seo_cat=&x17=1&debut=0&seo_cat=&x20=1&debut=0&seo_cat=&x5=0&debut=0&seo_cat=&x23=0&debut=0&seo_cat=&x20=0&debut=0 HTTP/1.1" 200 93251 "-" "Mozilla/5.0 (compatible; SERankingBacklinksBot/1.0; +https://seranking.com/backlinks-crawler)"
144.76.19.27 - - [19/Aug/2026:01:04:35 +0200] "GET /new-products.php?&seo_cat=&x5=1&debut=0&seo_cat=&x23=1&debut=0&seo_cat=&x17=1&debut=0&seo_cat=&x20=1&debut=0&seo_cat=&x5=0&debut=0&seo_cat=&x23=0&debut=0&seo_cat=&x21=1&debut=0 HTTP/1.1" 200 203543 "-" "Mozilla/5.0 (compatible; SERankingBacklinksBot/1.0; +https://seranking.com/backlinks-crawler)"
85.208.96.210 - - [19/Aug/2026:01:04:37 +0200] "GET /marques.php?a=24&a=24&a=24&a=24&a=24&a=24&a=24&a=24&b=1&b=1&b=1&b=1&b=1&b=1&b=1&b=1&debut=0&debut=0&debut=0&debut=0&debut=0&debut=0&debut=0&debut=0&debut=0&debut=0&debut=0&debut=0&debut=0&debut=0&debut=24&histo_track=1&seo=20-lits-gigognes&seo_marq=20&seo_marq=20&seo_marq=20&seo_marq=20&seo_marq=20&seo_marq=20&seo_marq=20&t47=0&t47=1&t58=0&t58=1&t59=0&t59=1&t60=1 HTTP/1.1" 200 64396 "-" "Mozilla/5.0 (compatible; SemrushBot/7~bl; +http://www.semrush.com/bot.html)"
144.76.19.27 - - [19/Aug/2026:01:04:39 +0200] "GET /new-products.php?&seo_cat=&x5=1&debut=0&seo_cat=&x23=1&debut=0&seo_cat=&x17=1&debut=0&seo_cat=&x20=1&debut=0&seo_cat=&x5=0&debut=0&seo_cat=&x23=0&debut=0&seo_cat=&x23=1&debut=0 HTTP/1.1" 200 203285 "-" "Mozilla/5.0 (compatible; SERankingBacklinksBot/1.0; +https://seranking.com/backlinks-crawler)"
85.208.96.201 - - [19/Aug/2026:01:04:41 +0200] "GET /new-products.php?a=24&a=24&b=1&b=1&debut=0&debut=0&debut=0&debut=0&debut=0&debut=0&debut=0&debut=0&debut=0&debut=0&debut=0&debut=24&histo_track=1&seo_cat&seo_cat&seo_cat&seo_cat&seo_cat&seo_cat&seo_cat&seo_cat&seo_cat&seo_cat&x20=0&x20=0&x20=1&x21=0&x21=1&x23=0&x23=1&x5=0&x5=0&x5=1 HTTP/1.1" 200 137002 "-" "Mozilla/5.0 (compatible; SemrushBot/7~bl; +http://www.semrush.com/bot.html)"
144.76.19.27 - - [19/Aug/2026:01:04:42 +0200] "GET /new-products.php?&seo_cat=&x5=1&debut=0&seo_cat=&x23=1&debut=0&seo_cat=&x17=1&debut=0&seo_cat=&x21=1&debut=0&seo_cat=&x17=0&debut=0&seo_cat=&x17=1&debut=0&seo_cat=&x5=0&debut=0 HTTP/1.1" 200 168590 "-" "Mozilla/5.0 (compatible; SERankingBacklinksBot/1.0; +https://seranking.com/backlinks-crawler)"
144.76.19.27 - - [19/Aug/2026:01:04:45 +0200] "GET /new-products.php?&seo_cat=&x5=1&debut=0&seo_cat=&x23=1&debut=0&seo_cat=&x17=1&debut=0&seo_cat=&x21=1&debut=0&seo_cat=&x17=0&debut=0&seo_cat=&x20=1&debut=0&seo_cat=&x5=0&debut=0 HTTP/1.1" 200 203679 "-" "Mozilla/5.0 (compatible; SERankingBacklinksBot/1.0; +https://seranking.com/backlinks-crawler)"
144.76.19.27 - - [19/Aug/2026:01:04:49 +0200] "GET /new-products.php?&seo_cat=&x5=1&debut=0&seo_cat=&x23=1&debut=0&seo_cat=&x17=1&debut=0&seo_cat=&x21=1&debut=0&seo_cat=&x17=0&debut=0&seo_cat=&x21=0&debut=0&seo_cat=&x5=0&debut=0 HTTP/1.1" 200 71098 "-" "Mozilla/5.0 (compatible; SERankingBacklinksBot/1.0; +https://seranking.com/backlinks-crawler)"
144.76.19.27 - - [19/Aug/2026:01:04:52 +0200] "GET /new-products.php?&seo_cat=&x5=1&debut=0&seo_cat=&x23=1&debut=0&seo_cat=&x17=1&debut=0&seo_cat=&x21=1&debut=0&seo_cat=&x17=0&debut=0&seo_cat=&x23=0&debut=0&seo_cat=&x5=0&debut=0 HTTP/1.1" 200 133593 "-" "Mozilla/5.0 (compatible; SERankingBacklinksBot/1.0; +https://seranking.com/backlinks-crawler)"
144.76.19.27 - - [19/Aug/2026:01:04:55 +0200] "GET /new-products.php?&seo_cat=&x5=1&debut=0&seo_cat=&x23=1&debut=0&seo_cat=&x17=1&debut=0&seo_cat=&x21=1&debut=0&seo_cat=&x17=0&debut=0&seo_cat=&x5=0&debut=0&seo_cat=&x17=1&debut=0 HTTP/1.1" 200 168330 "-" "Mozilla/5.0 (compatible; SERankingBacklinksBot/1.0; +https://seranking.com/backlinks-crawler)"
144.76.19.27 - - [19/Aug/2026:01:04:58 +0200] "GET /new-products.php?&seo_cat=&x5=1&debut=0&seo_cat=&x23=1&debut=0&seo_cat=&x17=1&debut=0&seo_cat=&x21=1&debut=0&seo_cat=&x17=0&debut=0&seo_cat=&x5=0&debut=0&seo_cat=&x20=1&debut=0 HTTP/1.1" 200 203709 "-" "Mozilla/5.0 (compatible; SERankingBacklinksBot/1.0; +https://seranking.com/backlinks-crawler)"
144.76.19.27 - - [19/Aug/2026:01:05:03 +0200] "GET /new-products.php?&seo_cat=&x5=1&debut=0&seo_cat=&x23=1&debut=0&seo_cat=&x17=1&debut=0&seo_cat=&x21=1&debut=0&seo_cat=&x17=0&debut=0&seo_cat=&x5=0&debut=0&seo_cat=&x21=0&debut=0 HTTP/1.1" 200 71116 "-" "Mozilla/5.0 (compatible; SERankingBacklinksBot/1.0; +https://seranking.com/backlinks-crawler)"
144.76.19.27 - - [19/Aug/2026:01:05:06 +0200] "GET /new-products.php?&seo_cat=&x5=1&debut=0&seo_cat=&x23=1&debut=0&seo_cat=&x17=1&debut=0&seo_cat=&x21=1&debut=0&seo_cat=&x17=0&debut=0&seo_cat=&x5=0&debut=0&seo_cat=&x23=0&debut=0 HTTP/1.1" 200 133605 "-" "Mozilla/5.0 (compatible; SERankingBacklinksBot/1.0; +https://seranking.com/backlinks-crawler)"
144.76.19.27 - - [19/Aug/2026:01:05:09 +0200] "GET /new-products.php?&seo_cat=&x5=1&debut=0&seo_cat=&x23=1&debut=0&seo_cat=&x17=1&debut=0&seo_cat=&x21=1&debut=0&seo_cat=&x20=1&debut=0&seo_cat=&x17=0&debut=0&seo_cat=&x5=0&debut=0 HTTP/1.1" 200 203679 "-" "Mozilla/5.0 (compatible; SERankingBacklinksBot/1.0; +https://seranking.com/backlinks-crawler)"
144.76.19.27 - - [19/Aug/2026:01:05:12 +0200] "GET /new-products.php?&seo_cat=&x5=1&debut=0&seo_cat=&x23=1&debut=0&seo_cat=&x17=1&debut=0&seo_cat=&x21=1&debut=0&seo_cat=&x20=1&debut=0&seo_cat=&x20=0&debut=0&seo_cat=&x5=0&debut=0 HTTP/1.1" 200 168388 "-" "Mozilla/5.0 (compatible; SERankingBacklinksBot/1.0; +https://seranking.com/backlinks-crawler)"
185.191.171.11 - - [19/Aug/2026:01:05:14 +0200] "GET /new-products.php?debut=0&debut=0&debut=0&debut=0&debut=0&debut=0&debut=0&debut=0&debut=0&debut=0&debut=0&debut=0&debut=0&debut=0&debut=0&seo_cat&seo_cat&seo_cat&seo_cat&seo_cat&seo_cat&seo_cat&seo_cat&seo_cat&seo_cat&seo_cat&seo_cat&seo_cat&seo_cat&seo_cat&x17=1&x20=1&x21=0&x21=1&x22=1&x23=0&x23=0&x23=0&x23=0&x23=0&x23=0&x23=1&x5=0&x5=0&x5=1 HTTP/1.1" 200 208724 "-" "Mozilla/5.0 (compatible; SemrushBot/7~bl; +http://www.semrush.com/bot.html)"
144.76.19.27 - - [19/Aug/2026:01:05:16 +0200] "GET /new-products.php?&seo_cat=&x5=1&debut=0&seo_cat=&x23=1&debut=0&seo_cat=&x17=1&debut=0&seo_cat=&x21=1&debut=0&seo_cat=&x20=1&debut=0&seo_cat=&x21=0&debut=0&seo_cat=&x5=0&debut=0 HTTP/1.1" 200 203373 "-" "Mozilla/5.0 (compatible; SERankingBacklinksBot/1.0; +https://seranking.com/backlinks-crawler)"
144.76.19.27 - - [19/Aug/2026:01:05:19 +0200] "GET /new-products.php?&seo_cat=&x5=1&debut=0&seo_cat=&x23=1&debut=0&seo_cat=&x17=1&debut=0&seo_cat=&x21=1&debut=0&seo_cat=&x20=1&debut=0&seo_cat=&x23=0&debut=0&seo_cat=&x5=0&debut=0 HTTP/1.1" 200 203681 "-" "Mozilla/5.0 (compatible; SERankingBacklinksBot/1.0; +https://seranking.com/backlinks-crawler)"
185.191.171.11 - - [19/Aug/2026:01:05:19 +0200] "GET /new-products.php?debut=0&debut=0&debut=0&debut=0&debut=0&debut=0&debut=0&debut=0&debut=0&debut=0&debut=0&debut=0&debut=0&debut=0&debut=0&seo_cat&seo_cat&seo_cat&seo_cat&seo_cat&seo_cat&seo_cat&seo_cat&seo_cat&seo_cat&seo_cat&seo_cat&seo_cat&seo_cat&seo_cat&x17=1&x20=1&x21=0&x21=1&x22=1&x23=0&x23=0&x23=0&x23=0&x23=0&x23=0&x23=1&x5=0&x5=0&x5=1 HTTP/1.1" 200 208722 "-" "Mozilla/5.0 (compatible; SemrushBot/7~bl; +http://www.semrush.com/bot.html)"
144.76.19.27 - - [19/Aug/2026:01:05:22 +0200] "GET /new-products.php?&seo_cat=&x5=1&debut=0&seo_cat=&x23=1&debut=0&seo_cat=&x17=1&debut=0&seo_cat=&x21=1&debut=0&seo_cat=&x20=1&debut=0&seo_cat=&x5=0&debut=0&seo_cat=&x17=0&debut=0 HTTP/1.1" 200 203691 "-" "Mozilla/5.0 (compatible; SERankingBacklinksBot/1.0; +https://seranking.com/backlinks-crawler)"
144.76.19.27 - - [19/Aug/2026:01:05:25 +0200] "GET /new-products.php?&seo_cat=&x5=1&debut=0&seo_cat=&x23=1&debut=0&seo_cat=&x17=1&debut=0&seo_cat=&x21=1&debut=0&seo_cat=&x20=1&debut=0&seo_cat=&x5=0&debut=0&seo_cat=&x20=0&debut=0 HTTP/1.1" 200 168350 "-" "Mozilla/5.0 (compatible; SERankingBacklinksBot/1.0; +https://seranking.com/backlinks-crawler)"
185.191.171.8 - - [19/Aug/2026:01:05:26 +0200] "GET /category.php?debut=0&debut=0&debut=0&debut=0&debut=0&debut=0&debut=0&debut=0&debut=0&debut=0&debut=0&debut=0&histo_track=1&seo=47-lits-gigognes&seo_cat=47&seo_cat=47&seo_cat=47&seo_cat=47&seo_cat=47&seo_cat=47&seo_cat=47&seo_cat=47&seo_cat=47&seo_cat=47&seo_cat=47&seo_cat=47&t59=0&t59=1&t60=0&t60=1&t62=0&t62=0&t62=0&t62=0&t62=0&t62=1&x20=0&x20=1 HTTP/1.1" 200 131136 "-" "Mozilla/5.0 (compatible; SemrushBot/7~bl; +http://www.semrush.com/bot.html)"
144.76.19.27 - - [19/Aug/2026:01:05:29 +0200] "GET /new-products.php?&seo_cat=&x5=1&debut=0&seo_cat=&x23=1&debut=0&seo_cat=&x17=1&debut=0&seo_cat=&x21=1&debut=0&seo_cat=&x20=1&debut=0&seo_cat=&x5=0&debut=0&seo_cat=&x21=0&debut=0 HTTP/1.1" 200 203315 "-" "Mozilla/5.0 (compatible; SERankingBacklinksBot/1.0; +https://seranking.com/backlinks-crawler)"
144.76.19.27 - - [19/Aug/2026:01:05:32 +0200] "GET /new-products.php?&seo_cat=&x5=1&debut=0&seo_cat=&x23=1&debut=0&seo_cat=&x17=1&debut=0&seo_cat=&x21=1&debut=0&seo_cat=&x20=1&debut=0&seo_cat=&x5=0&debut=0&seo_cat=&x23=0&debut=0 HTTP/1.1" 200 203633 "-" "Mozilla/5.0 (compatible; SERankingBacklinksBot/1.0; +https://seranking.com/backlinks-crawler)"
144.76.19.27 - - [19/Aug/2026:01:05:35 +0200] "GET /new-products.php?&seo_cat=&x5=1&debut=0&seo_cat=&x23=1&debut=0&seo_cat=&x17=1&debut=0&seo_cat=&x21=1&debut=0&seo_cat=&x21=0&debut=0&seo_cat=&x17=0&debut=0&seo_cat=&x5=0&debut=0 HTTP/1.1" 200 71100 "-" "Mozilla/5.0 (compatible; SERankingBacklinksBot/1.0; +https://seranking.com/backlinks-crawler)"
144.76.19.27 - - [19/Aug/2026:01:05:39 +0200] "GET /new-products.php?&seo_cat=&x5=1&debut=0&seo_cat=&x23=1&debut=0&seo_cat=&x17=1&debut=0&seo_cat=&x21=1&debut=0&seo_cat=&x21=0&debut=0&seo_cat=&x20=1&debut=0&seo_cat=&x5=0&debut=0 HTTP/1.1" 200 203315 "-" "Mozilla/5.0 (compatible; SERankingBacklinksBot/1.0; +https://seranking.com/backlinks-crawler)"
85.208.96.203 - - [19/Aug/2026:01:05:39 +0200] "GET /new-products.php?a=25&a=25&b=1&b=1&debut=0&debut=0&debut=0&debut=0&debut=0&debut=0&debut=0&debut=0&debut=0&debut=0&debut=0&debut=0&debut=25&seo_cat&seo_cat&seo_cat&seo_cat&seo_cat&seo_cat&seo_cat&seo_cat&seo_cat&seo_cat&seo_cat&x17=1&x20=0&x20=1&x21=0&x21=0&x21=1&x22=0&x22=1&x23=0&x23=0&x23=1 HTTP/1.1" 200 131653 "-" "Mozilla/5.0 (compatible; SemrushBot/7~bl; +http://www.semrush.com/bot.html)"
144.76.19.27 - - [19/Aug/2026:01:05:42 +0200] "GET /new-products.php?&seo_cat=&x5=1&debut=0&seo_cat=&x23=1&debut=0&seo_cat=&x17=1&debut=0&seo_cat=&x21=1&debut=0&seo_cat=&x21=0&debut=0&seo_cat=&x21=1&debut=0&seo_cat=&x5=0&debut=0 HTTP/1.1" 200 168338 "-" "Mozilla/5.0 (compatible; SERankingBacklinksBot/1.0; +https://seranking.com/backlinks-crawler)"
144.76.19.27 - - [19/Aug/2026:01:05:45 +0200] "GET /new-products.php?&seo_cat=&x5=1&debut=0&seo_cat=&x23=1&debut=0&seo_cat=&x17=1&debut=0&seo_cat=&x21=1&debut=0&seo_cat=&x21=0&debut=0&seo_cat=&x23=0&debut=0&seo_cat=&x5=0&debut=0 HTTP/1.1" 200 93317 "-" "Mozilla/5.0 (compatible; SERankingBacklinksBot/1.0; +https://seranking.com/backlinks-crawler)"
85.208.96.211 - - [19/Aug/2026:01:05:47 +0200] "GET /robots.txt HTTP/1.1" 200 135 "-" "Mozilla/5.0 (compatible; SemrushBot/7~bl; +http://www.semrush.com/bot.html)"
185.191.171.15 - - [19/Aug/2026:01:05:48 +0200] "GET /new-products.php?a=24&a=24&a=25&a=25&a=25&a=25&a=25&a=25&b=1&b=1&b=1&b=1&b=1&b=1&b=1&b=1&debut=0&debut=0&debut=0&debut=0&debut=0&debut=0&debut=0&debut=0&debut=0&debut=0&debut=0&debut=0&debut=0&debut=0&debut=0&debut=25&histo_track=1&seo_cat&seo_cat&seo_cat&seo_cat&seo_cat&seo_cat&seo_cat&seo_cat&x17=1&x20=0&x20=1&x21=0&x21=1&x23=1&x5=0&x5=1 HTTP/1.1" 200 161739 "-" "Mozilla/5.0 (compatible; SemrushBot/7~bl; +http://www.semrush.com/bot.html)"
144.76.19.27 - - [19/Aug/2026:01:05:48 +0200] "GET /new-products.php?&seo_cat=&x5=1&debut=0&seo_cat=&x23=1&debut=0&seo_cat=&x17=1&debut=0&seo_cat=&x21=1&debut=0&seo_cat=&x21=0&debut=0&seo_cat=&x5=0&debut=0&seo_cat=&x17=0&debut=0 HTTP/1.1" 200 71032 "-" "Mozilla/5.0 (compatible; SERankingBacklinksBot/1.0; +https://seranking.com/backlinks-crawler)"
144.76.19.27 - - [19/Aug/2026:01:05:52 +0200] "GET /new-products.php?&seo_cat=&x5=1&debut=0&seo_cat=&x23=1&debut=0&seo_cat=&x17=1&debut=0&seo_cat=&x21=1&debut=0&seo_cat=&x21=0&debut=0&seo_cat=&x5=0&debut=0&seo_cat=&x20=1&debut=0 HTTP/1.1" 200 203355 "-" "Mozilla/5.0 (compatible; SERankingBacklinksBot/1.0; +https://seranking.com/backlinks-crawler)"
144.76.19.27 - - [19/Aug/2026:01:05:55 +0200] "GET /new-products.php?&seo_cat=&x5=1&debut=0&seo_cat=&x23=1&debut=0&seo_cat=&x17=1&debut=0&seo_cat=&x21=1&debut=0&seo_cat=&x21=0&debut=0&seo_cat=&x5=0&debut=0&seo_cat=&x21=1&debut=0 HTTP/1.1" 200 168388 "-" "Mozilla/5.0 (compatible; SERankingBacklinksBot/1.0; +https://seranking.com/backlinks-crawler)"
144.76.19.27 - - [19/Aug/2026:01:05:58 +0200] "GET /new-products.php?&seo_cat=&x5=1&debut=0&seo_cat=&x23=1&debut=0&seo_cat=&x17=1&debut=0&seo_cat=&x21=1&debut=0&seo_cat=&x21=0&debut=0&seo_cat=&x5=0&debut=0&seo_cat=&x23=0&debut=0 HTTP/1.1" 200 93301 "-" "Mozilla/5.0 (compatible; SERankingBacklinksBot/1.0; +https://seranking.com/backlinks-crawler)"
144.76.19.27 - - [19/Aug/2026:01:06:01 +0200] "GET /new-products.php?&seo_cat=&x5=1&debut=0&seo_cat=&x23=1&debut=0&seo_cat=&x17=1&debut=0&seo_cat=&x21=1&debut=0&seo_cat=&x23=0&debut=0&seo_cat=&x17=0&debut=0&seo_cat=&x5=0&debut=0 HTTP/1.1" 200 133587 "-" "Mozilla/5.0 (compatible; SERankingBacklinksBot/1.0; +https://seranking.com/backlinks-crawler)"
83.99.206.253 - - [19/Aug/2026:01:06:03 +0200] "GET /new-products.php?&seo_cat=&x17=1&debut=0&seo_cat=&x5=1&debut=0&seo_cat=&x21=1&debut=0&seo_cat=&x20=1&debut=0&seo_cat=&x23=1&debut=0&seo_cat=&x5=0&debut=0&histo_track=1 HTTP/1.1" 200 203268 "-" "Mozilla/5.0 (X11; Linux x86_64) AppleWebKit/537.36 (KHTML, like Gecko; GeedoShopProductFinder) Chrome/142.0.0.0 Safari/537.36"
185.191.171.3 - - [19/Aug/2026:01:06:04 +0200] "GET /new-products.php?debut=0&debut=0&debut=0&debut=0&debut=0&debut=0&debut=0&debut=0&debut=0&debut=0&histo_track=1&seo_cat&seo_cat&seo_cat&seo_cat&seo_cat&seo_cat&seo_cat&seo_cat&seo_cat&seo_cat&x17=0&x17=0&x17=0&x17=0&x17=1&x20=1&x23=1&x5=0&x5=0&x5=1 HTTP/1.1" 200 205685 "-" "Mozilla/5.0 (compatible; SemrushBot/7~bl; +http://www.semrush.com/bot.html)"
144.76.19.27 - - [19/Aug/2026:01:06:05 +0200] "GET /new-products.php?&seo_cat=&x5=1&debut=0&seo_cat=&x23=1&debut=0&seo_cat=&x17=1&debut=0&seo_cat=&x21=1&debut=0&seo_cat=&x23=0&debut=0&seo_cat=&x20=1&debut=0&seo_cat=&x5=0&debut=0 HTTP/1.1" 200 203543 "-" "Mozilla/5.0 (compatible; SERankingBacklinksBot/1.0; +https://seranking.com/backlinks-crawler)"
185.191.171.3 - - [19/Aug/2026:01:06:05 +0200] "GET /new-products.php?debut=0&debut=0&debut=0&debut=0&debut=0&debut=0&debut=0&debut=0&debut=0&debut=0&histo_track=1&seo_cat&seo_cat&seo_cat&seo_cat&seo_cat&seo_cat&seo_cat&seo_cat&seo_cat&seo_cat&x17=0&x17=0&x17=0&x17=0&x17=1&x20=1&x23=1&x5=0&x5=0&x5=1 HTTP/1.1" 200 205691 "-" "Mozilla/5.0 (compatible; SemrushBot/7~bl; +http://www.semrush.com/bot.html)"
144.76.19.27 - - [19/Aug/2026:01:06:08 +0200] "GET /new-products.php?&seo_cat=&x5=1&debut=0&seo_cat=&x23=1&debut=0&seo_cat=&x17=1&debut=0&seo_cat=&x21=1&debut=0&seo_cat=&x23=0&debut=0&seo_cat=&x21=0&debut=0&seo_cat=&x5=0&debut=0 HTTP/1.1" 200 93255 "-" "Mozilla/5.0 (compatible; SERankingBacklinksBot/1.0; +https://seranking.com/backlinks-crawler)"
144.76.19.27 - - [19/Aug/2026:01:06:11 +0200] "GET /new-products.php?&seo_cat=&x5=1&debut=0&seo_cat=&x23=1&debut=0&seo_cat=&x17=1&debut=0&seo_cat=&x21=1&debut=0&seo_cat=&x23=0&debut=0&seo_cat=&x23=1&debut=0&seo_cat=&x5=0&debut=0 HTTP/1.1" 200 168412 "-" "Mozilla/5.0 (compatible; SERankingBacklinksBot/1.0; +https://seranking.com/backlinks-crawler)"
144.76.19.27 - - [19/Aug/2026:01:06:14 +0200] "GET /new-products.php?&seo_cat=&x5=1&debut=0&seo_cat=&x23=1&debut=0&seo_cat=&x17=1&debut=0&seo_cat=&x21=1&debut=0&seo_cat=&x23=0&debut=0&seo_cat=&x5=0&debut=0&seo_cat=&x17=0&debut=0 HTTP/1.1" 200 133587 "-" "Mozilla/5.0 (compatible; SERankingBacklinksBot/1.0; +https://seranking.com/backlinks-crawler)"
144.76.19.27 - - [19/Aug/2026:01:06:18 +0200] "GET /new-products.php?&seo_cat=&x5=1&debut=0&seo_cat=&x23=1&debut=0&seo_cat=&x17=1&debut=0&seo_cat=&x21=1&debut=0&seo_cat=&x23=0&debut=0&seo_cat=&x5=0&debut=0&seo_cat=&x20=1&debut=0 HTTP/1.1" 200 203603 "-" "Mozilla/5.0 (compatible; SERankingBacklinksBot/1.0; +https://seranking.com/backlinks-crawler)"
144.76.19.27 - - [19/Aug/2026:01:06:21 +0200] "GET /new-products.php?&seo_cat=&x5=1&debut=0&seo_cat=&x23=1&debut=0&seo_cat=&x17=1&debut=0&seo_cat=&x21=1&debut=0&seo_cat=&x23=0&debut=0&seo_cat=&x5=0&debut=0&seo_cat=&x21=0&debut=0 HTTP/1.1" 200 93253 "-" "Mozilla/5.0 (compatible; SERankingBacklinksBot/1.0; +https://seranking.com/backlinks-crawler)"
83.99.206.33 - - [19/Aug/2026:01:06:23 +0200] "GET /new-products.php?&seo_cat=&x17=1&debut=0&seo_cat=&x5=1&debut=0&seo_cat=&x21=1&debut=0&seo_cat=&x20=1&debut=0&seo_cat=&x23=1&debut=0&seo_cat=&x5=0&debut=0&seo_cat=&x20=0&debut=0&seo_cat=&x5=1&debut=0&seo_cat=&x23=0&debut=0&seo_cat=&x17=0&debut=0 HTTP/1.1" 200 163552 "-" "Mozilla/5.0 (X11; Linux x86_64) AppleWebKit/537.36 (KHTML, like Gecko; GeedoShopProductFinder) Chrome/142.0.0.0 Safari/537.36"
185.191.171.5 - - [19/Aug/2026:01:06:24 +0200] "GET /new-products.php?a=24&a=24&a=24&a=24&a=24&a=25&b=1&b=1&b=1&b=1&b=1&b=1&debut=0&debut=0&debut=0&debut=0&debut=0&debut=0&debut=0&debut=0&debut=0&debut=0&debut=0&debut=0&debut=0&debut=25&seo_cat&seo_cat&seo_cat&seo_cat&seo_cat&seo_cat&seo_cat&seo_cat&x17=1&x20=1&x21=1&x23=0&x23=0&x23=1&x5=0&x5=1 HTTP/1.1" 200 160639 "-" "Mozilla/5.0 (compatible; SemrushBot/7~bl; +http://www.semrush.com/bot.html)"
144.76.19.27 - - [19/Aug/2026:01:06:25 +0200] "GET /new-products.php?&seo_cat=&x5=1&debut=0&seo_cat=&x23=1&debut=0&seo_cat=&x17=1&debut=0&seo_cat=&x21=1&debut=0&seo_cat=&x23=0&debut=0&seo_cat=&x5=0&debut=0&seo_cat=&x23=1&debut=0 HTTP/1.1" 200 168324 "-" "Mozilla/5.0 (compatible; SERankingBacklinksBot/1.0; +https://seranking.com/backlinks-crawler)"
144.76.19.27 - - [19/Aug/2026:01:06:28 +0200] "GET /new-products.php?&seo_cat=&x5=1&debut=0&seo_cat=&x23=1&debut=0&seo_cat=&x17=1&debut=0&seo_cat=&x21=1&debut=0&seo_cat=&x5=0&debut=0&seo_cat=&x17=0&debut=0&seo_cat=&x17=1&debut=0 HTTP/1.1" 200 168338 "-" "Mozilla/5.0 (compatible; SERankingBacklinksBot/1.0; +https://seranking.com/backlinks-crawler)"
144.76.19.27 - - [19/Aug/2026:01:06:31 +0200] "GET /new-products.php?&seo_cat=&x5=1&debut=0&seo_cat=&x23=1&debut=0&seo_cat=&x17=1&debut=0&seo_cat=&x21=1&debut=0&seo_cat=&x5=0&debut=0&seo_cat=&x17=0&debut=0&seo_cat=&x20=1&debut=0 HTTP/1.1" 200 203639 "-" "Mozilla/5.0 (compatible; SERankingBacklinksBot/1.0; +https://seranking.com/backlinks-crawler)"
185.191.171.8 - - [19/Aug/2026:01:06:32 +0200] "GET /new-products.php?a=24&a=24&a=24&a=24&a=24&a=24&a=24&a=24&a=24&b=1&b=1&b=1&b=1&b=1&b=1&b=1&b=1&b=1&debut=0&debut=0&debut=0&debut=0&debut=0&debut=0&debut=0&debut=0&debut=0&debut=0&debut=0&debut=0&debut=0&debut=0&debut=24&seo_cat&seo_cat&seo_cat&seo_cat&seo_cat&seo_cat&x20=0&x20=0&x20=1&x21=0&x21=1&x5=1 HTTP/1.1" 200 131023 "-" "Mozilla/5.0 (compatible; SemrushBot/7~bl; +http://www.semrush.com/bot.html)"
144.76.19.27 - - [19/Aug/2026:01:06:34 +0200] "GET /new-products.php?&seo_cat=&x5=1&debut=0&seo_cat=&x23=1&debut=0&seo_cat=&x17=1&debut=0&seo_cat=&x21=1&debut=0&seo_cat=&x5=0&debut=0&seo_cat=&x17=0&debut=0&seo_cat=&x21=0&debut=0 HTTP/1.1" 200 71100 "-" "Mozilla/5.0 (compatible; SERankingBacklinksBot/1.0; +https://seranking.com/backlinks-crawler)"
144.76.19.27 - - [19/Aug/2026:01:06:38 +0200] "GET /new-products.php?&seo_cat=&x5=1&debut=0&seo_cat=&x23=1&debut=0&seo_cat=&x17=1&debut=0&seo_cat=&x21=1&debut=0&seo_cat=&x5=0&debut=0&seo_cat=&x17=0&debut=0&seo_cat=&x23=0&debut=0 HTTP/1.1" 200 133593 "-" "Mozilla/5.0 (compatible; SERankingBacklinksBot/1.0; +https://seranking.com/backlinks-crawler)"
144.76.19.27 - - [19/Aug/2026:01:06:41 +0200] "GET /new-products.php?&seo_cat=&x5=1&debut=0&seo_cat=&x23=1&debut=0&seo_cat=&x17=1&debut=0&seo_cat=&x21=1&debut=0&seo_cat=&x5=0&debut=0&seo_cat=&x20=1&debut=0&seo_cat=&x17=0&debut=0 HTTP/1.1" 200 203639 "-" "Mozilla/5.0 (compatible; SERankingBacklinksBot/1.0; +https://seranking.com/backlinks-crawler)"
83.99.206.223 - - [19/Aug/2026:01:06:43 +0200] "GET /marques.php?seo=20-lits-gigognes&seo_marq=20&t59=1&debut=0&seo_marq=20&t47=1&debut=0 HTTP/1.1" 200 177417 "-" "Mozilla/5.0 (X11; Linux x86_64) AppleWebKit/537.36 (KHTML, like Gecko; GeedoShopProductFinder) Chrome/142.0.0.0 Safari/537.36"
144.76.19.27 - - [19/Aug/2026:01:06:44 +0200] "GET /new-products.php?&seo_cat=&x5=1&debut=0&seo_cat=&x23=1&debut=0&seo_cat=&x17=1&debut=0&seo_cat=&x21=1&debut=0&seo_cat=&x5=0&debut=0&seo_cat=&x20=1&debut=0&seo_cat=&x20=0&debut=0 HTTP/1.1" 200 168416 "-" "Mozilla/5.0 (compatible; SERankingBacklinksBot/1.0; +https://seranking.com/backlinks-crawler)"
