185.191.171.5 - - [19/Aug/2026:02:15:12 +0200] "GET /marques.php?a=24&a=24&a=24&a=24&a=24&a=24&a=24&a=25&b=1&b=1&b=1&b=1&b=1&b=1&b=1&b=1&debut=0&debut=0&debut=0&debut=0&debut=0&debut=0&debut=0&debut=0&debut=0&debut=0&debut=0&debut=0&debut=0&debut=0&debut=25&histo_track=1&seo=20-lits-gigognes&seo_marq=20&seo_marq=20&seo_marq=20&seo_marq=20&seo_marq=20&seo_marq=20&seo_marq=20&t47=0&t47=1&t58=0&t58=1&t59=0&t59=1&t62=1 HTTP/1.1" 200 64384 "-" "Mozilla/5.0 (compatible; SemrushBot/7~bl; +http://www.semrush.com/bot.html)"
83.99.206.161 - - [19/Aug/2026:02:15:12 +0200] "GET /marques.php?seo=20-lits-gigognes&seo_marq=20&t60=1&debut=0&seo_marq=20&t59=1&debut=0&seo_marq=20&t60=0&debut=0&seo_marq=20&t58=1&debut=0&seo_marq=20&t58=0&debut=0&seo_marq=20&t58=1&debut=0&seo_marq=20&t60=1&debut=0&seo_marq=20&t58=0&debut=0 HTTP/1.1" 200 122859 "-" "Mozilla/5.0 (X11; Linux x86_64) AppleWebKit/537.36 (KHTML, like Gecko; GeedoShopProductFinder) Chrome/142.0.0.0 Safari/537.36"
185.191.171.5 - - [19/Aug/2026:02:15:13 +0200] "GET /marques.php?a=24&a=24&a=24&a=24&a=24&a=24&a=24&a=25&b=1&b=1&b=1&b=1&b=1&b=1&b=1&b=1&debut=0&debut=0&debut=0&debut=0&debut=0&debut=0&debut=0&debut=0&debut=0&debut=0&debut=0&debut=0&debut=0&debut=0&debut=25&histo_track=1&seo=20-lits-gigognes&seo_marq=20&seo_marq=20&seo_marq=20&seo_marq=20&seo_marq=20&seo_marq=20&seo_marq=20&t47=0&t47=1&t58=0&t58=1&t59=0&t59=1&t62=1 HTTP/1.1" 200 64340 "-" "Mozilla/5.0 (compatible; SemrushBot/7~bl; +http://www.semrush.com/bot.html)"
144.76.19.27 - - [19/Aug/2026:02:15:14 +0200] "GET /new-products.php?&seo_cat=&x5=1&debut=0&seo_cat=&x5=0&debut=0&seo_cat=&x17=1&debut=0&seo_cat=&x20=1&debut=0&seo_cat=&x20=0&debut=0&seo_cat=&x20=1&debut=0&seo_cat=&x21=1&debut=0 HTTP/1.1" 200 203593 "-" "Mozilla/5.0 (compatible; SERankingBacklinksBot/1.0; +https://seranking.com/backlinks-crawler)"
144.76.19.27 - - [19/Aug/2026:02:15:18 +0200] "GET /new-products.php?&seo_cat=&x5=1&debut=0&seo_cat=&x5=0&debut=0&seo_cat=&x17=1&debut=0&seo_cat=&x20=1&debut=0&seo_cat=&x20=0&debut=0&seo_cat=&x20=1&debut=0&seo_cat=&x23=1&debut=0 HTTP/1.1" 200 203347 "-" "Mozilla/5.0 (compatible; SERankingBacklinksBot/1.0; +https://seranking.com/backlinks-crawler)"
144.76.19.27 - - [19/Aug/2026:02:15:21 +0200] "GET /new-products.php?&seo_cat=&x5=1&debut=0&seo_cat=&x5=0&debut=0&seo_cat=&x17=1&debut=0&seo_cat=&x20=1&debut=0&seo_cat=&x20=0&debut=0&seo_cat=&x21=1&debut=0&seo_cat=&x17=0&debut=0 HTTP/1.1" 200 133589 "-" "Mozilla/5.0 (compatible; SERankingBacklinksBot/1.0; +https://seranking.com/backlinks-crawler)"
185.191.171.7 - - [19/Aug/2026:02:15:22 +0200] "GET /new-products.php?a=24&a=24&b=1&b=1&debut=0&debut=0&debut=0&debut=0&debut=0&debut=0&debut=0&debut=0&debut=0&debut=0&debut=0&debut=0&debut=0&debut=0&debut=0&debut=24&seo_cat&seo_cat&seo_cat&seo_cat&seo_cat&seo_cat&seo_cat&seo_cat&seo_cat&seo_cat&seo_cat&seo_cat&seo_cat&seo_cat&x17=0&x17=1&x20=1&x21=1&x23=0&x23=0&x23=0&x23=0&x23=0&x23=0&x23=0&x23=0&x23=0&x23=1 HTTP/1.1" 200 138592 "-" "Mozilla/5.0 (compatible; SemrushBot/7~bl; +http://www.semrush.com/bot.html)"
144.76.19.27 - - [19/Aug/2026:02:15:24 +0200] "GET /new-products.php?&seo_cat=&x5=1&debut=0&seo_cat=&x5=0&debut=0&seo_cat=&x17=1&debut=0&seo_cat=&x20=1&debut=0&seo_cat=&x20=0&debut=0&seo_cat=&x21=1&debut=0&seo_cat=&x20=1&debut=0 HTTP/1.1" 200 203633 "-" "Mozilla/5.0 (compatible; SERankingBacklinksBot/1.0; +https://seranking.com/backlinks-crawler)"
144.76.19.27 - - [19/Aug/2026:02:15:27 +0200] "GET /new-products.php?&seo_cat=&x5=1&debut=0&seo_cat=&x5=0&debut=0&seo_cat=&x17=1&debut=0&seo_cat=&x20=1&debut=0&seo_cat=&x20=0&debut=0&seo_cat=&x21=1&debut=0&seo_cat=&x21=0&debut=0 HTTP/1.1" 200 93251 "-" "Mozilla/5.0 (compatible; SERankingBacklinksBot/1.0; +https://seranking.com/backlinks-crawler)"
85.208.96.196 - - [19/Aug/2026:02:15:28 +0200] "GET /new-products.php?a=24&b=1&debut=0&debut=0&debut=0&debut=0&debut=0&debut=0&debut=0&debut=0&debut=0&debut=0&debut=0&debut=0&debut=0&debut=0&debut=0&debut=24&seo_cat&seo_cat&seo_cat&seo_cat&seo_cat&seo_cat&seo_cat&seo_cat&seo_cat&seo_cat&seo_cat&seo_cat&seo_cat&seo_cat&seo_cat&x20=0&x20=1&x21=0&x21=0&x21=0&x21=0&x21=0&x21=0&x21=0&x21=1&x22=1&x23=1&x5=0&x5=0&x5=1 HTTP/1.1" 200 138495 "-" "Mozilla/5.0 (compatible; SemrushBot/7~bl; +http://www.semrush.com/bot.html)"
144.76.19.27 - - [19/Aug/2026:02:15:31 +0200] "GET /new-products.php?&seo_cat=&x5=1&debut=0&seo_cat=&x5=0&debut=0&seo_cat=&x17=1&debut=0&seo_cat=&x20=1&debut=0&seo_cat=&x20=0&debut=0&seo_cat=&x21=1&debut=0&seo_cat=&x23=1&debut=0 HTTP/1.1" 200 168340 "-" "Mozilla/5.0 (compatible; SERankingBacklinksBot/1.0; +https://seranking.com/backlinks-crawler)"
83.99.206.161 - - [19/Aug/2026:02:15:32 +0200] "GET /marques.php?seo=20-lits-gigognes&seo_marq=20&t60=1&debut=0&seo_marq=20&t47=1&debut=0&seo_marq=20&t60=0&debut=0&seo_marq=20&t58=1&debut=0&seo_marq=20&t58=0&debut=0&seo_marq=20&t60=1&debut=0&seo_marq=20&t60=0&debut=0&seo_marq=20&t58=1&debut=0&seo_marq=20&t60=1&debut=0 HTTP/1.1" 200 181719 "-" "Mozilla/5.0 (X11; Linux x86_64) AppleWebKit/537.36 (KHTML, like Gecko; GeedoShopProductFinder) Chrome/142.0.0.0 Safari/537.36"
144.76.19.27 - - [19/Aug/2026:02:15:34 +0200] "GET /new-products.php?&seo_cat=&x5=1&debut=0&seo_cat=&x5=0&debut=0&seo_cat=&x17=1&debut=0&seo_cat=&x20=1&debut=0&seo_cat=&x20=0&debut=0&seo_cat=&x23=1&debut=0&seo_cat=&x17=0&debut=0 HTTP/1.1" 200 71092 "-" "Mozilla/5.0 (compatible; SERankingBacklinksBot/1.0; +https://seranking.com/backlinks-crawler)"
144.76.19.27 - - [19/Aug/2026:02:15:37 +0200] "GET /new-products.php?&seo_cat=&x5=1&debut=0&seo_cat=&x5=0&debut=0&seo_cat=&x17=1&debut=0&seo_cat=&x20=1&debut=0&seo_cat=&x20=0&debut=0&seo_cat=&x23=1&debut=0&seo_cat=&x20=1&debut=0 HTTP/1.1" 200 203287 "-" "Mozilla/5.0 (compatible; SERankingBacklinksBot/1.0; +https://seranking.com/backlinks-crawler)"
144.76.19.27 - - [19/Aug/2026:02:15:40 +0200] "GET /new-products.php?&seo_cat=&x5=1&debut=0&seo_cat=&x5=0&debut=0&seo_cat=&x17=1&debut=0&seo_cat=&x20=1&debut=0&seo_cat=&x20=0&debut=0&seo_cat=&x23=1&debut=0&seo_cat=&x21=1&debut=0 HTTP/1.1" 200 168350 "-" "Mozilla/5.0 (compatible; SERankingBacklinksBot/1.0; +https://seranking.com/backlinks-crawler)"
85.208.96.205 - - [19/Aug/2026:02:15:43 +0200] "GET /category.php?a=24&b=1&debut=0&debut=0&debut=0&debut=0&debut=0&debut=0&debut=0&debut=0&debut=0&debut=0&debut=0&debut=0&debut=24&seo=47-lits-gigognes&seo_cat=47&seo_cat=47&seo_cat=47&seo_cat=47&seo_cat=47&seo_cat=47&seo_cat=47&seo_cat=47&seo_cat=47&seo_cat=47&seo_cat=47&seo_cat=47&t58=0&t58=1&t59=0&t59=0&t59=0&t59=1&t60=0&t60=0&t60=1&t62=0&t62=1&x5=1 HTTP/1.1" 200 70375 "-" "Mozilla/5.0 (compatible; SemrushBot/7~bl; +http://www.semrush.com/bot.html)"
144.76.19.27 - - [19/Aug/2026:02:15:44 +0200] "GET /new-products.php?&seo_cat=&x5=1&debut=0&seo_cat=&x5=0&debut=0&seo_cat=&x17=1&debut=0&seo_cat=&x20=1&debut=0&seo_cat=&x20=0&debut=0&seo_cat=&x23=1&debut=0&seo_cat=&x23=0&debut=0 HTTP/1.1" 200 93253 "-" "Mozilla/5.0 (compatible; SERankingBacklinksBot/1.0; +https://seranking.com/backlinks-crawler)"
144.76.19.27 - - [19/Aug/2026:02:15:47 +0200] "GET /new-products.php?&seo_cat=&x5=1&debut=0&seo_cat=&x5=0&debut=0&seo_cat=&x17=1&debut=0&seo_cat=&x20=1&debut=0&seo_cat=&x21=1&debut=0&seo_cat=&x17=0&debut=0&seo_cat=&x17=1&debut=0 HTTP/1.1" 200 203609 "-" "Mozilla/5.0 (compatible; SERankingBacklinksBot/1.0; +https://seranking.com/backlinks-crawler)"
185.191.171.8 - - [19/Aug/2026:02:15:50 +0200] "GET /new-products.php?a=24&a=24&a=24&a=25&a=25&b=1&b=1&b=1&b=1&b=1&debut=0&debut=0&debut=0&debut=0&debut=0&debut=0&debut=0&debut=0&debut=0&debut=0&debut=0&debut=0&debut=0&debut=25&histo_track=1&seo_cat&seo_cat&seo_cat&seo_cat&seo_cat&seo_cat&seo_cat&seo_cat&seo_cat&x17=0&x17=0&x17=1&x20=0&x20=0&x20=1&x21=1&x23=1&x5=1 HTTP/1.1" 200 161103 "-" "Mozilla/5.0 (compatible; SemrushBot/7~bl; +http://www.semrush.com/bot.html)"
144.76.19.27 - - [19/Aug/2026:02:15:51 +0200] "GET /new-products.php?&seo_cat=&x5=1&debut=0&seo_cat=&x5=0&debut=0&seo_cat=&x17=1&debut=0&seo_cat=&x20=1&debut=0&seo_cat=&x21=1&debut=0&seo_cat=&x17=0&debut=0&seo_cat=&x20=0&debut=0 HTTP/1.1" 200 133605 "-" "Mozilla/5.0 (compatible; SERankingBacklinksBot/1.0; +https://seranking.com/backlinks-crawler)"
83.99.206.161 - - [19/Aug/2026:02:15:52 +0200] "GET /new-products.php?&seo_cat=&x17=1&debut=0&seo_cat=&x5=1&debut=0&seo_cat=&x20=1&debut=0&seo_cat=&x23=1&debut=0&seo_cat=&x21=1&debut=0&histo_track=1&seo_cat=&x20=0&debut=0&seo_cat=&x20=1&debut=0&seo_cat=&x17=0&debut=0&seo_cat=&x17=1&debut=0 HTTP/1.1" 200 205494 "-" "Mozilla/5.0 (X11; Linux x86_64) AppleWebKit/537.36 (KHTML, like Gecko; GeedoShopProductFinder) Chrome/142.0.0.0 Safari/537.36"
144.76.19.27 - - [19/Aug/2026:02:15:54 +0200] "GET /new-products.php?&seo_cat=&x5=1&debut=0&seo_cat=&x5=0&debut=0&seo_cat=&x17=1&debut=0&seo_cat=&x20=1&debut=0&seo_cat=&x21=1&debut=0&seo_cat=&x17=0&debut=0&seo_cat=&x21=0&debut=0 HTTP/1.1" 200 168038 "-" "Mozilla/5.0 (compatible; SERankingBacklinksBot/1.0; +https://seranking.com/backlinks-crawler)"
85.208.96.206 - - [19/Aug/2026:02:15:57 +0200] "GET /new-products.php?a=24&a=24&a=24&a=25&b=1&b=1&b=1&b=1&debut=0&debut=0&debut=0&debut=0&debut=0&debut=0&debut=0&debut=0&debut=0&debut=0&debut=0&debut=0&debut=0&debut=25&histo_track=1&seo_cat&seo_cat&seo_cat&seo_cat&seo_cat&seo_cat&seo_cat&seo_cat&seo_cat&seo_cat&x17=0&x17=0&x17=1&x20=0&x20=1&x22=1&x23=0&x23=1&x5=0&x5=1 HTTP/1.1" 200 90768 "-" "Mozilla/5.0 (compatible; SemrushBot/7~bl; +http://www.semrush.com/bot.html)"
144.76.19.27 - - [19/Aug/2026:02:15:57 +0200] "GET /new-products.php?&seo_cat=&x5=1&debut=0&seo_cat=&x5=0&debut=0&seo_cat=&x17=1&debut=0&seo_cat=&x20=1&debut=0&seo_cat=&x21=1&debut=0&seo_cat=&x17=0&debut=0&seo_cat=&x23=1&debut=0 HTTP/1.1" 200 203697 "-" "Mozilla/5.0 (compatible; SERankingBacklinksBot/1.0; +https://seranking.com/backlinks-crawler)"
144.76.19.27 - - [19/Aug/2026:02:16:00 +0200] "GET /new-products.php?&seo_cat=&x5=1&debut=0&seo_cat=&x5=0&debut=0&seo_cat=&x17=1&debut=0&seo_cat=&x20=1&debut=0&seo_cat=&x21=1&debut=0&seo_cat=&x20=0&debut=0&seo_cat=&x17=0&debut=0 HTTP/1.1" 200 133593 "-" "Mozilla/5.0 (compatible; SERankingBacklinksBot/1.0; +https://seranking.com/backlinks-crawler)"
85.208.96.196 - - [19/Aug/2026:02:16:02 +0200] "GET /new-products.php?a=24&a=24&a=24&a=25&a=25&b=1&b=1&b=1&b=1&b=1&debut=0&debut=0&debut=0&debut=0&debut=0&debut=0&debut=0&debut=0&debut=0&debut=0&debut=0&debut=0&debut=0&debut=0&debut=25&seo_cat&seo_cat&seo_cat&seo_cat&seo_cat&seo_cat&seo_cat&seo_cat&seo_cat&seo_cat&x20=0&x20=1&x21=0&x21=1&x22=1&x23=1&x5=0&x5=0&x5=0&x5=1 HTTP/1.1" 200 131878 "-" "Mozilla/5.0 (compatible; SemrushBot/7~bl; +http://www.semrush.com/bot.html)"
144.76.19.27 - - [19/Aug/2026:02:16:04 +0200] "GET /new-products.php?&seo_cat=&x5=1&debut=0&seo_cat=&x5=0&debut=0&seo_cat=&x17=1&debut=0&seo_cat=&x20=1&debut=0&seo_cat=&x21=1&debut=0&seo_cat=&x20=0&debut=0&seo_cat=&x20=1&debut=0 HTTP/1.1" 200 203621 "-" "Mozilla/5.0 (compatible; SERankingBacklinksBot/1.0; +https://seranking.com/backlinks-crawler)"
144.76.19.27 - - [19/Aug/2026:02:16:07 +0200] "GET /new-products.php?&seo_cat=&x5=1&debut=0&seo_cat=&x5=0&debut=0&seo_cat=&x17=1&debut=0&seo_cat=&x20=1&debut=0&seo_cat=&x21=1&debut=0&seo_cat=&x20=0&debut=0&seo_cat=&x21=0&debut=0 HTTP/1.1" 200 93253 "-" "Mozilla/5.0 (compatible; SERankingBacklinksBot/1.0; +https://seranking.com/backlinks-crawler)"
144.76.19.27 - - [19/Aug/2026:02:16:10 +0200] "GET /new-products.php?&seo_cat=&x5=1&debut=0&seo_cat=&x5=0&debut=0&seo_cat=&x17=1&debut=0&seo_cat=&x20=1&debut=0&seo_cat=&x21=1&debut=0&seo_cat=&x20=0&debut=0&seo_cat=&x23=1&debut=0 HTTP/1.1" 200 168340 "-" "Mozilla/5.0 (compatible; SERankingBacklinksBot/1.0; +https://seranking.com/backlinks-crawler)"
83.99.206.161 - - [19/Aug/2026:02:16:13 +0200] "GET /new-products.php?&seo_cat=&x17=1&debut=0&seo_cat=&x5=1&debut=0&seo_cat=&x21=1&debut=0&histo_track=1&seo_cat=&x23=1&debut=0&seo_cat=&x23=0&debut=0&seo_cat=&x20=1&debut=0&seo_cat=&x17=0&debut=0&seo_cat=&x21=0&debut=0&seo_cat=&x5=0&debut=0&seo_cat=&x17=1&debut=0&seo_cat=&x20=0&debut=0&seo_cat=&x23=1&debut=0 HTTP/1.1" 200 101029 "-" "Mozilla/5.0 (X11; Linux x86_64) AppleWebKit/537.36 (KHTML, like Gecko; GeedoShopProductFinder) Chrome/142.0.0.0 Safari/537.36"
144.76.19.27 - - [19/Aug/2026:02:16:13 +0200] "GET /new-products.php?&seo_cat=&x5=1&debut=0&seo_cat=&x5=0&debut=0&seo_cat=&x17=1&debut=0&seo_cat=&x20=1&debut=0&seo_cat=&x21=1&debut=0&seo_cat=&x21=0&debut=0&seo_cat=&x17=0&debut=0 HTTP/1.1" 200 168044 "-" "Mozilla/5.0 (compatible; SERankingBacklinksBot/1.0; +https://seranking.com/backlinks-crawler)"
144.76.19.27 - - [19/Aug/2026:02:16:17 +0200] "GET /new-products.php?&seo_cat=&x5=1&debut=0&seo_cat=&x5=0&debut=0&seo_cat=&x17=1&debut=0&seo_cat=&x20=1&debut=0&seo_cat=&x21=1&debut=0&seo_cat=&x21=0&debut=0&seo_cat=&x20=0&debut=0 HTTP/1.1" 200 93255 "-" "Mozilla/5.0 (compatible; SERankingBacklinksBot/1.0; +https://seranking.com/backlinks-crawler)"
144.76.19.27 - - [19/Aug/2026:02:16:20 +0200] "GET /new-products.php?&seo_cat=&x5=1&debut=0&seo_cat=&x5=0&debut=0&seo_cat=&x17=1&debut=0&seo_cat=&x20=1&debut=0&seo_cat=&x21=1&debut=0&seo_cat=&x21=0&debut=0&seo_cat=&x21=1&debut=0 HTTP/1.1" 200 203545 "-" "Mozilla/5.0 (compatible; SERankingBacklinksBot/1.0; +https://seranking.com/backlinks-crawler)"
144.76.19.27 - - [19/Aug/2026:02:16:23 +0200] "GET /new-products.php?&seo_cat=&x5=1&debut=0&seo_cat=&x5=0&debut=0&seo_cat=&x17=1&debut=0&seo_cat=&x20=1&debut=0&seo_cat=&x21=1&debut=0&seo_cat=&x21=0&debut=0&seo_cat=&x23=1&debut=0 HTTP/1.1" 200 203285 "-" "Mozilla/5.0 (compatible; SERankingBacklinksBot/1.0; +https://seranking.com/backlinks-crawler)"
144.76.19.27 - - [19/Aug/2026:02:16:26 +0200] "GET /new-products.php?&seo_cat=&x5=1&debut=0&seo_cat=&x5=0&debut=0&seo_cat=&x17=1&debut=0&seo_cat=&x20=1&debut=0&seo_cat=&x21=1&debut=0&seo_cat=&x23=1&debut=0&seo_cat=&x17=0&debut=0 HTTP/1.1" 200 203623 "-" "Mozilla/5.0 (compatible; SERankingBacklinksBot/1.0; +https://seranking.com/backlinks-crawler)"
85.208.96.201 - - [19/Aug/2026:02:16:29 +0200] "GET /new-products.php?a=24&a=25&a=25&a=25&b=1&b=1&b=1&b=1&debut=0&debut=0&debut=0&debut=0&debut=0&debut=0&debut=0&debut=0&debut=0&debut=0&debut=0&debut=0&debut=25&histo_track=1&seo_cat&seo_cat&seo_cat&seo_cat&seo_cat&seo_cat&seo_cat&seo_cat&seo_cat&x17=0&x17=1&x20=0&x20=1&x21=0&x21=1&x5=0&x5=0&x5=1 HTTP/1.1" 200 154136 "-" "Mozilla/5.0 (compatible; SemrushBot/7~bl; +http://www.semrush.com/bot.html)"
144.76.19.27 - - [19/Aug/2026:02:16:30 +0200] "GET /new-products.php?&seo_cat=&x5=1&debut=0&seo_cat=&x5=0&debut=0&seo_cat=&x17=1&debut=0&seo_cat=&x20=1&debut=0&seo_cat=&x21=1&debut=0&seo_cat=&x23=1&debut=0&seo_cat=&x20=0&debut=0 HTTP/1.1" 200 168408 "-" "Mozilla/5.0 (compatible; SERankingBacklinksBot/1.0; +https://seranking.com/backlinks-crawler)"
83.99.206.161 - - [19/Aug/2026:02:16:32 +0200] "GET /new-products.php?&seo_cat=&x17=1&debut=0&seo_cat=&x5=1&debut=0&seo_cat=&x20=1&debut=0&seo_cat=&x23=1&debut=0&seo_cat=&x23=0&debut=0&seo_cat=&x21=1&debut=0&debut=24&a=24&b=1&seo_cat=&x17=0&debut=0&seo_cat=&x5=0&debut=0&seo_cat=&x20=0&debut=0&seo_cat=&x20=1&debut=0 HTTP/1.1" 200 206302 "-" "Mozilla/5.0 (X11; Linux x86_64) AppleWebKit/537.36 (KHTML, like Gecko; GeedoShopProductFinder) Chrome/142.0.0.0 Safari/537.36"
144.76.19.27 - - [19/Aug/2026:02:16:33 +0200] "GET /new-products.php?&seo_cat=&x5=1&debut=0&seo_cat=&x5=0&debut=0&seo_cat=&x17=1&debut=0&seo_cat=&x20=1&debut=0&seo_cat=&x21=1&debut=0&seo_cat=&x23=1&debut=0&seo_cat=&x21=0&debut=0 HTTP/1.1" 200 203283 "-" "Mozilla/5.0 (compatible; SERankingBacklinksBot/1.0; +https://seranking.com/backlinks-crawler)"
144.76.19.27 - - [19/Aug/2026:02:16:36 +0200] "GET /new-products.php?&seo_cat=&x5=1&debut=0&seo_cat=&x5=0&debut=0&seo_cat=&x17=1&debut=0&seo_cat=&x20=1&debut=0&seo_cat=&x21=1&debut=0&seo_cat=&x23=1&debut=0&seo_cat=&x23=0&debut=0 HTTP/1.1" 200 203603 "-" "Mozilla/5.0 (compatible; SERankingBacklinksBot/1.0; +https://seranking.com/backlinks-crawler)"
144.76.19.27 - - [19/Aug/2026:02:16:39 +0200] "GET /new-products.php?&seo_cat=&x5=1&debut=0&seo_cat=&x5=0&debut=0&seo_cat=&x17=1&debut=0&seo_cat=&x20=1&debut=0&seo_cat=&x23=1&debut=0&seo_cat=&x17=0&debut=0&seo_cat=&x17=1&debut=0 HTTP/1.1" 200 203315 "-" "Mozilla/5.0 (compatible; SERankingBacklinksBot/1.0; +https://seranking.com/backlinks-crawler)"
144.76.19.27 - - [19/Aug/2026:02:16:43 +0200] "GET /new-products.php?&seo_cat=&x5=1&debut=0&seo_cat=&x5=0&debut=0&seo_cat=&x17=1&debut=0&seo_cat=&x20=1&debut=0&seo_cat=&x23=1&debut=0&seo_cat=&x17=0&debut=0&seo_cat=&x20=0&debut=0 HTTP/1.1" 200 71026 "-" "Mozilla/5.0 (compatible; SERankingBacklinksBot/1.0; +https://seranking.com/backlinks-crawler)"
85.208.96.199 - - [19/Aug/2026:02:16:44 +0200] "GET /new-products.php?a=24&a=24&a=24&a=24&b=1&b=1&b=1&b=1&debut=0&debut=0&debut=0&debut=0&debut=0&debut=0&debut=0&debut=0&debut=0&debut=0&debut=24&seo_cat&seo_cat&seo_cat&seo_cat&seo_cat&seo_cat&seo_cat&x17=0&x17=1&x20=0&x20=1&x21=0&x21=1&x23=1 HTTP/1.1" 200 136312 "-" "Mozilla/5.0 (compatible; SemrushBot/7~bl; +http://www.semrush.com/bot.html)"
144.76.19.27 - - [19/Aug/2026:02:16:46 +0200] "GET /new-products.php?&seo_cat=&x5=1&debut=0&seo_cat=&x5=0&debut=0&seo_cat=&x17=1&debut=0&seo_cat=&x20=1&debut=0&seo_cat=&x23=1&debut=0&seo_cat=&x17=0&debut=0&seo_cat=&x21=1&debut=0 HTTP/1.1" 200 203691 "-" "Mozilla/5.0 (compatible; SERankingBacklinksBot/1.0; +https://seranking.com/backlinks-crawler)"
185.191.171.7 - - [19/Aug/2026:02:16:47 +0200] "GET /new-products.php?a=24&a=24&a=24&b=1&b=1&b=1&debut=0&debut=0&debut=0&debut=0&debut=0&debut=0&debut=0&debut=0&debut=0&debut=0&debut=0&debut=0&debut=0&debut=24&seo_cat&seo_cat&seo_cat&seo_cat&seo_cat&seo_cat&seo_cat&seo_cat&seo_cat&seo_cat&seo_cat&x17=0&x17=1&x20=1&x5=0&x5=0&x5=0&x5=0&x5=0&x5=0&x5=0&x5=1 HTTP/1.1" 200 89980 "-" "Mozilla/5.0 (compatible; SemrushBot/7~bl; +http://www.semrush.com/bot.html)"
144.76.19.27 - - [19/Aug/2026:02:16:49 +0200] "GET /new-products.php?&seo_cat=&x5=1&debut=0&seo_cat=&x5=0&debut=0&seo_cat=&x17=1&debut=0&seo_cat=&x20=1&debut=0&seo_cat=&x23=1&debut=0&seo_cat=&x17=0&debut=0&seo_cat=&x23=0&debut=0 HTTP/1.1" 200 168044 "-" "Mozilla/5.0 (compatible; SERankingBacklinksBot/1.0; +https://seranking.com/backlinks-crawler)"
83.99.206.161 - - [19/Aug/2026:02:16:52 +0200] "GET /marques.php?seo=20-lits-gigognes&seo_marq=20&t58=1&debut=0&seo_marq=20&t60=1&debut=0&seo_marq=20&t59=1&debut=0&seo_marq=20&t58=0&debut=0&seo_marq=20&t47=1&debut=0 HTTP/1.1" 200 179249 "-" "Mozilla/5.0 (X11; Linux x86_64) AppleWebKit/537.36 (KHTML, like Gecko; GeedoShopProductFinder) Chrome/142.0.0.0 Safari/537.36"
144.76.19.27 - - [19/Aug/2026:02:16:53 +0200] "GET /new-products.php?&seo_cat=&x5=1&debut=0&seo_cat=&x5=0&debut=0&seo_cat=&x17=1&debut=0&seo_cat=&x20=1&debut=0&seo_cat=&x23=1&debut=0&seo_cat=&x20=0&debut=0&seo_cat=&x17=0&debut=0 HTTP/1.1" 200 71116 "-" "Mozilla/5.0 (compatible; SERankingBacklinksBot/1.0; +https://seranking.com/backlinks-crawler)"
144.76.19.27 - - [19/Aug/2026:02:16:56 +0200] "GET /new-products.php?&seo_cat=&x5=1&debut=0&seo_cat=&x5=0&debut=0&seo_cat=&x17=1&debut=0&seo_cat=&x20=1&debut=0&seo_cat=&x23=1&debut=0&seo_cat=&x20=0&debut=0&seo_cat=&x20=1&debut=0 HTTP/1.1" 200 203267 "-" "Mozilla/5.0 (compatible; SERankingBacklinksBot/1.0; +https://seranking.com/backlinks-crawler)"
144.76.19.27 - - [19/Aug/2026:02:16:59 +0200] "GET /new-products.php?&seo_cat=&x5=1&debut=0&seo_cat=&x5=0&debut=0&seo_cat=&x17=1&debut=0&seo_cat=&x20=1&debut=0&seo_cat=&x23=1&debut=0&seo_cat=&x20=0&debut=0&seo_cat=&x21=1&debut=0 HTTP/1.1" 200 168412 "-" "Mozilla/5.0 (compatible; SERankingBacklinksBot/1.0; +https://seranking.com/backlinks-crawler)"
144.76.19.27 - - [19/Aug/2026:02:17:02 +0200] "GET /new-products.php?&seo_cat=&x5=1&debut=0&seo_cat=&x5=0&debut=0&seo_cat=&x17=1&debut=0&seo_cat=&x20=1&debut=0&seo_cat=&x23=1&debut=0&seo_cat=&x20=0&debut=0&seo_cat=&x23=0&debut=0 HTTP/1.1" 200 93305 "-" "Mozilla/5.0 (compatible; SERankingBacklinksBot/1.0; +https://seranking.com/backlinks-crawler)"
144.76.19.27 - - [19/Aug/2026:02:17:06 +0200] "GET /new-products.php?&seo_cat=&x5=1&debut=0&seo_cat=&x5=0&debut=0&seo_cat=&x17=1&debut=0&seo_cat=&x20=1&debut=0&seo_cat=&x23=1&debut=0&seo_cat=&x21=1&debut=0&seo_cat=&x17=0&debut=0 HTTP/1.1" 200 203697 "-" "Mozilla/5.0 (compatible; SERankingBacklinksBot/1.0; +https://seranking.com/backlinks-crawler)"
144.76.19.27 - - [19/Aug/2026:02:17:09 +0200] "GET /new-products.php?&seo_cat=&x5=1&debut=0&seo_cat=&x5=0&debut=0&seo_cat=&x17=1&debut=0&seo_cat=&x20=1&debut=0&seo_cat=&x23=1&debut=0&seo_cat=&x21=1&debut=0&seo_cat=&x20=0&debut=0 HTTP/1.1" 200 168342 "-" "Mozilla/5.0 (compatible; SERankingBacklinksBot/1.0; +https://seranking.com/backlinks-crawler)"
144.76.19.27 - - [19/Aug/2026:02:17:12 +0200] "GET /new-products.php?&seo_cat=&x5=1&debut=0&seo_cat=&x5=0&debut=0&seo_cat=&x17=1&debut=0&seo_cat=&x20=1&debut=0&seo_cat=&x23=1&debut=0&seo_cat=&x21=1&debut=0&seo_cat=&x21=0&debut=0 HTTP/1.1" 200 203371 "-" "Mozilla/5.0 (compatible; SERankingBacklinksBot/1.0; +https://seranking.com/backlinks-crawler)"
144.76.19.27 - - [19/Aug/2026:02:17:16 +0200] "GET /new-products.php?&seo_cat=&x5=1&debut=0&seo_cat=&x5=0&debut=0&seo_cat=&x17=1&debut=0&seo_cat=&x20=1&debut=0&seo_cat=&x23=1&debut=0&seo_cat=&x21=1&debut=0&seo_cat=&x23=0&debut=0 HTTP/1.1" 200 203609 "-" "Mozilla/5.0 (compatible; SERankingBacklinksBot/1.0; +https://seranking.com/backlinks-crawler)"
144.76.19.27 - - [19/Aug/2026:02:17:19 +0200] "GET /new-products.php?&seo_cat=&x5=1&debut=0&seo_cat=&x5=0&debut=0&seo_cat=&x17=1&debut=0&seo_cat=&x20=1&debut=0&seo_cat=&x23=1&debut=0&seo_cat=&x23=0&debut=0&seo_cat=&x17=0&debut=0 HTTP/1.1" 200 168072 "-" "Mozilla/5.0 (compatible; SERankingBacklinksBot/1.0; +https://seranking.com/backlinks-crawler)"
185.191.171.17 - - [19/Aug/2026:02:17:20 +0200] "GET /new-products.php?a=24&a=24&a=24&a=24&a=25&b=1&b=1&b=1&b=1&b=1&debut=0&debut=0&debut=0&debut=0&debut=0&debut=0&debut=0&debut=0&debut=0&debut=0&debut=0&debut=0&debut=0&debut=24&debut=25&histo_track=1&seo_cat&seo_cat&seo_cat&seo_cat&seo_cat&seo_cat&seo_cat&seo_cat&seo_cat&seo_cat&x17=0&x17=0&x17=0&x17=0&x17=0&x17=1&x20=0&x20=1&x21=1&x22=1 HTTP/1.1" 200 125832 "-" "Mozilla/5.0 (compatible; SemrushBot/7~bl; +http://www.semrush.com/bot.html)"
185.191.171.17 - - [19/Aug/2026:02:17:21 +0200] "GET /new-products.php?a=24&a=24&a=24&a=24&a=25&b=1&b=1&b=1&b=1&b=1&debut=0&debut=0&debut=0&debut=0&debut=0&debut=0&debut=0&debut=0&debut=0&debut=0&debut=0&debut=0&debut=0&debut=24&debut=25&histo_track=1&seo_cat&seo_cat&seo_cat&seo_cat&seo_cat&seo_cat&seo_cat&seo_cat&seo_cat&seo_cat&x17=0&x17=0&x17=0&x17=0&x17=0&x17=1&x20=0&x20=1&x21=1&x22=1 HTTP/1.1" 200 125760 "-" "Mozilla/5.0 (compatible; SemrushBot/7~bl; +http://www.semrush.com/bot.html)"
144.76.19.27 - - [19/Aug/2026:02:17:22 +0200] "GET /new-products.php?&seo_cat=&x5=1&debut=0&seo_cat=&x5=0&debut=0&seo_cat=&x17=1&debut=0&seo_cat=&x20=1&debut=0&seo_cat=&x23=1&debut=0&seo_cat=&x23=0&debut=0&seo_cat=&x20=0&debut=0 HTTP/1.1" 200 93301 "-" "Mozilla/5.0 (compatible; SERankingBacklinksBot/1.0; +https://seranking.com/backlinks-crawler)"
144.76.19.27 - - [19/Aug/2026:02:17:25 +0200] "GET /new-products.php?&seo_cat=&x5=1&debut=0&seo_cat=&x5=0&debut=0&seo_cat=&x17=1&debut=0&seo_cat=&x20=1&debut=0&seo_cat=&x23=1&debut=0&seo_cat=&x23=0&debut=0&seo_cat=&x21=1&debut=0 HTTP/1.1" 200 203605 "-" "Mozilla/5.0 (compatible; SERankingBacklinksBot/1.0; +https://seranking.com/backlinks-crawler)"
144.76.19.27 - - [19/Aug/2026:02:17:29 +0200] "GET /new-products.php?&seo_cat=&x5=1&debut=0&seo_cat=&x5=0&debut=0&seo_cat=&x17=1&debut=0&seo_cat=&x20=1&debut=0&seo_cat=&x23=1&debut=0&seo_cat=&x23=0&debut=0&seo_cat=&x23=1&debut=0 HTTP/1.1" 200 203307 "-" "Mozilla/5.0 (compatible; SERankingBacklinksBot/1.0; +https://seranking.com/backlinks-crawler)"
185.191.171.15 - - [19/Aug/2026:02:17:32 +0200] "GET /new-products.php?a=24&a=24&a=24&a=24&a=25&b=1&b=1&b=1&b=1&b=1&debut=0&debut=0&debut=0&debut=0&debut=0&debut=0&debut=0&debut=0&debut=0&debut=0&debut=0&debut=0&debut=0&debut=24&debut=25&histo_track=1&seo_cat&seo_cat&seo_cat&seo_cat&seo_cat&seo_cat&seo_cat&seo_cat&seo_cat&seo_cat&x17=1&x20=0&x20=0&x20=0&x20=1&x21=1&x23=0&x23=1&x5=0&x5=1 HTTP/1.1" 200 161574 "-" "Mozilla/5.0 (compatible; SemrushBot/7~bl; +http://www.semrush.com/bot.html)"
144.76.19.27 - - [19/Aug/2026:02:17:32 +0200] "GET /new-products.php?&seo_cat=&x5=1&debut=0&seo_cat=&x5=0&debut=0&seo_cat=&x17=1&debut=0&seo_cat=&x21=1&debut=0&seo_cat=&x17=0&debut=0&seo_cat=&x17=1&debut=0&seo_cat=&x17=0&debut=0 HTTP/1.1" 200 133519 "-" "Mozilla/5.0 (compatible; SERankingBacklinksBot/1.0; +https://seranking.com/backlinks-crawler)"
85.208.96.199 - - [19/Aug/2026:02:17:34 +0200] "GET /new-products.php?a=24&a=24&a=25&a=25&b=1&b=1&b=1&b=1&debut=0&debut=0&debut=0&debut=0&debut=0&debut=0&debut=0&debut=0&debut=0&debut=0&debut=0&debut=0&debut=0&debut=0&debut=0&debut=25&seo_cat&seo_cat&seo_cat&seo_cat&seo_cat&seo_cat&seo_cat&seo_cat&seo_cat&seo_cat&seo_cat&seo_cat&x17=0&x17=0&x17=0&x17=0&x17=0&x17=0&x17=0&x17=1&x20=0&x20=1&x21=1&x22=1 HTTP/1.1" 200 126074 "-" "Mozilla/5.0 (compatible; SemrushBot/7~bl; +http://www.semrush.com/bot.html)"
85.208.96.199 - - [19/Aug/2026:02:17:34 +0200] "GET /new-products.php?a=24&a=24&a=25&a=25&b=1&b=1&b=1&b=1&debut=0&debut=0&debut=0&debut=0&debut=0&debut=0&debut=0&debut=0&debut=0&debut=0&debut=0&debut=0&debut=0&debut=0&debut=0&debut=25&seo_cat&seo_cat&seo_cat&seo_cat&seo_cat&seo_cat&seo_cat&seo_cat&seo_cat&seo_cat&seo_cat&seo_cat&x17=0&x17=0&x17=0&x17=0&x17=0&x17=0&x17=0&x17=1&x20=0&x20=1&x21=1&x22=1 HTTP/1.1" 200 126036 "-" "Mozilla/5.0 (compatible; SemrushBot/7~bl; +http://www.semrush.com/bot.html)"
144.76.19.27 - - [19/Aug/2026:02:17:35 +0200] "GET /new-products.php?&seo_cat=&x5=1&debut=0&seo_cat=&x5=0&debut=0&seo_cat=&x17=1&debut=0&seo_cat=&x21=1&debut=0&seo_cat=&x17=0&debut=0&seo_cat=&x17=1&debut=0&seo_cat=&x20=1&debut=0 HTTP/1.1" 200 203543 "-" "Mozilla/5.0 (compatible; SERankingBacklinksBot/1.0; +https://seranking.com/backlinks-crawler)"
144.76.19.27 - - [19/Aug/2026:02:17:39 +0200] "GET /new-products.php?&seo_cat=&x5=1&debut=0&seo_cat=&x5=0&debut=0&seo_cat=&x17=1&debut=0&seo_cat=&x21=1&debut=0&seo_cat=&x17=0&debut=0&seo_cat=&x17=1&debut=0&seo_cat=&x21=0&debut=0 HTTP/1.1" 200 93307 "-" "Mozilla/5.0 (compatible; SERankingBacklinksBot/1.0; +https://seranking.com/backlinks-crawler)"
85.208.96.197 - - [19/Aug/2026:02:17:40 +0200] "GET /new-products.php?a=24&b=1&debut=0&debut=0&debut=0&debut=0&debut=0&debut=0&debut=0&debut=0&debut=0&debut=0&debut=0&debut=0&debut=0&debut=24&histo_track=1&seo_cat&seo_cat&seo_cat&seo_cat&seo_cat&seo_cat&seo_cat&seo_cat&seo_cat&seo_cat&seo_cat&seo_cat&seo_cat&x17=1&x20=0&x20=0&x20=1&x21=0&x21=1&x22=0&x22=0&x22=1&x23=1&x5=0&x5=0&x5=1 HTTP/1.1" 200 167352 "-" "Mozilla/5.0 (compatible; SemrushBot/7~bl; +http://www.semrush.com/bot.html)"
144.76.19.27 - - [19/Aug/2026:02:17:42 +0200] "GET /new-products.php?&seo_cat=&x5=1&debut=0&seo_cat=&x5=0&debut=0&seo_cat=&x17=1&debut=0&seo_cat=&x21=1&debut=0&seo_cat=&x17=0&debut=0&seo_cat=&x17=1&debut=0&seo_cat=&x23=1&debut=0 HTTP/1.1" 200 168390 "-" "Mozilla/5.0 (compatible; SERankingBacklinksBot/1.0; +https://seranking.com/backlinks-crawler)"
85.208.96.199 - - [19/Aug/2026:02:17:44 +0200] "GET /new-products.php?a=24&a=24&a=24&a=25&b=1&b=1&b=1&b=1&debut=0&debut=0&debut=0&debut=0&debut=0&debut=0&debut=0&debut=0&debut=0&debut=0&debut=0&debut=0&debut=0&debut=0&debut=24&debut=25&seo_cat&seo_cat&seo_cat&seo_cat&seo_cat&seo_cat&seo_cat&seo_cat&seo_cat&seo_cat&seo_cat&seo_cat&x17=1&x20=0&x20=0&x20=0&x20=0&x20=1&x21=1&x23=0&x23=0&x23=0&x23=1&x5=1 HTTP/1.1" 200 161995 "-" "Mozilla/5.0 (compatible; SemrushBot/7~bl; +http://www.semrush.com/bot.html)"
144.76.19.27 - - [19/Aug/2026:02:17:45 +0200] "GET /new-products.php?&seo_cat=&x5=1&debut=0&seo_cat=&x5=0&debut=0&seo_cat=&x17=1&debut=0&seo_cat=&x21=1&debut=0&seo_cat=&x17=0&debut=0&seo_cat=&x20=1&debut=0&seo_cat=&x17=1&debut=0 HTTP/1.1" 200 203609 "-" "Mozilla/5.0 (compatible; SERankingBacklinksBot/1.0; +https://seranking.com/backlinks-crawler)"
185.191.171.10 - - [19/Aug/2026:02:17:48 +0200] "GET /category.php?a=24&a=24&a=24&a=24&a=24&a=24&a=24&a=24&a=24&b=1&b=1&b=1&b=1&b=1&b=1&b=1&b=1&b=1&debut=0&debut=0&debut=0&debut=0&debut=0&debut=0&debut=0&debut=0&debut=0&debut=0&debut=0&debut=0&debut=0&debut=0&debut=24&seo=47-lits-gigognes&seo_cat=47&seo_cat=47&seo_cat=47&seo_cat=47&seo_cat=47&seo_cat=47&t58=0&t58=1&t60=1&t62=1&x20=1&x5=1 HTTP/1.1" 200 70345 "-" "Mozilla/5.0 (compatible; SemrushBot/7~bl; +http://www.semrush.com/bot.html)"
144.76.19.27 - - [19/Aug/2026:02:17:48 +0200] "GET /new-products.php?&seo_cat=&x5=1&debut=0&seo_cat=&x5=0&debut=0&seo_cat=&x17=1&debut=0&seo_cat=&x21=1&debut=0&seo_cat=&x17=0&debut=0&seo_cat=&x20=1&debut=0&seo_cat=&x20=0&debut=0 HTTP/1.1" 200 133531 "-" "Mozilla/5.0 (compatible; SERankingBacklinksBot/1.0; +https://seranking.com/backlinks-crawler)"
144.76.19.27 - - [19/Aug/2026:02:17:52 +0200] "GET /new-products.php?&seo_cat=&x5=1&debut=0&seo_cat=&x5=0&debut=0&seo_cat=&x17=1&debut=0&seo_cat=&x21=1&debut=0&seo_cat=&x17=0&debut=0&seo_cat=&x20=1&debut=0&seo_cat=&x21=0&debut=0 HTTP/1.1" 200 168104 "-" "Mozilla/5.0 (compatible; SERankingBacklinksBot/1.0; +https://seranking.com/backlinks-crawler)"
144.76.19.27 - - [19/Aug/2026:02:17:55 +0200] "GET /new-products.php?&seo_cat=&x5=1&debut=0&seo_cat=&x5=0&debut=0&seo_cat=&x17=1&debut=0&seo_cat=&x21=1&debut=0&seo_cat=&x17=0&debut=0&seo_cat=&x20=1&debut=0&seo_cat=&x23=1&debut=0 HTTP/1.1" 200 203623 "-" "Mozilla/5.0 (compatible; SERankingBacklinksBot/1.0; +https://seranking.com/backlinks-crawler)"
144.76.19.27 - - [19/Aug/2026:02:17:58 +0200] "GET /new-products.php?&seo_cat=&x5=1&debut=0&seo_cat=&x5=0&debut=0&seo_cat=&x17=1&debut=0&seo_cat=&x21=1&debut=0&seo_cat=&x17=0&debut=0&seo_cat=&x21=0&debut=0&seo_cat=&x17=1&debut=0 HTTP/1.1" 200 93337 "-" "Mozilla/5.0 (compatible; SERankingBacklinksBot/1.0; +https://seranking.com/backlinks-crawler)"
185.191.171.3 - - [19/Aug/2026:02:17:58 +0200] "GET /new-products.php?a=24&a=24&a=24&a=24&b=1&b=1&b=1&b=1&debut=0&debut=0&debut=0&debut=0&debut=0&debut=0&debut=0&debut=0&debut=0&debut=0&debut=0&debut=24&seo_cat&seo_cat&seo_cat&seo_cat&seo_cat&seo_cat&seo_cat&seo_cat&x20=0&x20=0&x20=1&x21=0&x21=0&x21=1&x23=0&x23=1 HTTP/1.1" 200 107709 "-" "Mozilla/5.0 (compatible; SemrushBot/7~bl; +http://www.semrush.com/bot.html)"
144.76.19.27 - - [19/Aug/2026:02:18:01 +0200] "GET /new-products.php?&seo_cat=&x5=1&debut=0&seo_cat=&x5=0&debut=0&seo_cat=&x17=1&debut=0&seo_cat=&x21=1&debut=0&seo_cat=&x17=0&debut=0&seo_cat=&x21=0&debut=0&seo_cat=&x20=1&debut=0 HTTP/1.1" 200 168096 "-" "Mozilla/5.0 (compatible; SERankingBacklinksBot/1.0; +https://seranking.com/backlinks-crawler)"
144.76.19.27 - - [19/Aug/2026:02:18:05 +0200] "GET /new-products.php?&seo_cat=&x5=1&debut=0&seo_cat=&x5=0&debut=0&seo_cat=&x17=1&debut=0&seo_cat=&x21=1&debut=0&seo_cat=&x17=0&debut=0&seo_cat=&x21=0&debut=0&seo_cat=&x21=1&debut=0 HTTP/1.1" 200 133529 "-" "Mozilla/5.0 (compatible; SERankingBacklinksBot/1.0; +https://seranking.com/backlinks-crawler)"
144.76.19.27 - - [19/Aug/2026:02:18:08 +0200] "GET /new-products.php?&seo_cat=&x5=1&debut=0&seo_cat=&x5=0&debut=0&seo_cat=&x17=1&debut=0&seo_cat=&x21=1&debut=0&seo_cat=&x17=0&debut=0&seo_cat=&x21=0&debut=0&seo_cat=&x23=1&debut=0 HTTP/1.1" 200 71116 "-" "Mozilla/5.0 (compatible; SERankingBacklinksBot/1.0; +https://seranking.com/backlinks-crawler)"
144.76.19.27 - - [19/Aug/2026:02:18:11 +0200] "GET /new-products.php?&seo_cat=&x5=1&debut=0&seo_cat=&x5=0&debut=0&seo_cat=&x17=1&debut=0&seo_cat=&x21=1&debut=0&seo_cat=&x17=0&debut=0&seo_cat=&x23=1&debut=0&seo_cat=&x17=1&debut=0 HTTP/1.1" 200 168476 "-" "Mozilla/5.0 (compatible; SERankingBacklinksBot/1.0; +https://seranking.com/backlinks-crawler)"
144.76.19.27 - - [19/Aug/2026:02:18:15 +0200] "GET /new-products.php?&seo_cat=&x5=1&debut=0&seo_cat=&x5=0&debut=0&seo_cat=&x17=1&debut=0&seo_cat=&x21=1&debut=0&seo_cat=&x17=0&debut=0&seo_cat=&x23=1&debut=0&seo_cat=&x20=1&debut=0 HTTP/1.1" 200 203625 "-" "Mozilla/5.0 (compatible; SERankingBacklinksBot/1.0; +https://seranking.com/backlinks-crawler)"
144.76.19.27 - - [19/Aug/2026:02:18:18 +0200] "GET /new-products.php?&seo_cat=&x5=1&debut=0&seo_cat=&x5=0&debut=0&seo_cat=&x17=1&debut=0&seo_cat=&x21=1&debut=0&seo_cat=&x17=0&debut=0&seo_cat=&x23=1&debut=0&seo_cat=&x21=0&debut=0 HTTP/1.1" 200 71164 "-" "Mozilla/5.0 (compatible; SERankingBacklinksBot/1.0; +https://seranking.com/backlinks-crawler)"
85.208.96.202 - - [19/Aug/2026:02:18:19 +0200] "GET /new-products.php?a=24&a=24&a=24&b=1&b=1&b=1&debut=0&debut=0&debut=0&debut=0&debut=0&debut=0&debut=0&debut=0&debut=0&debut=0&debut=0&debut=0&debut=24&seo_cat&seo_cat&seo_cat&seo_cat&seo_cat&seo_cat&seo_cat&seo_cat&seo_cat&seo_cat&x17=0&x17=0&x17=1&x20=0&x20=0&x20=0&x20=1&x21=1&x22=1&x5=1 HTTP/1.1" 200 159908 "-" "Mozilla/5.0 (compatible; SemrushBot/7~bl; +http://www.semrush.com/bot.html)"
144.76.19.27 - - [19/Aug/2026:02:18:21 +0200] "GET /new-products.php?&seo_cat=&x5=1&debut=0&seo_cat=&x5=0&debut=0&seo_cat=&x17=1&debut=0&seo_cat=&x21=1&debut=0&seo_cat=&x17=0&debut=0&seo_cat=&x23=1&debut=0&seo_cat=&x23=0&debut=0 HTTP/1.1" 200 133533 "-" "Mozilla/5.0 (compatible; SERankingBacklinksBot/1.0; +https://seranking.com/backlinks-crawler)"
144.76.19.27 - - [19/Aug/2026:02:18:24 +0200] "GET /new-products.php?&seo_cat=&x5=1&debut=0&seo_cat=&x5=0&debut=0&seo_cat=&x17=1&debut=0&seo_cat=&x21=1&debut=0&seo_cat=&x20=1&debut=0&seo_cat=&x17=0&debut=0&seo_cat=&x17=1&debut=0 HTTP/1.1" 200 203659 "-" "Mozilla/5.0 (compatible; SERankingBacklinksBot/1.0; +https://seranking.com/backlinks-crawler)"
144.76.19.27 - - [19/Aug/2026:02:18:28 +0200] "GET /new-products.php?&seo_cat=&x5=1&debut=0&seo_cat=&x5=0&debut=0&seo_cat=&x17=1&debut=0&seo_cat=&x21=1&debut=0&seo_cat=&x20=1&debut=0&seo_cat=&x17=0&debut=0&seo_cat=&x20=0&debut=0 HTTP/1.1" 200 133605 "-" "Mozilla/5.0 (compatible; SERankingBacklinksBot/1.0; +https://seranking.com/backlinks-crawler)"
144.76.19.27 - - [19/Aug/2026:02:18:31 +0200] "GET /new-products.php?&seo_cat=&x5=1&debut=0&seo_cat=&x5=0&debut=0&seo_cat=&x17=1&debut=0&seo_cat=&x21=1&debut=0&seo_cat=&x20=1&debut=0&seo_cat=&x17=0&debut=0&seo_cat=&x21=0&debut=0 HTTP/1.1" 200 168104 "-" "Mozilla/5.0 (compatible; SERankingBacklinksBot/1.0; +https://seranking.com/backlinks-crawler)"
144.76.19.27 - - [19/Aug/2026:02:18:34 +0200] "GET /new-products.php?&seo_cat=&x5=1&debut=0&seo_cat=&x5=0&debut=0&seo_cat=&x17=1&debut=0&seo_cat=&x21=1&debut=0&seo_cat=&x20=1&debut=0&seo_cat=&x17=0&debut=0&seo_cat=&x23=1&debut=0 HTTP/1.1" 200 203619 "-" "Mozilla/5.0 (compatible; SERankingBacklinksBot/1.0; +https://seranking.com/backlinks-crawler)"
144.76.19.27 - - [19/Aug/2026:02:18:38 +0200] "GET /new-products.php?&seo_cat=&x5=1&debut=0&seo_cat=&x5=0&debut=0&seo_cat=&x17=1&debut=0&seo_cat=&x21=1&debut=0&seo_cat=&x20=1&debut=0&seo_cat=&x20=0&debut=0&seo_cat=&x17=0&debut=0 HTTP/1.1" 200 133589 "-" "Mozilla/5.0 (compatible; SERankingBacklinksBot/1.0; +https://seranking.com/backlinks-crawler)"
144.76.19.27 - - [19/Aug/2026:02:18:41 +0200] "GET /new-products.php?&seo_cat=&x5=1&debut=0&seo_cat=&x5=0&debut=0&seo_cat=&x17=1&debut=0&seo_cat=&x21=1&debut=0&seo_cat=&x20=1&debut=0&seo_cat=&x20=0&debut=0&seo_cat=&x20=1&debut=0 HTTP/1.1" 200 203629 "-" "Mozilla/5.0 (compatible; SERankingBacklinksBot/1.0; +https://seranking.com/backlinks-crawler)"
85.208.96.211 - - [19/Aug/2026:02:18:43 +0200] "GET /new-products.php?debut=0&debut=0&debut=0&debut=0&debut=0&debut=0&debut=0&debut=0&debut=0&debut=0&debut=0&debut=0&debut=0&debut=0&histo_track=1&seo_cat&seo_cat&seo_cat&seo_cat&seo_cat&seo_cat&seo_cat&seo_cat&seo_cat&seo_cat&seo_cat&seo_cat&seo_cat&seo_cat&x17=0&x17=0&x17=0&x17=0&x17=0&x17=1&x20=1&x21=0&x21=0&x21=0&x21=0&x21=1&x23=0&x23=1 HTTP/1.1" 200 208643 "-" "Mozilla/5.0 (compatible; SemrushBot/7~bl; +http://www.semrush.com/bot.html)"
85.208.96.211 - - [19/Aug/2026:02:18:43 +0200] "GET /new-products.php?debut=0&debut=0&debut=0&debut=0&debut=0&debut=0&debut=0&debut=0&debut=0&debut=0&debut=0&debut=0&debut=0&debut=0&histo_track=1&seo_cat&seo_cat&seo_cat&seo_cat&seo_cat&seo_cat&seo_cat&seo_cat&seo_cat&seo_cat&seo_cat&seo_cat&seo_cat&seo_cat&x17=0&x17=0&x17=0&x17=0&x17=0&x17=1&x20=1&x21=0&x21=0&x21=0&x21=0&x21=1&x23=0&x23=1 HTTP/1.1" 200 208615 "-" "Mozilla/5.0 (compatible; SemrushBot/7~bl; +http://www.semrush.com/bot.html)"
144.76.19.27 - - [19/Aug/2026:02:18:44 +0200] "GET /new-products.php?&seo_cat=&x5=1&debut=0&seo_cat=&x5=0&debut=0&seo_cat=&x17=1&debut=0&seo_cat=&x21=1&debut=0&seo_cat=&x20=1&debut=0&seo_cat=&x20=0&debut=0&seo_cat=&x21=0&debut=0 HTTP/1.1" 200 93317 "-" "Mozilla/5.0 (compatible; SERankingBacklinksBot/1.0; +https://seranking.com/backlinks-crawler)"
144.76.19.27 - - [19/Aug/2026:02:18:47 +0200] "GET /new-products.php?&seo_cat=&x5=1&debut=0&seo_cat=&x5=0&debut=0&seo_cat=&x17=1&debut=0&seo_cat=&x21=1&debut=0&seo_cat=&x20=1&debut=0&seo_cat=&x20=0&debut=0&seo_cat=&x23=1&debut=0 HTTP/1.1" 200 168398 "-" "Mozilla/5.0 (compatible; SERankingBacklinksBot/1.0; +https://seranking.com/backlinks-crawler)"
144.76.19.27 - - [19/Aug/2026:02:18:51 +0200] "GET /new-products.php?&seo_cat=&x5=1&debut=0&seo_cat=&x5=0&debut=0&seo_cat=&x17=1&debut=0&seo_cat=&x21=1&debut=0&seo_cat=&x20=1&debut=0&seo_cat=&x21=0&debut=0&seo_cat=&x17=0&debut=0 HTTP/1.1" 200 168022 "-" "Mozilla/5.0 (compatible; SERankingBacklinksBot/1.0; +https://seranking.com/backlinks-crawler)"
83.99.206.216 - - [19/Aug/2026:02:18:52 +0200] "GET /new-products.php?&seo_cat=&x17=1&debut=0&seo_cat=&x5=1&debut=0&seo_cat=&x20=1&debut=0&seo_cat=&x23=1&debut=0&seo_cat=&x23=0&debut=0&seo_cat=&x21=1&debut=0&seo_cat=&x17=0&debut=0&seo_cat=&x17=1&debut=0&seo_cat=&x23=1&debut=0&seo_cat=&x17=0&debut=0 HTTP/1.1" 200 205927 "-" "Mozilla/5.0 (X11; Linux x86_64) AppleWebKit/537.36 (KHTML, like Gecko; GeedoShopProductFinder) Chrome/142.0.0.0 Safari/537.36"
144.76.19.27 - - [19/Aug/2026:02:18:54 +0200] "GET /new-products.php?&seo_cat=&x5=1&debut=0&seo_cat=&x5=0&debut=0&seo_cat=&x17=1&debut=0&seo_cat=&x21=1&debut=0&seo_cat=&x20=1&debut=0&seo_cat=&x21=0&debut=0&seo_cat=&x20=0&debut=0 HTTP/1.1" 200 93329 "-" "Mozilla/5.0 (compatible; SERankingBacklinksBot/1.0; +https://seranking.com/backlinks-crawler)"
144.76.19.27 - - [19/Aug/2026:02:18:57 +0200] "GET /new-products.php?&seo_cat=&x5=1&debut=0&seo_cat=&x5=0&debut=0&seo_cat=&x17=1&debut=0&seo_cat=&x21=1&debut=0&seo_cat=&x20=1&debut=0&seo_cat=&x21=0&debut=0&seo_cat=&x21=1&debut=0 HTTP/1.1" 200 203577 "-" "Mozilla/5.0 (compatible; SERankingBacklinksBot/1.0; +https://seranking.com/backlinks-crawler)"
144.76.19.27 - - [19/Aug/2026:02:19:00 +0200] "GET /new-products.php?&seo_cat=&x5=1&debut=0&seo_cat=&x5=0&debut=0&seo_cat=&x17=1&debut=0&seo_cat=&x21=1&debut=0&seo_cat=&x20=1&debut=0&seo_cat=&x21=0&debut=0&seo_cat=&x23=1&debut=0 HTTP/1.1" 200 203359 "-" "Mozilla/5.0 (compatible; SERankingBacklinksBot/1.0; +https://seranking.com/backlinks-crawler)"
144.76.19.27 - - [19/Aug/2026:02:19:04 +0200] "GET /new-products.php?&seo_cat=&x5=1&debut=0&seo_cat=&x5=0&debut=0&seo_cat=&x17=1&debut=0&seo_cat=&x21=1&debut=0&seo_cat=&x20=1&debut=0&seo_cat=&x23=1&debut=0&seo_cat=&x17=0&debut=0 HTTP/1.1" 200 203689 "-" "Mozilla/5.0 (compatible; SERankingBacklinksBot/1.0; +https://seranking.com/backlinks-crawler)"
144.76.19.27 - - [19/Aug/2026:02:19:07 +0200] "GET /new-products.php?&seo_cat=&x5=1&debut=0&seo_cat=&x5=0&debut=0&seo_cat=&x17=1&debut=0&seo_cat=&x21=1&debut=0&seo_cat=&x20=1&debut=0&seo_cat=&x23=1&debut=0&seo_cat=&x20=0&debut=0 HTTP/1.1" 200 168344 "-" "Mozilla/5.0 (compatible; SERankingBacklinksBot/1.0; +https://seranking.com/backlinks-crawler)"
185.191.171.8 - - [19/Aug/2026:02:19:08 +0200] "GET /new-products.php?a=24&a=24&a=24&b=1&b=1&b=1&debut=0&debut=0&debut=0&debut=0&debut=0&debut=0&debut=0&debut=0&debut=0&debut=0&debut=24&histo_track=1&seo_cat&seo_cat&seo_cat&seo_cat&seo_cat&seo_cat&seo_cat&seo_cat&x17=1&x20=1&x21=1&x23=0&x23=0&x23=0&x23=0&x23=1 HTTP/1.1" 200 136787 "-" "Mozilla/5.0 (compatible; SemrushBot/7~bl; +http://www.semrush.com/bot.html)"
144.76.19.27 - - [19/Aug/2026:02:19:10 +0200] "GET /new-products.php?&seo_cat=&x5=1&debut=0&seo_cat=&x5=0&debut=0&seo_cat=&x17=1&debut=0&seo_cat=&x21=1&debut=0&seo_cat=&x20=1&debut=0&seo_cat=&x23=1&debut=0&seo_cat=&x21=0&debut=0 HTTP/1.1" 200 203285 "-" "Mozilla/5.0 (compatible; SERankingBacklinksBot/1.0; +https://seranking.com/backlinks-crawler)"
185.191.171.8 - - [19/Aug/2026:02:19:11 +0200] "GET /new-products.php?a=24&a=24&a=24&a=24&a=24&a=25&b=1&b=1&b=1&b=1&b=1&b=1&debut=0&debut=0&debut=0&debut=0&debut=0&debut=0&debut=0&debut=0&debut=0&debut=0&debut=0&debut=0&debut=0&debut=0&debut=25&seo_cat&seo_cat&seo_cat&seo_cat&seo_cat&seo_cat&seo_cat&seo_cat&seo_cat&x20=0&x20=0&x20=0&x20=1&x21=0&x21=0&x21=1&x23=1&x5=1 HTTP/1.1" 200 131777 "-" "Mozilla/5.0 (compatible; SemrushBot/7~bl; +http://www.semrush.com/bot.html)"
83.99.206.0 - - [19/Aug/2026:02:19:12 +0200] "GET /marques.php?seo=20-lits-gigognes&histo_track=1&seo_marq=20&t47=1&debut=0&seo_marq=20&t47=0&debut=0&seo_marq=20&t58=1&debut=0&seo_marq=20&t59=1&debut=0&seo_marq=20&t58=0&debut=0&seo_marq=20&t58=1&debut=0&seo_marq=20&t58=0&debut=0&seo_marq=20&t58=1&debut=0&seo_marq=20&t59=0&debut=0 HTTP/1.1" 200 123956 "-" "Mozilla/5.0 (X11; Linux x86_64) AppleWebKit/537.36 (KHTML, like Gecko; GeedoShopProductFinder) Chrome/142.0.0.0 Safari/537.36"
144.76.19.27 - - [19/Aug/2026:02:19:13 +0200] "GET /new-products.php?&seo_cat=&x5=1&debut=0&seo_cat=&x5=0&debut=0&seo_cat=&x17=1&debut=0&seo_cat=&x21=1&debut=0&seo_cat=&x20=1&debut=0&seo_cat=&x23=1&debut=0&seo_cat=&x23=0&debut=0 HTTP/1.1" 200 203529 "-" "Mozilla/5.0 (compatible; SERankingBacklinksBot/1.0; +https://seranking.com/backlinks-crawler)"
144.76.19.27 - - [19/Aug/2026:02:19:17 +0200] "GET /new-products.php?&seo_cat=&x5=1&debut=0&seo_cat=&x5=0&debut=0&seo_cat=&x17=1&debut=0&seo_cat=&x21=1&debut=0&seo_cat=&x21=0&debut=0&seo_cat=&x17=0&debut=0&seo_cat=&x17=1&debut=0 HTTP/1.1" 200 93341 "-" "Mozilla/5.0 (compatible; SERankingBacklinksBot/1.0; +https://seranking.com/backlinks-crawler)"
144.76.19.27 - - [19/Aug/2026:02:19:20 +0200] "GET /new-products.php?&seo_cat=&x5=1&debut=0&seo_cat=&x5=0&debut=0&seo_cat=&x17=1&debut=0&seo_cat=&x21=1&debut=0&seo_cat=&x21=0&debut=0&seo_cat=&x17=0&debut=0&seo_cat=&x20=1&debut=0 HTTP/1.1" 200 168104 "-" "Mozilla/5.0 (compatible; SERankingBacklinksBot/1.0; +https://seranking.com/backlinks-crawler)"
85.208.96.206 - - [19/Aug/2026:02:19:22 +0200] "GET /produit-96-pin21-en-80x190-complet-gris-mastic HTTP/1.1" 500 6 "-" "Mozilla/5.0 (compatible; SemrushBot/7~bl; +http://www.semrush.com/bot.html)"
144.76.19.27 - - [19/Aug/2026:02:19:24 +0200] "GET /new-products.php?&seo_cat=&x5=1&debut=0&seo_cat=&x5=0&debut=0&seo_cat=&x17=1&debut=0&seo_cat=&x21=1&debut=0&seo_cat=&x21=0&debut=0&seo_cat=&x17=0&debut=0&seo_cat=&x21=1&debut=0 HTTP/1.1" 200 133583 "-" "Mozilla/5.0 (compatible; SERankingBacklinksBot/1.0; +https://seranking.com/backlinks-crawler)"
144.76.19.27 - - [19/Aug/2026:02:19:27 +0200] "GET /new-products.php?&seo_cat=&x5=1&debut=0&seo_cat=&x5=0&debut=0&seo_cat=&x17=1&debut=0&seo_cat=&x21=1&debut=0&seo_cat=&x21=0&debut=0&seo_cat=&x17=0&debut=0&seo_cat=&x23=1&debut=0 HTTP/1.1" 200 71116 "-" "Mozilla/5.0 (compatible; SERankingBacklinksBot/1.0; +https://seranking.com/backlinks-crawler)"
144.76.19.27 - - [19/Aug/2026:02:19:30 +0200] "GET /new-products.php?&seo_cat=&x5=1&debut=0&seo_cat=&x5=0&debut=0&seo_cat=&x17=1&debut=0&seo_cat=&x21=1&debut=0&seo_cat=&x21=0&debut=0&seo_cat=&x20=1&debut=0&seo_cat=&x17=0&debut=0 HTTP/1.1" 200 168030 "-" "Mozilla/5.0 (compatible; SERankingBacklinksBot/1.0; +https://seranking.com/backlinks-crawler)"
83.99.206.22 - - [19/Aug/2026:02:19:32 +0200] "GET /new-products.php?&seo_cat=&x17=1&debut=0&seo_cat=&x5=1&debut=0&seo_cat=&x20=1&debut=0&seo_cat=&x21=1&debut=0&seo_cat=&x23=1&debut=0&debut=24&a=24&b=1&seo_cat=&x23=0&debut=0&seo_cat=&x21=0&debut=0 HTTP/1.1" 200 204019 "-" "Mozilla/5.0 (X11; Linux x86_64) AppleWebKit/537.36 (KHTML, like Gecko; GeedoShopProductFinder) Chrome/142.0.0.0 Safari/537.36"
144.76.19.27 - - [19/Aug/2026:02:19:34 +0200] "GET /new-products.php?&seo_cat=&x5=1&debut=0&seo_cat=&x5=0&debut=0&seo_cat=&x17=1&debut=0&seo_cat=&x21=1&debut=0&seo_cat=&x21=0&debut=0&seo_cat=&x20=1&debut=0&seo_cat=&x20=0&debut=0 HTTP/1.1" 200 93301 "-" "Mozilla/5.0 (compatible; SERankingBacklinksBot/1.0; +https://seranking.com/backlinks-crawler)"
144.76.19.27 - - [19/Aug/2026:02:19:37 +0200] "GET /new-products.php?&seo_cat=&x5=1&debut=0&seo_cat=&x5=0&debut=0&seo_cat=&x17=1&debut=0&seo_cat=&x21=1&debut=0&seo_cat=&x21=0&debut=0&seo_cat=&x20=1&debut=0&seo_cat=&x21=1&debut=0 HTTP/1.1" 200 203577 "-" "Mozilla/5.0 (compatible; SERankingBacklinksBot/1.0; +https://seranking.com/backlinks-crawler)"
144.76.19.27 - - [19/Aug/2026:02:19:40 +0200] "GET /new-products.php?&seo_cat=&x5=1&debut=0&seo_cat=&x5=0&debut=0&seo_cat=&x17=1&debut=0&seo_cat=&x21=1&debut=0&seo_cat=&x21=0&debut=0&seo_cat=&x20=1&debut=0&seo_cat=&x23=1&debut=0 HTTP/1.1" 200 203359 "-" "Mozilla/5.0 (compatible; SERankingBacklinksBot/1.0; +https://seranking.com/backlinks-crawler)"
185.191.171.4 - - [19/Aug/2026:02:19:43 +0200] "GET /new-products.php?a=24&a=24&b=1&b=1&debut=0&debut=0&debut=0&debut=0&debut=0&debut=0&debut=0&debut=0&debut=0&debut=0&debut=0&debut=0&debut=0&debut=0&debut=24&seo_cat&seo_cat&seo_cat&seo_cat&seo_cat&seo_cat&seo_cat&seo_cat&seo_cat&seo_cat&seo_cat&seo_cat&seo_cat&x17=0&x17=1&x20=0&x20=0&x20=1&x21=0&x21=0&x21=0&x21=1&x23=0&x23=1&x5=0&x5=1 HTTP/1.1" 200 167514 "-" "Mozilla/5.0 (compatible; SemrushBot/7~bl; +http://www.semrush.com/bot.html)"
144.76.19.27 - - [19/Aug/2026:02:19:43 +0200] "GET /new-products.php?&seo_cat=&x5=1&debut=0&seo_cat=&x5=0&debut=0&seo_cat=&x17=1&debut=0&seo_cat=&x21=1&debut=0&seo_cat=&x21=0&debut=0&seo_cat=&x21=1&debut=0&seo_cat=&x17=0&debut=0 HTTP/1.1" 200 133587 "-" "Mozilla/5.0 (compatible; SERankingBacklinksBot/1.0; +https://seranking.com/backlinks-crawler)"
144.76.19.27 - - [19/Aug/2026:02:19:47 +0200] "GET /new-products.php?&seo_cat=&x5=1&debut=0&seo_cat=&x5=0&debut=0&seo_cat=&x17=1&debut=0&seo_cat=&x21=1&debut=0&seo_cat=&x21=0&debut=0&seo_cat=&x21=1&debut=0&seo_cat=&x20=1&debut=0 HTTP/1.1" 200 203621 "-" "Mozilla/5.0 (compatible; SERankingBacklinksBot/1.0; +https://seranking.com/backlinks-crawler)"
85.208.96.205 - - [19/Aug/2026:02:19:47 +0200] "GET /new-products.php?a=24&a=24&b=1&b=1&debut=0&debut=0&debut=0&debut=0&debut=0&debut=0&debut=0&debut=0&debut=0&debut=0&debut=0&debut=0&debut=24&histo_track=1&seo_cat&seo_cat&seo_cat&seo_cat&seo_cat&seo_cat&seo_cat&seo_cat&seo_cat&seo_cat&seo_cat&x17=0&x17=0&x17=1&x20=1&x23=1&x5=0&x5=0&x5=0&x5=0&x5=0&x5=1 HTTP/1.1" 200 96486 "-" "Mozilla/5.0 (compatible; SemrushBot/7~bl; +http://www.semrush.com/bot.html)"
85.208.96.195 - - [19/Aug/2026:02:19:49 +0200] "GET /category.php?a=25&b=1&debut=0&debut=0&debut=0&debut=0&debut=0&debut=0&debut=0&debut=0&debut=0&debut=0&debut=0&debut=0&debut=25&seo=47-lits-gigognes&seo_cat=47&seo_cat=47&seo_cat=47&seo_cat=47&seo_cat=47&seo_cat=47&seo_cat=47&seo_cat=47&seo_cat=47&seo_cat=47&seo_cat=47&seo_cat=47&t58=0&t58=1&t59=1&t60=0&t60=1&x20=0&x20=0&x20=0&x20=1&x5=0&x5=0&x5=1 HTTP/1.1" 200 70385 "-" "Mozilla/5.0 (compatible; SemrushBot/7~bl; +http://www.semrush.com/bot.html)"
144.76.19.27 - - [19/Aug/2026:02:19:50 +0200] "GET /new-products.php?&seo_cat=&x5=1&debut=0&seo_cat=&x5=0&debut=0&seo_cat=&x17=1&debut=0&seo_cat=&x21=1&debut=0&seo_cat=&x21=0&debut=0&seo_cat=&x21=1&debut=0&seo_cat=&x21=0&debut=0 HTTP/1.1" 200 93317 "-" "Mozilla/5.0 (compatible; SERankingBacklinksBot/1.0; +https://seranking.com/backlinks-crawler)"
83.99.206.194 - - [19/Aug/2026:02:19:53 +0200] "GET /new-products.php?&seo_cat=&x17=1&debut=0&seo_cat=&x5=1&debut=0&seo_cat=&x20=1&debut=0&seo_cat=&x23=1&debut=0&seo_cat=&x21=1&debut=0&histo_track=1&seo_cat=&x20=0&debut=0&seo_cat=&x20=1&debut=0&seo_cat=&x17=0&debut=0&seo_cat=&x21=0&debut=0 HTTP/1.1" 200 205071 "-" "Mozilla/5.0 (X11; Linux x86_64) AppleWebKit/537.36 (KHTML, like Gecko; GeedoShopProductFinder) Chrome/142.0.0.0 Safari/537.36"
144.76.19.27 - - [19/Aug/2026:02:19:54 +0200] "GET /new-products.php?&seo_cat=&x5=1&debut=0&seo_cat=&x5=0&debut=0&seo_cat=&x17=1&debut=0&seo_cat=&x21=1&debut=0&seo_cat=&x21=0&debut=0&seo_cat=&x21=1&debut=0&seo_cat=&x23=1&debut=0 HTTP/1.1" 200 168400 "-" "Mozilla/5.0 (compatible; SERankingBacklinksBot/1.0; +https://seranking.com/backlinks-crawler)"
185.191.171.4 - - [19/Aug/2026:02:19:56 +0200] "GET /new-products.php?a=24&a=24&a=24&b=1&b=1&b=1&debut=0&debut=0&debut=0&debut=0&debut=0&debut=0&debut=0&debut=0&debut=0&debut=0&debut=0&debut=0&debut=0&debut=24&seo_cat&seo_cat&seo_cat&seo_cat&seo_cat&seo_cat&seo_cat&seo_cat&seo_cat&seo_cat&seo_cat&x20=0&x20=1&x21=0&x21=0&x21=0&x21=0&x21=0&x21=0&x21=1&x22=1&x23=1 HTTP/1.1" 200 108469 "-" "Mozilla/5.0 (compatible; SemrushBot/7~bl; +http://www.semrush.com/bot.html)"
144.76.19.27 - - [19/Aug/2026:02:19:57 +0200] "GET /new-products.php?&seo_cat=&x5=1&debut=0&seo_cat=&x5=0&debut=0&seo_cat=&x17=1&debut=0&seo_cat=&x21=1&debut=0&seo_cat=&x21=0&debut=0&seo_cat=&x23=1&debut=0&seo_cat=&x17=0&debut=0 HTTP/1.1" 200 71086 "-" "Mozilla/5.0 (compatible; SERankingBacklinksBot/1.0; +https://seranking.com/backlinks-crawler)"
185.191.171.4 - - [19/Aug/2026:02:19:57 +0200] "GET /new-products.php?a=24&a=24&a=24&b=1&b=1&b=1&debut=0&debut=0&debut=0&debut=0&debut=0&debut=0&debut=0&debut=0&debut=0&debut=0&debut=0&debut=0&debut=0&debut=24&seo_cat&seo_cat&seo_cat&seo_cat&seo_cat&seo_cat&seo_cat&seo_cat&seo_cat&seo_cat&seo_cat&x20=0&x20=1&x21=0&x21=0&x21=0&x21=0&x21=0&x21=0&x21=1&x22=1&x23=1 HTTP/1.1" 200 108455 "-" "Mozilla/5.0 (compatible; SemrushBot/7~bl; +http://www.semrush.com/bot.html)"
144.76.19.27 - - [19/Aug/2026:02:20:00 +0200] "GET /new-products.php?&seo_cat=&x5=1&debut=0&seo_cat=&x5=0&debut=0&seo_cat=&x17=1&debut=0&seo_cat=&x21=1&debut=0&seo_cat=&x21=0&debut=0&seo_cat=&x23=1&debut=0&seo_cat=&x20=1&debut=0 HTTP/1.1" 200 203333 "-" "Mozilla/5.0 (compatible; SERankingBacklinksBot/1.0; +https://seranking.com/backlinks-crawler)"
