144.76.19.27 - - [19/Aug/2026:00:15:27 +0200] "GET /new-products.php?&seo_cat=&x21=1&debut=0&histo_track=1&seo_cat=&x20=1&debut=0&debut=24&a=24&b=1&debut=0&a=24&b=1&debut=24&a=24&b=1&seo_cat=&x21=0&debut=0&seo_cat=&x23=1&debut=0 HTTP/1.1" 200 174361 "-" "Mozilla/5.0 (compatible; SERankingBacklinksBot/1.0; +https://seranking.com/backlinks-crawler)"
144.76.19.27 - - [19/Aug/2026:00:15:30 +0200] "GET /new-products.php?&seo_cat=&x20=1&debut=0&seo_cat=&x17=1&debut=0&seo_cat=&x21=1&debut=0&seo_cat=&x23=1&debut=0&seo_cat=&x5=1&debut=0&seo_cat=&x5=0&debut=0&seo_cat=&x21=0&debut=0 HTTP/1.1" 200 203341 "-" "Mozilla/5.0 (compatible; SERankingBacklinksBot/1.0; +https://seranking.com/backlinks-crawler)"
216.244.66.197 - - [19/Aug/2026:00:15:33 +0200] "GET /page.php?seo=livraisons&histo_track=1 HTTP/1.1" 200 60966 "-" "Mozilla/5.0 (compatible; DotBot/1.2; +https://opensiteexplorer.org/dotbot; help@moz.com)"
144.76.19.27 - - [19/Aug/2026:00:15:33 +0200] "GET /new-products.php?&seo_cat=&x21=1&debut=0&histo_track=1&seo_cat=&x20=1&debut=0&debut=24&a=24&b=1&debut=0&a=24&b=1&debut=24&a=24&b=1&seo_cat=&x23=1&debut=0&seo_cat=&x17=1&debut=0 HTTP/1.1" 200 203543 "-" "Mozilla/5.0 (compatible; SERankingBacklinksBot/1.0; +https://seranking.com/backlinks-crawler)"
144.76.19.27 - - [19/Aug/2026:00:15:36 +0200] "GET /new-products.php?&seo_cat=&x20=1&debut=0&seo_cat=&x17=1&debut=0&seo_cat=&x21=1&debut=0&seo_cat=&x23=1&debut=0&seo_cat=&x5=1&debut=0&seo_cat=&x5=0&debut=0&seo_cat=&x23=0&debut=0 HTTP/1.1" 200 203603 "-" "Mozilla/5.0 (compatible; SERankingBacklinksBot/1.0; +https://seranking.com/backlinks-crawler)"
144.76.19.27 - - [19/Aug/2026:00:15:39 +0200] "GET /new-products.php?&seo_cat=&x21=1&debut=0&histo_track=1&seo_cat=&x20=1&debut=0&debut=24&a=24&b=1&debut=0&a=24&b=1&debut=24&a=24&b=1&seo_cat=&x23=1&debut=0&seo_cat=&x20=0&debut=0 HTTP/1.1" 200 139882 "-" "Mozilla/5.0 (compatible; SERankingBacklinksBot/1.0; +https://seranking.com/backlinks-crawler)"
144.76.19.27 - - [19/Aug/2026:00:15:43 +0200] "GET /new-products.php?&seo_cat=&x20=1&debut=0&seo_cat=&x17=1&debut=0&seo_cat=&x21=1&debut=0&seo_cat=&x5=1&debut=0&seo_cat=&x17=0&debut=0&seo_cat=&x17=1&debut=0&seo_cat=&x5=0&debut=0 HTTP/1.1" 200 203635 "-" "Mozilla/5.0 (compatible; SERankingBacklinksBot/1.0; +https://seranking.com/backlinks-crawler)"
83.99.206.231 - - [19/Aug/2026:00:15:44 +0200] "GET /new-products.php?&seo_cat=&x17=1&debut=0&seo_cat=&x5=1&debut=0&seo_cat=&x20=1&debut=0&seo_cat=&x23=1&debut=0&seo_cat=&x5=0&debut=0&seo_cat=&x17=0&debut=0&seo_cat=&x5=1&debut=0&seo_cat=&x5=0&debut=0&seo_cat=&x21=1&debut=0&debut=24&a=24&b=1 HTTP/1.1" 200 107389 "-" "Mozilla/5.0 (X11; Linux x86_64) AppleWebKit/537.36 (KHTML, like Gecko; GeedoShopProductFinder) Chrome/142.0.0.0 Safari/537.36"
185.191.171.4 - - [19/Aug/2026:00:15:45 +0200] "GET /new-products.php?a=25&b=1&debut=0&debut=0&debut=0&debut=0&debut=0&debut=0&debut=0&debut=0&debut=0&debut=0&debut=0&debut=0&debut=0&debut=0&debut=0&debut=25&seo_cat&seo_cat&seo_cat&seo_cat&seo_cat&seo_cat&seo_cat&seo_cat&seo_cat&seo_cat&seo_cat&seo_cat&seo_cat&seo_cat&seo_cat&x17=0&x17=0&x17=0&x17=0&x17=0&x17=1&x20=0&x20=0&x20=1&x21=0&x21=0&x21=1&x5=0&x5=0&x5=1 HTTP/1.1" 200 155634 "-" "Mozilla/5.0 (compatible; SemrushBot/7~bl; +http://www.semrush.com/bot.html)"
144.76.19.27 - - [19/Aug/2026:00:15:46 +0200] "GET /new-products.php?&seo_cat=&x21=1&debut=0&histo_track=1&seo_cat=&x20=1&debut=0&debut=24&a=24&b=1&debut=0&a=24&b=1&debut=24&a=24&b=1&seo_cat=&x23=1&debut=0&seo_cat=&x21=0&debut=0 HTTP/1.1" 200 174315 "-" "Mozilla/5.0 (compatible; SERankingBacklinksBot/1.0; +https://seranking.com/backlinks-crawler)"
85.208.96.197 - - [19/Aug/2026:00:15:47 +0200] "GET /new-products.php?debut=0&debut=0&debut=0&debut=0&debut=0&debut=0&debut=0&debut=0&debut=0&debut=0&debut=0&debut=0&debut=0&debut=0&seo_cat&seo_cat&seo_cat&seo_cat&seo_cat&seo_cat&seo_cat&seo_cat&seo_cat&seo_cat&seo_cat&seo_cat&seo_cat&seo_cat&x17=0&x17=0&x17=0&x17=0&x17=0&x17=0&x17=0&x17=0&x17=0&x17=1&x21=1&x22=1&x23=0&x23=1 HTTP/1.1" 200 171808 "-" "Mozilla/5.0 (compatible; SemrushBot/7~bl; +http://www.semrush.com/bot.html)"
85.208.96.201 - - [19/Aug/2026:00:15:49 +0200] "GET /new-products.php?a=24&a=24&a=25&a=25&a=25&a=25&a=25&a=25&a=25&a=25&a=25&a=25&b=1&b=1&b=1&b=1&b=1&b=1&b=1&b=1&b=1&b=1&b=1&b=1&debut=0&debut=0&debut=0&debut=0&debut=0&debut=0&debut=0&debut=0&debut=0&debut=0&debut=0&debut=0&debut=0&debut=0&debut=0&debut=25&histo_track=1&seo_cat&seo_cat&seo_cat&seo_cat&x17=1&x20=1&x21=1&x5=1 HTTP/1.1" 200 154790 "-" "Mozilla/5.0 (compatible; SemrushBot/7~bl; +http://www.semrush.com/bot.html)"
144.76.19.27 - - [19/Aug/2026:00:15:49 +0200] "GET /new-products.php?&seo_cat=&x20=1&debut=0&seo_cat=&x17=1&debut=0&seo_cat=&x21=1&debut=0&seo_cat=&x5=1&debut=0&seo_cat=&x17=0&debut=0&seo_cat=&x20=0&debut=0&seo_cat=&x5=0&debut=0 HTTP/1.1" 200 133593 "-" "Mozilla/5.0 (compatible; SERankingBacklinksBot/1.0; +https://seranking.com/backlinks-crawler)"
85.208.96.200 - - [19/Aug/2026:00:15:50 +0200] "GET /marques.php?debut=0&debut=0&debut=0&debut=0&debut=0&debut=0&debut=0&debut=0&debut=0&debut=0&seo=20-lits-gigognes&seo_marq=20&seo_marq=20&seo_marq=20&seo_marq=20&seo_marq=20&seo_marq=20&seo_marq=20&seo_marq=20&seo_marq=20&seo_marq=20&t47=0&t47=0&t47=0&t47=1&t58=0&t58=1&t59=0&t59=1&t60=0&t60=1 HTTP/1.1" 200 182391 "-" "Mozilla/5.0 (compatible; SemrushBot/7~bl; +http://www.semrush.com/bot.html)"
144.76.19.27 - - [19/Aug/2026:00:15:53 +0200] "GET /new-products.php?&seo_cat=&x21=1&debut=0&histo_track=1&seo_cat=&x20=1&debut=0&debut=24&a=24&b=1&debut=0&a=24&b=1&debut=24&a=24&b=1&seo_cat=&x23=1&debut=0&seo_cat=&x23=0&debut=0 HTTP/1.1" 200 203709 "-" "Mozilla/5.0 (compatible; SERankingBacklinksBot/1.0; +https://seranking.com/backlinks-crawler)"
85.208.96.206 - - [19/Aug/2026:00:15:53 +0200] "GET /new-products.php?a=24&a=24&a=24&a=24&a=24&a=25&b=1&b=1&b=1&b=1&b=1&b=1&debut=0&debut=0&debut=0&debut=0&debut=0&debut=0&debut=0&debut=0&debut=0&debut=0&debut=0&debut=0&debut=0&debut=0&debut=0&debut=25&histo_track=1&seo_cat&seo_cat&seo_cat&seo_cat&seo_cat&seo_cat&seo_cat&seo_cat&seo_cat&seo_cat&x17=1&x20=0&x20=1&x23=0&x23=0&x23=0&x23=0&x23=0&x23=1&x5=1 HTTP/1.1" 200 91167 "-" "Mozilla/5.0 (compatible; SemrushBot/7~bl; +http://www.semrush.com/bot.html)"
144.76.19.27 - - [19/Aug/2026:00:15:57 +0200] "GET /new-products.php?&seo_cat=&x20=1&debut=0&seo_cat=&x17=1&debut=0&seo_cat=&x21=1&debut=0&seo_cat=&x5=1&debut=0&seo_cat=&x17=0&debut=0&seo_cat=&x21=0&debut=0&seo_cat=&x5=0&debut=0 HTTP/1.1" 200 168074 "-" "Mozilla/5.0 (compatible; SERankingBacklinksBot/1.0; +https://seranking.com/backlinks-crawler)"
144.76.19.27 - - [19/Aug/2026:00:16:01 +0200] "GET /new-products.php?&seo_cat=&x21=1&debut=0&histo_track=1&seo_cat=&x20=1&debut=0&debut=24&a=24&b=1&debut=0&a=24&b=1&seo_cat=&x17=1&debut=0&debut=24&a=24&b=1&seo_cat=&x17=0&debut=0 HTTP/1.1" 200 203631 "-" "Mozilla/5.0 (compatible; SERankingBacklinksBot/1.0; +https://seranking.com/backlinks-crawler)"
83.99.206.231 - - [19/Aug/2026:00:16:04 +0200] "GET /new-products.php?&seo_cat=&x5=1&debut=0&histo_track=1&seo_cat=&x23=1&debut=0&seo_cat=&x5=0&debut=0&seo_cat=&x21=1&debut=0&seo_cat=&x20=1&debut=0 HTTP/1.1" 200 202631 "-" "Mozilla/5.0 (X11; Linux x86_64) AppleWebKit/537.36 (KHTML, like Gecko; GeedoShopProductFinder) Chrome/142.0.0.0 Safari/537.36"
144.76.19.27 - - [19/Aug/2026:00:16:05 +0200] "GET /new-products.php?&seo_cat=&x20=1&debut=0&seo_cat=&x17=1&debut=0&seo_cat=&x21=1&debut=0&seo_cat=&x5=1&debut=0&seo_cat=&x17=0&debut=0&seo_cat=&x23=1&debut=0&seo_cat=&x5=0&debut=0 HTTP/1.1" 200 203681 "-" "Mozilla/5.0 (compatible; SERankingBacklinksBot/1.0; +https://seranking.com/backlinks-crawler)"
144.76.19.27 - - [19/Aug/2026:00:16:08 +0200] "GET /new-products.php?&seo_cat=&x21=1&debut=0&histo_track=1&seo_cat=&x20=1&debut=0&debut=24&a=24&b=1&debut=0&a=24&b=1&seo_cat=&x17=1&debut=0&debut=24&a=24&b=1&seo_cat=&x20=0&debut=0 HTTP/1.1" 200 162049 "-" "Mozilla/5.0 (compatible; SERankingBacklinksBot/1.0; +https://seranking.com/backlinks-crawler)"
144.76.19.27 - - [19/Aug/2026:00:16:11 +0200] "GET /new-products.php?&seo_cat=&x20=1&debut=0&seo_cat=&x17=1&debut=0&seo_cat=&x21=1&debut=0&seo_cat=&x5=1&debut=0&seo_cat=&x17=0&debut=0&seo_cat=&x5=0&debut=0&seo_cat=&x17=1&debut=0 HTTP/1.1" 200 203545 "-" "Mozilla/5.0 (compatible; SERankingBacklinksBot/1.0; +https://seranking.com/backlinks-crawler)"
85.208.96.193 - - [19/Aug/2026:00:16:12 +0200] "GET /new-products.php?a=24&a=24&a=24&a=24&a=24&a=25&a=25&b=1&b=1&b=1&b=1&b=1&b=1&b=1&debut=0&debut=0&debut=0&debut=0&debut=0&debut=0&debut=0&debut=0&debut=0&debut=0&debut=0&debut=0&debut=0&debut=0&debut=0&debut=25&seo_cat&seo_cat&seo_cat&seo_cat&seo_cat&seo_cat&seo_cat&seo_cat&seo_cat&x20=0&x20=0&x20=1&x21=0&x21=0&x21=1&x22=1&x23=0&x23=1 HTTP/1.1" 200 102899 "-" "Mozilla/5.0 (compatible; SemrushBot/7~bl; +http://www.semrush.com/bot.html)"
185.191.171.18 - - [19/Aug/2026:00:16:14 +0200] "GET /new-products.php?a=24&b=1&debut=0&debut=0&debut=0&debut=0&debut=0&debut=0&debut=0&debut=0&debut=0&debut=0&debut=0&debut=0&debut=0&debut=24&seo_cat&seo_cat&seo_cat&seo_cat&seo_cat&seo_cat&seo_cat&seo_cat&seo_cat&seo_cat&seo_cat&seo_cat&seo_cat&x17=0&x17=1&x20=0&x20=1&x21=0&x21=0&x21=0&x21=0&x21=1&x23=0&x23=1&x5=0&x5=1 HTTP/1.1" 200 167106 "-" "Mozilla/5.0 (compatible; SemrushBot/7~bl; +http://www.semrush.com/bot.html)"
144.76.19.27 - - [19/Aug/2026:00:16:14 +0200] "GET /new-products.php?&seo_cat=&x21=1&debut=0&histo_track=1&seo_cat=&x20=1&debut=0&debut=24&a=24&b=1&debut=0&a=24&b=1&seo_cat=&x17=1&debut=0&debut=24&a=24&b=1&seo_cat=&x21=0&debut=0 HTTP/1.1" 200 196538 "-" "Mozilla/5.0 (compatible; SERankingBacklinksBot/1.0; +https://seranking.com/backlinks-crawler)"
144.76.19.27 - - [19/Aug/2026:00:16:17 +0200] "GET /new-products.php?&seo_cat=&x20=1&debut=0&seo_cat=&x17=1&debut=0&seo_cat=&x21=1&debut=0&seo_cat=&x5=1&debut=0&seo_cat=&x17=0&debut=0&seo_cat=&x5=0&debut=0&seo_cat=&x20=0&debut=0 HTTP/1.1" 200 133617 "-" "Mozilla/5.0 (compatible; SERankingBacklinksBot/1.0; +https://seranking.com/backlinks-crawler)"
144.76.19.27 - - [19/Aug/2026:00:16:21 +0200] "GET /new-products.php?&seo_cat=&x21=1&debut=0&histo_track=1&seo_cat=&x20=1&debut=0&debut=24&a=24&b=1&debut=0&a=24&b=1&seo_cat=&x17=1&debut=0&debut=24&a=24&b=1&seo_cat=&x23=1&debut=0 HTTP/1.1" 200 203545 "-" "Mozilla/5.0 (compatible; SERankingBacklinksBot/1.0; +https://seranking.com/backlinks-crawler)"
85.208.96.203 - - [19/Aug/2026:00:16:22 +0200] "GET /category.php?a=24&a=24&a=24&a=24&a=24&a=24&a=24&b=1&b=1&b=1&b=1&b=1&b=1&b=1&debut=0&debut=0&debut=0&debut=0&debut=0&debut=0&debut=0&debut=0&debut=0&debut=24&seo=47-lits-gigognes&seo_cat=47&seo_cat=47&seo_cat=47&t60=1&x20=0&x20=1 HTTP/1.1" 200 69913 "-" "Mozilla/5.0 (compatible; SemrushBot/7~bl; +http://www.semrush.com/bot.html)"
144.76.19.27 - - [19/Aug/2026:00:16:24 +0200] "GET /new-products.php?&seo_cat=&x20=1&debut=0&seo_cat=&x17=1&debut=0&seo_cat=&x21=1&debut=0&seo_cat=&x5=1&debut=0&seo_cat=&x17=0&debut=0&seo_cat=&x5=0&debut=0&seo_cat=&x21=0&debut=0 HTTP/1.1" 200 168088 "-" "Mozilla/5.0 (compatible; SERankingBacklinksBot/1.0; +https://seranking.com/backlinks-crawler)"
83.99.206.231 - - [19/Aug/2026:00:16:24 +0200] "GET /marques.php?seo=20-lits-gigognes&seo_marq=20&t58=1&debut=0&seo_marq=20&t60=1&debut=0&seo_marq=20&t58=0&debut=0&seo_marq=20&t59=1&debut=0&seo_marq=20&t59=0&debut=0&seo_marq=20&t47=1&debut=0 HTTP/1.1" 200 179899 "-" "Mozilla/5.0 (X11; Linux x86_64) AppleWebKit/537.36 (KHTML, like Gecko; GeedoShopProductFinder) Chrome/142.0.0.0 Safari/537.36"
144.76.19.27 - - [19/Aug/2026:00:16:27 +0200] "GET /new-products.php?&seo_cat=&x21=1&debut=0&histo_track=1&seo_cat=&x20=1&debut=0&debut=24&a=24&b=1&debut=0&a=24&b=1&seo_cat=&x17=1&debut=0&seo_cat=&x17=0&debut=0&debut=24&a=24&b=1 HTTP/1.1" 200 100282 "-" "Mozilla/5.0 (compatible; SERankingBacklinksBot/1.0; +https://seranking.com/backlinks-crawler)"
144.76.19.27 - - [19/Aug/2026:00:16:30 +0200] "GET /new-products.php?&seo_cat=&x20=1&debut=0&seo_cat=&x17=1&debut=0&seo_cat=&x21=1&debut=0&seo_cat=&x5=1&debut=0&seo_cat=&x17=0&debut=0&seo_cat=&x5=0&debut=0&seo_cat=&x23=1&debut=0 HTTP/1.1" 200 203673 "-" "Mozilla/5.0 (compatible; SERankingBacklinksBot/1.0; +https://seranking.com/backlinks-crawler)"
85.208.96.198 - - [19/Aug/2026:00:16:32 +0200] "GET /new-products.php?a=24&a=24&a=24&b=1&b=1&b=1&debut=0&debut=0&debut=0&debut=0&debut=0&debut=0&debut=0&debut=0&debut=0&debut=0&debut=0&debut=0&debut=0&debut=24&histo_track=1&seo_cat&seo_cat&seo_cat&seo_cat&seo_cat&seo_cat&seo_cat&seo_cat&seo_cat&seo_cat&seo_cat&x17=0&x17=1&x20=0&x20=1&x23=0&x23=1&x5=0&x5=0&x5=0&x5=0&x5=1 HTTP/1.1" 200 96702 "-" "Mozilla/5.0 (compatible; SemrushBot/7~bl; +http://www.semrush.com/bot.html)"
144.76.19.27 - - [19/Aug/2026:00:16:34 +0200] "GET /new-products.php?&seo_cat=&x21=1&debut=0&histo_track=1&seo_cat=&x20=1&debut=0&debut=24&a=24&b=1&debut=0&a=24&b=1&seo_cat=&x17=1&debut=0&seo_cat=&x23=1&debut=0&debut=24&a=24&b=1 HTTP/1.1" 200 135139 "-" "Mozilla/5.0 (compatible; SERankingBacklinksBot/1.0; +https://seranking.com/backlinks-crawler)"
85.208.96.200 - - [19/Aug/2026:00:16:36 +0200] "GET /new-products.php?a=24&a=24&a=24&a=24&a=24&b=1&b=1&b=1&b=1&b=1&debut=0&debut=0&debut=0&debut=0&debut=0&debut=0&debut=0&debut=0&debut=0&debut=0&debut=0&debut=0&debut=0&debut=24&seo_cat&seo_cat&seo_cat&seo_cat&seo_cat&seo_cat&seo_cat&seo_cat&seo_cat&x17=1&x20=1&x21=0&x21=1&x22=0&x22=0&x22=1&x23=1&x5=1 HTTP/1.1" 200 166594 "-" "Mozilla/5.0 (compatible; SemrushBot/7~bl; +http://www.semrush.com/bot.html)"
144.76.19.27 - - [19/Aug/2026:00:16:37 +0200] "GET /new-products.php?&seo_cat=&x20=1&debut=0&seo_cat=&x17=1&debut=0&seo_cat=&x21=1&debut=0&seo_cat=&x5=1&debut=0&seo_cat=&x20=0&debut=0&seo_cat=&x17=0&debut=0&seo_cat=&x5=0&debut=0 HTTP/1.1" 200 133665 "-" "Mozilla/5.0 (compatible; SERankingBacklinksBot/1.0; +https://seranking.com/backlinks-crawler)"
144.76.19.27 - - [19/Aug/2026:00:16:41 +0200] "GET /new-products.php?&seo_cat=&x21=1&debut=0&histo_track=1&seo_cat=&x20=1&debut=0&debut=24&a=24&b=1&debut=0&a=24&b=1&seo_cat=&x20=0&debut=0&seo_cat=&x20=1&debut=0&debut=24&a=24&b=1 HTTP/1.1" 200 100304 "-" "Mozilla/5.0 (compatible; SERankingBacklinksBot/1.0; +https://seranking.com/backlinks-crawler)"
83.99.206.68 - - [19/Aug/2026:00:16:44 +0200] "GET /marques.php?seo=20-lits-gigognes&seo_marq=20&t60=1&debut=0&seo_marq=20&t59=1&debut=0&seo_marq=20&t58=1&debut=0&seo_marq=20&t59=0&debut=0&seo_marq=20&t47=1&debut=0&seo_marq=20&t60=0&debut=0&seo_marq=20&t58=0&debut=0&seo_marq=20&t58=1&debut=0 HTTP/1.1" 200 181071 "-" "Mozilla/5.0 (X11; Linux x86_64) AppleWebKit/537.36 (KHTML, like Gecko; GeedoShopProductFinder) Chrome/142.0.0.0 Safari/537.36"
144.76.19.27 - - [19/Aug/2026:00:16:45 +0200] "GET /new-products.php?&seo_cat=&x20=1&debut=0&seo_cat=&x17=1&debut=0&seo_cat=&x21=1&debut=0&seo_cat=&x5=1&debut=0&seo_cat=&x20=0&debut=0&seo_cat=&x20=1&debut=0&seo_cat=&x5=0&debut=0 HTTP/1.1" 200 203621 "-" "Mozilla/5.0 (compatible; SERankingBacklinksBot/1.0; +https://seranking.com/backlinks-crawler)"
144.76.19.27 - - [19/Aug/2026:00:16:48 +0200] "GET /new-products.php?&seo_cat=&x21=1&debut=0&histo_track=1&seo_cat=&x20=1&debut=0&debut=24&a=24&b=1&debut=0&a=24&b=1&seo_cat=&x20=0&debut=0&seo_cat=&x21=0&debut=0&debut=24&a=24&b=1 HTTP/1.1" 200 163574 "-" "Mozilla/5.0 (compatible; SERankingBacklinksBot/1.0; +https://seranking.com/backlinks-crawler)"
85.208.96.197 - - [19/Aug/2026:00:16:48 +0200] "GET /new-products.php?a=24&a=25&a=25&b=1&b=1&b=1&debut=0&debut=0&debut=0&debut=0&debut=0&debut=0&debut=0&debut=0&debut=0&debut=0&debut=0&debut=0&debut=0&debut=25&histo_track=1&seo_cat&seo_cat&seo_cat&seo_cat&seo_cat&seo_cat&seo_cat&seo_cat&seo_cat&seo_cat&seo_cat&x20=0&x20=0&x20=0&x20=1&x21=1&x22=0&x22=1&x23=1&x5=0&x5=0&x5=1 HTTP/1.1" 200 131833 "-" "Mozilla/5.0 (compatible; SemrushBot/7~bl; +http://www.semrush.com/bot.html)"
144.76.19.27 - - [19/Aug/2026:00:16:51 +0200] "GET /new-products.php?&seo_cat=&x20=1&debut=0&seo_cat=&x17=1&debut=0&seo_cat=&x21=1&debut=0&seo_cat=&x5=1&debut=0&seo_cat=&x20=0&debut=0&seo_cat=&x21=0&debut=0&seo_cat=&x5=0&debut=0 HTTP/1.1" 200 93305 "-" "Mozilla/5.0 (compatible; SERankingBacklinksBot/1.0; +https://seranking.com/backlinks-crawler)"
144.76.19.27 - - [19/Aug/2026:00:16:55 +0200] "GET /new-products.php?&seo_cat=&x21=1&debut=0&histo_track=1&seo_cat=&x20=1&debut=0&debut=24&a=24&b=1&debut=0&a=24&b=1&seo_cat=&x21=0&debut=0&seo_cat=&x20=0&debut=0&debut=24&a=24&b=1 HTTP/1.1" 200 163636 "-" "Mozilla/5.0 (compatible; SERankingBacklinksBot/1.0; +https://seranking.com/backlinks-crawler)"
144.76.19.27 - - [19/Aug/2026:00:16:58 +0200] "GET /new-products.php?&seo_cat=&x20=1&debut=0&seo_cat=&x17=1&debut=0&seo_cat=&x21=1&debut=0&seo_cat=&x5=1&debut=0&seo_cat=&x20=0&debut=0&seo_cat=&x23=1&debut=0&seo_cat=&x5=0&debut=0 HTTP/1.1" 200 168390 "-" "Mozilla/5.0 (compatible; SERankingBacklinksBot/1.0; +https://seranking.com/backlinks-crawler)"
144.76.19.27 - - [19/Aug/2026:00:17:01 +0200] "GET /new-products.php?&seo_cat=&x21=1&debut=0&histo_track=1&seo_cat=&x20=1&debut=0&debut=24&a=24&b=1&debut=0&a=24&b=1&seo_cat=&x21=0&debut=0&seo_cat=&x21=1&debut=0&debut=24&a=24&b=1 HTTP/1.1" 200 100280 "-" "Mozilla/5.0 (compatible; SERankingBacklinksBot/1.0; +https://seranking.com/backlinks-crawler)"
83.99.206.231 - - [19/Aug/2026:00:17:04 +0200] "GET /marques.php?seo=20-lits-gigognes&seo_marq=20&t58=1&debut=0&seo_marq=20&t60=1&debut=0&seo_marq=20&t59=1&debut=0&seo_marq=20&t59=0&debut=0&seo_marq=20&t59=1&debut=0&seo_marq=20&t58=0&debut=0 HTTP/1.1" 200 122195 "-" "Mozilla/5.0 (X11; Linux x86_64) AppleWebKit/537.36 (KHTML, like Gecko; GeedoShopProductFinder) Chrome/142.0.0.0 Safari/537.36"
85.208.96.193 - - [19/Aug/2026:00:17:05 +0200] "GET /new-products.php?a=24&a=24&a=24&b=1&b=1&b=1&debut=0&debut=0&debut=0&debut=0&debut=0&debut=0&debut=0&debut=0&debut=0&debut=0&debut=0&debut=0&debut=0&debut=0&debut=24&seo_cat&seo_cat&seo_cat&seo_cat&seo_cat&seo_cat&seo_cat&seo_cat&seo_cat&seo_cat&seo_cat&seo_cat&x17=0&x17=1&x20=0&x20=0&x20=0&x20=1&x21=0&x21=1&x5=0&x5=0&x5=0&x5=1 HTTP/1.1" 200 160863 "-" "Mozilla/5.0 (compatible; SemrushBot/7~bl; +http://www.semrush.com/bot.html)"
144.76.19.27 - - [19/Aug/2026:00:17:05 +0200] "GET /new-products.php?&seo_cat=&x20=1&debut=0&seo_cat=&x17=1&debut=0&seo_cat=&x21=1&debut=0&seo_cat=&x5=1&debut=0&seo_cat=&x20=0&debut=0&seo_cat=&x5=0&debut=0&seo_cat=&x17=0&debut=0 HTTP/1.1" 200 133605 "-" "Mozilla/5.0 (compatible; SERankingBacklinksBot/1.0; +https://seranking.com/backlinks-crawler)"
185.191.171.8 - - [19/Aug/2026:00:17:06 +0200] "GET /new-products.php?a=25&b=1&debut=0&debut=0&debut=0&debut=0&debut=0&debut=0&debut=0&debut=0&debut=0&debut=0&debut=0&debut=0&debut=0&debut=0&debut=0&debut=25&seo_cat&seo_cat&seo_cat&seo_cat&seo_cat&seo_cat&seo_cat&seo_cat&seo_cat&seo_cat&seo_cat&seo_cat&seo_cat&seo_cat&seo_cat&x17=0&x17=0&x17=0&x17=1&x20=0&x20=1&x21=0&x21=1&x23=0&x23=1&x5=0&x5=0&x5=0&x5=0&x5=1 HTTP/1.1" 200 162107 "-" "Mozilla/5.0 (compatible; SemrushBot/7~bl; +http://www.semrush.com/bot.html)"
144.76.19.27 - - [19/Aug/2026:00:17:08 +0200] "GET /new-products.php?&seo_cat=&x21=1&debut=0&histo_track=1&seo_cat=&x20=1&debut=0&debut=24&a=24&b=1&debut=0&a=24&b=1&seo_cat=&x23=1&debut=0&debut=24&a=24&b=1&seo_cat=&x17=1&debut=0 HTTP/1.1" 200 203593 "-" "Mozilla/5.0 (compatible; SERankingBacklinksBot/1.0; +https://seranking.com/backlinks-crawler)"
144.76.19.27 - - [19/Aug/2026:00:17:11 +0200] "GET /new-products.php?&seo_cat=&x20=1&debut=0&seo_cat=&x17=1&debut=0&seo_cat=&x21=1&debut=0&seo_cat=&x5=1&debut=0&seo_cat=&x20=0&debut=0&seo_cat=&x5=0&debut=0&seo_cat=&x20=1&debut=0 HTTP/1.1" 200 203617 "-" "Mozilla/5.0 (compatible; SERankingBacklinksBot/1.0; +https://seranking.com/backlinks-crawler)"
144.76.19.27 - - [19/Aug/2026:00:17:14 +0200] "GET /new-products.php?&seo_cat=&x21=1&debut=0&histo_track=1&seo_cat=&x20=1&debut=0&debut=24&a=24&b=1&debut=0&a=24&b=1&seo_cat=&x23=1&debut=0&debut=24&a=24&b=1&seo_cat=&x20=0&debut=0 HTTP/1.1" 200 139822 "-" "Mozilla/5.0 (compatible; SERankingBacklinksBot/1.0; +https://seranking.com/backlinks-crawler)"
144.76.19.27 - - [19/Aug/2026:00:17:18 +0200] "GET /new-products.php?&seo_cat=&x20=1&debut=0&seo_cat=&x17=1&debut=0&seo_cat=&x21=1&debut=0&seo_cat=&x5=1&debut=0&seo_cat=&x20=0&debut=0&seo_cat=&x5=0&debut=0&seo_cat=&x21=0&debut=0 HTTP/1.1" 200 93251 "-" "Mozilla/5.0 (compatible; SERankingBacklinksBot/1.0; +https://seranking.com/backlinks-crawler)"
144.76.19.27 - - [19/Aug/2026:00:17:21 +0200] "GET /new-products.php?&seo_cat=&x21=1&debut=0&histo_track=1&seo_cat=&x20=1&debut=0&debut=24&a=24&b=1&debut=0&a=24&b=1&seo_cat=&x23=1&debut=0&debut=24&a=24&b=1&seo_cat=&x21=0&debut=0 HTTP/1.1" 200 174401 "-" "Mozilla/5.0 (compatible; SERankingBacklinksBot/1.0; +https://seranking.com/backlinks-crawler)"
83.99.206.231 - - [19/Aug/2026:00:17:24 +0200] "GET /new-products.php?&seo_cat=&x17=1&debut=0&seo_cat=&x5=1&debut=0&seo_cat=&x21=1&debut=0&histo_track=1&seo_cat=&x23=1&debut=0&seo_cat=&x23=0&debut=0&seo_cat=&x20=1&debut=0&seo_cat=&x5=0&debut=0&seo_cat=&x20=0&debut=0 HTTP/1.1" 200 162925 "-" "Mozilla/5.0 (X11; Linux x86_64) AppleWebKit/537.36 (KHTML, like Gecko; GeedoShopProductFinder) Chrome/142.0.0.0 Safari/537.36"
144.76.19.27 - - [19/Aug/2026:00:17:24 +0200] "GET /new-products.php?&seo_cat=&x20=1&debut=0&seo_cat=&x17=1&debut=0&seo_cat=&x21=1&debut=0&seo_cat=&x5=1&debut=0&seo_cat=&x20=0&debut=0&seo_cat=&x5=0&debut=0&seo_cat=&x23=1&debut=0 HTTP/1.1" 200 168404 "-" "Mozilla/5.0 (compatible; SERankingBacklinksBot/1.0; +https://seranking.com/backlinks-crawler)"
144.76.19.27 - - [19/Aug/2026:00:17:27 +0200] "GET /new-products.php?&seo_cat=&x21=1&debut=0&histo_track=1&seo_cat=&x20=1&debut=0&debut=24&a=24&b=1&debut=0&a=24&b=1&seo_cat=&x23=1&debut=0&debut=24&a=24&b=1&seo_cat=&x23=0&debut=0 HTTP/1.1" 200 203709 "-" "Mozilla/5.0 (compatible; SERankingBacklinksBot/1.0; +https://seranking.com/backlinks-crawler)"
144.76.19.27 - - [19/Aug/2026:00:17:31 +0200] "GET /new-products.php?&seo_cat=&x20=1&debut=0&seo_cat=&x17=1&debut=0&seo_cat=&x21=1&debut=0&seo_cat=&x5=1&debut=0&seo_cat=&x21=0&debut=0&seo_cat=&x17=0&debut=0&seo_cat=&x5=0&debut=0 HTTP/1.1" 200 168096 "-" "Mozilla/5.0 (compatible; SERankingBacklinksBot/1.0; +https://seranking.com/backlinks-crawler)"
144.76.19.27 - - [19/Aug/2026:00:17:34 +0200] "GET /new-products.php?&seo_cat=&x21=1&debut=0&histo_track=1&seo_cat=&x20=1&debut=0&debut=24&a=24&b=1&debut=0&a=24&b=1&seo_cat=&x23=1&debut=0&seo_cat=&x17=1&debut=0&debut=24&a=24&b=1 HTTP/1.1" 200 135169 "-" "Mozilla/5.0 (compatible; SERankingBacklinksBot/1.0; +https://seranking.com/backlinks-crawler)"
144.76.19.27 - - [19/Aug/2026:00:17:37 +0200] "GET /new-products.php?&seo_cat=&x20=1&debut=0&seo_cat=&x17=1&debut=0&seo_cat=&x21=1&debut=0&seo_cat=&x5=1&debut=0&seo_cat=&x21=0&debut=0&seo_cat=&x20=0&debut=0&seo_cat=&x5=0&debut=0 HTTP/1.1" 200 93303 "-" "Mozilla/5.0 (compatible; SERankingBacklinksBot/1.0; +https://seranking.com/backlinks-crawler)"
185.191.171.11 - - [19/Aug/2026:00:17:38 +0200] "GET /new-products.php?a=25&b=1&debut=0&debut=0&debut=0&debut=0&debut=0&debut=0&debut=0&debut=0&debut=0&debut=0&debut=0&debut=25&histo_track=1&seo_cat&seo_cat&seo_cat&seo_cat&seo_cat&seo_cat&seo_cat&seo_cat&seo_cat&seo_cat&seo_cat&x17=1&x20=0&x20=1&x21=0&x21=1&x22=0&x22=1&x23=1&x5=0&x5=0&x5=1 HTTP/1.1" 200 160505 "-" "Mozilla/5.0 (compatible; SemrushBot/7~bl; +http://www.semrush.com/bot.html)"
144.76.19.27 - - [19/Aug/2026:00:17:41 +0200] "GET /new-products.php?&seo_cat=&x21=1&debut=0&histo_track=1&seo_cat=&x20=1&debut=0&debut=24&a=24&b=1&debut=0&a=24&b=1&seo_cat=&x23=1&debut=0&seo_cat=&x23=0&debut=0&debut=24&a=24&b=1 HTTP/1.1" 200 100246 "-" "Mozilla/5.0 (compatible; SERankingBacklinksBot/1.0; +https://seranking.com/backlinks-crawler)"
144.76.19.27 - - [19/Aug/2026:00:17:44 +0200] "GET /new-products.php?&seo_cat=&x20=1&debut=0&seo_cat=&x17=1&debut=0&seo_cat=&x21=1&debut=0&seo_cat=&x5=1&debut=0&seo_cat=&x21=0&debut=0&seo_cat=&x21=1&debut=0&seo_cat=&x5=0&debut=0 HTTP/1.1" 200 203795 "-" "Mozilla/5.0 (compatible; SERankingBacklinksBot/1.0; +https://seranking.com/backlinks-crawler)"
144.76.19.27 - - [19/Aug/2026:00:17:47 +0200] "GET /new-products.php?&seo_cat=&x21=1&debut=0&histo_track=1&seo_cat=&x20=1&debut=0&debut=24&a=24&b=1&seo_cat=&x17=1&debut=0&debut=24&a=24&b=1&debut=0&a=24&b=1&seo_cat=&x17=0&debut=0 HTTP/1.1" 200 203735 "-" "Mozilla/5.0 (compatible; SERankingBacklinksBot/1.0; +https://seranking.com/backlinks-crawler)"
144.76.19.27 - - [19/Aug/2026:00:17:51 +0200] "GET /new-products.php?&seo_cat=&x20=1&debut=0&seo_cat=&x17=1&debut=0&seo_cat=&x21=1&debut=0&seo_cat=&x5=1&debut=0&seo_cat=&x21=0&debut=0&seo_cat=&x23=1&debut=0&seo_cat=&x5=0&debut=0 HTTP/1.1" 200 203285 "-" "Mozilla/5.0 (compatible; SERankingBacklinksBot/1.0; +https://seranking.com/backlinks-crawler)"
144.76.19.27 - - [19/Aug/2026:00:17:54 +0200] "GET /new-products.php?&seo_cat=&x21=1&debut=0&histo_track=1&seo_cat=&x20=1&debut=0&debut=24&a=24&b=1&seo_cat=&x17=1&debut=0&debut=24&a=24&b=1&debut=0&a=24&b=1&seo_cat=&x20=0&debut=0 HTTP/1.1" 200 162123 "-" "Mozilla/5.0 (compatible; SERankingBacklinksBot/1.0; +https://seranking.com/backlinks-crawler)"
144.76.19.27 - - [19/Aug/2026:00:17:57 +0200] "GET /new-products.php?&seo_cat=&x20=1&debut=0&seo_cat=&x17=1&debut=0&seo_cat=&x21=1&debut=0&seo_cat=&x5=1&debut=0&seo_cat=&x21=0&debut=0&seo_cat=&x5=0&debut=0&seo_cat=&x17=0&debut=0 HTTP/1.1" 200 168096 "-" "Mozilla/5.0 (compatible; SERankingBacklinksBot/1.0; +https://seranking.com/backlinks-crawler)"
144.76.19.27 - - [19/Aug/2026:00:18:00 +0200] "GET /new-products.php?&seo_cat=&x21=1&debut=0&histo_track=1&seo_cat=&x20=1&debut=0&debut=24&a=24&b=1&seo_cat=&x17=1&debut=0&debut=24&a=24&b=1&debut=0&a=24&b=1&seo_cat=&x21=0&debut=0 HTTP/1.1" 200 196614 "-" "Mozilla/5.0 (compatible; SERankingBacklinksBot/1.0; +https://seranking.com/backlinks-crawler)"
144.76.19.27 - - [19/Aug/2026:00:18:04 +0200] "GET /new-products.php?&seo_cat=&x20=1&debut=0&seo_cat=&x17=1&debut=0&seo_cat=&x21=1&debut=0&seo_cat=&x5=1&debut=0&seo_cat=&x21=0&debut=0&seo_cat=&x5=0&debut=0&seo_cat=&x20=0&debut=0 HTTP/1.1" 200 93343 "-" "Mozilla/5.0 (compatible; SERankingBacklinksBot/1.0; +https://seranking.com/backlinks-crawler)"
144.76.19.27 - - [19/Aug/2026:00:18:07 +0200] "GET /new-products.php?&seo_cat=&x21=1&debut=0&histo_track=1&seo_cat=&x20=1&debut=0&debut=24&a=24&b=1&seo_cat=&x17=1&debut=0&debut=24&a=24&b=1&debut=0&a=24&b=1&seo_cat=&x23=1&debut=0 HTTP/1.1" 200 203621 "-" "Mozilla/5.0 (compatible; SERankingBacklinksBot/1.0; +https://seranking.com/backlinks-crawler)"
185.191.171.11 - - [19/Aug/2026:00:18:07 +0200] "GET /new-products.php?a=24&a=24&a=24&a=24&a=25&a=25&b=1&b=1&b=1&b=1&b=1&b=1&debut=0&debut=0&debut=0&debut=0&debut=0&debut=0&debut=0&debut=0&debut=0&debut=0&debut=0&debut=0&debut=0&debut=0&debut=0&debut=25&histo_track=1&seo_cat&seo_cat&seo_cat&seo_cat&seo_cat&seo_cat&seo_cat&seo_cat&seo_cat&seo_cat&x17=0&x17=0&x17=1&x20=0&x20=1&x21=0&x21=1&x23=0&x23=1&x5=1 HTTP/1.1" 200 162004 "-" "Mozilla/5.0 (compatible; SemrushBot/7~bl; +http://www.semrush.com/bot.html)"
144.76.19.27 - - [19/Aug/2026:00:18:10 +0200] "GET /new-products.php?&seo_cat=&x20=1&debut=0&seo_cat=&x17=1&debut=0&seo_cat=&x21=1&debut=0&seo_cat=&x5=1&debut=0&seo_cat=&x21=0&debut=0&seo_cat=&x5=0&debut=0&seo_cat=&x21=1&debut=0 HTTP/1.1" 200 203633 "-" "Mozilla/5.0 (compatible; SERankingBacklinksBot/1.0; +https://seranking.com/backlinks-crawler)"
144.76.19.27 - - [19/Aug/2026:00:18:13 +0200] "GET /new-products.php?&seo_cat=&x21=1&debut=0&histo_track=1&seo_cat=&x20=1&debut=0&debut=24&a=24&b=1&seo_cat=&x17=1&debut=0&debut=24&a=24&b=1&seo_cat=&x5=1&debut=0&debut=24&a=24&b=1 HTTP/1.1" 200 157405 "-" "Mozilla/5.0 (compatible; SERankingBacklinksBot/1.0; +https://seranking.com/backlinks-crawler)"
144.76.19.27 - - [19/Aug/2026:00:18:17 +0200] "GET /new-products.php?&seo_cat=&x20=1&debut=0&seo_cat=&x17=1&debut=0&seo_cat=&x21=1&debut=0&seo_cat=&x5=1&debut=0&seo_cat=&x21=0&debut=0&seo_cat=&x5=0&debut=0&seo_cat=&x23=1&debut=0 HTTP/1.1" 200 203371 "-" "Mozilla/5.0 (compatible; SERankingBacklinksBot/1.0; +https://seranking.com/backlinks-crawler)"
144.76.19.27 - - [19/Aug/2026:00:18:20 +0200] "GET /new-products.php?&seo_cat=&x21=1&debut=0&histo_track=1&seo_cat=&x20=1&debut=0&debut=24&a=24&b=1&seo_cat=&x17=1&debut=0&seo_cat=&x17=0&debut=0&debut=24&a=24&b=1&debut=0&a=24&b=1 HTTP/1.1" 200 203697 "-" "Mozilla/5.0 (compatible; SERankingBacklinksBot/1.0; +https://seranking.com/backlinks-crawler)"
144.76.19.27 - - [19/Aug/2026:00:18:23 +0200] "GET /new-products.php?&seo_cat=&x20=1&debut=0&seo_cat=&x17=1&debut=0&seo_cat=&x21=1&debut=0&seo_cat=&x5=1&debut=0&seo_cat=&x23=1&debut=0&seo_cat=&x17=0&debut=0&seo_cat=&x5=0&debut=0 HTTP/1.1" 200 203709 "-" "Mozilla/5.0 (compatible; SERankingBacklinksBot/1.0; +https://seranking.com/backlinks-crawler)"
144.76.19.27 - - [19/Aug/2026:00:18:26 +0200] "GET /new-products.php?&seo_cat=&x21=1&debut=0&histo_track=1&seo_cat=&x20=1&debut=0&debut=24&a=24&b=1&seo_cat=&x17=1&debut=0&seo_cat=&x23=1&debut=0&debut=24&a=24&b=1&debut=0&a=24&b=1 HTTP/1.1" 200 203617 "-" "Mozilla/5.0 (compatible; SERankingBacklinksBot/1.0; +https://seranking.com/backlinks-crawler)"
144.76.19.27 - - [19/Aug/2026:00:18:30 +0200] "GET /new-products.php?&seo_cat=&x20=1&debut=0&seo_cat=&x17=1&debut=0&seo_cat=&x21=1&debut=0&seo_cat=&x5=1&debut=0&seo_cat=&x23=1&debut=0&seo_cat=&x20=0&debut=0&seo_cat=&x5=0&debut=0 HTTP/1.1" 200 168454 "-" "Mozilla/5.0 (compatible; SERankingBacklinksBot/1.0; +https://seranking.com/backlinks-crawler)"
144.76.19.27 - - [19/Aug/2026:00:18:33 +0200] "GET /new-products.php?&seo_cat=&x21=1&debut=0&histo_track=1&seo_cat=&x20=1&debut=0&debut=24&a=24&b=1&seo_cat=&x20=0&debut=0&seo_cat=&x20=1&debut=0&debut=24&a=24&b=1&debut=0&a=24&b=1 HTTP/1.1" 200 203669 "-" "Mozilla/5.0 (compatible; SERankingBacklinksBot/1.0; +https://seranking.com/backlinks-crawler)"
144.76.19.27 - - [19/Aug/2026:00:18:37 +0200] "GET /new-products.php?&seo_cat=&x20=1&debut=0&seo_cat=&x17=1&debut=0&seo_cat=&x21=1&debut=0&seo_cat=&x5=1&debut=0&seo_cat=&x23=1&debut=0&seo_cat=&x21=0&debut=0&seo_cat=&x5=0&debut=0 HTTP/1.1" 200 203371 "-" "Mozilla/5.0 (compatible; SERankingBacklinksBot/1.0; +https://seranking.com/backlinks-crawler)"
144.76.19.27 - - [19/Aug/2026:00:18:40 +0200] "GET /new-products.php?&seo_cat=&x21=1&debut=0&histo_track=1&seo_cat=&x20=1&debut=0&debut=24&a=24&b=1&seo_cat=&x20=0&debut=0&seo_cat=&x21=0&debut=0&debut=24&a=24&b=1&debut=0&a=24&b=1 HTTP/1.1" 200 203633 "-" "Mozilla/5.0 (compatible; SERankingBacklinksBot/1.0; +https://seranking.com/backlinks-crawler)"
185.191.171.4 - - [19/Aug/2026:00:18:42 +0200] "GET /new-products.php?a=24&b=1&debut=0&debut=0&debut=0&debut=0&debut=0&debut=0&debut=0&debut=0&debut=0&debut=0&debut=0&debut=0&debut=24&seo_cat&seo_cat&seo_cat&seo_cat&seo_cat&seo_cat&seo_cat&seo_cat&seo_cat&seo_cat&seo_cat&seo_cat&x17=0&x17=1&x20=0&x20=0&x20=1&x21=1&x22=1&x23=0&x23=0&x23=0&x23=1&x5=1 HTTP/1.1" 200 166564 "-" "Mozilla/5.0 (compatible; SemrushBot/7~bl; +http://www.semrush.com/bot.html)"
144.76.19.27 - - [19/Aug/2026:00:18:43 +0200] "GET /new-products.php?&seo_cat=&x20=1&debut=0&seo_cat=&x17=1&debut=0&seo_cat=&x21=1&debut=0&seo_cat=&x5=1&debut=0&seo_cat=&x23=1&debut=0&seo_cat=&x23=0&debut=0&seo_cat=&x5=0&debut=0 HTTP/1.1" 200 203633 "-" "Mozilla/5.0 (compatible; SERankingBacklinksBot/1.0; +https://seranking.com/backlinks-crawler)"
144.76.19.27 - - [19/Aug/2026:00:18:46 +0200] "GET /new-products.php?&seo_cat=&x21=1&debut=0&histo_track=1&seo_cat=&x20=1&debut=0&debut=24&a=24&b=1&seo_cat=&x21=0&debut=0&seo_cat=&x20=0&debut=0&debut=24&a=24&b=1&debut=0&a=24&b=1 HTTP/1.1" 200 203603 "-" "Mozilla/5.0 (compatible; SERankingBacklinksBot/1.0; +https://seranking.com/backlinks-crawler)"
85.208.96.207 - - [19/Aug/2026:00:18:47 +0200] "GET /category.php?a=24&a=24&a=24&a=24&a=24&b=1&b=1&b=1&b=1&b=1&debut=0&debut=0&debut=0&debut=0&debut=0&debut=0&debut=0&debut=0&debut=0&debut=0&debut=0&debut=0&debut=0&debut=24&histo_track=1&seo=47-lits-gigognes&seo_cat=47&seo_cat=47&seo_cat=47&seo_cat=47&seo_cat=47&seo_cat=47&seo_cat=47&seo_cat=47&seo_cat=47&t58=0&t58=0&t58=0&t58=1&t60=0&t60=0&t60=0&t60=1&x20=1 HTTP/1.1" 200 70433 "-" "Mozilla/5.0 (compatible; SemrushBot/7~bl; +http://www.semrush.com/bot.html)"
144.76.19.27 - - [19/Aug/2026:00:18:50 +0200] "GET /new-products.php?&seo_cat=&x20=1&debut=0&seo_cat=&x17=1&debut=0&seo_cat=&x21=1&debut=0&seo_cat=&x5=1&debut=0&seo_cat=&x23=1&debut=0&seo_cat=&x5=0&debut=0&seo_cat=&x17=0&debut=0 HTTP/1.1" 200 203621 "-" "Mozilla/5.0 (compatible; SERankingBacklinksBot/1.0; +https://seranking.com/backlinks-crawler)"
144.76.19.27 - - [19/Aug/2026:00:18:53 +0200] "GET /new-products.php?&seo_cat=&x21=1&debut=0&histo_track=1&seo_cat=&x20=1&debut=0&debut=24&a=24&b=1&seo_cat=&x21=0&debut=0&seo_cat=&x21=1&debut=0&debut=24&a=24&b=1&debut=0&a=24&b=1 HTTP/1.1" 200 203605 "-" "Mozilla/5.0 (compatible; SERankingBacklinksBot/1.0; +https://seranking.com/backlinks-crawler)"
144.76.19.27 - - [19/Aug/2026:00:18:56 +0200] "GET /new-products.php?&seo_cat=&x20=1&debut=0&seo_cat=&x17=1&debut=0&seo_cat=&x21=1&debut=0&seo_cat=&x5=1&debut=0&seo_cat=&x23=1&debut=0&seo_cat=&x5=0&debut=0&seo_cat=&x20=0&debut=0 HTTP/1.1" 200 168424 "-" "Mozilla/5.0 (compatible; SERankingBacklinksBot/1.0; +https://seranking.com/backlinks-crawler)"
85.208.96.205 - - [19/Aug/2026:00:18:58 +0200] "GET /category.php?a=24&a=24&a=25&a=25&b=1&b=1&b=1&b=1&debut=0&debut=0&debut=0&debut=0&debut=0&debut=0&debut=0&debut=0&debut=0&debut=0&debut=0&debut=0&debut=0&debut=25&histo_track=1&seo=47-lits-gigognes&seo_cat=47&seo_cat=47&seo_cat=47&seo_cat=47&seo_cat=47&seo_cat=47&seo_cat=47&seo_cat=47&seo_cat=47&seo_cat=47&t58=1&t60=0&t60=0&t60=1&x20=0&x20=0&x20=0&x20=0&x20=0&x20=1 HTTP/1.1" 200 70477 "-" "Mozilla/5.0 (compatible; SemrushBot/7~bl; +http://www.semrush.com/bot.html)"
144.76.19.27 - - [19/Aug/2026:00:18:59 +0200] "GET /new-products.php?&seo_cat=&x21=1&debut=0&histo_track=1&seo_cat=&x20=1&debut=0&debut=24&a=24&b=1&seo_cat=&x23=1&debut=0&debut=24&a=24&b=1&debut=0&a=24&b=1&seo_cat=&x17=1&debut=0 HTTP/1.1" 200 203629 "-" "Mozilla/5.0 (compatible; SERankingBacklinksBot/1.0; +https://seranking.com/backlinks-crawler)"
85.208.96.205 - - [19/Aug/2026:00:19:00 +0200] "GET /new-products.php?a=25&a=25&a=25&a=25&b=1&b=1&b=1&b=1&debut=0&debut=0&debut=0&debut=0&debut=0&debut=0&debut=0&debut=0&debut=0&debut=0&debut=0&debut=0&debut=0&debut=0&debut=25&seo_cat&seo_cat&seo_cat&seo_cat&seo_cat&seo_cat&seo_cat&seo_cat&seo_cat&seo_cat&seo_cat&x17=0&x17=0&x17=1&x20=0&x20=1&x21=1&x23=0&x23=0&x23=0&x23=1&x5=1 HTTP/1.1" 200 161378 "-" "Mozilla/5.0 (compatible; SemrushBot/7~bl; +http://www.semrush.com/bot.html)"
144.76.19.27 - - [19/Aug/2026:00:19:03 +0200] "GET /new-products.php?&seo_cat=&x20=1&debut=0&seo_cat=&x17=1&debut=0&seo_cat=&x21=1&debut=0&seo_cat=&x5=1&debut=0&seo_cat=&x23=1&debut=0&seo_cat=&x5=0&debut=0&seo_cat=&x21=0&debut=0 HTTP/1.1" 200 203343 "-" "Mozilla/5.0 (compatible; SERankingBacklinksBot/1.0; +https://seranking.com/backlinks-crawler)"
144.76.19.27 - - [19/Aug/2026:00:19:06 +0200] "GET /new-products.php?&seo_cat=&x21=1&debut=0&histo_track=1&seo_cat=&x20=1&debut=0&debut=24&a=24&b=1&seo_cat=&x23=1&debut=0&debut=24&a=24&b=1&debut=0&a=24&b=1&seo_cat=&x20=0&debut=0 HTTP/1.1" 200 139890 "-" "Mozilla/5.0 (compatible; SERankingBacklinksBot/1.0; +https://seranking.com/backlinks-crawler)"
144.76.19.27 - - [19/Aug/2026:00:19:09 +0200] "GET /new-products.php?&seo_cat=&x20=1&debut=0&seo_cat=&x17=1&debut=0&seo_cat=&x21=1&debut=0&seo_cat=&x5=1&debut=0&seo_cat=&x23=1&debut=0&seo_cat=&x5=0&debut=0&seo_cat=&x23=0&debut=0 HTTP/1.1" 200 203795 "-" "Mozilla/5.0 (compatible; SERankingBacklinksBot/1.0; +https://seranking.com/backlinks-crawler)"
144.76.19.27 - - [19/Aug/2026:00:19:12 +0200] "GET /new-products.php?&seo_cat=&x21=1&debut=0&histo_track=1&seo_cat=&x20=1&debut=0&debut=24&a=24&b=1&seo_cat=&x23=1&debut=0&debut=24&a=24&b=1&debut=0&a=24&b=1&seo_cat=&x21=0&debut=0 HTTP/1.1" 200 174373 "-" "Mozilla/5.0 (compatible; SERankingBacklinksBot/1.0; +https://seranking.com/backlinks-crawler)"
144.76.19.27 - - [19/Aug/2026:00:19:16 +0200] "GET /new-products.php?&seo_cat=&x20=1&debut=0&seo_cat=&x17=1&debut=0&seo_cat=&x21=1&debut=0&seo_cat=&x5=1&debut=0&seo_cat=&x5=0&debut=0&seo_cat=&x17=0&debut=0&seo_cat=&x17=1&debut=0 HTTP/1.1" 200 203633 "-" "Mozilla/5.0 (compatible; SERankingBacklinksBot/1.0; +https://seranking.com/backlinks-crawler)"
185.191.171.15 - - [19/Aug/2026:00:19:16 +0200] "GET /category.php?a=24&b=1&debut=0&debut=0&debut=0&debut=0&debut=0&debut=0&debut=0&debut=24&seo=47-lits-gigognes&seo_cat=47&seo_cat=47&seo_cat=47&seo_cat=47&seo_cat=47&seo_cat=47&seo_cat=47&t58=0&t58=1&t60=0&t60=0&t60=1&x20=0&x20=1 HTTP/1.1" 200 69831 "-" "Mozilla/5.0 (compatible; SemrushBot/7~bl; +http://www.semrush.com/bot.html)"
144.76.19.27 - - [19/Aug/2026:00:19:19 +0200] "GET /new-products.php?&seo_cat=&x21=1&debut=0&histo_track=1&seo_cat=&x20=1&debut=0&debut=24&a=24&b=1&seo_cat=&x23=1&debut=0&debut=24&a=24&b=1&debut=0&a=24&b=1&seo_cat=&x23=0&debut=0 HTTP/1.1" 200 203625 "-" "Mozilla/5.0 (compatible; SERankingBacklinksBot/1.0; +https://seranking.com/backlinks-crawler)"
144.76.19.27 - - [19/Aug/2026:00:19:22 +0200] "GET /new-products.php?&seo_cat=&x20=1&debut=0&seo_cat=&x17=1&debut=0&seo_cat=&x21=1&debut=0&seo_cat=&x5=1&debut=0&seo_cat=&x5=0&debut=0&seo_cat=&x17=0&debut=0&seo_cat=&x20=0&debut=0 HTTP/1.1" 200 133527 "-" "Mozilla/5.0 (compatible; SERankingBacklinksBot/1.0; +https://seranking.com/backlinks-crawler)"
83.99.206.90 - - [19/Aug/2026:00:19:25 +0200] "GET /marques.php?seo=20-lits-gigognes&seo_marq=20&t60=1&debut=0&seo_marq=20&t59=1&debut=0&seo_marq=20&t58=1&debut=0&seo_marq=20&t59=0&debut=0&seo_marq=20&t47=1&debut=0&seo_marq=20&t47=0&debut=0&seo_marq=20&t60=0&debut=0&seo_marq=20&t59=1&debut=0 HTTP/1.1" 200 166932 "-" "Mozilla/5.0 (X11; Linux x86_64) AppleWebKit/537.36 (KHTML, like Gecko; GeedoShopProductFinder) Chrome/142.0.0.0 Safari/537.36"
144.76.19.27 - - [19/Aug/2026:00:19:26 +0200] "GET /new-products.php?&seo_cat=&x21=1&debut=0&histo_track=1&seo_cat=&x20=1&debut=0&debut=24&a=24&b=1&seo_cat=&x23=1&debut=0&debut=24&a=24&b=1&seo_cat=&x5=1&debut=0&debut=24&a=24&b=1 HTTP/1.1" 200 135062 "-" "Mozilla/5.0 (compatible; SERankingBacklinksBot/1.0; +https://seranking.com/backlinks-crawler)"
144.76.19.27 - - [19/Aug/2026:00:19:29 +0200] "GET /new-products.php?&seo_cat=&x20=1&debut=0&seo_cat=&x17=1&debut=0&seo_cat=&x21=1&debut=0&seo_cat=&x5=1&debut=0&seo_cat=&x5=0&debut=0&seo_cat=&x17=0&debut=0&seo_cat=&x21=0&debut=0 HTTP/1.1" 200 168018 "-" "Mozilla/5.0 (compatible; SERankingBacklinksBot/1.0; +https://seranking.com/backlinks-crawler)"
144.76.19.27 - - [19/Aug/2026:00:19:33 +0200] "GET /new-products.php?&seo_cat=&x21=1&debut=0&histo_track=1&seo_cat=&x20=1&debut=0&debut=24&a=24&b=1&seo_cat=&x23=1&debut=0&seo_cat=&x17=1&debut=0&debut=24&a=24&b=1&debut=0&a=24&b=1 HTTP/1.1" 200 203617 "-" "Mozilla/5.0 (compatible; SERankingBacklinksBot/1.0; +https://seranking.com/backlinks-crawler)"
144.76.19.27 - - [19/Aug/2026:00:19:36 +0200] "GET /new-products.php?&seo_cat=&x20=1&debut=0&seo_cat=&x17=1&debut=0&seo_cat=&x21=1&debut=0&seo_cat=&x5=1&debut=0&seo_cat=&x5=0&debut=0&seo_cat=&x17=0&debut=0&seo_cat=&x23=1&debut=0 HTTP/1.1" 200 203621 "-" "Mozilla/5.0 (compatible; SERankingBacklinksBot/1.0; +https://seranking.com/backlinks-crawler)"
144.76.19.27 - - [19/Aug/2026:00:19:39 +0200] "GET /new-products.php?&seo_cat=&x21=1&debut=0&histo_track=1&seo_cat=&x20=1&debut=0&debut=24&a=24&b=1&seo_cat=&x23=1&debut=0&seo_cat=&x23=0&debut=0&debut=24&a=24&b=1&debut=0&a=24&b=1 HTTP/1.1" 200 203671 "-" "Mozilla/5.0 (compatible; SERankingBacklinksBot/1.0; +https://seranking.com/backlinks-crawler)"
185.191.171.18 - - [19/Aug/2026:00:19:40 +0200] "GET /new-products.php?a=24&a=24&b=1&b=1&debut=0&debut=0&debut=0&debut=0&debut=0&debut=0&debut=0&debut=0&debut=0&debut=24&seo_cat&seo_cat&seo_cat&seo_cat&seo_cat&seo_cat&seo_cat&seo_cat&x20=0&x20=1&x21=0&x21=1&x22=1&x23=0&x23=0&x23=1 HTTP/1.1" 200 107283 "-" "Mozilla/5.0 (compatible; SemrushBot/7~bl; +http://www.semrush.com/bot.html)"
144.76.19.27 - - [19/Aug/2026:00:19:43 +0200] "GET /new-products.php?&seo_cat=&x20=1&debut=0&seo_cat=&x17=1&debut=0&seo_cat=&x21=1&debut=0&seo_cat=&x5=1&debut=0&seo_cat=&x5=0&debut=0&seo_cat=&x20=0&debut=0&seo_cat=&x17=0&debut=0 HTTP/1.1" 200 133601 "-" "Mozilla/5.0 (compatible; SERankingBacklinksBot/1.0; +https://seranking.com/backlinks-crawler)"
83.99.206.223 - - [19/Aug/2026:00:19:44 +0200] "GET /new-products.php?&seo_cat=&x17=1&debut=0&seo_cat=&x5=1&debut=0&seo_cat=&x21=1&debut=0&seo_cat=&x20=1&debut=0&seo_cat=&x23=1&debut=0&seo_cat=&x5=0&debut=0&seo_cat=&x20=0&debut=0&seo_cat=&x5=1&debut=0&seo_cat=&x20=1&debut=0 HTTP/1.1" 200 204924 "-" "Mozilla/5.0 (X11; Linux x86_64) AppleWebKit/537.36 (KHTML, like Gecko; GeedoShopProductFinder) Chrome/142.0.0.0 Safari/537.36"
185.191.171.4 - - [19/Aug/2026:00:19:46 +0200] "GET /category.php?a=24&a=24&a=24&a=24&a=24&a=24&a=25&a=25&a=25&b=1&b=1&b=1&b=1&b=1&b=1&b=1&b=1&b=1&debut=0&debut=0&debut=0&debut=0&debut=0&debut=0&debut=0&debut=0&debut=0&debut=0&debut=0&debut=0&debut=0&debut=25&histo_track=1&seo=47-lits-gigognes&seo_cat=47&seo_cat=47&seo_cat=47&seo_cat=47&seo_cat=47&t58=0&t58=1&x20=1&x5=0&x5=1 HTTP/1.1" 200 70309 "-" "Mozilla/5.0 (compatible; SemrushBot/7~bl; +http://www.semrush.com/bot.html)"
144.76.19.27 - - [19/Aug/2026:00:19:47 +0200] "GET /new-products.php?&seo_cat=&x21=1&debut=0&histo_track=1&seo_cat=&x20=1&debut=0&debut=24&a=24&b=1&seo_cat=&x5=1&debut=0&debut=24&a=24&b=1&seo_cat=&x17=1&debut=0&debut=24&a=24&b=1 HTTP/1.1" 200 157351 "-" "Mozilla/5.0 (compatible; SERankingBacklinksBot/1.0; +https://seranking.com/backlinks-crawler)"
144.76.19.27 - - [19/Aug/2026:00:19:51 +0200] "GET /new-products.php?&seo_cat=&x20=1&debut=0&seo_cat=&x17=1&debut=0&seo_cat=&x21=1&debut=0&seo_cat=&x5=1&debut=0&seo_cat=&x5=0&debut=0&seo_cat=&x20=0&debut=0&seo_cat=&x20=1&debut=0 HTTP/1.1" 200 203535 "-" "Mozilla/5.0 (compatible; SERankingBacklinksBot/1.0; +https://seranking.com/backlinks-crawler)"
85.208.96.205 - - [19/Aug/2026:00:19:53 +0200] "GET /new-products.php?a=24&a=25&b=1&b=1&debut=0&debut=0&debut=0&debut=0&debut=0&debut=0&debut=0&debut=0&debut=0&debut=0&debut=0&debut=0&debut=25&histo_track=1&seo_cat&seo_cat&seo_cat&seo_cat&seo_cat&seo_cat&seo_cat&seo_cat&seo_cat&seo_cat&seo_cat&x17=0&x17=0&x17=0&x17=0&x17=1&x20=0&x20=1&x21=0&x21=0&x21=1&x5=1 HTTP/1.1" 200 154517 "-" "Mozilla/5.0 (compatible; SemrushBot/7~bl; +http://www.semrush.com/bot.html)"
144.76.19.27 - - [19/Aug/2026:00:19:54 +0200] "GET /new-products.php?&seo_cat=&x21=1&debut=0&histo_track=1&seo_cat=&x20=1&debut=0&debut=24&a=24&b=1&seo_cat=&x5=1&debut=0&debut=24&a=24&b=1&seo_cat=&x23=1&debut=0&debut=24&a=24&b=1 HTTP/1.1" 200 134990 "-" "Mozilla/5.0 (compatible; SERankingBacklinksBot/1.0; +https://seranking.com/backlinks-crawler)"
144.76.19.27 - - [19/Aug/2026:00:19:57 +0200] "GET /new-products.php?&seo_cat=&x20=1&debut=0&seo_cat=&x17=1&debut=0&seo_cat=&x21=1&debut=0&seo_cat=&x5=1&debut=0&seo_cat=&x5=0&debut=0&seo_cat=&x20=0&debut=0&seo_cat=&x21=0&debut=0 HTTP/1.1" 200 93329 "-" "Mozilla/5.0 (compatible; SERankingBacklinksBot/1.0; +https://seranking.com/backlinks-crawler)"
144.76.19.27 - - [19/Aug/2026:00:20:00 +0200] "GET /new-products.php?&seo_cat=&x21=1&debut=0&histo_track=1&seo_cat=&x20=1&debut=0&seo_cat=&x17=1&debut=0&debut=24&a=24&b=1&debut=0&a=24&b=1&debut=24&a=24&b=1&seo_cat=&x17=0&debut=0 HTTP/1.1" 200 203623 "-" "Mozilla/5.0 (compatible; SERankingBacklinksBot/1.0; +https://seranking.com/backlinks-crawler)"
85.208.96.212 - - [19/Aug/2026:00:20:01 +0200] "GET /new-products.php?a=24&a=24&a=25&a=25&a=25&a=25&b=1&b=1&b=1&b=1&b=1&b=1&debut=0&debut=0&debut=0&debut=0&debut=0&debut=0&debut=0&debut=0&debut=0&debut=0&debut=0&debut=0&debut=25&histo_track=1&seo_cat&seo_cat&seo_cat&seo_cat&seo_cat&seo_cat&seo_cat&x17=0&x17=1&x20=1&x21=1&x22=1&x5=0&x5=1 HTTP/1.1" 200 154075 "-" "Mozilla/5.0 (compatible; SemrushBot/7~bl; +http://www.semrush.com/bot.html)"
144.76.19.27 - - [19/Aug/2026:00:20:03 +0200] "GET /new-products.php?&seo_cat=&x20=1&debut=0&seo_cat=&x17=1&debut=0&seo_cat=&x21=1&debut=0&seo_cat=&x5=1&debut=0&seo_cat=&x5=0&debut=0&seo_cat=&x20=0&debut=0&seo_cat=&x23=1&debut=0 HTTP/1.1" 200 168338 "-" "Mozilla/5.0 (compatible; SERankingBacklinksBot/1.0; +https://seranking.com/backlinks-crawler)"
83.99.206.90 - - [19/Aug/2026:00:20:05 +0200] "GET /new-products.php?&seo_cat=&x17=1&debut=0&seo_cat=&x5=1&debut=0&seo_cat=&x20=1&debut=0&seo_cat=&x23=1&debut=0&seo_cat=&x23=0&debut=0&seo_cat=&x21=1&debut=0&seo_cat=&x21=0&debut=0&seo_cat=&x23=1&debut=0&debut=24&a=24&b=1&seo_cat=&x23=0&debut=0 HTTP/1.1" 200 214446 "-" "Mozilla/5.0 (X11; Linux x86_64) AppleWebKit/537.36 (KHTML, like Gecko; GeedoShopProductFinder) Chrome/142.0.0.0 Safari/537.36"
144.76.19.27 - - [19/Aug/2026:00:20:07 +0200] "GET /new-products.php?&seo_cat=&x21=1&debut=0&histo_track=1&seo_cat=&x20=1&debut=0&seo_cat=&x17=1&debut=0&debut=24&a=24&b=1&debut=0&a=24&b=1&debut=24&a=24&b=1&seo_cat=&x20=0&debut=0 HTTP/1.1" 200 162057 "-" "Mozilla/5.0 (compatible; SERankingBacklinksBot/1.0; +https://seranking.com/backlinks-crawler)"
144.76.19.27 - - [19/Aug/2026:00:20:10 +0200] "GET /new-products.php?&seo_cat=&x20=1&debut=0&seo_cat=&x17=1&debut=0&seo_cat=&x21=1&debut=0&seo_cat=&x5=1&debut=0&seo_cat=&x5=0&debut=0&seo_cat=&x21=0&debut=0&seo_cat=&x17=0&debut=0 HTTP/1.1" 200 168068 "-" "Mozilla/5.0 (compatible; SERankingBacklinksBot/1.0; +https://seranking.com/backlinks-crawler)"
144.76.19.27 - - [19/Aug/2026:00:20:13 +0200] "GET /new-products.php?&seo_cat=&x21=1&debut=0&histo_track=1&seo_cat=&x20=1&debut=0&seo_cat=&x17=1&debut=0&debut=24&a=24&b=1&debut=0&a=24&b=1&debut=24&a=24&b=1&seo_cat=&x21=0&debut=0 HTTP/1.1" 200 196528 "-" "Mozilla/5.0 (compatible; SERankingBacklinksBot/1.0; +https://seranking.com/backlinks-crawler)"
185.191.171.10 - - [19/Aug/2026:00:20:15 +0200] "GET /category.php?a=24&a=24&b=1&b=1&debut=0&debut=0&debut=0&debut=0&debut=0&debut=0&debut=0&debut=0&debut=0&debut=0&debut=0&debut=0&debut=0&debut=24&seo=47-lits-gigognes&seo_cat=47&seo_cat=47&seo_cat=47&seo_cat=47&seo_cat=47&seo_cat=47&seo_cat=47&seo_cat=47&seo_cat=47&seo_cat=47&seo_cat=47&seo_cat=47&t58=0&t58=1&t59=0&t59=1&x20=0&x20=0&x20=0&x20=0&x20=0&x20=0&x20=0&x20=1 HTTP/1.1" 200 70487 "-" "Mozilla/5.0 (compatible; SemrushBot/7~bl; +http://www.semrush.com/bot.html)"
144.76.19.27 - - [19/Aug/2026:00:20:17 +0200] "GET /new-products.php?&seo_cat=&x20=1&debut=0&seo_cat=&x17=1&debut=0&seo_cat=&x21=1&debut=0&seo_cat=&x5=1&debut=0&seo_cat=&x5=0&debut=0&seo_cat=&x21=0&debut=0&seo_cat=&x20=0&debut=0 HTTP/1.1" 200 93251 "-" "Mozilla/5.0 (compatible; SERankingBacklinksBot/1.0; +https://seranking.com/backlinks-crawler)"
144.76.19.27 - - [19/Aug/2026:00:20:20 +0200] "GET /new-products.php?&seo_cat=&x21=1&debut=0&histo_track=1&seo_cat=&x20=1&debut=0&seo_cat=&x17=1&debut=0&debut=24&a=24&b=1&debut=0&a=24&b=1&debut=24&a=24&b=1&seo_cat=&x23=1&debut=0 HTTP/1.1" 200 203569 "-" "Mozilla/5.0 (compatible; SERankingBacklinksBot/1.0; +https://seranking.com/backlinks-crawler)"
144.76.19.27 - - [19/Aug/2026:00:20:23 +0200] "GET /new-products.php?&seo_cat=&x20=1&debut=0&seo_cat=&x17=1&debut=0&seo_cat=&x21=1&debut=0&seo_cat=&x5=1&debut=0&seo_cat=&x5=0&debut=0&seo_cat=&x21=0&debut=0&seo_cat=&x21=1&debut=0 HTTP/1.1" 200 203545 "-" "Mozilla/5.0 (compatible; SERankingBacklinksBot/1.0; +https://seranking.com/backlinks-crawler)"
83.99.206.191 - - [19/Aug/2026:00:20:24 +0200] "GET /category.php?seo=47-lits-gigognes&seo_cat=47&t59=1&debut=0&seo_cat=47&t58=1&debut=0 HTTP/1.1" 200 161616 "-" "Mozilla/5.0 (X11; Linux x86_64) AppleWebKit/537.36 (KHTML, like Gecko; GeedoShopProductFinder) Chrome/142.0.0.0 Safari/537.36"
144.76.19.27 - - [19/Aug/2026:00:20:27 +0200] "GET /new-products.php?&seo_cat=&x21=1&debut=0&histo_track=1&seo_cat=&x20=1&debut=0&seo_cat=&x17=1&debut=0&debut=24&a=24&b=1&debut=0&a=24&b=1&seo_cat=&x17=0&debut=0&debut=24&a=24&b=1 HTTP/1.1" 200 100276 "-" "Mozilla/5.0 (compatible; SERankingBacklinksBot/1.0; +https://seranking.com/backlinks-crawler)"
144.76.19.27 - - [19/Aug/2026:00:20:30 +0200] "GET /new-products.php?&seo_cat=&x20=1&debut=0&seo_cat=&x17=1&debut=0&seo_cat=&x21=1&debut=0&seo_cat=&x5=1&debut=0&seo_cat=&x5=0&debut=0&seo_cat=&x21=0&debut=0&seo_cat=&x23=1&debut=0 HTTP/1.1" 200 203359 "-" "Mozilla/5.0 (compatible; SERankingBacklinksBot/1.0; +https://seranking.com/backlinks-crawler)"
185.191.171.4 - - [19/Aug/2026:00:20:33 +0200] "GET /new-products.php?a=24&b=1&debut=0&debut=0&debut=0&debut=0&debut=0&debut=0&debut=0&debut=0&debut=0&debut=0&debut=0&debut=0&debut=24&histo_track=1&seo_cat&seo_cat&seo_cat&seo_cat&seo_cat&seo_cat&seo_cat&seo_cat&seo_cat&seo_cat&seo_cat&seo_cat&x17=0&x17=0&x17=1&x20=0&x20=0&x20=1&x22=1&x23=0&x23=1&x5=0&x5=0&x5=1 HTTP/1.1" 200 96490 "-" "Mozilla/5.0 (compatible; SemrushBot/7~bl; +http://www.semrush.com/bot.html)"
144.76.19.27 - - [19/Aug/2026:00:20:33 +0200] "GET /new-products.php?&seo_cat=&x21=1&debut=0&histo_track=1&seo_cat=&x20=1&debut=0&seo_cat=&x17=1&debut=0&debut=24&a=24&b=1&debut=0&a=24&b=1&seo_cat=&x23=1&debut=0&debut=24&a=24&b=1 HTTP/1.1" 200 135163 "-" "Mozilla/5.0 (compatible; SERankingBacklinksBot/1.0; +https://seranking.com/backlinks-crawler)"
185.191.171.4 - - [19/Aug/2026:00:20:36 +0200] "GET /new-products.php?a=24&a=24&a=24&b=1&b=1&b=1&debut=0&debut=0&debut=0&debut=0&debut=0&debut=0&debut=0&debut=24&seo_cat&seo_cat&seo_cat&seo_cat&seo_cat&x17=0&x17=1&x21=0&x21=0&x21=1 HTTP/1.1" 200 63605 "-" "Mozilla/5.0 (compatible; SemrushBot/7~bl; +http://www.semrush.com/bot.html)"
144.76.19.27 - - [19/Aug/2026:00:20:36 +0200] "GET /new-products.php?&seo_cat=&x20=1&debut=0&seo_cat=&x17=1&debut=0&seo_cat=&x21=1&debut=0&seo_cat=&x5=1&debut=0&seo_cat=&x5=0&debut=0&seo_cat=&x23=1&debut=0&seo_cat=&x17=0&debut=0 HTTP/1.1" 200 203735 "-" "Mozilla/5.0 (compatible; SERankingBacklinksBot/1.0; +https://seranking.com/backlinks-crawler)"
