216.244.66.197 - - [19/Aug/2026:00:09:57 +0200] "GET /uploadfiles/products/15500651410gigogne_ref_30_pli%C3%A9_avec_matelas.jpg HTTP/1.1" 200 81944 "-" "Mozilla/5.0 (compatible; DotBot/1.2; +https://opensiteexplorer.org/dotbot; help@moz.com)"
144.76.19.27 - - [19/Aug/2026:00:10:00 +0200] "GET /new-products.php?&seo_cat=&x20=1&debut=0&seo_cat=&x17=1&debut=0&seo_cat=&x20=0&debut=0&seo_cat=&x5=1&debut=0&seo_cat=&x5=0&debut=0&seo_cat=&x23=1&debut=0&seo_cat=&x21=1&debut=0 HTTP/1.1" 200 168372 "-" "Mozilla/5.0 (compatible; SERankingBacklinksBot/1.0; +https://seranking.com/backlinks-crawler)"
144.76.19.27 - - [19/Aug/2026:00:10:03 +0200] "GET /new-products.php?&seo_cat=&x20=1&debut=0&seo_cat=&x5=1&debut=0&seo_cat=&x5=0&debut=0&seo_cat=&x23=1&debut=0&seo_cat=&x21=1&debut=0&seo_cat=&x21=0&debut=0&seo_cat=&x21=1&debut=0 HTTP/1.1" 200 203669 "-" "Mozilla/5.0 (compatible; SERankingBacklinksBot/1.0; +https://seranking.com/backlinks-crawler)"
144.76.19.27 - - [19/Aug/2026:00:10:07 +0200] "GET /new-products.php?&seo_cat=&x20=1&debut=0&seo_cat=&x17=1&debut=0&seo_cat=&x20=0&debut=0&seo_cat=&x5=1&debut=0&seo_cat=&x5=0&debut=0&seo_cat=&x23=1&debut=0&seo_cat=&x23=0&debut=0 HTTP/1.1" 200 93251 "-" "Mozilla/5.0 (compatible; SERankingBacklinksBot/1.0; +https://seranking.com/backlinks-crawler)"
85.208.96.206 - - [19/Aug/2026:00:10:07 +0200] "GET /new-products.php?a=24&a=24&b=1&b=1&debut=0&debut=0&debut=0&debut=0&debut=0&debut=0&debut=0&debut=0&debut=0&debut=0&debut=0&debut=24&histo_track=1&seo_cat&seo_cat&seo_cat&seo_cat&seo_cat&seo_cat&seo_cat&seo_cat&seo_cat&seo_cat&x20=1&x21=1&x23=0&x23=0&x23=0&x23=1&x5=0&x5=0&x5=0&x5=1 HTTP/1.1" 200 136985 "-" "Mozilla/5.0 (compatible; SemrushBot/7~bl; +http://www.semrush.com/bot.html)"
144.76.19.27 - - [19/Aug/2026:00:10:10 +0200] "GET /new-products.php?&seo_cat=&x20=1&debut=0&seo_cat=&x5=1&debut=0&seo_cat=&x5=0&debut=0&seo_cat=&x23=1&debut=0&seo_cat=&x21=1&debut=0&seo_cat=&x21=0&debut=0&seo_cat=&x23=0&debut=0 HTTP/1.1" 200 168092 "-" "Mozilla/5.0 (compatible; SERankingBacklinksBot/1.0; +https://seranking.com/backlinks-crawler)"
83.99.206.231 - - [19/Aug/2026:00:10:10 +0200] "GET /new-products.php?&seo_cat=&x17=1&debut=0&seo_cat=&x5=1&debut=0&seo_cat=&x20=1&debut=0&seo_cat=&x23=1&debut=0&debut=24&a=24&b=1&seo_cat=&x23=0&debut=0&seo_cat=&x20=0&debut=0 HTTP/1.1" 200 121731 "-" "Mozilla/5.0 (X11; Linux x86_64) AppleWebKit/537.36 (KHTML, like Gecko; GeedoShopProductFinder) Chrome/142.0.0.0 Safari/537.36"
185.191.171.14 - - [19/Aug/2026:00:10:11 +0200] "GET /new-products.php?debut=0&debut=0&debut=0&debut=0&debut=0&debut=0&debut=0&debut=0&debut=0&debut=0&debut=0&debut=0&debut=0&debut=0&debut=0&seo_cat&seo_cat&seo_cat&seo_cat&seo_cat&seo_cat&seo_cat&seo_cat&seo_cat&seo_cat&seo_cat&seo_cat&seo_cat&seo_cat&seo_cat&x17=0&x17=1&x23=0&x23=0&x23=0&x23=0&x23=0&x23=0&x23=0&x23=0&x23=0&x23=0&x23=0&x23=1&x5=1 HTTP/1.1" 200 130792 "-" "Mozilla/5.0 (compatible; SemrushBot/7~bl; +http://www.semrush.com/bot.html)"
144.76.19.27 - - [19/Aug/2026:00:10:13 +0200] "GET /new-products.php?&seo_cat=&x20=1&debut=0&seo_cat=&x17=1&debut=0&seo_cat=&x21=1&debut=0&seo_cat=&x17=0&debut=0&seo_cat=&x17=1&debut=0&seo_cat=&x5=1&debut=0&seo_cat=&x5=0&debut=0 HTTP/1.1" 200 203543 "-" "Mozilla/5.0 (compatible; SERankingBacklinksBot/1.0; +https://seranking.com/backlinks-crawler)"
85.208.96.195 - - [19/Aug/2026:00:10:16 +0200] "GET /new-products.php?debut=0&debut=0&debut=0&debut=0&debut=0&debut=0&debut=0&debut=0&debut=0&debut=0&debut=0&debut=0&debut=0&debut=0&debut=0&seo_cat&seo_cat&seo_cat&seo_cat&seo_cat&seo_cat&seo_cat&seo_cat&seo_cat&seo_cat&seo_cat&seo_cat&seo_cat&seo_cat&seo_cat&x17=1&x21=0&x21=0&x21=0&x21=1&x22=0&x22=0&x22=0&x22=1&x23=0&x23=0&x23=0&x23=0&x23=0&x23=1 HTTP/1.1" 200 172274 "-" "Mozilla/5.0 (compatible; SemrushBot/7~bl; +http://www.semrush.com/bot.html)"
144.76.19.27 - - [19/Aug/2026:00:10:17 +0200] "GET /new-products.php?&seo_cat=&x20=1&debut=0&seo_cat=&x5=1&debut=0&seo_cat=&x5=0&debut=0&seo_cat=&x23=1&debut=0&seo_cat=&x21=1&debut=0&seo_cat=&x23=0&debut=0&seo_cat=&x17=1&debut=0 HTTP/1.1" 200 203547 "-" "Mozilla/5.0 (compatible; SERankingBacklinksBot/1.0; +https://seranking.com/backlinks-crawler)"
144.76.19.27 - - [19/Aug/2026:00:10:20 +0200] "GET /new-products.php?&seo_cat=&x20=1&debut=0&seo_cat=&x17=1&debut=0&seo_cat=&x21=1&debut=0&seo_cat=&x17=0&debut=0&seo_cat=&x20=0&debut=0&seo_cat=&x5=1&debut=0&seo_cat=&x5=0&debut=0 HTTP/1.1" 200 133779 "-" "Mozilla/5.0 (compatible; SERankingBacklinksBot/1.0; +https://seranking.com/backlinks-crawler)"
144.76.19.27 - - [19/Aug/2026:00:10:23 +0200] "GET /new-products.php?&seo_cat=&x20=1&debut=0&seo_cat=&x5=1&debut=0&seo_cat=&x5=0&debut=0&seo_cat=&x23=1&debut=0&seo_cat=&x21=1&debut=0&seo_cat=&x23=0&debut=0&seo_cat=&x20=0&debut=0 HTTP/1.1" 200 133617 "-" "Mozilla/5.0 (compatible; SERankingBacklinksBot/1.0; +https://seranking.com/backlinks-crawler)"
144.76.19.27 - - [19/Aug/2026:00:10:26 +0200] "GET /new-products.php?&seo_cat=&x20=1&debut=0&seo_cat=&x17=1&debut=0&seo_cat=&x21=1&debut=0&seo_cat=&x17=0&debut=0&seo_cat=&x21=0&debut=0&seo_cat=&x5=1&debut=0&seo_cat=&x5=0&debut=0 HTTP/1.1" 200 168096 "-" "Mozilla/5.0 (compatible; SERankingBacklinksBot/1.0; +https://seranking.com/backlinks-crawler)"
144.76.19.27 - - [19/Aug/2026:00:10:30 +0200] "GET /new-products.php?&seo_cat=&x20=1&debut=0&seo_cat=&x5=1&debut=0&seo_cat=&x5=0&debut=0&seo_cat=&x23=1&debut=0&seo_cat=&x21=1&debut=0&seo_cat=&x23=0&debut=0&seo_cat=&x21=0&debut=0 HTTP/1.1" 200 168078 "-" "Mozilla/5.0 (compatible; SERankingBacklinksBot/1.0; +https://seranking.com/backlinks-crawler)"
85.208.96.194 - - [19/Aug/2026:00:10:33 +0200] "GET /new-products.php?a=24&a=24&b=1&b=1&debut=0&debut=0&debut=0&debut=0&debut=0&debut=0&debut=0&debut=0&debut=0&debut=0&debut=0&debut=0&debut=0&debut=24&histo_track=1&seo_cat&seo_cat&seo_cat&seo_cat&seo_cat&seo_cat&seo_cat&seo_cat&seo_cat&seo_cat&seo_cat&seo_cat&x17=0&x17=0&x17=0&x17=0&x17=0&x17=1&x20=1&x23=1&x5=0&x5=0&x5=0&x5=1 HTTP/1.1" 200 96762 "-" "Mozilla/5.0 (compatible; SemrushBot/7~bl; +http://www.semrush.com/bot.html)"
144.76.19.27 - - [19/Aug/2026:00:10:33 +0200] "GET /new-products.php?&seo_cat=&x20=1&debut=0&seo_cat=&x17=1&debut=0&seo_cat=&x21=1&debut=0&seo_cat=&x17=0&debut=0&seo_cat=&x23=1&debut=0&seo_cat=&x5=1&debut=0&seo_cat=&x5=0&debut=0 HTTP/1.1" 200 203673 "-" "Mozilla/5.0 (compatible; SERankingBacklinksBot/1.0; +https://seranking.com/backlinks-crawler)"
144.76.19.27 - - [19/Aug/2026:00:10:39 +0200] "GET /new-products.php?&seo_cat=&x20=1&debut=0&seo_cat=&x5=1&debut=0&seo_cat=&x5=0&debut=0&seo_cat=&x23=1&debut=0&seo_cat=&x21=1&debut=0&seo_cat=&x23=0&debut=0&seo_cat=&x23=1&debut=0 HTTP/1.1" 200 203685 "-" "Mozilla/5.0 (compatible; SERankingBacklinksBot/1.0; +https://seranking.com/backlinks-crawler)"
144.76.19.27 - - [19/Aug/2026:00:10:43 +0200] "GET /new-products.php?&seo_cat=&x20=1&debut=0&seo_cat=&x17=1&debut=0&seo_cat=&x21=1&debut=0&seo_cat=&x17=0&debut=0&seo_cat=&x5=1&debut=0&seo_cat=&x17=1&debut=0&seo_cat=&x5=0&debut=0 HTTP/1.1" 200 203605 "-" "Mozilla/5.0 (compatible; SERankingBacklinksBot/1.0; +https://seranking.com/backlinks-crawler)"
85.208.96.211 - - [19/Aug/2026:00:10:46 +0200] "GET /new-products.php?a=25&b=1&debut=0&debut=0&debut=0&debut=0&debut=0&debut=0&debut=0&debut=0&debut=0&debut=0&debut=0&debut=0&debut=25&histo_track=1&seo_cat&seo_cat&seo_cat&seo_cat&seo_cat&seo_cat&seo_cat&seo_cat&seo_cat&seo_cat&seo_cat&seo_cat&x17=0&x17=1&x20=0&x20=0&x20=1&x21=0&x21=1&x22=0&x22=0&x22=1&x23=0&x23=1 HTTP/1.1" 200 131917 "-" "Mozilla/5.0 (compatible; SemrushBot/7~bl; +http://www.semrush.com/bot.html)"
144.76.19.27 - - [19/Aug/2026:00:10:46 +0200] "GET /new-products.php?&seo_cat=&x20=1&debut=0&seo_cat=&x5=1&debut=0&seo_cat=&x5=0&debut=0&seo_cat=&x23=1&debut=0&seo_cat=&x23=0&debut=0&seo_cat=&x17=1&debut=0&seo_cat=&x17=0&debut=0 HTTP/1.1" 200 168078 "-" "Mozilla/5.0 (compatible; SERankingBacklinksBot/1.0; +https://seranking.com/backlinks-crawler)"
144.76.19.27 - - [19/Aug/2026:00:10:49 +0200] "GET /new-products.php?&seo_cat=&x20=1&debut=0&seo_cat=&x17=1&debut=0&seo_cat=&x21=1&debut=0&seo_cat=&x17=0&debut=0&seo_cat=&x5=1&debut=0&seo_cat=&x20=0&debut=0&seo_cat=&x5=0&debut=0 HTTP/1.1" 200 133779 "-" "Mozilla/5.0 (compatible; SERankingBacklinksBot/1.0; +https://seranking.com/backlinks-crawler)"
144.76.19.27 - - [19/Aug/2026:00:10:52 +0200] "GET /new-products.php?&seo_cat=&x20=1&debut=0&seo_cat=&x5=1&debut=0&seo_cat=&x5=0&debut=0&seo_cat=&x23=1&debut=0&seo_cat=&x23=0&debut=0&seo_cat=&x17=1&debut=0&seo_cat=&x20=0&debut=0 HTTP/1.1" 200 93271 "-" "Mozilla/5.0 (compatible; SERankingBacklinksBot/1.0; +https://seranking.com/backlinks-crawler)"
144.76.19.27 - - [19/Aug/2026:00:10:56 +0200] "GET /new-products.php?&seo_cat=&x20=1&debut=0&seo_cat=&x17=1&debut=0&seo_cat=&x21=1&debut=0&seo_cat=&x17=0&debut=0&seo_cat=&x5=1&debut=0&seo_cat=&x21=0&debut=0&seo_cat=&x5=0&debut=0 HTTP/1.1" 200 168010 "-" "Mozilla/5.0 (compatible; SERankingBacklinksBot/1.0; +https://seranking.com/backlinks-crawler)"
144.76.19.27 - - [19/Aug/2026:00:10:59 +0200] "GET /new-products.php?&seo_cat=&x20=1&debut=0&seo_cat=&x5=1&debut=0&seo_cat=&x5=0&debut=0&seo_cat=&x23=1&debut=0&seo_cat=&x23=0&debut=0&seo_cat=&x17=1&debut=0&seo_cat=&x21=1&debut=0 HTTP/1.1" 200 203555 "-" "Mozilla/5.0 (compatible; SERankingBacklinksBot/1.0; +https://seranking.com/backlinks-crawler)"
144.76.19.27 - - [19/Aug/2026:00:11:02 +0200] "GET /new-products.php?&seo_cat=&x20=1&debut=0&seo_cat=&x17=1&debut=0&seo_cat=&x21=1&debut=0&seo_cat=&x17=0&debut=0&seo_cat=&x5=1&debut=0&seo_cat=&x23=1&debut=0&seo_cat=&x5=0&debut=0 HTTP/1.1" 200 203623 "-" "Mozilla/5.0 (compatible; SERankingBacklinksBot/1.0; +https://seranking.com/backlinks-crawler)"
144.76.19.27 - - [19/Aug/2026:00:11:06 +0200] "GET /new-products.php?&seo_cat=&x20=1&debut=0&seo_cat=&x5=1&debut=0&seo_cat=&x5=0&debut=0&seo_cat=&x23=1&debut=0&seo_cat=&x23=0&debut=0&seo_cat=&x17=1&debut=0&seo_cat=&x23=1&debut=0 HTTP/1.1" 200 203353 "-" "Mozilla/5.0 (compatible; SERankingBacklinksBot/1.0; +https://seranking.com/backlinks-crawler)"
144.76.19.27 - - [19/Aug/2026:00:11:09 +0200] "GET /new-products.php?&seo_cat=&x20=1&debut=0&seo_cat=&x17=1&debut=0&seo_cat=&x21=1&debut=0&seo_cat=&x17=0&debut=0&seo_cat=&x5=1&debut=0&seo_cat=&x5=0&debut=0&seo_cat=&x17=1&debut=0 HTTP/1.1" 200 203543 "-" "Mozilla/5.0 (compatible; SERankingBacklinksBot/1.0; +https://seranking.com/backlinks-crawler)"
144.76.19.27 - - [19/Aug/2026:00:11:12 +0200] "GET /new-products.php?&seo_cat=&x20=1&debut=0&seo_cat=&x5=1&debut=0&seo_cat=&x5=0&debut=0&seo_cat=&x23=1&debut=0&seo_cat=&x23=0&debut=0&seo_cat=&x20=0&debut=0&seo_cat=&x17=1&debut=0 HTTP/1.1" 200 93237 "-" "Mozilla/5.0 (compatible; SERankingBacklinksBot/1.0; +https://seranking.com/backlinks-crawler)"
85.208.96.194 - - [19/Aug/2026:00:11:14 +0200] "GET /new-products.php?a=24&a=25&b=1&b=1&debut=0&debut=0&debut=0&debut=0&debut=0&debut=0&debut=0&debut=0&debut=0&debut=0&debut=0&debut=0&debut=0&debut=0&debut=0&debut=25&seo_cat&seo_cat&seo_cat&seo_cat&seo_cat&seo_cat&seo_cat&seo_cat&seo_cat&seo_cat&seo_cat&seo_cat&seo_cat&seo_cat&x17=0&x17=0&x17=0&x17=0&x17=0&x17=0&x17=0&x17=0&x17=1&x20=0&x20=1&x21=1&x22=1&x23=1 HTTP/1.1" 200 132753 "-" "Mozilla/5.0 (compatible; SemrushBot/7~bl; +http://www.semrush.com/bot.html)"
144.76.19.27 - - [19/Aug/2026:00:11:16 +0200] "GET /new-products.php?&seo_cat=&x20=1&debut=0&seo_cat=&x17=1&debut=0&seo_cat=&x21=1&debut=0&seo_cat=&x17=0&debut=0&seo_cat=&x5=1&debut=0&seo_cat=&x5=0&debut=0&seo_cat=&x20=0&debut=0 HTTP/1.1" 200 133593 "-" "Mozilla/5.0 (compatible; SERankingBacklinksBot/1.0; +https://seranking.com/backlinks-crawler)"
144.76.19.27 - - [19/Aug/2026:00:11:21 +0200] "GET /new-products.php?&seo_cat=&x20=1&debut=0&seo_cat=&x5=1&debut=0&seo_cat=&x5=0&debut=0&seo_cat=&x23=1&debut=0&seo_cat=&x23=0&debut=0&seo_cat=&x20=0&debut=0&seo_cat=&x20=1&debut=0 HTTP/1.1" 200 168110 "-" "Mozilla/5.0 (compatible; SERankingBacklinksBot/1.0; +https://seranking.com/backlinks-crawler)"
144.76.19.27 - - [19/Aug/2026:00:11:24 +0200] "GET /new-products.php?&seo_cat=&x20=1&debut=0&seo_cat=&x17=1&debut=0&seo_cat=&x21=1&debut=0&seo_cat=&x17=0&debut=0&seo_cat=&x5=1&debut=0&seo_cat=&x5=0&debut=0&seo_cat=&x21=0&debut=0 HTTP/1.1" 200 168068 "-" "Mozilla/5.0 (compatible; SERankingBacklinksBot/1.0; +https://seranking.com/backlinks-crawler)"
85.208.96.212 - - [19/Aug/2026:00:11:27 +0200] "GET /new-products.php?a=24&a=24&a=24&a=24&a=25&a=25&b=1&b=1&b=1&b=1&b=1&b=1&debut=0&debut=0&debut=0&debut=0&debut=0&debut=0&debut=0&debut=0&debut=0&debut=0&debut=0&debut=0&debut=0&debut=0&debut=0&debut=25&histo_track=1&seo_cat&seo_cat&seo_cat&seo_cat&seo_cat&seo_cat&seo_cat&seo_cat&seo_cat&seo_cat&x17=0&x17=0&x17=1&x20=1&x21=0&x21=1&x22=0&x22=1&x23=1&x5=1 HTTP/1.1" 200 162018 "-" "Mozilla/5.0 (compatible; SemrushBot/7~bl; +http://www.semrush.com/bot.html)"
144.76.19.27 - - [19/Aug/2026:00:11:28 +0200] "GET /new-products.php?&seo_cat=&x20=1&debut=0&seo_cat=&x5=1&debut=0&seo_cat=&x5=0&debut=0&seo_cat=&x23=1&debut=0&seo_cat=&x23=0&debut=0&seo_cat=&x20=0&debut=0&seo_cat=&x21=1&debut=0 HTTP/1.1" 200 133577 "-" "Mozilla/5.0 (compatible; SERankingBacklinksBot/1.0; +https://seranking.com/backlinks-crawler)"
85.208.96.196 - - [19/Aug/2026:00:11:31 +0200] "GET /new-products.php?a=24&a=24&a=24&a=24&b=1&b=1&b=1&b=1&debut=0&debut=0&debut=0&debut=0&debut=0&debut=0&debut=0&debut=0&debut=0&debut=0&debut=0&debut=0&debut=0&debut=24&histo_track=1&seo_cat&seo_cat&seo_cat&seo_cat&seo_cat&seo_cat&seo_cat&seo_cat&seo_cat&seo_cat&x17=0&x17=1&x20=0&x20=1&x5=0&x5=0&x5=0&x5=0&x5=0&x5=1 HTTP/1.1" 200 90124 "-" "Mozilla/5.0 (compatible; SemrushBot/7~bl; +http://www.semrush.com/bot.html)"
144.76.19.27 - - [19/Aug/2026:00:11:32 +0200] "GET /new-products.php?&seo_cat=&x20=1&debut=0&seo_cat=&x17=1&debut=0&seo_cat=&x21=1&debut=0&seo_cat=&x17=0&debut=0&seo_cat=&x5=1&debut=0&seo_cat=&x5=0&debut=0&seo_cat=&x23=1&debut=0 HTTP/1.1" 200 203623 "-" "Mozilla/5.0 (compatible; SERankingBacklinksBot/1.0; +https://seranking.com/backlinks-crawler)"
185.191.171.3 - - [19/Aug/2026:00:11:35 +0200] "GET /new-products.php?a=24&a=24&b=1&b=1&debut=0&debut=0&debut=0&debut=0&debut=0&debut=0&debut=0&debut=0&debut=0&debut=0&debut=0&debut=0&debut=0&debut=24&seo_cat&seo_cat&seo_cat&seo_cat&seo_cat&seo_cat&seo_cat&seo_cat&seo_cat&seo_cat&seo_cat&seo_cat&x17=0&x17=1&x20=0&x20=0&x20=0&x20=1&x21=0&x21=0&x21=0&x21=0&x21=0&x21=1 HTTP/1.1" 200 131326 "-" "Mozilla/5.0 (compatible; SemrushBot/7~bl; +http://www.semrush.com/bot.html)"
144.76.19.27 - - [19/Aug/2026:00:11:35 +0200] "GET /new-products.php?&seo_cat=&x20=1&debut=0&seo_cat=&x5=1&debut=0&seo_cat=&x5=0&debut=0&seo_cat=&x23=1&debut=0&seo_cat=&x23=0&debut=0&seo_cat=&x20=0&debut=0&seo_cat=&x23=1&debut=0 HTTP/1.1" 200 71028 "-" "Mozilla/5.0 (compatible; SERankingBacklinksBot/1.0; +https://seranking.com/backlinks-crawler)"
185.191.171.3 - - [19/Aug/2026:00:11:36 +0200] "GET /new-products.php?a=24&a=24&b=1&b=1&debut=0&debut=0&debut=0&debut=0&debut=0&debut=0&debut=0&debut=0&debut=0&debut=0&debut=0&debut=0&debut=0&debut=24&seo_cat&seo_cat&seo_cat&seo_cat&seo_cat&seo_cat&seo_cat&seo_cat&seo_cat&seo_cat&seo_cat&seo_cat&x17=0&x17=1&x20=0&x20=0&x20=0&x20=1&x21=0&x21=0&x21=0&x21=0&x21=0&x21=1 HTTP/1.1" 200 131322 "-" "Mozilla/5.0 (compatible; SemrushBot/7~bl; +http://www.semrush.com/bot.html)"
144.76.19.27 - - [19/Aug/2026:00:11:38 +0200] "GET /new-products.php?&seo_cat=&x20=1&debut=0&seo_cat=&x17=1&debut=0&seo_cat=&x21=1&debut=0&seo_cat=&x20=0&debut=0&seo_cat=&x17=0&debut=0&seo_cat=&x5=1&debut=0&seo_cat=&x5=0&debut=0 HTTP/1.1" 200 133527 "-" "Mozilla/5.0 (compatible; SERankingBacklinksBot/1.0; +https://seranking.com/backlinks-crawler)"
185.191.171.9 - - [19/Aug/2026:00:11:39 +0200] "GET /marques.php?a=24&a=24&a=24&a=24&a=24&a=24&a=25&b=1&b=1&b=1&b=1&b=1&b=1&b=1&debut=0&debut=0&debut=0&debut=0&debut=0&debut=0&debut=0&debut=0&debut=0&debut=0&debut=0&debut=0&debut=0&debut=0&debut=25&seo=20-lits-gigognes&seo_marq=20&seo_marq=20&seo_marq=20&seo_marq=20&seo_marq=20&seo_marq=20&seo_marq=20&seo_marq=20&t47=0&t47=1&t58=0&t58=0&t58=1&t59=1&t60=1&t62=1 HTTP/1.1" 200 64278 "-" "Mozilla/5.0 (compatible; SemrushBot/7~bl; +http://www.semrush.com/bot.html)"
185.191.171.9 - - [19/Aug/2026:00:11:40 +0200] "GET /marques.php?a=24&a=24&a=24&a=24&a=24&a=24&a=25&b=1&b=1&b=1&b=1&b=1&b=1&b=1&debut=0&debut=0&debut=0&debut=0&debut=0&debut=0&debut=0&debut=0&debut=0&debut=0&debut=0&debut=0&debut=0&debut=0&debut=25&seo=20-lits-gigognes&seo_marq=20&seo_marq=20&seo_marq=20&seo_marq=20&seo_marq=20&seo_marq=20&seo_marq=20&seo_marq=20&t47=0&t47=1&t58=0&t58=0&t58=1&t59=1&t60=1&t62=1 HTTP/1.1" 200 64290 "-" "Mozilla/5.0 (compatible; SemrushBot/7~bl; +http://www.semrush.com/bot.html)"
144.76.19.27 - - [19/Aug/2026:00:11:42 +0200] "GET /new-products.php?&seo_cat=&x20=1&debut=0&seo_cat=&x5=1&debut=0&seo_cat=&x5=0&debut=0&seo_cat=&x23=1&debut=0&seo_cat=&x23=0&debut=0&seo_cat=&x21=1&debut=0&seo_cat=&x17=1&debut=0 HTTP/1.1" 200 203635 "-" "Mozilla/5.0 (compatible; SERankingBacklinksBot/1.0; +https://seranking.com/backlinks-crawler)"
85.208.96.196 - - [19/Aug/2026:00:11:44 +0200] "GET /new-products.php?a=24&a=24&b=1&b=1&debut=0&debut=0&debut=0&debut=0&debut=0&debut=0&debut=0&debut=0&debut=0&debut=0&debut=0&debut=0&debut=24&seo_cat&seo_cat&seo_cat&seo_cat&seo_cat&seo_cat&seo_cat&seo_cat&seo_cat&seo_cat&seo_cat&x17=0&x17=0&x17=0&x17=1&x20=0&x20=1&x21=0&x21=0&x21=1&x23=0&x23=1 HTTP/1.1" 200 137410 "-" "Mozilla/5.0 (compatible; SemrushBot/7~bl; +http://www.semrush.com/bot.html)"
144.76.19.27 - - [19/Aug/2026:00:11:45 +0200] "GET /new-products.php?&seo_cat=&x20=1&debut=0&seo_cat=&x17=1&debut=0&seo_cat=&x21=1&debut=0&seo_cat=&x20=0&debut=0&seo_cat=&x20=1&debut=0&seo_cat=&x5=1&debut=0&seo_cat=&x5=0&debut=0 HTTP/1.1" 200 203629 "-" "Mozilla/5.0 (compatible; SERankingBacklinksBot/1.0; +https://seranking.com/backlinks-crawler)"
144.76.19.27 - - [19/Aug/2026:00:11:48 +0200] "GET /new-products.php?&seo_cat=&x20=1&debut=0&seo_cat=&x5=1&debut=0&seo_cat=&x5=0&debut=0&seo_cat=&x23=1&debut=0&seo_cat=&x23=0&debut=0&seo_cat=&x21=1&debut=0&seo_cat=&x20=0&debut=0 HTTP/1.1" 200 133597 "-" "Mozilla/5.0 (compatible; SERankingBacklinksBot/1.0; +https://seranking.com/backlinks-crawler)"
144.76.19.27 - - [19/Aug/2026:00:11:51 +0200] "GET /new-products.php?&seo_cat=&x20=1&debut=0&seo_cat=&x17=1&debut=0&seo_cat=&x21=1&debut=0&seo_cat=&x20=0&debut=0&seo_cat=&x21=0&debut=0&seo_cat=&x5=1&debut=0&seo_cat=&x5=0&debut=0 HTTP/1.1" 200 93251 "-" "Mozilla/5.0 (compatible; SERankingBacklinksBot/1.0; +https://seranking.com/backlinks-crawler)"
144.76.19.27 - - [19/Aug/2026:00:11:55 +0200] "GET /new-products.php?&seo_cat=&x20=1&debut=0&seo_cat=&x5=1&debut=0&seo_cat=&x5=0&debut=0&seo_cat=&x23=1&debut=0&seo_cat=&x23=0&debut=0&seo_cat=&x21=1&debut=0&seo_cat=&x21=0&debut=0 HTTP/1.1" 200 168108 "-" "Mozilla/5.0 (compatible; SERankingBacklinksBot/1.0; +https://seranking.com/backlinks-crawler)"
144.76.19.27 - - [19/Aug/2026:00:11:58 +0200] "GET /new-products.php?&seo_cat=&x21=1&debut=0&seo_cat=&x17=1&debut=0&seo_cat=&x5=1&debut=0&seo_cat=&x20=1&debut=0&seo_cat=&x21=0&debut=0&seo_cat=&x17=0&debut=0&seo_cat=&x21=1&debut=0 HTTP/1.1" 200 203716 "-" "Mozilla/5.0 (compatible; SERankingBacklinksBot/1.0; +https://seranking.com/backlinks-crawler)"
144.76.19.27 - - [19/Aug/2026:00:12:01 +0200] "GET /new-products.php?&seo_cat=&x20=1&debut=0&seo_cat=&x17=1&debut=0&seo_cat=&x21=1&debut=0&seo_cat=&x20=0&debut=0&seo_cat=&x23=1&debut=0&seo_cat=&x5=1&debut=0&seo_cat=&x5=0&debut=0 HTTP/1.1" 200 168454 "-" "Mozilla/5.0 (compatible; SERankingBacklinksBot/1.0; +https://seranking.com/backlinks-crawler)"
144.76.19.27 - - [19/Aug/2026:00:12:05 +0200] "GET /new-products.php?&seo_cat=&x20=1&debut=0&seo_cat=&x5=1&debut=0&seo_cat=&x5=0&debut=0&seo_cat=&x23=1&debut=0&seo_cat=&x23=0&debut=0&seo_cat=&x21=1&debut=0&seo_cat=&x23=1&debut=0 HTTP/1.1" 200 203685 "-" "Mozilla/5.0 (compatible; SERankingBacklinksBot/1.0; +https://seranking.com/backlinks-crawler)"
185.191.171.2 - - [19/Aug/2026:00:12:06 +0200] "GET /new-products.php?a=24&b=1&debut=0&debut=0&debut=0&debut=0&debut=0&debut=0&debut=0&debut=0&debut=0&debut=0&debut=0&debut=0&debut=24&seo_cat&seo_cat&seo_cat&seo_cat&seo_cat&seo_cat&seo_cat&seo_cat&seo_cat&seo_cat&seo_cat&seo_cat&x20=0&x20=0&x20=0&x20=1&x21=0&x21=0&x21=1&x22=1&x23=0&x23=0&x23=1&x5=1 HTTP/1.1" 200 137289 "-" "Mozilla/5.0 (compatible; SemrushBot/7~bl; +http://www.semrush.com/bot.html)"
83.99.206.161 - - [19/Aug/2026:00:12:07 +0200] "GET /marques.php?seo=20-lits-gigognes&seo_marq=20&t60=1&debut=0&seo_marq=20&t47=1&debut=0&seo_marq=20&t60=0&debut=0&seo_marq=20&t60=1&debut=0 HTTP/1.1" 200 178599 "-" "Mozilla/5.0 (X11; Linux x86_64) AppleWebKit/537.36 (KHTML, like Gecko; GeedoShopProductFinder) Chrome/142.0.0.0 Safari/537.36"
144.76.19.27 - - [19/Aug/2026:00:12:08 +0200] "GET /new-products.php?&seo_cat=&x20=1&debut=0&seo_cat=&x17=1&debut=0&seo_cat=&x21=1&debut=0&seo_cat=&x20=0&debut=0&seo_cat=&x5=1&debut=0&seo_cat=&x17=0&debut=0&seo_cat=&x5=0&debut=0 HTTP/1.1" 200 133519 "-" "Mozilla/5.0 (compatible; SERankingBacklinksBot/1.0; +https://seranking.com/backlinks-crawler)"
185.191.171.4 - - [19/Aug/2026:00:12:10 +0200] "GET /marques.php?a=24&a=24&a=24&a=25&a=25&b=1&b=1&b=1&b=1&b=1&debut=0&debut=0&debut=0&debut=0&debut=0&debut=0&debut=0&debut=0&debut=0&debut=0&debut=0&debut=0&debut=0&debut=25&seo=20-lits-gigognes&seo_marq=20&seo_marq=20&seo_marq=20&seo_marq=20&seo_marq=20&seo_marq=20&seo_marq=20&seo_marq=20&seo_marq=20&t47=0&t47=0&t47=0&t47=1&t60=0&t60=0&t60=0&t60=0&t60=1 HTTP/1.1" 200 64260 "-" "Mozilla/5.0 (compatible; SemrushBot/7~bl; +http://www.semrush.com/bot.html)"
185.191.171.4 - - [19/Aug/2026:00:12:11 +0200] "GET /marques.php?a=24&a=24&a=24&a=25&a=25&b=1&b=1&b=1&b=1&b=1&debut=0&debut=0&debut=0&debut=0&debut=0&debut=0&debut=0&debut=0&debut=0&debut=0&debut=0&debut=0&debut=0&debut=25&seo=20-lits-gigognes&seo_marq=20&seo_marq=20&seo_marq=20&seo_marq=20&seo_marq=20&seo_marq=20&seo_marq=20&seo_marq=20&seo_marq=20&t47=0&t47=0&t47=0&t47=1&t60=0&t60=0&t60=0&t60=0&t60=1 HTTP/1.1" 200 64392 "-" "Mozilla/5.0 (compatible; SemrushBot/7~bl; +http://www.semrush.com/bot.html)"
144.76.19.27 - - [19/Aug/2026:00:12:13 +0200] "GET /new-products.php?&seo_cat=&x20=1&debut=0&seo_cat=&x5=1&debut=0&seo_cat=&x5=0&debut=0&seo_cat=&x23=1&debut=0&seo_cat=&x23=0&debut=0&seo_cat=&x23=1&debut=0&seo_cat=&x17=1&debut=0 HTTP/1.1" 200 203283 "-" "Mozilla/5.0 (compatible; SERankingBacklinksBot/1.0; +https://seranking.com/backlinks-crawler)"
185.191.171.4 - - [19/Aug/2026:00:12:13 +0200] "GET /new-products.php?a=24&b=1&debut=0&debut=0&debut=0&debut=0&debut=0&debut=0&debut=0&debut=0&debut=0&debut=0&debut=0&debut=24&histo_track=1&seo_cat&seo_cat&seo_cat&seo_cat&seo_cat&seo_cat&seo_cat&seo_cat&seo_cat&seo_cat&seo_cat&x17=0&x17=0&x17=0&x17=0&x17=1&x20=1&x21=0&x21=0&x21=0&x21=1&x23=1 HTTP/1.1" 200 137351 "-" "Mozilla/5.0 (compatible; SemrushBot/7~bl; +http://www.semrush.com/bot.html)"
144.76.19.27 - - [19/Aug/2026:00:12:16 +0200] "GET /new-products.php?&seo_cat=&x20=1&debut=0&seo_cat=&x17=1&debut=0&seo_cat=&x21=1&debut=0&seo_cat=&x20=0&debut=0&seo_cat=&x5=1&debut=0&seo_cat=&x20=1&debut=0&seo_cat=&x5=0&debut=0 HTTP/1.1" 200 203621 "-" "Mozilla/5.0 (compatible; SERankingBacklinksBot/1.0; +https://seranking.com/backlinks-crawler)"
144.76.19.27 - - [19/Aug/2026:00:12:19 +0200] "GET /new-products.php?&seo_cat=&x20=1&debut=0&seo_cat=&x5=1&debut=0&seo_cat=&x5=0&debut=0&seo_cat=&x23=1&debut=0&seo_cat=&x23=0&debut=0&seo_cat=&x23=1&debut=0&seo_cat=&x20=0&debut=0 HTTP/1.1" 200 71026 "-" "Mozilla/5.0 (compatible; SERankingBacklinksBot/1.0; +https://seranking.com/backlinks-crawler)"
144.76.19.27 - - [19/Aug/2026:00:12:22 +0200] "GET /new-products.php?&seo_cat=&x20=1&debut=0&seo_cat=&x17=1&debut=0&seo_cat=&x21=1&debut=0&seo_cat=&x20=0&debut=0&seo_cat=&x5=1&debut=0&seo_cat=&x21=0&debut=0&seo_cat=&x5=0&debut=0 HTTP/1.1" 200 93311 "-" "Mozilla/5.0 (compatible; SERankingBacklinksBot/1.0; +https://seranking.com/backlinks-crawler)"
144.76.19.27 - - [19/Aug/2026:00:12:26 +0200] "GET /new-products.php?&seo_cat=&x20=1&debut=0&seo_cat=&x5=1&debut=0&seo_cat=&x5=0&debut=0&seo_cat=&x23=1&debut=0&seo_cat=&x23=0&debut=0&seo_cat=&x23=1&debut=0&seo_cat=&x21=1&debut=0 HTTP/1.1" 200 203621 "-" "Mozilla/5.0 (compatible; SERankingBacklinksBot/1.0; +https://seranking.com/backlinks-crawler)"
144.76.19.27 - - [19/Aug/2026:00:12:30 +0200] "GET /new-products.php?&seo_cat=&x20=1&debut=0&seo_cat=&x17=1&debut=0&seo_cat=&x21=1&debut=0&seo_cat=&x20=0&debut=0&seo_cat=&x5=1&debut=0&seo_cat=&x23=1&debut=0&seo_cat=&x5=0&debut=0 HTTP/1.1" 200 168338 "-" "Mozilla/5.0 (compatible; SERankingBacklinksBot/1.0; +https://seranking.com/backlinks-crawler)"
83.99.206.161 - - [19/Aug/2026:00:12:30 +0200] "GET /new-products.php?&seo_cat=&x17=1&debut=0&seo_cat=&x5=1&debut=0&seo_cat=&x20=1&debut=0&seo_cat=&x5=0&debut=0&histo_track=1&seo_cat=&x23=1&debut=0&seo_cat=&x17=0&debut=0 HTTP/1.1" 200 174185 "-" "Mozilla/5.0 (X11; Linux x86_64) AppleWebKit/537.36 (KHTML, like Gecko; GeedoShopProductFinder) Chrome/142.0.0.0 Safari/537.36"
144.76.19.27 - - [19/Aug/2026:00:12:33 +0200] "GET /new-products.php?&seo_cat=&x20=1&debut=0&seo_cat=&x5=1&debut=0&seo_cat=&x5=0&debut=0&seo_cat=&x23=1&debut=0&seo_cat=&x23=0&debut=0&seo_cat=&x23=1&debut=0&seo_cat=&x23=0&debut=0 HTTP/1.1" 200 168044 "-" "Mozilla/5.0 (compatible; SERankingBacklinksBot/1.0; +https://seranking.com/backlinks-crawler)"
85.208.96.211 - - [19/Aug/2026:00:12:35 +0200] "GET /new-products.php?a=24&a=24&a=25&b=1&b=1&b=1&debut=0&debut=0&debut=0&debut=0&debut=0&debut=0&debut=0&debut=0&debut=0&debut=0&debut=0&debut=0&debut=24&debut=25&seo_cat&seo_cat&seo_cat&seo_cat&seo_cat&seo_cat&seo_cat&seo_cat&seo_cat&seo_cat&seo_cat&x17=0&x17=0&x17=1&x20=1&x21=0&x21=1&x22=1&x5=0&x5=0&x5=0&x5=1 HTTP/1.1" 200 154473 "-" "Mozilla/5.0 (compatible; SemrushBot/7~bl; +http://www.semrush.com/bot.html)"
144.76.19.27 - - [19/Aug/2026:00:12:36 +0200] "GET /new-products.php?&seo_cat=&x20=1&debut=0&seo_cat=&x17=1&debut=0&seo_cat=&x21=1&debut=0&seo_cat=&x20=0&debut=0&seo_cat=&x5=1&debut=0&seo_cat=&x5=0&debut=0&seo_cat=&x17=0&debut=0 HTTP/1.1" 200 133577 "-" "Mozilla/5.0 (compatible; SERankingBacklinksBot/1.0; +https://seranking.com/backlinks-crawler)"
185.191.171.8 - - [19/Aug/2026:00:12:36 +0200] "GET /new-products.php?a=24&a=24&b=1&b=1&debut=0&debut=0&debut=0&debut=0&debut=0&debut=0&debut=0&debut=0&debut=0&debut=0&debut=0&debut=0&debut=0&debut=24&seo_cat&seo_cat&seo_cat&seo_cat&seo_cat&seo_cat&seo_cat&seo_cat&seo_cat&seo_cat&seo_cat&seo_cat&x17=0&x17=1&x20=0&x20=0&x20=0&x20=1&x21=1&x22=0&x22=0&x22=0&x22=1&x23=1 HTTP/1.1" 200 137756 "-" "Mozilla/5.0 (compatible; SemrushBot/7~bl; +http://www.semrush.com/bot.html)"
144.76.19.27 - - [19/Aug/2026:00:12:40 +0200] "GET /new-products.php?&seo_cat=&x21=1&debut=0&histo_track=1&seo_cat=&x17=1&debut=0&seo_cat=&x17=0&debut=0&seo_cat=&x20=1&debut=0&debut=24&a=24&b=1&debut=0&a=24&b=1&debut=24&a=24&b=1 HTTP/1.1" 200 100286 "-" "Mozilla/5.0 (compatible; SERankingBacklinksBot/1.0; +https://seranking.com/backlinks-crawler)"
144.76.19.27 - - [19/Aug/2026:00:12:43 +0200] "GET /new-products.php?&seo_cat=&x20=1&debut=0&seo_cat=&x17=1&debut=0&seo_cat=&x21=1&debut=0&seo_cat=&x20=0&debut=0&seo_cat=&x5=1&debut=0&seo_cat=&x5=0&debut=0&seo_cat=&x20=1&debut=0 HTTP/1.1" 200 203615 "-" "Mozilla/5.0 (compatible; SERankingBacklinksBot/1.0; +https://seranking.com/backlinks-crawler)"
144.76.19.27 - - [19/Aug/2026:00:12:47 +0200] "GET /new-products.php?&seo_cat=&x21=1&debut=0&histo_track=1&seo_cat=&x17=1&debut=0&seo_cat=&x17=0&debut=0&seo_cat=&x21=0&debut=0&debut=24&a=24&b=1&debut=0&a=24&b=1&debut=24&a=24&b=1 HTTP/1.1" 200 163586 "-" "Mozilla/5.0 (compatible; SERankingBacklinksBot/1.0; +https://seranking.com/backlinks-crawler)"
83.99.206.34 - - [19/Aug/2026:00:12:47 +0200] "GET /marques.php?seo=20-lits-gigognes&seo_marq=20&t58=1&debut=0&seo_marq=20&t60=1&debut=0&seo_marq=20&t47=1&debut=0&seo_marq=20&t59=1&debut=0&seo_marq=20&t58=0&debut=0&seo_marq=20&t47=0&debut=0 HTTP/1.1" 200 122159 "-" "Mozilla/5.0 (X11; Linux x86_64) AppleWebKit/537.36 (KHTML, like Gecko; GeedoShopProductFinder) Chrome/142.0.0.0 Safari/537.36"
144.76.19.27 - - [19/Aug/2026:00:12:50 +0200] "GET /new-products.php?&seo_cat=&x20=1&debut=0&seo_cat=&x17=1&debut=0&seo_cat=&x21=1&debut=0&seo_cat=&x20=0&debut=0&seo_cat=&x5=1&debut=0&seo_cat=&x5=0&debut=0&seo_cat=&x21=0&debut=0 HTTP/1.1" 200 93301 "-" "Mozilla/5.0 (compatible; SERankingBacklinksBot/1.0; +https://seranking.com/backlinks-crawler)"
144.76.19.27 - - [19/Aug/2026:00:12:53 +0200] "GET /new-products.php?&seo_cat=&x21=1&debut=0&histo_track=1&seo_cat=&x17=1&debut=0&seo_cat=&x20=1&debut=0&debut=24&a=24&b=1&debut=0&a=24&b=1&debut=24&a=24&b=1&seo_cat=&x17=0&debut=0 HTTP/1.1" 200 203621 "-" "Mozilla/5.0 (compatible; SERankingBacklinksBot/1.0; +https://seranking.com/backlinks-crawler)"
144.76.19.27 - - [19/Aug/2026:00:12:57 +0200] "GET /new-products.php?&seo_cat=&x20=1&debut=0&seo_cat=&x17=1&debut=0&seo_cat=&x21=1&debut=0&seo_cat=&x20=0&debut=0&seo_cat=&x5=1&debut=0&seo_cat=&x5=0&debut=0&seo_cat=&x23=1&debut=0 HTTP/1.1" 200 168410 "-" "Mozilla/5.0 (compatible; SERankingBacklinksBot/1.0; +https://seranking.com/backlinks-crawler)"
85.208.96.203 - - [19/Aug/2026:00:12:59 +0200] "GET /new-products.php?a=25&b=1&debut=0&debut=0&debut=0&debut=0&debut=0&debut=0&debut=0&debut=0&debut=0&debut=0&debut=0&debut=0&debut=0&debut=25&seo_cat&seo_cat&seo_cat&seo_cat&seo_cat&seo_cat&seo_cat&seo_cat&seo_cat&seo_cat&seo_cat&seo_cat&seo_cat&x17=0&x17=1&x20=0&x20=1&x21=1&x23=0&x23=0&x23=0&x23=0&x23=0&x23=0&x23=1&x5=1 HTTP/1.1" 200 161201 "-" "Mozilla/5.0 (compatible; SemrushBot/7~bl; +http://www.semrush.com/bot.html)"
144.76.19.27 - - [19/Aug/2026:00:13:00 +0200] "GET /new-products.php?&seo_cat=&x21=1&debut=0&histo_track=1&seo_cat=&x17=1&debut=0&seo_cat=&x20=1&debut=0&debut=24&a=24&b=1&debut=0&a=24&b=1&debut=24&a=24&b=1&seo_cat=&x20=0&debut=0 HTTP/1.1" 200 162115 "-" "Mozilla/5.0 (compatible; SERankingBacklinksBot/1.0; +https://seranking.com/backlinks-crawler)"
144.76.19.27 - - [19/Aug/2026:00:13:03 +0200] "GET /new-products.php?&seo_cat=&x20=1&debut=0&seo_cat=&x17=1&debut=0&seo_cat=&x21=1&debut=0&seo_cat=&x21=0&debut=0&seo_cat=&x17=0&debut=0&seo_cat=&x5=1&debut=0&seo_cat=&x5=0&debut=0 HTTP/1.1" 200 168088 "-" "Mozilla/5.0 (compatible; SERankingBacklinksBot/1.0; +https://seranking.com/backlinks-crawler)"
83.99.206.31 - - [19/Aug/2026:00:13:07 +0200] "GET /new-products.php?&seo_cat=&x17=1&debut=0&seo_cat=&x5=1&debut=0&seo_cat=&x21=1&debut=0&seo_cat=&x20=1&debut=0&seo_cat=&x23=1&debut=0&debut=24&a=24&b=1 HTTP/1.1" 200 162936 "-" "Mozilla/5.0 (X11; Linux x86_64) AppleWebKit/537.36 (KHTML, like Gecko; GeedoShopProductFinder) Chrome/142.0.0.0 Safari/537.36"
85.208.96.211 - - [19/Aug/2026:00:13:07 +0200] "GET /new-products.php?a=24&a=25&b=1&b=1&debut=0&debut=0&debut=0&debut=0&debut=0&debut=0&debut=0&debut=0&debut=0&debut=0&debut=0&debut=0&debut=0&debut=0&debut=25&histo_track=1&seo_cat&seo_cat&seo_cat&seo_cat&seo_cat&seo_cat&seo_cat&seo_cat&seo_cat&seo_cat&seo_cat&seo_cat&seo_cat&x17=0&x17=0&x17=0&x17=0&x17=0&x17=0&x17=0&x17=0&x17=1&x20=1&x22=1&x23=1&x5=1 HTTP/1.1" 200 91121 "-" "Mozilla/5.0 (compatible; SemrushBot/7~bl; +http://www.semrush.com/bot.html)"
144.76.19.27 - - [19/Aug/2026:00:13:07 +0200] "GET /new-products.php?&seo_cat=&x21=1&debut=0&histo_track=1&seo_cat=&x17=1&debut=0&seo_cat=&x20=1&debut=0&debut=24&a=24&b=1&debut=0&a=24&b=1&debut=24&a=24&b=1&seo_cat=&x21=0&debut=0 HTTP/1.1" 200 196652 "-" "Mozilla/5.0 (compatible; SERankingBacklinksBot/1.0; +https://seranking.com/backlinks-crawler)"
144.76.19.27 - - [19/Aug/2026:00:13:11 +0200] "GET /new-products.php?&seo_cat=&x20=1&debut=0&seo_cat=&x17=1&debut=0&seo_cat=&x21=1&debut=0&seo_cat=&x21=0&debut=0&seo_cat=&x20=0&debut=0&seo_cat=&x5=1&debut=0&seo_cat=&x5=0&debut=0 HTTP/1.1" 200 93255 "-" "Mozilla/5.0 (compatible; SERankingBacklinksBot/1.0; +https://seranking.com/backlinks-crawler)"
144.76.19.27 - - [19/Aug/2026:00:13:14 +0200] "GET /new-products.php?&seo_cat=&x21=1&debut=0&histo_track=1&seo_cat=&x17=1&debut=0&seo_cat=&x20=1&debut=0&debut=24&a=24&b=1&debut=0&a=24&b=1&debut=24&a=24&b=1&seo_cat=&x23=1&debut=0 HTTP/1.1" 200 203577 "-" "Mozilla/5.0 (compatible; SERankingBacklinksBot/1.0; +https://seranking.com/backlinks-crawler)"
144.76.19.27 - - [19/Aug/2026:00:13:17 +0200] "GET /new-products.php?&seo_cat=&x20=1&debut=0&seo_cat=&x17=1&debut=0&seo_cat=&x21=1&debut=0&seo_cat=&x21=0&debut=0&seo_cat=&x21=1&debut=0&seo_cat=&x5=1&debut=0&seo_cat=&x5=0&debut=0 HTTP/1.1" 200 203577 "-" "Mozilla/5.0 (compatible; SERankingBacklinksBot/1.0; +https://seranking.com/backlinks-crawler)"
144.76.19.27 - - [19/Aug/2026:00:13:20 +0200] "GET /new-products.php?&seo_cat=&x21=1&debut=0&histo_track=1&seo_cat=&x17=1&debut=0&seo_cat=&x20=1&debut=0&debut=24&a=24&b=1&debut=0&a=24&b=1&seo_cat=&x17=0&debut=0&debut=24&a=24&b=1 HTTP/1.1" 200 100288 "-" "Mozilla/5.0 (compatible; SERankingBacklinksBot/1.0; +https://seranking.com/backlinks-crawler)"
144.76.19.27 - - [19/Aug/2026:00:13:24 +0200] "GET /new-products.php?&seo_cat=&x20=1&debut=0&seo_cat=&x17=1&debut=0&seo_cat=&x21=1&debut=0&seo_cat=&x21=0&debut=0&seo_cat=&x23=1&debut=0&seo_cat=&x5=1&debut=0&seo_cat=&x5=0&debut=0 HTTP/1.1" 200 203351 "-" "Mozilla/5.0 (compatible; SERankingBacklinksBot/1.0; +https://seranking.com/backlinks-crawler)"
144.76.19.27 - - [19/Aug/2026:00:13:27 +0200] "GET /new-products.php?&seo_cat=&x21=1&debut=0&histo_track=1&seo_cat=&x17=1&debut=0&seo_cat=&x20=1&debut=0&debut=24&a=24&b=1&debut=0&a=24&b=1&seo_cat=&x23=1&debut=0&debut=24&a=24&b=1 HTTP/1.1" 200 135117 "-" "Mozilla/5.0 (compatible; SERankingBacklinksBot/1.0; +https://seranking.com/backlinks-crawler)"
83.99.206.192 - - [19/Aug/2026:00:13:27 +0200] "GET /new-products.php?&seo_cat=&x17=1&debut=0&seo_cat=&x5=1&debut=0&seo_cat=&x20=1&debut=0&seo_cat=&x23=1&debut=0&seo_cat=&x23=0&debut=0&seo_cat=&x21=1&debut=0&seo_cat=&x21=0&debut=0&seo_cat=&x23=1&debut=0&debut=24&a=24&b=1&seo_cat=&x17=0&debut=0 HTTP/1.1" 200 205187 "-" "Mozilla/5.0 (X11; Linux x86_64) AppleWebKit/537.36 (KHTML, like Gecko; GeedoShopProductFinder) Chrome/142.0.0.0 Safari/537.36"
144.76.19.27 - - [19/Aug/2026:00:13:30 +0200] "GET /new-products.php?&seo_cat=&x20=1&debut=0&seo_cat=&x17=1&debut=0&seo_cat=&x21=1&debut=0&seo_cat=&x21=0&debut=0&seo_cat=&x5=1&debut=0&seo_cat=&x17=0&debut=0&seo_cat=&x5=0&debut=0 HTTP/1.1" 200 168018 "-" "Mozilla/5.0 (compatible; SERankingBacklinksBot/1.0; +https://seranking.com/backlinks-crawler)"
144.76.19.27 - - [19/Aug/2026:00:13:33 +0200] "GET /new-products.php?&seo_cat=&x21=1&debut=0&histo_track=1&seo_cat=&x17=1&debut=0&seo_cat=&x20=1&debut=0&debut=24&a=24&b=1&seo_cat=&x17=0&debut=0&debut=24&a=24&b=1&debut=0&a=24&b=1 HTTP/1.1" 200 203705 "-" "Mozilla/5.0 (compatible; SERankingBacklinksBot/1.0; +https://seranking.com/backlinks-crawler)"
85.208.96.194 - - [19/Aug/2026:00:13:34 +0200] "GET /new-products.php?a=24&a=24&a=24&b=1&b=1&b=1&debut=0&debut=0&debut=0&debut=0&debut=0&debut=0&debut=0&debut=24&seo_cat&seo_cat&seo_cat&seo_cat&seo_cat&x17=1&x20=0&x20=1&x5=0&x5=1 HTTP/1.1" 200 88665 "-" "Mozilla/5.0 (compatible; SemrushBot/7~bl; +http://www.semrush.com/bot.html)"
144.76.19.27 - - [19/Aug/2026:00:13:37 +0200] "GET /new-products.php?&seo_cat=&x20=1&debut=0&seo_cat=&x17=1&debut=0&seo_cat=&x21=1&debut=0&seo_cat=&x21=0&debut=0&seo_cat=&x5=1&debut=0&seo_cat=&x20=0&debut=0&seo_cat=&x5=0&debut=0 HTTP/1.1" 200 93325 "-" "Mozilla/5.0 (compatible; SERankingBacklinksBot/1.0; +https://seranking.com/backlinks-crawler)"
144.76.19.27 - - [19/Aug/2026:00:13:40 +0200] "GET /new-products.php?&seo_cat=&x21=1&debut=0&histo_track=1&seo_cat=&x17=1&debut=0&seo_cat=&x20=1&debut=0&debut=24&a=24&b=1&seo_cat=&x23=1&debut=0&debut=24&a=24&b=1&debut=0&a=24&b=1 HTTP/1.1" 200 203605 "-" "Mozilla/5.0 (compatible; SERankingBacklinksBot/1.0; +https://seranking.com/backlinks-crawler)"
144.76.19.27 - - [19/Aug/2026:00:13:43 +0200] "GET /new-products.php?&seo_cat=&x20=1&debut=0&seo_cat=&x17=1&debut=0&seo_cat=&x21=1&debut=0&seo_cat=&x21=0&debut=0&seo_cat=&x5=1&debut=0&seo_cat=&x21=1&debut=0&seo_cat=&x5=0&debut=0 HTTP/1.1" 200 203615 "-" "Mozilla/5.0 (compatible; SERankingBacklinksBot/1.0; +https://seranking.com/backlinks-crawler)"
144.76.19.27 - - [19/Aug/2026:00:13:47 +0200] "GET /new-products.php?&seo_cat=&x21=1&debut=0&histo_track=1&seo_cat=&x17=1&debut=0&seo_cat=&x20=1&debut=0&seo_cat=&x17=0&debut=0&debut=24&a=24&b=1&debut=0&a=24&b=1&debut=24&a=24&b=1 HTTP/1.1" 200 100252 "-" "Mozilla/5.0 (compatible; SERankingBacklinksBot/1.0; +https://seranking.com/backlinks-crawler)"
83.99.206.236 - - [19/Aug/2026:00:13:48 +0200] "GET /new-products.php?&seo_cat=&x17=1&debut=0&seo_cat=&x5=1&debut=0&seo_cat=&x20=1&debut=0&seo_cat=&x23=1&debut=0&seo_cat=&x21=1&debut=0&histo_track=1&seo_cat=&x20=0&debut=0&seo_cat=&x21=0&debut=0&seo_cat=&x5=0&debut=0&seo_cat=&x20=1&debut=0 HTTP/1.1" 200 205273 "-" "Mozilla/5.0 (X11; Linux x86_64) AppleWebKit/537.36 (KHTML, like Gecko; GeedoShopProductFinder) Chrome/142.0.0.0 Safari/537.36"
144.76.19.27 - - [19/Aug/2026:00:13:50 +0200] "GET /new-products.php?&seo_cat=&x20=1&debut=0&seo_cat=&x17=1&debut=0&seo_cat=&x21=1&debut=0&seo_cat=&x21=0&debut=0&seo_cat=&x5=1&debut=0&seo_cat=&x23=1&debut=0&seo_cat=&x5=0&debut=0 HTTP/1.1" 200 203347 "-" "Mozilla/5.0 (compatible; SERankingBacklinksBot/1.0; +https://seranking.com/backlinks-crawler)"
144.76.19.27 - - [19/Aug/2026:00:13:53 +0200] "GET /new-products.php?&seo_cat=&x21=1&debut=0&histo_track=1&seo_cat=&x17=1&debut=0&seo_cat=&x20=1&debut=0&seo_cat=&x23=1&debut=0&debut=24&a=24&b=1&debut=0&a=24&b=1&debut=24&a=24&b=1 HTTP/1.1" 200 135229 "-" "Mozilla/5.0 (compatible; SERankingBacklinksBot/1.0; +https://seranking.com/backlinks-crawler)"
144.76.19.27 - - [19/Aug/2026:00:13:57 +0200] "GET /new-products.php?&seo_cat=&x20=1&debut=0&seo_cat=&x17=1&debut=0&seo_cat=&x21=1&debut=0&seo_cat=&x21=0&debut=0&seo_cat=&x5=1&debut=0&seo_cat=&x5=0&debut=0&seo_cat=&x17=0&debut=0 HTTP/1.1" 200 168004 "-" "Mozilla/5.0 (compatible; SERankingBacklinksBot/1.0; +https://seranking.com/backlinks-crawler)"
144.76.19.27 - - [19/Aug/2026:00:14:00 +0200] "GET /new-products.php?&seo_cat=&x21=1&debut=0&histo_track=1&seo_cat=&x17=1&debut=0&seo_cat=&x21=0&debut=0&seo_cat=&x17=0&debut=0&debut=24&a=24&b=1&debut=0&a=24&b=1&debut=24&a=24&b=1 HTTP/1.1" 200 163660 "-" "Mozilla/5.0 (compatible; SERankingBacklinksBot/1.0; +https://seranking.com/backlinks-crawler)"
144.76.19.27 - - [19/Aug/2026:00:14:03 +0200] "GET /new-products.php?&seo_cat=&x20=1&debut=0&seo_cat=&x17=1&debut=0&seo_cat=&x21=1&debut=0&seo_cat=&x21=0&debut=0&seo_cat=&x5=1&debut=0&seo_cat=&x5=0&debut=0&seo_cat=&x20=0&debut=0 HTTP/1.1" 200 93303 "-" "Mozilla/5.0 (compatible; SERankingBacklinksBot/1.0; +https://seranking.com/backlinks-crawler)"
85.208.96.211 - - [19/Aug/2026:00:14:06 +0200] "GET /category.php?a=24&a=24&b=1&b=1&debut=0&debut=0&debut=0&debut=0&debut=0&debut=0&debut=0&debut=0&debut=0&debut=0&debut=0&debut=0&debut=0&debut=24&seo=47-lits-gigognes&seo_cat=47&seo_cat=47&seo_cat=47&seo_cat=47&seo_cat=47&seo_cat=47&seo_cat=47&seo_cat=47&seo_cat=47&seo_cat=47&seo_cat=47&seo_cat=47&t58=1&t60=0&t60=0&t60=0&t60=0&t60=0&t60=0&t60=0&t60=0&t60=1&x20=0&x20=1 HTTP/1.1" 200 70487 "-" "Mozilla/5.0 (compatible; SemrushBot/7~bl; +http://www.semrush.com/bot.html)"
144.76.19.27 - - [19/Aug/2026:00:14:06 +0200] "GET /new-products.php?&seo_cat=&x21=1&debut=0&histo_track=1&seo_cat=&x17=1&debut=0&seo_cat=&x23=1&debut=0&seo_cat=&x20=1&debut=0&debut=24&a=24&b=1&debut=0&a=24&b=1&debut=24&a=24&b=1 HTTP/1.1" 200 135113 "-" "Mozilla/5.0 (compatible; SERankingBacklinksBot/1.0; +https://seranking.com/backlinks-crawler)"
144.76.19.27 - - [19/Aug/2026:00:14:10 +0200] "GET /new-products.php?&seo_cat=&x20=1&debut=0&seo_cat=&x17=1&debut=0&seo_cat=&x21=1&debut=0&seo_cat=&x21=0&debut=0&seo_cat=&x5=1&debut=0&seo_cat=&x5=0&debut=0&seo_cat=&x21=1&debut=0 HTTP/1.1" 200 203569 "-" "Mozilla/5.0 (compatible; SERankingBacklinksBot/1.0; +https://seranking.com/backlinks-crawler)"
144.76.19.27 - - [19/Aug/2026:00:14:13 +0200] "GET /new-products.php?&seo_cat=&x21=1&debut=0&histo_track=1&seo_cat=&x20=1&debut=0&debut=24&a=24&b=1&debut=0&a=24&b=1&debut=24&a=24&b=1&seo_cat=&x17=1&debut=0&seo_cat=&x17=0&debut=0 HTTP/1.1" 200 203631 "-" "Mozilla/5.0 (compatible; SERankingBacklinksBot/1.0; +https://seranking.com/backlinks-crawler)"
144.76.19.27 - - [19/Aug/2026:00:14:16 +0200] "GET /new-products.php?&seo_cat=&x20=1&debut=0&seo_cat=&x17=1&debut=0&seo_cat=&x21=1&debut=0&seo_cat=&x21=0&debut=0&seo_cat=&x5=1&debut=0&seo_cat=&x5=0&debut=0&seo_cat=&x23=1&debut=0 HTTP/1.1" 200 203315 "-" "Mozilla/5.0 (compatible; SERankingBacklinksBot/1.0; +https://seranking.com/backlinks-crawler)"
144.76.19.27 - - [19/Aug/2026:00:14:19 +0200] "GET /new-products.php?&seo_cat=&x21=1&debut=0&histo_track=1&seo_cat=&x20=1&debut=0&debut=24&a=24&b=1&debut=0&a=24&b=1&debut=24&a=24&b=1&seo_cat=&x17=1&debut=0&seo_cat=&x20=0&debut=0 HTTP/1.1" 200 162105 "-" "Mozilla/5.0 (compatible; SERankingBacklinksBot/1.0; +https://seranking.com/backlinks-crawler)"
144.76.19.27 - - [19/Aug/2026:00:14:23 +0200] "GET /new-products.php?&seo_cat=&x20=1&debut=0&seo_cat=&x17=1&debut=0&seo_cat=&x21=1&debut=0&seo_cat=&x23=1&debut=0&seo_cat=&x17=0&debut=0&seo_cat=&x5=1&debut=0&seo_cat=&x5=0&debut=0 HTTP/1.1" 200 203619 "-" "Mozilla/5.0 (compatible; SERankingBacklinksBot/1.0; +https://seranking.com/backlinks-crawler)"
185.191.171.16 - - [19/Aug/2026:00:14:25 +0200] "GET /new-products.php?a=24&a=24&a=24&a=24&b=1&b=1&b=1&b=1&debut=0&debut=0&debut=0&debut=0&debut=0&debut=0&debut=0&debut=0&debut=0&debut=0&debut=0&debut=0&debut=0&debut=0&debut=24&seo_cat&seo_cat&seo_cat&seo_cat&seo_cat&seo_cat&seo_cat&seo_cat&seo_cat&seo_cat&seo_cat&x17=0&x17=0&x17=1&x20=0&x20=1&x21=1&x22=1&x23=0&x23=0&x23=1&x5=1 HTTP/1.1" 200 167174 "-" "Mozilla/5.0 (compatible; SemrushBot/7~bl; +http://www.semrush.com/bot.html)"
144.76.19.27 - - [19/Aug/2026:00:14:26 +0200] "GET /new-products.php?&seo_cat=&x21=1&debut=0&histo_track=1&seo_cat=&x20=1&debut=0&debut=24&a=24&b=1&debut=0&a=24&b=1&debut=24&a=24&b=1&seo_cat=&x17=1&debut=0&seo_cat=&x21=0&debut=0 HTTP/1.1" 200 196674 "-" "Mozilla/5.0 (compatible; SERankingBacklinksBot/1.0; +https://seranking.com/backlinks-crawler)"
144.76.19.27 - - [19/Aug/2026:00:14:29 +0200] "GET /new-products.php?&seo_cat=&x20=1&debut=0&seo_cat=&x17=1&debut=0&seo_cat=&x21=1&debut=0&seo_cat=&x23=1&debut=0&seo_cat=&x20=0&debut=0&seo_cat=&x5=1&debut=0&seo_cat=&x5=0&debut=0 HTTP/1.1" 200 168394 "-" "Mozilla/5.0 (compatible; SERankingBacklinksBot/1.0; +https://seranking.com/backlinks-crawler)"
85.208.96.211 - - [19/Aug/2026:00:14:33 +0200] "GET /new-products.php?a=24&a=24&b=1&b=1&debut=0&debut=0&debut=0&debut=0&debut=0&debut=0&debut=0&debut=0&debut=0&debut=0&debut=0&debut=0&debut=0&debut=0&debut=24&seo_cat&seo_cat&seo_cat&seo_cat&seo_cat&seo_cat&seo_cat&seo_cat&seo_cat&seo_cat&seo_cat&seo_cat&seo_cat&x20=0&x20=0&x20=0&x20=0&x20=0&x20=0&x20=0&x20=0&x20=1&x21=1&x23=0&x23=1&x5=1 HTTP/1.1" 200 138062 "-" "Mozilla/5.0 (compatible; SemrushBot/7~bl; +http://www.semrush.com/bot.html)"
144.76.19.27 - - [19/Aug/2026:00:14:33 +0200] "GET /new-products.php?&seo_cat=&x21=1&debut=0&histo_track=1&seo_cat=&x20=1&debut=0&debut=24&a=24&b=1&debut=0&a=24&b=1&debut=24&a=24&b=1&seo_cat=&x17=1&debut=0&seo_cat=&x23=1&debut=0 HTTP/1.1" 200 203615 "-" "Mozilla/5.0 (compatible; SERankingBacklinksBot/1.0; +https://seranking.com/backlinks-crawler)"
144.76.19.27 - - [19/Aug/2026:00:14:37 +0200] "GET /new-products.php?&seo_cat=&x20=1&debut=0&seo_cat=&x17=1&debut=0&seo_cat=&x21=1&debut=0&seo_cat=&x23=1&debut=0&seo_cat=&x21=0&debut=0&seo_cat=&x5=1&debut=0&seo_cat=&x5=0&debut=0 HTTP/1.1" 200 203341 "-" "Mozilla/5.0 (compatible; SERankingBacklinksBot/1.0; +https://seranking.com/backlinks-crawler)"
144.76.19.27 - - [19/Aug/2026:00:14:40 +0200] "GET /new-products.php?&seo_cat=&x21=1&debut=0&histo_track=1&seo_cat=&x20=1&debut=0&debut=24&a=24&b=1&debut=0&a=24&b=1&debut=24&a=24&b=1&seo_cat=&x20=0&debut=0&seo_cat=&x17=1&debut=0 HTTP/1.1" 200 162097 "-" "Mozilla/5.0 (compatible; SERankingBacklinksBot/1.0; +https://seranking.com/backlinks-crawler)"
85.208.96.194 - - [19/Aug/2026:00:14:43 +0200] "GET /new-products.php?a=24&a=24&a=24&a=24&a=25&a=25&b=1&b=1&b=1&b=1&b=1&b=1&debut=0&debut=0&debut=0&debut=0&debut=0&debut=0&debut=0&debut=0&debut=0&debut=0&debut=0&debut=0&debut=0&debut=0&debut=25&seo_cat&seo_cat&seo_cat&seo_cat&seo_cat&seo_cat&seo_cat&seo_cat&seo_cat&x20=1&x21=1&x23=0&x23=1&x5=0&x5=0&x5=0&x5=0&x5=1 HTTP/1.1" 200 131806 "-" "Mozilla/5.0 (compatible; SemrushBot/7~bl; +http://www.semrush.com/bot.html)"
144.76.19.27 - - [19/Aug/2026:00:14:43 +0200] "GET /new-products.php?&seo_cat=&x20=1&debut=0&seo_cat=&x17=1&debut=0&seo_cat=&x21=1&debut=0&seo_cat=&x23=1&debut=0&seo_cat=&x23=0&debut=0&seo_cat=&x5=1&debut=0&seo_cat=&x5=0&debut=0 HTTP/1.1" 200 203593 "-" "Mozilla/5.0 (compatible; SERankingBacklinksBot/1.0; +https://seranking.com/backlinks-crawler)"
144.76.19.27 - - [19/Aug/2026:00:14:46 +0200] "GET /new-products.php?&seo_cat=&x21=1&debut=0&histo_track=1&seo_cat=&x20=1&debut=0&debut=24&a=24&b=1&debut=0&a=24&b=1&debut=24&a=24&b=1&seo_cat=&x20=0&debut=0&seo_cat=&x20=1&debut=0 HTTP/1.1" 200 203685 "-" "Mozilla/5.0 (compatible; SERankingBacklinksBot/1.0; +https://seranking.com/backlinks-crawler)"
144.76.19.27 - - [19/Aug/2026:00:14:50 +0200] "GET /new-products.php?&seo_cat=&x20=1&debut=0&seo_cat=&x17=1&debut=0&seo_cat=&x21=1&debut=0&seo_cat=&x23=1&debut=0&seo_cat=&x5=1&debut=0&seo_cat=&x17=0&debut=0&seo_cat=&x5=0&debut=0 HTTP/1.1" 200 203673 "-" "Mozilla/5.0 (compatible; SERankingBacklinksBot/1.0; +https://seranking.com/backlinks-crawler)"
144.76.19.27 - - [19/Aug/2026:00:14:53 +0200] "GET /new-products.php?&seo_cat=&x21=1&debut=0&histo_track=1&seo_cat=&x20=1&debut=0&debut=24&a=24&b=1&debut=0&a=24&b=1&debut=24&a=24&b=1&seo_cat=&x20=0&debut=0&seo_cat=&x21=0&debut=0 HTTP/1.1" 200 203595 "-" "Mozilla/5.0 (compatible; SERankingBacklinksBot/1.0; +https://seranking.com/backlinks-crawler)"
85.208.96.202 - - [19/Aug/2026:00:14:55 +0200] "GET /new-products.php?a=24&a=24&a=24&a=24&a=24&a=24&b=1&b=1&b=1&b=1&b=1&b=1&debut=0&debut=0&debut=0&debut=0&debut=0&debut=0&debut=0&debut=0&debut=0&debut=0&debut=0&debut=0&debut=24&seo_cat&seo_cat&seo_cat&seo_cat&seo_cat&seo_cat&seo_cat&x17=1&x20=0&x20=0&x20=1&x23=1&x5=0&x5=1 HTTP/1.1" 200 96052 "-" "Mozilla/5.0 (compatible; SemrushBot/7~bl; +http://www.semrush.com/bot.html)"
144.76.19.27 - - [19/Aug/2026:00:14:57 +0200] "GET /new-products.php?&seo_cat=&x20=1&debut=0&seo_cat=&x17=1&debut=0&seo_cat=&x21=1&debut=0&seo_cat=&x23=1&debut=0&seo_cat=&x5=1&debut=0&seo_cat=&x20=0&debut=0&seo_cat=&x5=0&debut=0 HTTP/1.1" 200 168412 "-" "Mozilla/5.0 (compatible; SERankingBacklinksBot/1.0; +https://seranking.com/backlinks-crawler)"
144.76.19.27 - - [19/Aug/2026:00:15:00 +0200] "GET /new-products.php?&seo_cat=&x21=1&debut=0&histo_track=1&seo_cat=&x20=1&debut=0&debut=24&a=24&b=1&debut=0&a=24&b=1&debut=24&a=24&b=1&seo_cat=&x20=0&debut=0&seo_cat=&x23=1&debut=0 HTTP/1.1" 200 139832 "-" "Mozilla/5.0 (compatible; SERankingBacklinksBot/1.0; +https://seranking.com/backlinks-crawler)"
144.76.19.27 - - [19/Aug/2026:00:15:03 +0200] "GET /new-products.php?&seo_cat=&x20=1&debut=0&seo_cat=&x17=1&debut=0&seo_cat=&x21=1&debut=0&seo_cat=&x23=1&debut=0&seo_cat=&x5=1&debut=0&seo_cat=&x21=0&debut=0&seo_cat=&x5=0&debut=0 HTTP/1.1" 200 203347 "-" "Mozilla/5.0 (compatible; SERankingBacklinksBot/1.0; +https://seranking.com/backlinks-crawler)"
144.76.19.27 - - [19/Aug/2026:00:15:07 +0200] "GET /new-products.php?&seo_cat=&x21=1&debut=0&histo_track=1&seo_cat=&x20=1&debut=0&debut=24&a=24&b=1&debut=0&a=24&b=1&debut=24&a=24&b=1&seo_cat=&x21=0&debut=0&seo_cat=&x17=1&debut=0 HTTP/1.1" 200 196540 "-" "Mozilla/5.0 (compatible; SERankingBacklinksBot/1.0; +https://seranking.com/backlinks-crawler)"
144.76.19.27 - - [19/Aug/2026:00:15:10 +0200] "GET /new-products.php?&seo_cat=&x20=1&debut=0&seo_cat=&x17=1&debut=0&seo_cat=&x21=1&debut=0&seo_cat=&x23=1&debut=0&seo_cat=&x5=1&debut=0&seo_cat=&x23=0&debut=0&seo_cat=&x5=0&debut=0 HTTP/1.1" 200 203547 "-" "Mozilla/5.0 (compatible; SERankingBacklinksBot/1.0; +https://seranking.com/backlinks-crawler)"
144.76.19.27 - - [19/Aug/2026:00:15:13 +0200] "GET /new-products.php?&seo_cat=&x21=1&debut=0&histo_track=1&seo_cat=&x20=1&debut=0&debut=24&a=24&b=1&debut=0&a=24&b=1&debut=24&a=24&b=1&seo_cat=&x21=0&debut=0&seo_cat=&x20=0&debut=0 HTTP/1.1" 200 203603 "-" "Mozilla/5.0 (compatible; SERankingBacklinksBot/1.0; +https://seranking.com/backlinks-crawler)"
85.208.96.206 - - [19/Aug/2026:00:15:14 +0200] "GET /category.php?a=24&a=24&a=24&a=24&a=24&b=1&b=1&b=1&b=1&b=1&debut=0&debut=0&debut=0&debut=0&debut=0&debut=0&debut=0&debut=0&debut=0&debut=0&debut=0&debut=0&debut=0&debut=24&seo=47-lits-gigognes&seo_cat=47&seo_cat=47&seo_cat=47&seo_cat=47&seo_cat=47&seo_cat=47&seo_cat=47&seo_cat=47&seo_cat=47&t59=0&t59=0&t59=0&t59=0&t59=0&t59=0&t59=0&t59=1&x20=1 HTTP/1.1" 200 70551 "-" "Mozilla/5.0 (compatible; SemrushBot/7~bl; +http://www.semrush.com/bot.html)"
144.76.19.27 - - [19/Aug/2026:00:15:17 +0200] "GET /new-products.php?&seo_cat=&x20=1&debut=0&seo_cat=&x17=1&debut=0&seo_cat=&x21=1&debut=0&seo_cat=&x23=1&debut=0&seo_cat=&x5=1&debut=0&seo_cat=&x5=0&debut=0&seo_cat=&x17=0&debut=0 HTTP/1.1" 200 203619 "-" "Mozilla/5.0 (compatible; SERankingBacklinksBot/1.0; +https://seranking.com/backlinks-crawler)"
144.76.19.27 - - [19/Aug/2026:00:15:20 +0200] "GET /new-products.php?&seo_cat=&x21=1&debut=0&histo_track=1&seo_cat=&x20=1&debut=0&debut=24&a=24&b=1&debut=0&a=24&b=1&debut=24&a=24&b=1&seo_cat=&x21=0&debut=0&seo_cat=&x21=1&debut=0 HTTP/1.1" 200 203669 "-" "Mozilla/5.0 (compatible; SERankingBacklinksBot/1.0; +https://seranking.com/backlinks-crawler)"
144.76.19.27 - - [19/Aug/2026:00:15:23 +0200] "GET /new-products.php?&seo_cat=&x20=1&debut=0&seo_cat=&x17=1&debut=0&seo_cat=&x21=1&debut=0&seo_cat=&x23=1&debut=0&seo_cat=&x5=1&debut=0&seo_cat=&x5=0&debut=0&seo_cat=&x20=0&debut=0 HTTP/1.1" 200 168340 "-" "Mozilla/5.0 (compatible; SERankingBacklinksBot/1.0; +https://seranking.com/backlinks-crawler)"
