144.76.19.27 - - [19/Aug/2026:01:59:28 +0200] "GET /new-products.php?&seo_cat=&x5=1&debut=0&seo_cat=&x23=1&debut=0&seo_cat=&x5=0&debut=0&seo_cat=&x20=1&debut=0&seo_cat=&x17=1&debut=0&seo_cat=&x17=0&debut=0&seo_cat=&x21=1&debut=0 HTTP/1.1" 200 203709 "-" "Mozilla/5.0 (compatible; SERankingBacklinksBot/1.0; +https://seranking.com/backlinks-crawler)"
185.191.171.16 - - [19/Aug/2026:01:59:30 +0200] "GET /category.php?debut=0&debut=0&debut=0&debut=0&debut=0&debut=0&debut=0&debut=0&debut=0&debut=0&debut=0&debut=0&debut=0&seo=47-lits-gigognes&seo_cat=47&seo_cat=47&seo_cat=47&seo_cat=47&seo_cat=47&seo_cat=47&seo_cat=47&seo_cat=47&seo_cat=47&seo_cat=47&seo_cat=47&seo_cat=47&seo_cat=47&t58=0&t58=0&t58=1&t59=1&t60=0&t60=0&t60=0&t60=0&t60=0&t60=0&t60=0&t60=1&x20=1 HTTP/1.1" 200 190600 "-" "Mozilla/5.0 (compatible; SemrushBot/7~bl; +http://www.semrush.com/bot.html)"
144.76.19.27 - - [19/Aug/2026:01:59:31 +0200] "GET /new-products.php?&seo_cat=&x5=1&debut=0&seo_cat=&x23=1&debut=0&seo_cat=&x5=0&debut=0&seo_cat=&x20=1&debut=0&seo_cat=&x17=1&debut=0&seo_cat=&x17=0&debut=0&seo_cat=&x23=0&debut=0 HTTP/1.1" 200 168068 "-" "Mozilla/5.0 (compatible; SERankingBacklinksBot/1.0; +https://seranking.com/backlinks-crawler)"
185.191.171.16 - - [19/Aug/2026:01:59:34 +0200] "GET /category.php?debut=0&debut=0&debut=0&debut=0&debut=0&debut=0&debut=0&debut=0&debut=0&debut=0&debut=0&debut=0&debut=0&seo=47-lits-gigognes&seo_cat=47&seo_cat=47&seo_cat=47&seo_cat=47&seo_cat=47&seo_cat=47&seo_cat=47&seo_cat=47&seo_cat=47&seo_cat=47&seo_cat=47&seo_cat=47&seo_cat=47&t58=0&t58=0&t58=1&t59=1&t60=0&t60=0&t60=0&t60=0&t60=0&t60=0&t60=0&t60=1&x20=1 HTTP/1.1" 200 190668 "-" "Mozilla/5.0 (compatible; SemrushBot/7~bl; +http://www.semrush.com/bot.html)"
144.76.19.27 - - [19/Aug/2026:01:59:35 +0200] "GET /new-products.php?&seo_cat=&x5=1&debut=0&seo_cat=&x23=1&debut=0&seo_cat=&x5=0&debut=0&seo_cat=&x20=1&debut=0&seo_cat=&x17=1&debut=0&seo_cat=&x20=0&debut=0&seo_cat=&x17=0&debut=0 HTTP/1.1" 200 71086 "-" "Mozilla/5.0 (compatible; SERankingBacklinksBot/1.0; +https://seranking.com/backlinks-crawler)"
85.208.96.207 - - [19/Aug/2026:01:59:38 +0200] "GET /new-products.php?a=24&a=24&a=24&b=1&b=1&b=1&debut=0&debut=0&debut=0&debut=0&debut=0&debut=0&debut=24&seo_cat&seo_cat&seo_cat&seo_cat&x17=1&x21=1&x23=1&x5=1 HTTP/1.1" 200 63500 "-" "Mozilla/5.0 (compatible; SemrushBot/7~bl; +http://www.semrush.com/bot.html)"
144.76.19.27 - - [19/Aug/2026:01:59:38 +0200] "GET /new-products.php?&seo_cat=&x5=1&debut=0&seo_cat=&x23=1&debut=0&seo_cat=&x5=0&debut=0&seo_cat=&x20=1&debut=0&seo_cat=&x17=1&debut=0&seo_cat=&x20=0&debut=0&seo_cat=&x20=1&debut=0 HTTP/1.1" 200 203331 "-" "Mozilla/5.0 (compatible; SERankingBacklinksBot/1.0; +https://seranking.com/backlinks-crawler)"
85.208.96.207 - - [19/Aug/2026:01:59:39 +0200] "GET /new-products.php?a=24&a=24&a=24&b=1&b=1&b=1&debut=0&debut=0&debut=0&debut=0&debut=0&debut=0&debut=24&seo_cat&seo_cat&seo_cat&seo_cat&x17=1&x21=1&x23=1&x5=1 HTTP/1.1" 200 63442 "-" "Mozilla/5.0 (compatible; SemrushBot/7~bl; +http://www.semrush.com/bot.html)"
144.76.19.27 - - [19/Aug/2026:01:59:41 +0200] "GET /new-products.php?&seo_cat=&x5=1&debut=0&seo_cat=&x23=1&debut=0&seo_cat=&x5=0&debut=0&seo_cat=&x20=1&debut=0&seo_cat=&x17=1&debut=0&seo_cat=&x20=0&debut=0&seo_cat=&x21=1&debut=0 HTTP/1.1" 200 168342 "-" "Mozilla/5.0 (compatible; SERankingBacklinksBot/1.0; +https://seranking.com/backlinks-crawler)"
144.76.19.27 - - [19/Aug/2026:01:59:45 +0200] "GET /new-products.php?&seo_cat=&x5=1&debut=0&seo_cat=&x23=1&debut=0&seo_cat=&x5=0&debut=0&seo_cat=&x20=1&debut=0&seo_cat=&x17=1&debut=0&seo_cat=&x20=0&debut=0&seo_cat=&x23=0&debut=0 HTTP/1.1" 200 93343 "-" "Mozilla/5.0 (compatible; SERankingBacklinksBot/1.0; +https://seranking.com/backlinks-crawler)"
85.208.96.196 - - [19/Aug/2026:01:59:47 +0200] "GET /new-products.php?a=24&a=24&a=25&b=1&b=1&b=1&debut=0&debut=0&debut=0&debut=0&debut=0&debut=0&debut=0&debut=0&debut=0&debut=0&debut=0&debut=24&debut=25&seo_cat&seo_cat&seo_cat&seo_cat&seo_cat&seo_cat&seo_cat&seo_cat&seo_cat&seo_cat&x17=0&x17=0&x17=1&x20=0&x20=0&x20=1&x21=1&x22=1&x23=0&x23=1 HTTP/1.1" 200 131447 "-" "Mozilla/5.0 (compatible; SemrushBot/7~bl; +http://www.semrush.com/bot.html)"
144.76.19.27 - - [19/Aug/2026:01:59:48 +0200] "GET /new-products.php?&seo_cat=&x5=1&debut=0&seo_cat=&x23=1&debut=0&seo_cat=&x5=0&debut=0&seo_cat=&x20=1&debut=0&seo_cat=&x17=1&debut=0&seo_cat=&x21=1&debut=0&seo_cat=&x17=0&debut=0 HTTP/1.1" 200 203625 "-" "Mozilla/5.0 (compatible; SERankingBacklinksBot/1.0; +https://seranking.com/backlinks-crawler)"
144.76.19.27 - - [19/Aug/2026:01:59:51 +0200] "GET /new-products.php?&seo_cat=&x5=1&debut=0&seo_cat=&x23=1&debut=0&seo_cat=&x5=0&debut=0&seo_cat=&x20=1&debut=0&seo_cat=&x17=1&debut=0&seo_cat=&x21=1&debut=0&seo_cat=&x20=0&debut=0 HTTP/1.1" 200 168338 "-" "Mozilla/5.0 (compatible; SERankingBacklinksBot/1.0; +https://seranking.com/backlinks-crawler)"
144.76.19.27 - - [19/Aug/2026:01:59:54 +0200] "GET /new-products.php?&seo_cat=&x5=1&debut=0&seo_cat=&x23=1&debut=0&seo_cat=&x5=0&debut=0&seo_cat=&x20=1&debut=0&seo_cat=&x17=1&debut=0&seo_cat=&x21=1&debut=0&seo_cat=&x21=0&debut=0 HTTP/1.1" 200 203371 "-" "Mozilla/5.0 (compatible; SERankingBacklinksBot/1.0; +https://seranking.com/backlinks-crawler)"
144.76.19.27 - - [19/Aug/2026:01:59:58 +0200] "GET /new-products.php?&seo_cat=&x5=1&debut=0&seo_cat=&x23=1&debut=0&seo_cat=&x5=0&debut=0&seo_cat=&x20=1&debut=0&seo_cat=&x17=1&debut=0&seo_cat=&x21=1&debut=0&seo_cat=&x23=0&debut=0 HTTP/1.1" 200 203617 "-" "Mozilla/5.0 (compatible; SERankingBacklinksBot/1.0; +https://seranking.com/backlinks-crawler)"
144.76.19.27 - - [19/Aug/2026:02:00:01 +0200] "GET /new-products.php?&seo_cat=&x5=1&debut=0&seo_cat=&x23=1&debut=0&seo_cat=&x5=0&debut=0&seo_cat=&x20=1&debut=0&seo_cat=&x17=1&debut=0&seo_cat=&x23=0&debut=0&seo_cat=&x17=0&debut=0 HTTP/1.1" 200 168022 "-" "Mozilla/5.0 (compatible; SERankingBacklinksBot/1.0; +https://seranking.com/backlinks-crawler)"
144.76.19.27 - - [19/Aug/2026:02:00:03 +0200] "GET /new-products.php?&seo_cat=&x5=1&debut=0&seo_cat=&x23=1&debut=0&seo_cat=&x5=0&debut=0&seo_cat=&x20=1&debut=0&seo_cat=&x17=1&debut=0&seo_cat=&x23=0&debut=0&seo_cat=&x20=0&debut=0 HTTP/1.1" 200 93503 "-" "Mozilla/5.0 (compatible; SERankingBacklinksBot/1.0; +https://seranking.com/backlinks-crawler)"
144.76.19.27 - - [19/Aug/2026:02:00:07 +0200] "GET /new-products.php?&seo_cat=&x5=1&debut=0&seo_cat=&x23=1&debut=0&seo_cat=&x5=0&debut=0&seo_cat=&x20=1&debut=0&seo_cat=&x17=1&debut=0&seo_cat=&x23=0&debut=0&seo_cat=&x21=1&debut=0 HTTP/1.1" 200 203549 "-" "Mozilla/5.0 (compatible; SERankingBacklinksBot/1.0; +https://seranking.com/backlinks-crawler)"
85.208.96.202 - - [19/Aug/2026:02:00:09 +0200] "GET /new-products.php?a=24&a=24&a=24&b=1&b=1&b=1&debut=0&debut=0&debut=0&debut=0&debut=0&debut=0&debut=0&debut=0&debut=0&debut=0&debut=0&debut=0&debut=0&debut=0&debut=24&seo_cat&seo_cat&seo_cat&seo_cat&seo_cat&seo_cat&seo_cat&seo_cat&seo_cat&seo_cat&seo_cat&seo_cat&x17=0&x17=1&x20=0&x20=0&x20=1&x22=0&x22=0&x22=1&x23=0&x23=0&x23=0&x23=1 HTTP/1.1" 200 64399 "-" "Mozilla/5.0 (compatible; SemrushBot/7~bl; +http://www.semrush.com/bot.html)"
85.208.96.202 - - [19/Aug/2026:02:00:09 +0200] "GET /new-products.php?a=24&a=24&a=24&b=1&b=1&b=1&debut=0&debut=0&debut=0&debut=0&debut=0&debut=0&debut=0&debut=0&debut=0&debut=0&debut=0&debut=0&debut=0&debut=0&debut=24&seo_cat&seo_cat&seo_cat&seo_cat&seo_cat&seo_cat&seo_cat&seo_cat&seo_cat&seo_cat&seo_cat&seo_cat&x17=0&x17=1&x20=0&x20=0&x20=1&x22=0&x22=0&x22=1&x23=0&x23=0&x23=0&x23=1 HTTP/1.1" 200 64377 "-" "Mozilla/5.0 (compatible; SemrushBot/7~bl; +http://www.semrush.com/bot.html)"
144.76.19.27 - - [19/Aug/2026:02:00:10 +0200] "GET /new-products.php?&seo_cat=&x5=1&debut=0&seo_cat=&x23=1&debut=0&seo_cat=&x5=0&debut=0&seo_cat=&x20=1&debut=0&seo_cat=&x17=1&debut=0&seo_cat=&x23=0&debut=0&seo_cat=&x23=1&debut=0 HTTP/1.1" 200 203367 "-" "Mozilla/5.0 (compatible; SERankingBacklinksBot/1.0; +https://seranking.com/backlinks-crawler)"
85.208.96.199 - - [19/Aug/2026:02:00:11 +0200] "GET /new-products.php?debut=0&debut=0&debut=0&debut=0&debut=0&debut=0&debut=0&debut=0&debut=0&debut=0&debut=0&debut=0&debut=0&histo_track=1&seo_cat&seo_cat&seo_cat&seo_cat&seo_cat&seo_cat&seo_cat&seo_cat&seo_cat&seo_cat&seo_cat&seo_cat&seo_cat&x17=0&x17=0&x17=1&x21=0&x21=0&x21=0&x21=0&x21=1&x22=0&x22=1&x5=0&x5=0&x5=1 HTTP/1.1" 200 194213 "-" "Mozilla/5.0 (compatible; SemrushBot/7~bl; +http://www.semrush.com/bot.html)"
144.76.19.27 - - [19/Aug/2026:02:00:14 +0200] "GET /new-products.php?&seo_cat=&x5=1&debut=0&seo_cat=&x23=1&debut=0&seo_cat=&x5=0&debut=0&seo_cat=&x20=1&debut=0&seo_cat=&x20=0&debut=0&seo_cat=&x17=1&debut=0&seo_cat=&x17=0&debut=0 HTTP/1.1" 200 71104 "-" "Mozilla/5.0 (compatible; SERankingBacklinksBot/1.0; +https://seranking.com/backlinks-crawler)"
45.41.172.250 - - [19/Aug/2026:02:00:14 +0200] "GET /produit-62-ref-50-en-90x200-complet HTTP/1.1" 200 181158 "-" "Mozilla/5.0 (compatible; Googlebot/2.1; +http://www.google.com/bot.html)"
144.76.19.27 - - [19/Aug/2026:02:00:17 +0200] "GET /new-products.php?&seo_cat=&x5=1&debut=0&seo_cat=&x23=1&debut=0&seo_cat=&x5=0&debut=0&seo_cat=&x20=1&debut=0&seo_cat=&x20=0&debut=0&seo_cat=&x17=1&debut=0&seo_cat=&x20=1&debut=0 HTTP/1.1" 200 203359 "-" "Mozilla/5.0 (compatible; SERankingBacklinksBot/1.0; +https://seranking.com/backlinks-crawler)"
144.76.19.27 - - [19/Aug/2026:02:00:20 +0200] "GET /new-products.php?&seo_cat=&x5=1&debut=0&seo_cat=&x23=1&debut=0&seo_cat=&x5=0&debut=0&seo_cat=&x20=1&debut=0&seo_cat=&x20=0&debut=0&seo_cat=&x17=1&debut=0&seo_cat=&x21=1&debut=0 HTTP/1.1" 200 168416 "-" "Mozilla/5.0 (compatible; SERankingBacklinksBot/1.0; +https://seranking.com/backlinks-crawler)"
144.76.19.27 - - [19/Aug/2026:02:00:23 +0200] "GET /new-products.php?&seo_cat=&x5=1&debut=0&seo_cat=&x23=1&debut=0&seo_cat=&x5=0&debut=0&seo_cat=&x20=1&debut=0&seo_cat=&x20=0&debut=0&seo_cat=&x17=1&debut=0&seo_cat=&x23=0&debut=0 HTTP/1.1" 200 93325 "-" "Mozilla/5.0 (compatible; SERankingBacklinksBot/1.0; +https://seranking.com/backlinks-crawler)"
185.191.171.11 - - [19/Aug/2026:02:00:25 +0200] "GET /new-products.php?a=24&a=24&a=24&a=25&b=1&b=1&b=1&b=1&debut=0&debut=0&debut=0&debut=0&debut=0&debut=0&debut=0&debut=0&debut=0&debut=0&debut=0&debut=0&debut=0&debut=25&histo_track=1&seo_cat&seo_cat&seo_cat&seo_cat&seo_cat&seo_cat&seo_cat&seo_cat&seo_cat&seo_cat&x20=0&x20=0&x20=0&x20=1&x21=1&x22=0&x22=0&x22=1&x23=1&x5=1 HTTP/1.1" 200 131892 "-" "Mozilla/5.0 (compatible; SemrushBot/7~bl; +http://www.semrush.com/bot.html)"
144.76.19.27 - - [19/Aug/2026:02:00:27 +0200] "GET /new-products.php?&seo_cat=&x5=1&debut=0&seo_cat=&x23=1&debut=0&seo_cat=&x5=0&debut=0&seo_cat=&x20=1&debut=0&seo_cat=&x20=0&debut=0&seo_cat=&x20=1&debut=0&seo_cat=&x17=1&debut=0 HTTP/1.1" 200 203341 "-" "Mozilla/5.0 (compatible; SERankingBacklinksBot/1.0; +https://seranking.com/backlinks-crawler)"
144.76.19.27 - - [19/Aug/2026:02:00:30 +0200] "GET /new-products.php?&seo_cat=&x5=1&debut=0&seo_cat=&x23=1&debut=0&seo_cat=&x5=0&debut=0&seo_cat=&x20=1&debut=0&seo_cat=&x20=0&debut=0&seo_cat=&x20=1&debut=0&seo_cat=&x20=0&debut=0 HTTP/1.1" 200 71112 "-" "Mozilla/5.0 (compatible; SERankingBacklinksBot/1.0; +https://seranking.com/backlinks-crawler)"
144.76.19.27 - - [19/Aug/2026:02:00:34 +0200] "GET /new-products.php?&seo_cat=&x5=1&debut=0&seo_cat=&x23=1&debut=0&seo_cat=&x5=0&debut=0&seo_cat=&x20=1&debut=0&seo_cat=&x20=0&debut=0&seo_cat=&x20=1&debut=0&seo_cat=&x21=1&debut=0 HTTP/1.1" 200 203705 "-" "Mozilla/5.0 (compatible; SERankingBacklinksBot/1.0; +https://seranking.com/backlinks-crawler)"
144.76.19.27 - - [19/Aug/2026:02:00:37 +0200] "GET /new-products.php?&seo_cat=&x5=1&debut=0&seo_cat=&x23=1&debut=0&seo_cat=&x5=0&debut=0&seo_cat=&x20=1&debut=0&seo_cat=&x20=0&debut=0&seo_cat=&x20=1&debut=0&seo_cat=&x23=0&debut=0 HTTP/1.1" 200 168072 "-" "Mozilla/5.0 (compatible; SERankingBacklinksBot/1.0; +https://seranking.com/backlinks-crawler)"
144.76.19.27 - - [19/Aug/2026:02:00:40 +0200] "GET /new-products.php?&seo_cat=&x5=1&debut=0&seo_cat=&x23=1&debut=0&seo_cat=&x5=0&debut=0&seo_cat=&x20=1&debut=0&seo_cat=&x20=0&debut=0&seo_cat=&x21=1&debut=0&seo_cat=&x17=1&debut=0 HTTP/1.1" 200 168404 "-" "Mozilla/5.0 (compatible; SERankingBacklinksBot/1.0; +https://seranking.com/backlinks-crawler)"
83.99.206.140 - - [19/Aug/2026:02:00:43 +0200] "GET /marques.php?seo=20-lits-gigognes&seo_marq=20&t60=1&debut=0&seo_marq=20&t47=1&debut=0&histo_track=1&seo_marq=20&t47=0&debut=0&seo_marq=20&t47=1&debut=0&seo_marq=20&t58=1&debut=0&seo_marq=20&t60=0&debut=0&seo_marq=20&t59=1&debut=0&seo_marq=20&t60=1&debut=0&seo_marq=20&t58=0&debut=0&seo_marq=20&t60=0&debut=0 HTTP/1.1" 200 182723 "-" "Mozilla/5.0 (X11; Linux x86_64) AppleWebKit/537.36 (KHTML, like Gecko; GeedoShopProductFinder) Chrome/142.0.0.0 Safari/537.36"
144.76.19.27 - - [19/Aug/2026:02:00:43 +0200] "GET /new-products.php?&seo_cat=&x5=1&debut=0&seo_cat=&x23=1&debut=0&seo_cat=&x5=0&debut=0&seo_cat=&x20=1&debut=0&seo_cat=&x20=0&debut=0&seo_cat=&x21=1&debut=0&seo_cat=&x20=1&debut=0 HTTP/1.1" 200 203619 "-" "Mozilla/5.0 (compatible; SERankingBacklinksBot/1.0; +https://seranking.com/backlinks-crawler)"
144.76.19.27 - - [19/Aug/2026:02:00:47 +0200] "GET /new-products.php?&seo_cat=&x5=1&debut=0&seo_cat=&x23=1&debut=0&seo_cat=&x5=0&debut=0&seo_cat=&x20=1&debut=0&seo_cat=&x20=0&debut=0&seo_cat=&x21=1&debut=0&seo_cat=&x21=0&debut=0 HTTP/1.1" 200 71032 "-" "Mozilla/5.0 (compatible; SERankingBacklinksBot/1.0; +https://seranking.com/backlinks-crawler)"
144.76.19.27 - - [19/Aug/2026:02:00:50 +0200] "GET /new-products.php?&seo_cat=&x5=1&debut=0&seo_cat=&x23=1&debut=0&seo_cat=&x5=0&debut=0&seo_cat=&x20=1&debut=0&seo_cat=&x20=0&debut=0&seo_cat=&x21=1&debut=0&seo_cat=&x23=0&debut=0 HTTP/1.1" 200 133527 "-" "Mozilla/5.0 (compatible; SERankingBacklinksBot/1.0; +https://seranking.com/backlinks-crawler)"
144.76.19.27 - - [19/Aug/2026:02:00:53 +0200] "GET /new-products.php?&seo_cat=&x5=1&debut=0&seo_cat=&x23=1&debut=0&seo_cat=&x5=0&debut=0&seo_cat=&x20=1&debut=0&seo_cat=&x20=0&debut=0&seo_cat=&x23=0&debut=0&seo_cat=&x17=1&debut=0 HTTP/1.1" 200 93301 "-" "Mozilla/5.0 (compatible; SERankingBacklinksBot/1.0; +https://seranking.com/backlinks-crawler)"
144.76.19.27 - - [19/Aug/2026:02:00:57 +0200] "GET /new-products.php?&seo_cat=&x5=1&debut=0&seo_cat=&x23=1&debut=0&seo_cat=&x5=0&debut=0&seo_cat=&x20=1&debut=0&seo_cat=&x20=0&debut=0&seo_cat=&x23=0&debut=0&seo_cat=&x20=1&debut=0 HTTP/1.1" 200 168072 "-" "Mozilla/5.0 (compatible; SERankingBacklinksBot/1.0; +https://seranking.com/backlinks-crawler)"
144.76.19.27 - - [19/Aug/2026:02:01:00 +0200] "GET /new-products.php?&seo_cat=&x5=1&debut=0&seo_cat=&x23=1&debut=0&seo_cat=&x5=0&debut=0&seo_cat=&x20=1&debut=0&seo_cat=&x20=0&debut=0&seo_cat=&x23=0&debut=0&seo_cat=&x21=1&debut=0 HTTP/1.1" 200 133601 "-" "Mozilla/5.0 (compatible; SERankingBacklinksBot/1.0; +https://seranking.com/backlinks-crawler)"
83.99.206.140 - - [19/Aug/2026:02:01:02 +0200] "GET /marques.php?seo=20-lits-gigognes&histo_track=1&seo_marq=20&t47=1&debut=0&seo_marq=20&t47=0&debut=0&seo_marq=20&t58=1&debut=0&seo_marq=20&t47=1&debut=0&seo_marq=20&t59=1&debut=0 HTTP/1.1" 200 179535 "-" "Mozilla/5.0 (X11; Linux x86_64) AppleWebKit/537.36 (KHTML, like Gecko; GeedoShopProductFinder) Chrome/142.0.0.0 Safari/537.36"
144.76.19.27 - - [19/Aug/2026:02:01:03 +0200] "GET /new-products.php?&seo_cat=&x5=1&debut=0&seo_cat=&x23=1&debut=0&seo_cat=&x5=0&debut=0&seo_cat=&x20=1&debut=0&seo_cat=&x20=0&debut=0&seo_cat=&x23=0&debut=0&seo_cat=&x23=1&debut=0 HTTP/1.1" 200 71030 "-" "Mozilla/5.0 (compatible; SERankingBacklinksBot/1.0; +https://seranking.com/backlinks-crawler)"
144.76.19.27 - - [19/Aug/2026:02:01:07 +0200] "GET /new-products.php?&seo_cat=&x5=1&debut=0&seo_cat=&x23=1&debut=0&seo_cat=&x5=0&debut=0&seo_cat=&x20=1&debut=0&seo_cat=&x21=1&debut=0&seo_cat=&x17=1&debut=0&seo_cat=&x17=0&debut=0 HTTP/1.1" 200 203611 "-" "Mozilla/5.0 (compatible; SERankingBacklinksBot/1.0; +https://seranking.com/backlinks-crawler)"
85.208.96.207 - - [19/Aug/2026:02:01:09 +0200] "GET /new-products.php?a=25&b=1&debut=0&debut=0&debut=0&debut=0&debut=0&debut=0&debut=0&debut=0&debut=0&debut=0&debut=0&debut=0&debut=25&seo_cat&seo_cat&seo_cat&seo_cat&seo_cat&seo_cat&seo_cat&seo_cat&seo_cat&seo_cat&seo_cat&seo_cat&x17=1&x20=1&x21=0&x21=1&x23=1&x5=0&x5=0&x5=0&x5=0&x5=0&x5=0&x5=1 HTTP/1.1" 200 160498 "-" "Mozilla/5.0 (compatible; SemrushBot/7~bl; +http://www.semrush.com/bot.html)"
144.76.19.27 - - [19/Aug/2026:02:01:10 +0200] "GET /new-products.php?&seo_cat=&x5=1&debut=0&seo_cat=&x23=1&debut=0&seo_cat=&x5=0&debut=0&seo_cat=&x20=1&debut=0&seo_cat=&x21=1&debut=0&seo_cat=&x17=1&debut=0&seo_cat=&x20=0&debut=0 HTTP/1.1" 200 168364 "-" "Mozilla/5.0 (compatible; SERankingBacklinksBot/1.0; +https://seranking.com/backlinks-crawler)"
144.76.19.27 - - [19/Aug/2026:02:01:13 +0200] "GET /new-products.php?&seo_cat=&x5=1&debut=0&seo_cat=&x23=1&debut=0&seo_cat=&x5=0&debut=0&seo_cat=&x20=1&debut=0&seo_cat=&x21=1&debut=0&seo_cat=&x17=1&debut=0&seo_cat=&x21=0&debut=0 HTTP/1.1" 200 203355 "-" "Mozilla/5.0 (compatible; SERankingBacklinksBot/1.0; +https://seranking.com/backlinks-crawler)"
144.76.19.27 - - [19/Aug/2026:02:01:17 +0200] "GET /new-products.php?&seo_cat=&x5=1&debut=0&seo_cat=&x23=1&debut=0&seo_cat=&x5=0&debut=0&seo_cat=&x20=1&debut=0&seo_cat=&x21=1&debut=0&seo_cat=&x17=1&debut=0&seo_cat=&x23=0&debut=0 HTTP/1.1" 200 203543 "-" "Mozilla/5.0 (compatible; SERankingBacklinksBot/1.0; +https://seranking.com/backlinks-crawler)"
85.208.96.211 - - [19/Aug/2026:02:01:18 +0200] "GET /new-products.php?a=25&a=25&b=1&b=1&debut=0&debut=0&debut=0&debut=0&debut=0&debut=0&debut=0&debut=0&debut=0&debut=0&debut=0&debut=0&debut=25&seo_cat&seo_cat&seo_cat&seo_cat&seo_cat&seo_cat&seo_cat&seo_cat&seo_cat&seo_cat&seo_cat&x17=1&x20=0&x20=1&x21=0&x21=0&x21=1&x23=0&x23=0&x23=1&x5=0&x5=1 HTTP/1.1" 200 160535 "-" "Mozilla/5.0 (compatible; SemrushBot/7~bl; +http://www.semrush.com/bot.html)"
144.76.19.27 - - [19/Aug/2026:02:01:20 +0200] "GET /new-products.php?&seo_cat=&x5=1&debut=0&seo_cat=&x23=1&debut=0&seo_cat=&x5=0&debut=0&seo_cat=&x20=1&debut=0&seo_cat=&x21=1&debut=0&seo_cat=&x20=0&debut=0&seo_cat=&x17=1&debut=0 HTTP/1.1" 200 168330 "-" "Mozilla/5.0 (compatible; SERankingBacklinksBot/1.0; +https://seranking.com/backlinks-crawler)"
83.99.206.140 - - [19/Aug/2026:02:01:22 +0200] "GET /new-products.php?&seo_cat=&x17=1&debut=0&seo_cat=&x5=1&debut=0&seo_cat=&x20=1&debut=0&seo_cat=&x21=1&debut=0&seo_cat=&x23=1&debut=0&seo_cat=&x17=0&debut=0&seo_cat=&x23=0&debut=0&seo_cat=&x20=0&debut=0 HTTP/1.1" 200 162586 "-" "Mozilla/5.0 (X11; Linux x86_64) AppleWebKit/537.36 (KHTML, like Gecko; GeedoShopProductFinder) Chrome/142.0.0.0 Safari/537.36"
144.76.19.27 - - [19/Aug/2026:02:01:23 +0200] "GET /new-products.php?&seo_cat=&x5=1&debut=0&seo_cat=&x23=1&debut=0&seo_cat=&x5=0&debut=0&seo_cat=&x20=1&debut=0&seo_cat=&x21=1&debut=0&seo_cat=&x20=0&debut=0&seo_cat=&x20=1&debut=0 HTTP/1.1" 200 203697 "-" "Mozilla/5.0 (compatible; SERankingBacklinksBot/1.0; +https://seranking.com/backlinks-crawler)"
144.76.19.27 - - [19/Aug/2026:02:01:26 +0200] "GET /new-products.php?&seo_cat=&x5=1&debut=0&seo_cat=&x23=1&debut=0&seo_cat=&x5=0&debut=0&seo_cat=&x20=1&debut=0&seo_cat=&x21=1&debut=0&seo_cat=&x20=0&debut=0&seo_cat=&x21=0&debut=0 HTTP/1.1" 200 71104 "-" "Mozilla/5.0 (compatible; SERankingBacklinksBot/1.0; +https://seranking.com/backlinks-crawler)"
85.208.96.201 - - [19/Aug/2026:02:01:28 +0200] "GET /new-products.php?a=25&b=1&debut=0&debut=0&debut=0&debut=0&debut=0&debut=0&debut=0&debut=0&debut=0&debut=0&debut=0&debut=0&debut=0&debut=0&debut=25&histo_track=1&seo_cat&seo_cat&seo_cat&seo_cat&seo_cat&seo_cat&seo_cat&seo_cat&seo_cat&seo_cat&seo_cat&seo_cat&seo_cat&seo_cat&x17=0&x17=1&x20=0&x20=1&x22=0&x22=0&x22=1&x23=0&x23=0&x23=0&x23=0&x23=1&x5=0&x5=1 HTTP/1.1" 200 91117 "-" "Mozilla/5.0 (compatible; SemrushBot/7~bl; +http://www.semrush.com/bot.html)"
144.76.19.27 - - [19/Aug/2026:02:01:30 +0200] "GET /new-products.php?&seo_cat=&x5=1&debut=0&seo_cat=&x23=1&debut=0&seo_cat=&x5=0&debut=0&seo_cat=&x20=1&debut=0&seo_cat=&x21=1&debut=0&seo_cat=&x20=0&debut=0&seo_cat=&x23=0&debut=0 HTTP/1.1" 200 133513 "-" "Mozilla/5.0 (compatible; SERankingBacklinksBot/1.0; +https://seranking.com/backlinks-crawler)"
144.76.19.27 - - [19/Aug/2026:02:01:33 +0200] "GET /new-products.php?&seo_cat=&x5=1&debut=0&seo_cat=&x23=1&debut=0&seo_cat=&x5=0&debut=0&seo_cat=&x20=1&debut=0&seo_cat=&x21=1&debut=0&seo_cat=&x21=0&debut=0&seo_cat=&x17=1&debut=0 HTTP/1.1" 200 203315 "-" "Mozilla/5.0 (compatible; SERankingBacklinksBot/1.0; +https://seranking.com/backlinks-crawler)"
85.208.96.205 - - [19/Aug/2026:02:01:34 +0200] "GET /new-products.php?a=24&a=24&a=24&a=24&a=25&b=1&b=1&b=1&b=1&b=1&debut=0&debut=0&debut=0&debut=0&debut=0&debut=0&debut=0&debut=0&debut=0&debut=0&debut=0&debut=0&debut=0&debut=25&histo_track=1&seo_cat&seo_cat&seo_cat&seo_cat&seo_cat&seo_cat&seo_cat&seo_cat&seo_cat&x20=1&x21=1&x22=0&x22=1&x23=0&x23=0&x23=1&x5=0&x5=1 HTTP/1.1" 200 131770 "-" "Mozilla/5.0 (compatible; SemrushBot/7~bl; +http://www.semrush.com/bot.html)"
166.88.34.230 - - [19/Aug/2026:02:01:36 +0200] "GET /produit-53-ref-30-en-80x190-complet HTTP/1.1" 200 185995 "-" "Mozilla/5.0 (compatible; Googlebot/2.1; +http://www.google.com/bot.html)"
144.76.19.27 - - [19/Aug/2026:02:01:37 +0200] "GET /new-products.php?&seo_cat=&x5=1&debut=0&seo_cat=&x23=1&debut=0&seo_cat=&x5=0&debut=0&seo_cat=&x20=1&debut=0&seo_cat=&x21=1&debut=0&seo_cat=&x21=0&debut=0&seo_cat=&x20=0&debut=0 HTTP/1.1" 200 71104 "-" "Mozilla/5.0 (compatible; SERankingBacklinksBot/1.0; +https://seranking.com/backlinks-crawler)"
144.76.19.27 - - [19/Aug/2026:02:01:40 +0200] "GET /new-products.php?&seo_cat=&x5=1&debut=0&seo_cat=&x23=1&debut=0&seo_cat=&x5=0&debut=0&seo_cat=&x20=1&debut=0&seo_cat=&x21=1&debut=0&seo_cat=&x21=0&debut=0&seo_cat=&x21=1&debut=0 HTTP/1.1" 200 203623 "-" "Mozilla/5.0 (compatible; SERankingBacklinksBot/1.0; +https://seranking.com/backlinks-crawler)"
83.99.206.140 - - [19/Aug/2026:02:01:42 +0200] "GET /new-products.php?&seo_cat=&x17=1&debut=0&seo_cat=&x21=1&debut=0&seo_cat=&x20=1&debut=0&seo_cat=&x17=0&debut=0&seo_cat=&x20=0&debut=0 HTTP/1.1" 200 132781 "-" "Mozilla/5.0 (X11; Linux x86_64) AppleWebKit/537.36 (KHTML, like Gecko; GeedoShopProductFinder) Chrome/142.0.0.0 Safari/537.36"
144.76.19.27 - - [19/Aug/2026:02:01:43 +0200] "GET /new-products.php?&seo_cat=&x5=1&debut=0&seo_cat=&x23=1&debut=0&seo_cat=&x5=0&debut=0&seo_cat=&x20=1&debut=0&seo_cat=&x21=1&debut=0&seo_cat=&x21=0&debut=0&seo_cat=&x23=0&debut=0 HTTP/1.1" 200 168156 "-" "Mozilla/5.0 (compatible; SERankingBacklinksBot/1.0; +https://seranking.com/backlinks-crawler)"
144.76.19.27 - - [19/Aug/2026:02:01:46 +0200] "GET /new-products.php?&seo_cat=&x5=1&debut=0&seo_cat=&x23=1&debut=0&seo_cat=&x5=0&debut=0&seo_cat=&x20=1&debut=0&seo_cat=&x21=1&debut=0&seo_cat=&x23=0&debut=0&seo_cat=&x17=1&debut=0 HTTP/1.1" 200 203635 "-" "Mozilla/5.0 (compatible; SERankingBacklinksBot/1.0; +https://seranking.com/backlinks-crawler)"
144.76.19.27 - - [19/Aug/2026:02:01:50 +0200] "GET /new-products.php?&seo_cat=&x5=1&debut=0&seo_cat=&x23=1&debut=0&seo_cat=&x5=0&debut=0&seo_cat=&x20=1&debut=0&seo_cat=&x21=1&debut=0&seo_cat=&x23=0&debut=0&seo_cat=&x20=0&debut=0 HTTP/1.1" 200 133529 "-" "Mozilla/5.0 (compatible; SERankingBacklinksBot/1.0; +https://seranking.com/backlinks-crawler)"
144.76.19.27 - - [19/Aug/2026:02:01:53 +0200] "GET /new-products.php?&seo_cat=&x5=1&debut=0&seo_cat=&x23=1&debut=0&seo_cat=&x5=0&debut=0&seo_cat=&x20=1&debut=0&seo_cat=&x21=1&debut=0&seo_cat=&x23=0&debut=0&seo_cat=&x21=0&debut=0 HTTP/1.1" 200 168030 "-" "Mozilla/5.0 (compatible; SERankingBacklinksBot/1.0; +https://seranking.com/backlinks-crawler)"
144.76.19.27 - - [19/Aug/2026:02:01:56 +0200] "GET /new-products.php?&seo_cat=&x5=1&debut=0&seo_cat=&x23=1&debut=0&seo_cat=&x5=0&debut=0&seo_cat=&x20=1&debut=0&seo_cat=&x21=1&debut=0&seo_cat=&x23=0&debut=0&seo_cat=&x23=1&debut=0 HTTP/1.1" 200 203631 "-" "Mozilla/5.0 (compatible; SERankingBacklinksBot/1.0; +https://seranking.com/backlinks-crawler)"
144.76.19.27 - - [19/Aug/2026:02:02:00 +0200] "GET /new-products.php?&seo_cat=&x5=1&debut=0&seo_cat=&x23=1&debut=0&seo_cat=&x5=0&debut=0&seo_cat=&x20=1&debut=0&seo_cat=&x23=0&debut=0&seo_cat=&x17=1&debut=0&seo_cat=&x17=0&debut=0 HTTP/1.1" 200 168096 "-" "Mozilla/5.0 (compatible; SERankingBacklinksBot/1.0; +https://seranking.com/backlinks-crawler)"
83.99.206.140 - - [19/Aug/2026:02:02:02 +0200] "GET /new-products.php?&seo_cat=&x17=1&debut=0&seo_cat=&x5=1&debut=0&seo_cat=&x20=1&debut=0&seo_cat=&x23=1&debut=0&seo_cat=&x23=0&debut=0&histo_track=1&debut=24&a=24&b=1&seo_cat=&x20=0&debut=0 HTTP/1.1" 200 121927 "-" "Mozilla/5.0 (X11; Linux x86_64) AppleWebKit/537.36 (KHTML, like Gecko; GeedoShopProductFinder) Chrome/142.0.0.0 Safari/537.36"
144.76.19.27 - - [19/Aug/2026:02:02:03 +0200] "GET /new-products.php?&seo_cat=&x5=1&debut=0&seo_cat=&x23=1&debut=0&seo_cat=&x5=0&debut=0&seo_cat=&x20=1&debut=0&seo_cat=&x23=0&debut=0&seo_cat=&x17=1&debut=0&seo_cat=&x20=0&debut=0 HTTP/1.1" 200 93329 "-" "Mozilla/5.0 (compatible; SERankingBacklinksBot/1.0; +https://seranking.com/backlinks-crawler)"
185.191.171.13 - - [19/Aug/2026:02:02:06 +0200] "GET /new-products.php?a=24&a=24&a=24&a=24&b=1&b=1&b=1&b=1&debut=0&debut=0&debut=0&debut=0&debut=0&debut=0&debut=0&debut=0&debut=0&debut=0&debut=0&debut=0&debut=0&debut=0&debut=0&debut=24&seo_cat&seo_cat&seo_cat&seo_cat&seo_cat&seo_cat&seo_cat&seo_cat&seo_cat&seo_cat&seo_cat&seo_cat&x20=0&x20=0&x20=0&x20=0&x20=0&x20=0&x20=0&x20=1&x23=0&x23=0&x23=0&x23=1 HTTP/1.1" 200 64462 "-" "Mozilla/5.0 (compatible; SemrushBot/7~bl; +http://www.semrush.com/bot.html)"
144.76.19.27 - - [19/Aug/2026:02:02:06 +0200] "GET /new-products.php?&seo_cat=&x5=1&debut=0&seo_cat=&x23=1&debut=0&seo_cat=&x5=0&debut=0&seo_cat=&x20=1&debut=0&seo_cat=&x23=0&debut=0&seo_cat=&x17=1&debut=0&seo_cat=&x21=1&debut=0 HTTP/1.1" 200 203593 "-" "Mozilla/5.0 (compatible; SERankingBacklinksBot/1.0; +https://seranking.com/backlinks-crawler)"
185.191.171.13 - - [19/Aug/2026:02:02:07 +0200] "GET /new-products.php?a=24&a=24&a=24&a=24&b=1&b=1&b=1&b=1&debut=0&debut=0&debut=0&debut=0&debut=0&debut=0&debut=0&debut=0&debut=0&debut=0&debut=0&debut=0&debut=0&debut=0&debut=0&debut=24&seo_cat&seo_cat&seo_cat&seo_cat&seo_cat&seo_cat&seo_cat&seo_cat&seo_cat&seo_cat&seo_cat&seo_cat&x20=0&x20=0&x20=0&x20=0&x20=0&x20=0&x20=0&x20=1&x23=0&x23=0&x23=0&x23=1 HTTP/1.1" 200 64488 "-" "Mozilla/5.0 (compatible; SemrushBot/7~bl; +http://www.semrush.com/bot.html)"
144.76.19.27 - - [19/Aug/2026:02:02:10 +0200] "GET /new-products.php?&seo_cat=&x5=1&debut=0&seo_cat=&x23=1&debut=0&seo_cat=&x5=0&debut=0&seo_cat=&x20=1&debut=0&seo_cat=&x23=0&debut=0&seo_cat=&x17=1&debut=0&seo_cat=&x23=1&debut=0 HTTP/1.1" 200 203533 "-" "Mozilla/5.0 (compatible; SERankingBacklinksBot/1.0; +https://seranking.com/backlinks-crawler)"
144.76.19.27 - - [19/Aug/2026:02:02:13 +0200] "GET /new-products.php?&seo_cat=&x5=1&debut=0&seo_cat=&x23=1&debut=0&seo_cat=&x5=0&debut=0&seo_cat=&x20=1&debut=0&seo_cat=&x23=0&debut=0&seo_cat=&x20=0&debut=0&seo_cat=&x17=1&debut=0 HTTP/1.1" 200 93255 "-" "Mozilla/5.0 (compatible; SERankingBacklinksBot/1.0; +https://seranking.com/backlinks-crawler)"
85.208.96.212 - - [19/Aug/2026:02:02:14 +0200] "GET /new-products.php?debut=0&debut=0&debut=0&debut=0&debut=0&debut=0&debut=0&debut=0&debut=0&debut=0&seo_cat&seo_cat&seo_cat&seo_cat&seo_cat&seo_cat&seo_cat&seo_cat&seo_cat&seo_cat&x17=1&x20=1&x21=0&x21=0&x21=1&x23=0&x23=1&x5=0&x5=0&x5=1 HTTP/1.1" 200 205310 "-" "Mozilla/5.0 (compatible; SemrushBot/7~bl; +http://www.semrush.com/bot.html)"
85.208.96.212 - - [19/Aug/2026:02:02:15 +0200] "GET /new-products.php?debut=0&debut=0&debut=0&debut=0&debut=0&debut=0&debut=0&debut=0&debut=0&debut=0&seo_cat&seo_cat&seo_cat&seo_cat&seo_cat&seo_cat&seo_cat&seo_cat&seo_cat&seo_cat&x17=1&x20=1&x21=0&x21=0&x21=1&x23=0&x23=1&x5=0&x5=0&x5=1 HTTP/1.1" 200 205322 "-" "Mozilla/5.0 (compatible; SemrushBot/7~bl; +http://www.semrush.com/bot.html)"
144.76.19.27 - - [19/Aug/2026:02:02:16 +0200] "GET /new-products.php?&seo_cat=&x5=1&debut=0&seo_cat=&x23=1&debut=0&seo_cat=&x5=0&debut=0&seo_cat=&x20=1&debut=0&seo_cat=&x23=0&debut=0&seo_cat=&x20=0&debut=0&seo_cat=&x20=1&debut=0 HTTP/1.1" 200 168090 "-" "Mozilla/5.0 (compatible; SERankingBacklinksBot/1.0; +https://seranking.com/backlinks-crawler)"
144.76.19.27 - - [19/Aug/2026:02:02:20 +0200] "GET /new-products.php?&seo_cat=&x5=1&debut=0&seo_cat=&x23=1&debut=0&seo_cat=&x5=0&debut=0&seo_cat=&x20=1&debut=0&seo_cat=&x23=0&debut=0&seo_cat=&x20=0&debut=0&seo_cat=&x21=1&debut=0 HTTP/1.1" 200 133605 "-" "Mozilla/5.0 (compatible; SERankingBacklinksBot/1.0; +https://seranking.com/backlinks-crawler)"
185.191.171.18 - - [19/Aug/2026:02:02:22 +0200] "GET /new-products.php?a=24&a=24&a=24&a=24&b=1&b=1&b=1&b=1&debut=0&debut=0&debut=0&debut=0&debut=0&debut=0&debut=0&debut=0&debut=0&debut=0&debut=0&debut=0&debut=0&debut=0&debut=24&seo_cat&seo_cat&seo_cat&seo_cat&seo_cat&seo_cat&seo_cat&seo_cat&seo_cat&seo_cat&seo_cat&x17=1&x20=0&x20=0&x20=1&x21=1&x23=0&x23=1&x5=0&x5=0&x5=0&x5=1 HTTP/1.1" 200 167362 "-" "Mozilla/5.0 (compatible; SemrushBot/7~bl; +http://www.semrush.com/bot.html)"
83.99.206.140 - - [19/Aug/2026:02:02:23 +0200] "GET /new-products.php?&seo_cat=&x17=1&debut=0&seo_cat=&x5=1&debut=0&seo_cat=&x20=1&debut=0&seo_cat=&x23=1&debut=0&debut=24&a=24&b=1&seo_cat=&x17=0&debut=0&seo_cat=&x20=0&debut=0&seo_cat=&x17=1&debut=0&seo_cat=&x23=0&debut=0 HTTP/1.1" 200 122343 "-" "Mozilla/5.0 (X11; Linux x86_64) AppleWebKit/537.36 (KHTML, like Gecko; GeedoShopProductFinder) Chrome/142.0.0.0 Safari/537.36"
144.76.19.27 - - [19/Aug/2026:02:02:23 +0200] "GET /new-products.php?&seo_cat=&x5=1&debut=0&seo_cat=&x23=1&debut=0&seo_cat=&x5=0&debut=0&seo_cat=&x20=1&debut=0&seo_cat=&x23=0&debut=0&seo_cat=&x20=0&debut=0&seo_cat=&x23=1&debut=0 HTTP/1.1" 200 71052 "-" "Mozilla/5.0 (compatible; SERankingBacklinksBot/1.0; +https://seranking.com/backlinks-crawler)"
144.76.19.27 - - [19/Aug/2026:02:02:26 +0200] "GET /new-products.php?&seo_cat=&x5=1&debut=0&seo_cat=&x23=1&debut=0&seo_cat=&x5=0&debut=0&seo_cat=&x20=1&debut=0&seo_cat=&x23=0&debut=0&seo_cat=&x21=1&debut=0&seo_cat=&x17=1&debut=0 HTTP/1.1" 200 203635 "-" "Mozilla/5.0 (compatible; SERankingBacklinksBot/1.0; +https://seranking.com/backlinks-crawler)"
144.76.19.27 - - [19/Aug/2026:02:02:30 +0200] "GET /new-products.php?&seo_cat=&x5=1&debut=0&seo_cat=&x23=1&debut=0&seo_cat=&x5=0&debut=0&seo_cat=&x20=1&debut=0&seo_cat=&x23=0&debut=0&seo_cat=&x21=1&debut=0&seo_cat=&x20=0&debut=0 HTTP/1.1" 200 133553 "-" "Mozilla/5.0 (compatible; SERankingBacklinksBot/1.0; +https://seranking.com/backlinks-crawler)"
144.76.19.27 - - [19/Aug/2026:02:02:33 +0200] "GET /new-products.php?&seo_cat=&x5=1&debut=0&seo_cat=&x23=1&debut=0&seo_cat=&x5=0&debut=0&seo_cat=&x20=1&debut=0&seo_cat=&x23=0&debut=0&seo_cat=&x21=1&debut=0&seo_cat=&x21=0&debut=0 HTTP/1.1" 200 168052 "-" "Mozilla/5.0 (compatible; SERankingBacklinksBot/1.0; +https://seranking.com/backlinks-crawler)"
144.76.19.27 - - [19/Aug/2026:02:02:36 +0200] "GET /new-products.php?&seo_cat=&x5=1&debut=0&seo_cat=&x23=1&debut=0&seo_cat=&x5=0&debut=0&seo_cat=&x20=1&debut=0&seo_cat=&x23=0&debut=0&seo_cat=&x21=1&debut=0&seo_cat=&x23=1&debut=0 HTTP/1.1" 200 203669 "-" "Mozilla/5.0 (compatible; SERankingBacklinksBot/1.0; +https://seranking.com/backlinks-crawler)"
144.76.19.27 - - [19/Aug/2026:02:02:39 +0200] "GET /new-products.php?&seo_cat=&x5=1&debut=0&seo_cat=&x23=1&debut=0&seo_cat=&x5=0&debut=0&seo_cat=&x20=1&debut=0&seo_cat=&x23=0&debut=0&seo_cat=&x23=1&debut=0&seo_cat=&x17=1&debut=0 HTTP/1.1" 200 203335 "-" "Mozilla/5.0 (compatible; SERankingBacklinksBot/1.0; +https://seranking.com/backlinks-crawler)"
144.76.19.27 - - [19/Aug/2026:02:02:43 +0200] "GET /new-products.php?&seo_cat=&x5=1&debut=0&seo_cat=&x23=1&debut=0&seo_cat=&x5=0&debut=0&seo_cat=&x20=1&debut=0&seo_cat=&x23=0&debut=0&seo_cat=&x23=1&debut=0&seo_cat=&x20=0&debut=0 HTTP/1.1" 200 71028 "-" "Mozilla/5.0 (compatible; SERankingBacklinksBot/1.0; +https://seranking.com/backlinks-crawler)"
144.76.19.27 - - [19/Aug/2026:02:02:46 +0200] "GET /new-products.php?&seo_cat=&x5=1&debut=0&seo_cat=&x23=1&debut=0&seo_cat=&x5=0&debut=0&seo_cat=&x20=1&debut=0&seo_cat=&x23=0&debut=0&seo_cat=&x23=1&debut=0&seo_cat=&x21=1&debut=0 HTTP/1.1" 200 203693 "-" "Mozilla/5.0 (compatible; SERankingBacklinksBot/1.0; +https://seranking.com/backlinks-crawler)"
144.76.19.27 - - [19/Aug/2026:02:02:49 +0200] "GET /new-products.php?&seo_cat=&x5=1&debut=0&seo_cat=&x23=1&debut=0&seo_cat=&x5=0&debut=0&seo_cat=&x20=1&debut=0&seo_cat=&x23=0&debut=0&seo_cat=&x23=1&debut=0&seo_cat=&x23=0&debut=0 HTTP/1.1" 200 168084 "-" "Mozilla/5.0 (compatible; SERankingBacklinksBot/1.0; +https://seranking.com/backlinks-crawler)"
185.191.171.18 - - [19/Aug/2026:02:02:50 +0200] "GET /new-products.php?a=24&a=24&a=25&b=1&b=1&b=1&debut=0&debut=0&debut=0&debut=0&debut=0&debut=0&debut=0&debut=0&debut=0&debut=0&debut=0&debut=0&debut=0&debut=0&debut=25&seo_cat&seo_cat&seo_cat&seo_cat&seo_cat&seo_cat&seo_cat&seo_cat&seo_cat&seo_cat&seo_cat&seo_cat&x17=1&x20=1&x21=0&x21=0&x21=0&x21=1&x23=0&x23=0&x23=0&x23=0&x23=1&x5=1 HTTP/1.1" 200 161505 "-" "Mozilla/5.0 (compatible; SemrushBot/7~bl; +http://www.semrush.com/bot.html)"
144.76.19.27 - - [19/Aug/2026:02:02:53 +0200] "GET /new-products.php?&seo_cat=&x5=1&debut=0&seo_cat=&x23=1&debut=0&seo_cat=&x5=0&debut=0&seo_cat=&x21=1&debut=0&seo_cat=&x17=1&debut=0&seo_cat=&x17=0&debut=0&seo_cat=&x17=1&debut=0 HTTP/1.1" 200 168428 "-" "Mozilla/5.0 (compatible; SERankingBacklinksBot/1.0; +https://seranking.com/backlinks-crawler)"
144.76.19.27 - - [19/Aug/2026:02:02:56 +0200] "GET /new-products.php?&seo_cat=&x5=1&debut=0&seo_cat=&x23=1&debut=0&seo_cat=&x5=0&debut=0&seo_cat=&x21=1&debut=0&seo_cat=&x17=1&debut=0&seo_cat=&x17=0&debut=0&seo_cat=&x20=1&debut=0 HTTP/1.1" 200 203673 "-" "Mozilla/5.0 (compatible; SERankingBacklinksBot/1.0; +https://seranking.com/backlinks-crawler)"
185.191.171.15 - - [19/Aug/2026:02:02:59 +0200] "GET /category.php?debut=0&debut=0&debut=0&debut=0&debut=0&debut=0&debut=0&debut=0&debut=0&debut=0&debut=0&debut=0&histo_track=1&seo=47-lits-gigognes&seo_cat=47&seo_cat=47&seo_cat=47&seo_cat=47&seo_cat=47&seo_cat=47&seo_cat=47&seo_cat=47&seo_cat=47&seo_cat=47&seo_cat=47&seo_cat=47&t59=0&t59=0&t59=0&t59=1&t60=1&t62=0&t62=1&x20=0&x20=0&x20=0&x20=0&x20=1 HTTP/1.1" 200 131044 "-" "Mozilla/5.0 (compatible; SemrushBot/7~bl; +http://www.semrush.com/bot.html)"
144.76.19.27 - - [19/Aug/2026:02:02:59 +0200] "GET /new-products.php?&seo_cat=&x5=1&debut=0&seo_cat=&x23=1&debut=0&seo_cat=&x5=0&debut=0&seo_cat=&x21=1&debut=0&seo_cat=&x17=1&debut=0&seo_cat=&x17=0&debut=0&seo_cat=&x21=0&debut=0 HTTP/1.1" 200 71032 "-" "Mozilla/5.0 (compatible; SERankingBacklinksBot/1.0; +https://seranking.com/backlinks-crawler)"
85.208.96.196 - - [19/Aug/2026:02:03:01 +0200] "GET /new-products.php?a=24&a=24&a=25&a=25&a=25&b=1&b=1&b=1&b=1&b=1&debut=0&debut=0&debut=0&debut=0&debut=0&debut=0&debut=0&debut=0&debut=0&debut=0&debut=0&debut=0&debut=25&seo_cat&seo_cat&seo_cat&seo_cat&seo_cat&seo_cat&seo_cat&seo_cat&x17=1&x20=0&x20=1&x21=0&x21=1&x23=0&x23=1&x5=1 HTTP/1.1" 200 160293 "-" "Mozilla/5.0 (compatible; SemrushBot/7~bl; +http://www.semrush.com/bot.html)"
144.76.19.27 - - [19/Aug/2026:02:03:02 +0200] "GET /new-products.php?&seo_cat=&x5=1&debut=0&seo_cat=&x23=1&debut=0&seo_cat=&x5=0&debut=0&seo_cat=&x21=1&debut=0&seo_cat=&x17=1&debut=0&seo_cat=&x17=0&debut=0&seo_cat=&x23=0&debut=0 HTTP/1.1" 200 133613 "-" "Mozilla/5.0 (compatible; SERankingBacklinksBot/1.0; +https://seranking.com/backlinks-crawler)"
144.76.19.27 - - [19/Aug/2026:02:03:06 +0200] "GET /new-products.php?&seo_cat=&x5=1&debut=0&seo_cat=&x23=1&debut=0&seo_cat=&x5=0&debut=0&seo_cat=&x21=1&debut=0&seo_cat=&x17=1&debut=0&seo_cat=&x20=1&debut=0&seo_cat=&x17=0&debut=0 HTTP/1.1" 200 203645 "-" "Mozilla/5.0 (compatible; SERankingBacklinksBot/1.0; +https://seranking.com/backlinks-crawler)"
144.76.19.27 - - [19/Aug/2026:02:03:09 +0200] "GET /new-products.php?&seo_cat=&x5=1&debut=0&seo_cat=&x23=1&debut=0&seo_cat=&x5=0&debut=0&seo_cat=&x21=1&debut=0&seo_cat=&x17=1&debut=0&seo_cat=&x20=1&debut=0&seo_cat=&x20=0&debut=0 HTTP/1.1" 200 168342 "-" "Mozilla/5.0 (compatible; SERankingBacklinksBot/1.0; +https://seranking.com/backlinks-crawler)"
144.76.19.27 - - [19/Aug/2026:02:03:12 +0200] "GET /new-products.php?&seo_cat=&x5=1&debut=0&seo_cat=&x23=1&debut=0&seo_cat=&x5=0&debut=0&seo_cat=&x21=1&debut=0&seo_cat=&x17=1&debut=0&seo_cat=&x20=1&debut=0&seo_cat=&x21=0&debut=0 HTTP/1.1" 200 203419 "-" "Mozilla/5.0 (compatible; SERankingBacklinksBot/1.0; +https://seranking.com/backlinks-crawler)"
144.76.19.27 - - [19/Aug/2026:02:03:16 +0200] "GET /new-products.php?&seo_cat=&x5=1&debut=0&seo_cat=&x23=1&debut=0&seo_cat=&x5=0&debut=0&seo_cat=&x21=1&debut=0&seo_cat=&x17=1&debut=0&seo_cat=&x20=1&debut=0&seo_cat=&x23=0&debut=0 HTTP/1.1" 200 203613 "-" "Mozilla/5.0 (compatible; SERankingBacklinksBot/1.0; +https://seranking.com/backlinks-crawler)"
144.76.19.27 - - [19/Aug/2026:02:03:19 +0200] "GET /new-products.php?&seo_cat=&x5=1&debut=0&seo_cat=&x23=1&debut=0&seo_cat=&x5=0&debut=0&seo_cat=&x21=1&debut=0&seo_cat=&x17=1&debut=0&seo_cat=&x21=0&debut=0&seo_cat=&x17=0&debut=0 HTTP/1.1" 200 71080 "-" "Mozilla/5.0 (compatible; SERankingBacklinksBot/1.0; +https://seranking.com/backlinks-crawler)"
144.76.19.27 - - [19/Aug/2026:02:03:23 +0200] "GET /new-products.php?&seo_cat=&x5=1&debut=0&seo_cat=&x23=1&debut=0&seo_cat=&x5=0&debut=0&seo_cat=&x21=1&debut=0&seo_cat=&x17=1&debut=0&seo_cat=&x21=0&debut=0&seo_cat=&x20=1&debut=0 HTTP/1.1" 200 203283 "-" "Mozilla/5.0 (compatible; SERankingBacklinksBot/1.0; +https://seranking.com/backlinks-crawler)"
144.76.19.27 - - [19/Aug/2026:02:03:26 +0200] "GET /new-products.php?&seo_cat=&x5=1&debut=0&seo_cat=&x23=1&debut=0&seo_cat=&x5=0&debut=0&seo_cat=&x21=1&debut=0&seo_cat=&x17=1&debut=0&seo_cat=&x21=0&debut=0&seo_cat=&x21=1&debut=0 HTTP/1.1" 200 168388 "-" "Mozilla/5.0 (compatible; SERankingBacklinksBot/1.0; +https://seranking.com/backlinks-crawler)"
144.76.19.27 - - [19/Aug/2026:02:03:29 +0200] "GET /new-products.php?&seo_cat=&x5=1&debut=0&seo_cat=&x23=1&debut=0&seo_cat=&x5=0&debut=0&seo_cat=&x21=1&debut=0&seo_cat=&x17=1&debut=0&seo_cat=&x21=0&debut=0&seo_cat=&x23=0&debut=0 HTTP/1.1" 200 93303 "-" "Mozilla/5.0 (compatible; SERankingBacklinksBot/1.0; +https://seranking.com/backlinks-crawler)"
144.76.19.27 - - [19/Aug/2026:02:03:33 +0200] "GET /new-products.php?&seo_cat=&x5=1&debut=0&seo_cat=&x23=1&debut=0&seo_cat=&x5=0&debut=0&seo_cat=&x21=1&debut=0&seo_cat=&x17=1&debut=0&seo_cat=&x23=0&debut=0&seo_cat=&x17=0&debut=0 HTTP/1.1" 200 133587 "-" "Mozilla/5.0 (compatible; SERankingBacklinksBot/1.0; +https://seranking.com/backlinks-crawler)"
185.191.171.16 - - [19/Aug/2026:02:03:35 +0200] "GET /new-products.php?a=24&a=24&a=25&a=25&a=25&a=25&b=1&b=1&b=1&b=1&b=1&b=1&debut=0&debut=0&debut=0&debut=0&debut=0&debut=0&debut=0&debut=0&debut=0&debut=0&debut=0&debut=0&debut=0&debut=25&seo_cat&seo_cat&seo_cat&seo_cat&seo_cat&seo_cat&seo_cat&seo_cat&x17=0&x17=1&x20=0&x20=1&x23=1&x5=0&x5=0&x5=1 HTTP/1.1" 200 90610 "-" "Mozilla/5.0 (compatible; SemrushBot/7~bl; +http://www.semrush.com/bot.html)"
144.76.19.27 - - [19/Aug/2026:02:03:36 +0200] "GET /new-products.php?&seo_cat=&x5=1&debut=0&seo_cat=&x23=1&debut=0&seo_cat=&x5=0&debut=0&seo_cat=&x21=1&debut=0&seo_cat=&x17=1&debut=0&seo_cat=&x23=0&debut=0&seo_cat=&x20=1&debut=0 HTTP/1.1" 200 203617 "-" "Mozilla/5.0 (compatible; SERankingBacklinksBot/1.0; +https://seranking.com/backlinks-crawler)"
85.208.96.208 - - [19/Aug/2026:02:03:38 +0200] "GET /new-products.php?a=24&a=24&a=24&a=24&a=24&b=1&b=1&b=1&b=1&b=1&debut=0&debut=0&debut=0&debut=0&debut=0&debut=0&debut=0&debut=0&debut=0&debut=0&debut=0&debut=0&debut=0&debut=24&histo_track=1&seo_cat&seo_cat&seo_cat&seo_cat&seo_cat&seo_cat&seo_cat&seo_cat&seo_cat&x20=1&x21=0&x21=0&x21=0&x21=0&x21=1&x23=0&x23=0&x23=1 HTTP/1.1" 200 108501 "-" "Mozilla/5.0 (compatible; SemrushBot/7~bl; +http://www.semrush.com/bot.html)"
144.76.19.27 - - [19/Aug/2026:02:03:39 +0200] "GET /new-products.php?&seo_cat=&x5=1&debut=0&seo_cat=&x23=1&debut=0&seo_cat=&x5=0&debut=0&seo_cat=&x21=1&debut=0&seo_cat=&x17=1&debut=0&seo_cat=&x23=0&debut=0&seo_cat=&x21=0&debut=0 HTTP/1.1" 200 93257 "-" "Mozilla/5.0 (compatible; SERankingBacklinksBot/1.0; +https://seranking.com/backlinks-crawler)"
144.76.19.27 - - [19/Aug/2026:02:03:43 +0200] "GET /new-products.php?&seo_cat=&x5=1&debut=0&seo_cat=&x23=1&debut=0&seo_cat=&x5=0&debut=0&seo_cat=&x21=1&debut=0&seo_cat=&x17=1&debut=0&seo_cat=&x23=0&debut=0&seo_cat=&x23=1&debut=0 HTTP/1.1" 200 168340 "-" "Mozilla/5.0 (compatible; SERankingBacklinksBot/1.0; +https://seranking.com/backlinks-crawler)"
185.191.171.18 - - [19/Aug/2026:02:03:46 +0200] "GET /new-products.php?a=24&b=1&debut=0&debut=0&debut=0&debut=0&debut=0&debut=0&debut=0&debut=0&debut=0&debut=0&debut=24&histo_track=1&seo_cat&seo_cat&seo_cat&seo_cat&seo_cat&seo_cat&seo_cat&seo_cat&seo_cat&seo_cat&x17=0&x17=0&x17=1&x20=1&x21=0&x21=0&x21=1&x22=1&x23=0&x23=1 HTTP/1.1" 200 136921 "-" "Mozilla/5.0 (compatible; SemrushBot/7~bl; +http://www.semrush.com/bot.html)"
144.76.19.27 - - [19/Aug/2026:02:03:46 +0200] "GET /new-products.php?&seo_cat=&x5=1&debut=0&seo_cat=&x23=1&debut=0&seo_cat=&x5=0&debut=0&seo_cat=&x21=1&debut=0&seo_cat=&x20=1&debut=0&seo_cat=&x17=1&debut=0&seo_cat=&x17=0&debut=0 HTTP/1.1" 200 203689 "-" "Mozilla/5.0 (compatible; SERankingBacklinksBot/1.0; +https://seranking.com/backlinks-crawler)"
144.76.19.27 - - [19/Aug/2026:02:03:49 +0200] "GET /new-products.php?&seo_cat=&x5=1&debut=0&seo_cat=&x23=1&debut=0&seo_cat=&x5=0&debut=0&seo_cat=&x21=1&debut=0&seo_cat=&x20=1&debut=0&seo_cat=&x17=1&debut=0&seo_cat=&x20=0&debut=0 HTTP/1.1" 200 168416 "-" "Mozilla/5.0 (compatible; SERankingBacklinksBot/1.0; +https://seranking.com/backlinks-crawler)"
185.191.171.2 - - [19/Aug/2026:02:03:50 +0200] "GET /new-products.php?a=24&a=24&b=1&b=1&debut=0&debut=0&debut=0&debut=0&debut=0&debut=0&debut=0&debut=24&seo_cat&seo_cat&seo_cat&seo_cat&seo_cat&seo_cat&x17=1&x20=1&x21=1&x23=0&x23=1&x5=1 HTTP/1.1" 200 163792 "-" "Mozilla/5.0 (compatible; SemrushBot/7~bl; +http://www.semrush.com/bot.html)"
144.76.19.27 - - [19/Aug/2026:02:03:53 +0200] "GET /new-products.php?&seo_cat=&x5=1&debut=0&seo_cat=&x23=1&debut=0&seo_cat=&x5=0&debut=0&seo_cat=&x21=1&debut=0&seo_cat=&x20=1&debut=0&seo_cat=&x17=1&debut=0&seo_cat=&x21=0&debut=0 HTTP/1.1" 200 203351 "-" "Mozilla/5.0 (compatible; SERankingBacklinksBot/1.0; +https://seranking.com/backlinks-crawler)"
144.76.19.27 - - [19/Aug/2026:02:03:56 +0200] "GET /new-products.php?&seo_cat=&x5=1&debut=0&seo_cat=&x23=1&debut=0&seo_cat=&x5=0&debut=0&seo_cat=&x21=1&debut=0&seo_cat=&x20=1&debut=0&seo_cat=&x17=1&debut=0&seo_cat=&x23=0&debut=0 HTTP/1.1" 200 203605 "-" "Mozilla/5.0 (compatible; SERankingBacklinksBot/1.0; +https://seranking.com/backlinks-crawler)"
144.76.19.27 - - [19/Aug/2026:02:03:59 +0200] "GET /new-products.php?&seo_cat=&x5=1&debut=0&seo_cat=&x23=1&debut=0&seo_cat=&x5=0&debut=0&seo_cat=&x21=1&debut=0&seo_cat=&x20=1&debut=0&seo_cat=&x20=0&debut=0&seo_cat=&x17=1&debut=0 HTTP/1.1" 200 168342 "-" "Mozilla/5.0 (compatible; SERankingBacklinksBot/1.0; +https://seranking.com/backlinks-crawler)"
144.76.19.27 - - [19/Aug/2026:02:04:02 +0200] "GET /new-products.php?&seo_cat=&x5=1&debut=0&seo_cat=&x23=1&debut=0&seo_cat=&x5=0&debut=0&seo_cat=&x21=1&debut=0&seo_cat=&x20=1&debut=0&seo_cat=&x20=0&debut=0&seo_cat=&x20=1&debut=0 HTTP/1.1" 200 203621 "-" "Mozilla/5.0 (compatible; SERankingBacklinksBot/1.0; +https://seranking.com/backlinks-crawler)"
144.76.19.27 - - [19/Aug/2026:02:04:06 +0200] "GET /new-products.php?&seo_cat=&x5=1&debut=0&seo_cat=&x23=1&debut=0&seo_cat=&x5=0&debut=0&seo_cat=&x21=1&debut=0&seo_cat=&x20=1&debut=0&seo_cat=&x20=0&debut=0&seo_cat=&x21=0&debut=0 HTTP/1.1" 200 71032 "-" "Mozilla/5.0 (compatible; SERankingBacklinksBot/1.0; +https://seranking.com/backlinks-crawler)"
144.76.19.27 - - [19/Aug/2026:02:04:09 +0200] "GET /new-products.php?&seo_cat=&x5=1&debut=0&seo_cat=&x23=1&debut=0&seo_cat=&x5=0&debut=0&seo_cat=&x21=1&debut=0&seo_cat=&x20=1&debut=0&seo_cat=&x20=0&debut=0&seo_cat=&x23=0&debut=0 HTTP/1.1" 200 133547 "-" "Mozilla/5.0 (compatible; SERankingBacklinksBot/1.0; +https://seranking.com/backlinks-crawler)"
85.208.96.195 - - [19/Aug/2026:02:04:09 +0200] "GET /category.php?a=24&a=24&a=24&a=24&a=24&a=24&a=24&a=24&b=1&b=1&b=1&b=1&b=1&b=1&b=1&b=1&debut=0&debut=0&debut=0&debut=0&debut=0&debut=0&debut=0&debut=0&debut=0&debut=0&debut=0&debut=24&histo_track=1&seo=47-lits-gigognes&seo_cat=47&seo_cat=47&seo_cat=47&seo_cat=47&t58=1&t59=1&t60=1&x5=1 HTTP/1.1" 200 70125 "-" "Mozilla/5.0 (compatible; SemrushBot/7~bl; +http://www.semrush.com/bot.html)"
144.76.19.27 - - [19/Aug/2026:02:04:12 +0200] "GET /new-products.php?&seo_cat=&x5=1&debut=0&seo_cat=&x23=1&debut=0&seo_cat=&x5=0&debut=0&seo_cat=&x21=1&debut=0&seo_cat=&x20=1&debut=0&seo_cat=&x21=0&debut=0&seo_cat=&x17=1&debut=0 HTTP/1.1" 200 203283 "-" "Mozilla/5.0 (compatible; SERankingBacklinksBot/1.0; +https://seranking.com/backlinks-crawler)"
144.76.19.27 - - [19/Aug/2026:02:04:15 +0200] "GET /new-products.php?&seo_cat=&x5=1&debut=0&seo_cat=&x23=1&debut=0&seo_cat=&x5=0&debut=0&seo_cat=&x21=1&debut=0&seo_cat=&x20=1&debut=0&seo_cat=&x21=0&debut=0&seo_cat=&x20=0&debut=0 HTTP/1.1" 200 71104 "-" "Mozilla/5.0 (compatible; SERankingBacklinksBot/1.0; +https://seranking.com/backlinks-crawler)"
144.76.19.27 - - [19/Aug/2026:02:04:19 +0200] "GET /new-products.php?&seo_cat=&x5=1&debut=0&seo_cat=&x23=1&debut=0&seo_cat=&x5=0&debut=0&seo_cat=&x21=1&debut=0&seo_cat=&x20=1&debut=0&seo_cat=&x21=0&debut=0&seo_cat=&x21=1&debut=0 HTTP/1.1" 200 203711 "-" "Mozilla/5.0 (compatible; SERankingBacklinksBot/1.0; +https://seranking.com/backlinks-crawler)"
144.76.19.27 - - [19/Aug/2026:02:04:22 +0200] "GET /new-products.php?&seo_cat=&x5=1&debut=0&seo_cat=&x23=1&debut=0&seo_cat=&x5=0&debut=0&seo_cat=&x21=1&debut=0&seo_cat=&x20=1&debut=0&seo_cat=&x21=0&debut=0&seo_cat=&x23=0&debut=0 HTTP/1.1" 200 168096 "-" "Mozilla/5.0 (compatible; SERankingBacklinksBot/1.0; +https://seranking.com/backlinks-crawler)"
83.99.206.53 - - [19/Aug/2026:02:04:23 +0200] "GET /category.php?seo=58-gigogne-ref-30&seo_cat=58&x20=1&debut=0&seo_cat=58&x20=0&debut=0&seo_cat=58&x20=1&debut=0 HTTP/1.1" 200 122228 "-" "Mozilla/5.0 (X11; Linux x86_64) AppleWebKit/537.36 (KHTML, like Gecko; GeedoShopProductFinder) Chrome/142.0.0.0 Safari/537.36"
144.76.19.27 - - [19/Aug/2026:02:04:25 +0200] "GET /new-products.php?&seo_cat=&x5=1&debut=0&seo_cat=&x23=1&debut=0&seo_cat=&x5=0&debut=0&seo_cat=&x21=1&debut=0&seo_cat=&x20=1&debut=0&seo_cat=&x23=0&debut=0&seo_cat=&x17=1&debut=0 HTTP/1.1" 200 203543 "-" "Mozilla/5.0 (compatible; SERankingBacklinksBot/1.0; +https://seranking.com/backlinks-crawler)"
185.191.171.2 - - [19/Aug/2026:02:04:25 +0200] "GET /new-products.php?a=24&a=25&b=1&b=1&debut=0&debut=0&debut=0&debut=0&debut=0&debut=0&debut=0&debut=0&debut=0&debut=0&debut=25&histo_track=1&seo_cat&seo_cat&seo_cat&seo_cat&seo_cat&seo_cat&seo_cat&seo_cat&seo_cat&x17=0&x17=0&x17=1&x20=0&x20=0&x20=1&x21=1&x22=1&x23=1 HTTP/1.1" 200 130954 "-" "Mozilla/5.0 (compatible; SemrushBot/7~bl; +http://www.semrush.com/bot.html)"
144.76.19.27 - - [19/Aug/2026:02:04:29 +0200] "GET /new-products.php?&seo_cat=&x5=1&debut=0&seo_cat=&x23=1&debut=0&seo_cat=&x5=0&debut=0&seo_cat=&x21=1&debut=0&seo_cat=&x20=1&debut=0&seo_cat=&x23=0&debut=0&seo_cat=&x20=0&debut=0 HTTP/1.1" 200 133533 "-" "Mozilla/5.0 (compatible; SERankingBacklinksBot/1.0; +https://seranking.com/backlinks-crawler)"
144.76.19.27 - - [19/Aug/2026:02:04:32 +0200] "GET /new-products.php?&seo_cat=&x5=1&debut=0&seo_cat=&x23=1&debut=0&seo_cat=&x5=0&debut=0&seo_cat=&x21=1&debut=0&seo_cat=&x20=1&debut=0&seo_cat=&x23=0&debut=0&seo_cat=&x21=0&debut=0 HTTP/1.1" 200 168096 "-" "Mozilla/5.0 (compatible; SERankingBacklinksBot/1.0; +https://seranking.com/backlinks-crawler)"
85.208.96.209 - - [19/Aug/2026:02:04:33 +0200] "GET /new-products.php?debut=0&debut=0&debut=0&debut=0&debut=0&debut=0&debut=0&debut=0&debut=0&debut=0&debut=0&debut=0&debut=0&debut=0&debut=0&seo_cat&seo_cat&seo_cat&seo_cat&seo_cat&seo_cat&seo_cat&seo_cat&seo_cat&seo_cat&seo_cat&seo_cat&seo_cat&seo_cat&seo_cat&x17=0&x17=0&x17=1&x21=1&x22=0&x22=0&x22=0&x22=1&x23=0&x23=0&x23=0&x23=1&x5=0&x5=0&x5=1 HTTP/1.1" 200 201561 "-" "Mozilla/5.0 (compatible; SemrushBot/7~bl; +http://www.semrush.com/bot.html)"
85.208.96.209 - - [19/Aug/2026:02:04:34 +0200] "GET /new-products.php?debut=0&debut=0&debut=0&debut=0&debut=0&debut=0&debut=0&debut=0&debut=0&debut=0&debut=0&debut=0&debut=0&debut=0&debut=0&seo_cat&seo_cat&seo_cat&seo_cat&seo_cat&seo_cat&seo_cat&seo_cat&seo_cat&seo_cat&seo_cat&seo_cat&seo_cat&seo_cat&seo_cat&x17=0&x17=0&x17=1&x21=1&x22=0&x22=0&x22=0&x22=1&x23=0&x23=0&x23=0&x23=1&x5=0&x5=0&x5=1 HTTP/1.1" 200 201549 "-" "Mozilla/5.0 (compatible; SemrushBot/7~bl; +http://www.semrush.com/bot.html)"
144.76.19.27 - - [19/Aug/2026:02:04:35 +0200] "GET /new-products.php?&seo_cat=&x5=1&debut=0&seo_cat=&x23=1&debut=0&seo_cat=&x5=0&debut=0&seo_cat=&x21=1&debut=0&seo_cat=&x20=1&debut=0&seo_cat=&x23=0&debut=0&seo_cat=&x23=1&debut=0 HTTP/1.1" 200 203711 "-" "Mozilla/5.0 (compatible; SERankingBacklinksBot/1.0; +https://seranking.com/backlinks-crawler)"
144.76.19.27 - - [19/Aug/2026:02:04:39 +0200] "GET /new-products.php?&seo_cat=&x5=1&debut=0&seo_cat=&x23=1&debut=0&seo_cat=&x5=0&debut=0&seo_cat=&x21=1&debut=0&seo_cat=&x21=0&debut=0&seo_cat=&x17=1&debut=0&seo_cat=&x17=0&debut=0 HTTP/1.1" 200 71116 "-" "Mozilla/5.0 (compatible; SERankingBacklinksBot/1.0; +https://seranking.com/backlinks-crawler)"
144.76.19.27 - - [19/Aug/2026:02:04:42 +0200] "GET /new-products.php?&seo_cat=&x5=1&debut=0&seo_cat=&x23=1&debut=0&seo_cat=&x5=0&debut=0&seo_cat=&x21=1&debut=0&seo_cat=&x21=0&debut=0&seo_cat=&x17=1&debut=0&seo_cat=&x20=1&debut=0 HTTP/1.1" 200 203353 "-" "Mozilla/5.0 (compatible; SERankingBacklinksBot/1.0; +https://seranking.com/backlinks-crawler)"
