144.76.19.27 - - [19/Aug/2026:00:31:21 +0200] "GET /new-products.php?&seo_cat=&x5=1&debut=0&seo_cat=&x21=1&debut=0&seo_cat=&x23=1&debut=0&seo_cat=&x21=0&debut=0&seo_cat=&x5=0&debut=0&seo_cat=&x21=1&debut=0&seo_cat=&x20=1&debut=0 HTTP/1.1" 200 203681 "-" "Mozilla/5.0 (compatible; SERankingBacklinksBot/1.0; +https://seranking.com/backlinks-crawler)"
185.191.171.19 - - [19/Aug/2026:00:31:23 +0200] "GET /new-products.php?debut=0&debut=0&debut=0&debut=0&debut=0&debut=0&debut=0&debut=0&debut=0&debut=0&debut=0&debut=0&debut=0&debut=0&histo_track=1&seo_cat&seo_cat&seo_cat&seo_cat&seo_cat&seo_cat&seo_cat&seo_cat&seo_cat&seo_cat&seo_cat&seo_cat&seo_cat&seo_cat&x17=0&x17=0&x17=0&x17=0&x17=0&x17=0&x17=0&x17=1&x23=0&x23=0&x23=0&x23=0&x23=1&x5=1 HTTP/1.1" 200 130650 "-" "Mozilla/5.0 (compatible; SemrushBot/7~bl; +http://www.semrush.com/bot.html)"
144.76.19.27 - - [19/Aug/2026:00:31:25 +0200] "GET /new-products.php?&seo_cat=&x20=1&debut=0&seo_cat=&x17=1&debut=0&seo_cat=&x23=1&debut=0&seo_cat=&x5=1&debut=0&seo_cat=&x5=0&debut=0&seo_cat=&x23=0&debut=0&seo_cat=&x20=0&debut=0 HTTP/1.1" 200 93251 "-" "Mozilla/5.0 (compatible; SERankingBacklinksBot/1.0; +https://seranking.com/backlinks-crawler)"
83.99.206.253 - - [19/Aug/2026:00:31:28 +0200] "GET /new-products.php?&seo_cat=&x17=1&debut=0&seo_cat=&x5=1&debut=0&seo_cat=&x21=1&debut=0&seo_cat=&x23=1&debut=0&seo_cat=&x5=0&debut=0&seo_cat=&x5=1&debut=0&seo_cat=&x17=0&debut=0&seo_cat=&x20=1&debut=0&seo_cat=&x21=0&debut=0&seo_cat=&x17=1&debut=0&debut=24&a=24&b=1&seo_cat=&x23=0&debut=0 HTTP/1.1" 200 207040 "-" "Mozilla/5.0 (X11; Linux x86_64) AppleWebKit/537.36 (KHTML, like Gecko; GeedoShopProductFinder) Chrome/142.0.0.0 Safari/537.36"
144.76.19.27 - - [19/Aug/2026:00:31:28 +0200] "GET /new-products.php?&seo_cat=&x5=1&debut=0&seo_cat=&x21=1&debut=0&seo_cat=&x23=1&debut=0&seo_cat=&x21=0&debut=0&seo_cat=&x5=0&debut=0&seo_cat=&x21=1&debut=0&seo_cat=&x21=0&debut=0 HTTP/1.1" 200 71032 "-" "Mozilla/5.0 (compatible; SERankingBacklinksBot/1.0; +https://seranking.com/backlinks-crawler)"
144.76.19.27 - - [19/Aug/2026:00:31:31 +0200] "GET /new-products.php?&seo_cat=&x20=1&debut=0&seo_cat=&x17=1&debut=0&seo_cat=&x23=1&debut=0&seo_cat=&x5=1&debut=0&seo_cat=&x5=0&debut=0&seo_cat=&x23=0&debut=0&seo_cat=&x21=1&debut=0 HTTP/1.1" 200 203621 "-" "Mozilla/5.0 (compatible; SERankingBacklinksBot/1.0; +https://seranking.com/backlinks-crawler)"
185.191.171.8 - - [19/Aug/2026:00:31:33 +0200] "GET /new-products.php?a=24&a=25&a=25&b=1&b=1&b=1&debut=0&debut=0&debut=0&debut=0&debut=0&debut=0&debut=0&debut=0&debut=0&debut=0&debut=0&debut=0&debut=0&debut=0&debut=25&seo_cat&seo_cat&seo_cat&seo_cat&seo_cat&seo_cat&seo_cat&seo_cat&seo_cat&seo_cat&seo_cat&seo_cat&x20=0&x20=0&x20=0&x20=0&x20=1&x22=0&x22=1&x23=0&x23=0&x23=0&x23=1&x5=1 HTTP/1.1" 200 64394 "-" "Mozilla/5.0 (compatible; SemrushBot/7~bl; +http://www.semrush.com/bot.html)"
185.191.171.8 - - [19/Aug/2026:00:31:34 +0200] "GET /new-products.php?a=24&a=25&a=25&b=1&b=1&b=1&debut=0&debut=0&debut=0&debut=0&debut=0&debut=0&debut=0&debut=0&debut=0&debut=0&debut=0&debut=0&debut=0&debut=0&debut=25&seo_cat&seo_cat&seo_cat&seo_cat&seo_cat&seo_cat&seo_cat&seo_cat&seo_cat&seo_cat&seo_cat&seo_cat&x20=0&x20=0&x20=0&x20=0&x20=1&x22=0&x22=1&x23=0&x23=0&x23=0&x23=1&x5=1 HTTP/1.1" 200 64458 "-" "Mozilla/5.0 (compatible; SemrushBot/7~bl; +http://www.semrush.com/bot.html)"
144.76.19.27 - - [19/Aug/2026:00:31:35 +0200] "GET /new-products.php?&seo_cat=&x5=1&debut=0&seo_cat=&x21=1&debut=0&seo_cat=&x23=1&debut=0&seo_cat=&x21=0&debut=0&seo_cat=&x5=0&debut=0&seo_cat=&x21=1&debut=0&seo_cat=&x23=0&debut=0 HTTP/1.1" 200 133597 "-" "Mozilla/5.0 (compatible; SERankingBacklinksBot/1.0; +https://seranking.com/backlinks-crawler)"
185.191.171.4 - - [19/Aug/2026:00:31:36 +0200] "GET /marques.php?a=24&b=1&debut=0&debut=0&debut=0&debut=0&debut=0&debut=0&debut=0&debut=0&debut=0&debut=0&debut=0&debut=0&debut=24&histo_track=1&seo=20-lits-gigognes&seo_marq=20&seo_marq=20&seo_marq=20&seo_marq=20&seo_marq=20&seo_marq=20&seo_marq=20&seo_marq=20&seo_marq=20&seo_marq=20&seo_marq=20&seo_marq=20&t47=1&t58=0&t58=1&t59=0&t59=1&t60=0&t60=0&t60=0&t60=0&t60=0&t60=1&t62=1 HTTP/1.1" 200 64352 "-" "Mozilla/5.0 (compatible; SemrushBot/7~bl; +http://www.semrush.com/bot.html)"
185.191.171.4 - - [19/Aug/2026:00:31:36 +0200] "GET /marques.php?a=24&b=1&debut=0&debut=0&debut=0&debut=0&debut=0&debut=0&debut=0&debut=0&debut=0&debut=0&debut=0&debut=0&debut=24&histo_track=1&seo=20-lits-gigognes&seo_marq=20&seo_marq=20&seo_marq=20&seo_marq=20&seo_marq=20&seo_marq=20&seo_marq=20&seo_marq=20&seo_marq=20&seo_marq=20&seo_marq=20&seo_marq=20&t47=1&t58=0&t58=1&t59=0&t59=1&t60=0&t60=0&t60=0&t60=0&t60=0&t60=1&t62=1 HTTP/1.1" 200 64440 "-" "Mozilla/5.0 (compatible; SemrushBot/7~bl; +http://www.semrush.com/bot.html)"
144.76.19.27 - - [19/Aug/2026:00:31:38 +0200] "GET /new-products.php?&seo_cat=&x20=1&debut=0&seo_cat=&x17=1&debut=0&seo_cat=&x23=1&debut=0&seo_cat=&x5=1&debut=0&seo_cat=&x5=0&debut=0&seo_cat=&x23=0&debut=0&seo_cat=&x23=1&debut=0 HTTP/1.1" 200 203281 "-" "Mozilla/5.0 (compatible; SERankingBacklinksBot/1.0; +https://seranking.com/backlinks-crawler)"
144.76.19.27 - - [19/Aug/2026:00:31:41 +0200] "GET /new-products.php?&seo_cat=&x5=1&debut=0&seo_cat=&x21=1&debut=0&seo_cat=&x23=1&debut=0&seo_cat=&x21=0&debut=0&seo_cat=&x5=0&debut=0&seo_cat=&x23=0&debut=0&seo_cat=&x17=1&debut=0 HTTP/1.1" 200 93255 "-" "Mozilla/5.0 (compatible; SERankingBacklinksBot/1.0; +https://seranking.com/backlinks-crawler)"
85.208.96.211 - - [19/Aug/2026:00:31:42 +0200] "GET /new-products.php?a=24&a=24&b=1&b=1&debut=0&debut=0&debut=0&debut=0&debut=0&debut=0&debut=0&debut=0&debut=0&debut=0&debut=0&debut=0&debut=0&debut=24&histo_track=1&seo_cat&seo_cat&seo_cat&seo_cat&seo_cat&seo_cat&seo_cat&seo_cat&seo_cat&seo_cat&seo_cat&seo_cat&x17=0&x17=1&x20=1&x23=0&x23=0&x23=0&x23=0&x23=0&x23=0&x23=0&x23=1&x5=1 HTTP/1.1" 200 96792 "-" "Mozilla/5.0 (compatible; SemrushBot/7~bl; +http://www.semrush.com/bot.html)"
144.76.19.27 - - [19/Aug/2026:00:31:44 +0200] "GET /new-products.php?&seo_cat=&x20=1&debut=0&seo_cat=&x17=1&debut=0&seo_cat=&x5=1&debut=0&seo_cat=&x17=0&debut=0&seo_cat=&x17=1&debut=0&seo_cat=&x17=0&debut=0&seo_cat=&x5=0&debut=0 HTTP/1.1" 200 168110 "-" "Mozilla/5.0 (compatible; SERankingBacklinksBot/1.0; +https://seranking.com/backlinks-crawler)"
144.76.19.27 - - [19/Aug/2026:00:31:47 +0200] "GET /new-products.php?&seo_cat=&x5=1&debut=0&seo_cat=&x21=1&debut=0&seo_cat=&x23=1&debut=0&seo_cat=&x21=0&debut=0&seo_cat=&x5=0&debut=0&seo_cat=&x23=0&debut=0&seo_cat=&x20=1&debut=0 HTTP/1.1" 200 168022 "-" "Mozilla/5.0 (compatible; SERankingBacklinksBot/1.0; +https://seranking.com/backlinks-crawler)"
83.99.206.253 - - [19/Aug/2026:00:31:48 +0200] "GET /new-products.php?&seo_cat=&x17=1&debut=0&seo_cat=&x5=1&debut=0&seo_cat=&x20=1&debut=0&seo_cat=&x23=1&debut=0&debut=24&a=24&b=1&seo_cat=&x23=0&debut=0&seo_cat=&x17=0&debut=0&seo_cat=&x20=0&debut=0&seo_cat=&x17=1&debut=0&seo_cat=&x20=1&debut=0 HTTP/1.1" 200 205459 "-" "Mozilla/5.0 (X11; Linux x86_64) AppleWebKit/537.36 (KHTML, like Gecko; GeedoShopProductFinder) Chrome/142.0.0.0 Safari/537.36"
144.76.19.27 - - [19/Aug/2026:00:31:51 +0200] "GET /new-products.php?&seo_cat=&x20=1&debut=0&seo_cat=&x17=1&debut=0&seo_cat=&x5=1&debut=0&seo_cat=&x17=0&debut=0&seo_cat=&x17=1&debut=0&seo_cat=&x20=0&debut=0&seo_cat=&x5=0&debut=0 HTTP/1.1" 200 93325 "-" "Mozilla/5.0 (compatible; SERankingBacklinksBot/1.0; +https://seranking.com/backlinks-crawler)"
85.208.96.198 - - [19/Aug/2026:00:31:51 +0200] "GET /category.php?debut=0&debut=0&debut=0&debut=0&debut=0&debut=0&debut=0&debut=0&debut=0&debut=0&debut=0&seo=47-lits-gigognes&seo_cat=47&seo_cat=47&seo_cat=47&seo_cat=47&seo_cat=47&seo_cat=47&seo_cat=47&seo_cat=47&seo_cat=47&seo_cat=47&seo_cat=47&t58=0&t58=0&t58=0&t58=0&t58=0&t58=0&t58=0&t58=1&t60=0&t60=0&t60=1 HTTP/1.1" 200 154465 "-" "Mozilla/5.0 (compatible; SemrushBot/7~bl; +http://www.semrush.com/bot.html)"
85.208.96.207 - - [19/Aug/2026:00:31:53 +0200] "GET /new-products.php?a=25&b=1&debut=0&debut=0&debut=0&debut=0&debut=0&debut=0&debut=0&debut=0&debut=25&histo_track=1&seo_cat&seo_cat&seo_cat&seo_cat&seo_cat&seo_cat&seo_cat&seo_cat&x17=0&x17=0&x17=1&x20=1&x23=0&x23=1&x5=0&x5=1 HTTP/1.1" 200 89719 "-" "Mozilla/5.0 (compatible; SemrushBot/7~bl; +http://www.semrush.com/bot.html)"
144.76.19.27 - - [19/Aug/2026:00:31:54 +0200] "GET /new-products.php?&seo_cat=&x5=1&debut=0&seo_cat=&x21=1&debut=0&seo_cat=&x23=1&debut=0&seo_cat=&x21=0&debut=0&seo_cat=&x5=0&debut=0&seo_cat=&x23=0&debut=0&seo_cat=&x21=1&debut=0 HTTP/1.1" 200 133547 "-" "Mozilla/5.0 (compatible; SERankingBacklinksBot/1.0; +https://seranking.com/backlinks-crawler)"
185.191.171.4 - - [19/Aug/2026:00:31:56 +0200] "GET /category.php?a=24&b=1&debut=0&debut=0&debut=0&debut=0&debut=0&debut=0&debut=0&debut=0&debut=0&debut=0&debut=0&debut=24&seo=47-lits-gigognes&seo_cat=47&seo_cat=47&seo_cat=47&seo_cat=47&seo_cat=47&seo_cat=47&seo_cat=47&seo_cat=47&seo_cat=47&seo_cat=47&seo_cat=47&t58=0&t58=0&t58=0&t58=0&t58=0&t58=0&t58=1&t59=0&t59=0&t59=1&t60=1 HTTP/1.1" 200 70239 "-" "Mozilla/5.0 (compatible; SemrushBot/7~bl; +http://www.semrush.com/bot.html)"
144.76.19.27 - - [19/Aug/2026:00:31:57 +0200] "GET /new-products.php?&seo_cat=&x20=1&debut=0&seo_cat=&x17=1&debut=0&seo_cat=&x5=1&debut=0&seo_cat=&x17=0&debut=0&seo_cat=&x17=1&debut=0&seo_cat=&x21=1&debut=0&seo_cat=&x5=0&debut=0 HTTP/1.1" 200 203633 "-" "Mozilla/5.0 (compatible; SERankingBacklinksBot/1.0; +https://seranking.com/backlinks-crawler)"
144.76.19.27 - - [19/Aug/2026:00:32:00 +0200] "GET /new-products.php?&seo_cat=&x5=1&debut=0&seo_cat=&x21=1&debut=0&seo_cat=&x23=1&debut=0&seo_cat=&x21=0&debut=0&seo_cat=&x5=0&debut=0&seo_cat=&x23=0&debut=0&seo_cat=&x23=1&debut=0 HTTP/1.1" 200 71086 "-" "Mozilla/5.0 (compatible; SERankingBacklinksBot/1.0; +https://seranking.com/backlinks-crawler)"
144.76.19.27 - - [19/Aug/2026:00:32:04 +0200] "GET /new-products.php?&seo_cat=&x20=1&debut=0&seo_cat=&x17=1&debut=0&seo_cat=&x5=1&debut=0&seo_cat=&x17=0&debut=0&seo_cat=&x17=1&debut=0&seo_cat=&x23=1&debut=0&seo_cat=&x5=0&debut=0 HTTP/1.1" 200 203341 "-" "Mozilla/5.0 (compatible; SERankingBacklinksBot/1.0; +https://seranking.com/backlinks-crawler)"
144.76.19.27 - - [19/Aug/2026:00:32:07 +0200] "GET /new-products.php?&seo_cat=&x5=1&debut=0&seo_cat=&x21=1&debut=0&seo_cat=&x23=1&debut=0&seo_cat=&x23=0&debut=0&seo_cat=&x17=1&debut=0&seo_cat=&x17=0&debut=0&seo_cat=&x5=0&debut=0 HTTP/1.1" 200 133579 "-" "Mozilla/5.0 (compatible; SERankingBacklinksBot/1.0; +https://seranking.com/backlinks-crawler)"
144.76.19.27 - - [19/Aug/2026:00:32:10 +0200] "GET /new-products.php?&seo_cat=&x20=1&debut=0&seo_cat=&x17=1&debut=0&seo_cat=&x5=1&debut=0&seo_cat=&x17=0&debut=0&seo_cat=&x17=1&debut=0&seo_cat=&x5=0&debut=0&seo_cat=&x17=0&debut=0 HTTP/1.1" 200 168096 "-" "Mozilla/5.0 (compatible; SERankingBacklinksBot/1.0; +https://seranking.com/backlinks-crawler)"
144.76.19.27 - - [19/Aug/2026:00:32:13 +0200] "GET /new-products.php?&seo_cat=&x5=1&debut=0&seo_cat=&x21=1&debut=0&seo_cat=&x23=1&debut=0&seo_cat=&x23=0&debut=0&seo_cat=&x17=1&debut=0&seo_cat=&x20=1&debut=0&seo_cat=&x5=0&debut=0 HTTP/1.1" 200 203603 "-" "Mozilla/5.0 (compatible; SERankingBacklinksBot/1.0; +https://seranking.com/backlinks-crawler)"
144.76.19.27 - - [19/Aug/2026:00:32:17 +0200] "GET /new-products.php?&seo_cat=&x20=1&debut=0&seo_cat=&x17=1&debut=0&seo_cat=&x5=1&debut=0&seo_cat=&x17=0&debut=0&seo_cat=&x17=1&debut=0&seo_cat=&x5=0&debut=0&seo_cat=&x20=0&debut=0 HTTP/1.1" 200 93255 "-" "Mozilla/5.0 (compatible; SERankingBacklinksBot/1.0; +https://seranking.com/backlinks-crawler)"
185.191.171.16 - - [19/Aug/2026:00:32:20 +0200] "GET /new-products.php?a=24&a=24&a=24&a=24&a=25&a=25&b=1&b=1&b=1&b=1&b=1&b=1&debut=0&debut=0&debut=0&debut=0&debut=0&debut=0&debut=0&debut=0&debut=0&debut=0&debut=0&debut=0&debut=0&debut=25&seo_cat&seo_cat&seo_cat&seo_cat&seo_cat&seo_cat&seo_cat&seo_cat&x17=1&x20=0&x20=0&x20=1&x21=1&x23=1&x5=0&x5=1 HTTP/1.1" 200 160647 "-" "Mozilla/5.0 (compatible; SemrushBot/7~bl; +http://www.semrush.com/bot.html)"
144.76.19.27 - - [19/Aug/2026:00:32:20 +0200] "GET /new-products.php?&seo_cat=&x5=1&debut=0&seo_cat=&x21=1&debut=0&seo_cat=&x23=1&debut=0&seo_cat=&x23=0&debut=0&seo_cat=&x17=1&debut=0&seo_cat=&x21=0&debut=0&seo_cat=&x5=0&debut=0 HTTP/1.1" 200 93337 "-" "Mozilla/5.0 (compatible; SERankingBacklinksBot/1.0; +https://seranking.com/backlinks-crawler)"
144.76.19.27 - - [19/Aug/2026:00:32:23 +0200] "GET /new-products.php?&seo_cat=&x20=1&debut=0&seo_cat=&x17=1&debut=0&seo_cat=&x5=1&debut=0&seo_cat=&x17=0&debut=0&seo_cat=&x17=1&debut=0&seo_cat=&x5=0&debut=0&seo_cat=&x21=1&debut=0 HTTP/1.1" 200 203577 "-" "Mozilla/5.0 (compatible; SERankingBacklinksBot/1.0; +https://seranking.com/backlinks-crawler)"
144.76.19.27 - - [19/Aug/2026:00:32:26 +0200] "GET /new-products.php?&seo_cat=&x5=1&debut=0&seo_cat=&x21=1&debut=0&seo_cat=&x23=1&debut=0&seo_cat=&x23=0&debut=0&seo_cat=&x17=1&debut=0&seo_cat=&x23=1&debut=0&seo_cat=&x5=0&debut=0 HTTP/1.1" 200 168590 "-" "Mozilla/5.0 (compatible; SERankingBacklinksBot/1.0; +https://seranking.com/backlinks-crawler)"
144.76.19.27 - - [19/Aug/2026:00:32:30 +0200] "GET /new-products.php?&seo_cat=&x20=1&debut=0&seo_cat=&x17=1&debut=0&seo_cat=&x5=1&debut=0&seo_cat=&x17=0&debut=0&seo_cat=&x17=1&debut=0&seo_cat=&x5=0&debut=0&seo_cat=&x23=1&debut=0 HTTP/1.1" 200 203301 "-" "Mozilla/5.0 (compatible; SERankingBacklinksBot/1.0; +https://seranking.com/backlinks-crawler)"
185.191.171.17 - - [19/Aug/2026:00:32:33 +0200] "GET /new-products.php?a=24&a=24&a=25&b=1&b=1&b=1&debut=0&debut=0&debut=0&debut=0&debut=0&debut=0&debut=0&debut=0&debut=0&debut=0&debut=0&debut=0&debut=0&debut=0&debut=25&seo_cat&seo_cat&seo_cat&seo_cat&seo_cat&seo_cat&seo_cat&seo_cat&seo_cat&seo_cat&seo_cat&seo_cat&x17=0&x17=1&x20=0&x20=0&x20=1&x21=0&x21=1&x23=0&x23=0&x23=0&x23=1&x5=1 HTTP/1.1" 200 161495 "-" "Mozilla/5.0 (compatible; SemrushBot/7~bl; +http://www.semrush.com/bot.html)"
144.76.19.27 - - [19/Aug/2026:00:32:33 +0200] "GET /new-products.php?&seo_cat=&x5=1&debut=0&seo_cat=&x21=1&debut=0&seo_cat=&x23=1&debut=0&seo_cat=&x23=0&debut=0&seo_cat=&x17=1&debut=0&seo_cat=&x5=0&debut=0&seo_cat=&x17=0&debut=0 HTTP/1.1" 200 133605 "-" "Mozilla/5.0 (compatible; SERankingBacklinksBot/1.0; +https://seranking.com/backlinks-crawler)"
144.76.19.27 - - [19/Aug/2026:00:32:36 +0200] "GET /new-products.php?&seo_cat=&x20=1&debut=0&seo_cat=&x17=1&debut=0&seo_cat=&x5=1&debut=0&seo_cat=&x17=0&debut=0&seo_cat=&x20=0&debut=0&seo_cat=&x17=1&debut=0&seo_cat=&x5=0&debut=0 HTTP/1.1" 200 93311 "-" "Mozilla/5.0 (compatible; SERankingBacklinksBot/1.0; +https://seranking.com/backlinks-crawler)"
185.191.171.8 - - [19/Aug/2026:00:32:38 +0200] "GET /new-products.php?a=24&a=24&a=24&a=24&a=25&b=1&b=1&b=1&b=1&b=1&debut=0&debut=0&debut=0&debut=0&debut=0&debut=0&debut=0&debut=0&debut=0&debut=0&debut=0&debut=0&debut=0&debut=0&debut=0&debut=25&seo_cat&seo_cat&seo_cat&seo_cat&seo_cat&seo_cat&seo_cat&seo_cat&seo_cat&seo_cat&seo_cat&x17=0&x17=1&x20=0&x20=1&x21=1&x22=1&x23=0&x23=0&x23=0&x23=1&x5=1 HTTP/1.1" 200 161805 "-" "Mozilla/5.0 (compatible; SemrushBot/7~bl; +http://www.semrush.com/bot.html)"
144.76.19.27 - - [19/Aug/2026:00:32:39 +0200] "GET /new-products.php?&seo_cat=&x5=1&debut=0&seo_cat=&x21=1&debut=0&seo_cat=&x23=1&debut=0&seo_cat=&x23=0&debut=0&seo_cat=&x17=1&debut=0&seo_cat=&x5=0&debut=0&seo_cat=&x20=1&debut=0 HTTP/1.1" 200 203621 "-" "Mozilla/5.0 (compatible; SERankingBacklinksBot/1.0; +https://seranking.com/backlinks-crawler)"
144.76.19.27 - - [19/Aug/2026:00:32:43 +0200] "GET /new-products.php?&seo_cat=&x20=1&debut=0&seo_cat=&x17=1&debut=0&seo_cat=&x5=1&debut=0&seo_cat=&x17=0&debut=0&seo_cat=&x20=0&debut=0&seo_cat=&x20=1&debut=0&seo_cat=&x5=0&debut=0 HTTP/1.1" 200 168072 "-" "Mozilla/5.0 (compatible; SERankingBacklinksBot/1.0; +https://seranking.com/backlinks-crawler)"
144.76.19.27 - - [19/Aug/2026:00:32:46 +0200] "GET /new-products.php?&seo_cat=&x5=1&debut=0&seo_cat=&x21=1&debut=0&seo_cat=&x23=1&debut=0&seo_cat=&x23=0&debut=0&seo_cat=&x17=1&debut=0&seo_cat=&x5=0&debut=0&seo_cat=&x21=0&debut=0 HTTP/1.1" 200 93311 "-" "Mozilla/5.0 (compatible; SERankingBacklinksBot/1.0; +https://seranking.com/backlinks-crawler)"
144.76.19.27 - - [19/Aug/2026:00:32:49 +0200] "GET /new-products.php?&seo_cat=&x20=1&debut=0&seo_cat=&x17=1&debut=0&seo_cat=&x5=1&debut=0&seo_cat=&x17=0&debut=0&seo_cat=&x20=0&debut=0&seo_cat=&x21=1&debut=0&seo_cat=&x5=0&debut=0 HTTP/1.1" 200 133547 "-" "Mozilla/5.0 (compatible; SERankingBacklinksBot/1.0; +https://seranking.com/backlinks-crawler)"
144.76.19.27 - - [19/Aug/2026:00:32:53 +0200] "GET /new-products.php?&seo_cat=&x5=1&debut=0&seo_cat=&x21=1&debut=0&seo_cat=&x23=1&debut=0&seo_cat=&x23=0&debut=0&seo_cat=&x17=1&debut=0&seo_cat=&x5=0&debut=0&seo_cat=&x23=1&debut=0 HTTP/1.1" 200 168338 "-" "Mozilla/5.0 (compatible; SERankingBacklinksBot/1.0; +https://seranking.com/backlinks-crawler)"
185.191.171.15 - - [19/Aug/2026:00:32:53 +0200] "GET /category.php?a=24&a=24&a=24&b=1&b=1&b=1&debut=0&debut=0&debut=0&debut=0&debut=0&debut=0&debut=0&debut=0&debut=0&debut=24&seo=47-lits-gigognes&seo_cat=47&seo_cat=47&seo_cat=47&seo_cat=47&seo_cat=47&seo_cat=47&seo_cat=47&t58=0&t58=1&t60=0&t60=0&t60=1&x20=0&x20=1 HTTP/1.1" 200 70019 "-" "Mozilla/5.0 (compatible; SemrushBot/7~bl; +http://www.semrush.com/bot.html)"
144.76.19.27 - - [19/Aug/2026:00:32:56 +0200] "GET /new-products.php?&seo_cat=&x20=1&debut=0&seo_cat=&x17=1&debut=0&seo_cat=&x5=1&debut=0&seo_cat=&x17=0&debut=0&seo_cat=&x20=0&debut=0&seo_cat=&x23=1&debut=0&seo_cat=&x5=0&debut=0 HTTP/1.1" 200 71086 "-" "Mozilla/5.0 (compatible; SERankingBacklinksBot/1.0; +https://seranking.com/backlinks-crawler)"
144.76.19.27 - - [19/Aug/2026:00:32:59 +0200] "GET /new-products.php?&seo_cat=&x5=1&debut=0&seo_cat=&x21=1&debut=0&seo_cat=&x23=1&debut=0&seo_cat=&x23=0&debut=0&seo_cat=&x20=1&debut=0&seo_cat=&x17=1&debut=0&seo_cat=&x5=0&debut=0 HTTP/1.1" 200 203597 "-" "Mozilla/5.0 (compatible; SERankingBacklinksBot/1.0; +https://seranking.com/backlinks-crawler)"
85.208.96.211 - - [19/Aug/2026:00:33:01 +0200] "GET /new-products.php?a=24&a=24&b=1&b=1&debut=0&debut=0&debut=0&debut=0&debut=0&debut=0&debut=0&debut=0&debut=0&debut=0&debut=0&debut=0&debut=0&debut=0&debut=0&debut=24&seo_cat&seo_cat&seo_cat&seo_cat&seo_cat&seo_cat&seo_cat&seo_cat&seo_cat&seo_cat&seo_cat&seo_cat&seo_cat&seo_cat&x17=0&x17=0&x17=1&x20=0&x20=0&x20=0&x20=0&x20=0&x20=0&x20=0&x20=0&x20=1&x5=0&x5=1 HTTP/1.1" 200 90581 "-" "Mozilla/5.0 (compatible; SemrushBot/7~bl; +http://www.semrush.com/bot.html)"
144.76.19.27 - - [19/Aug/2026:00:33:02 +0200] "GET /new-products.php?&seo_cat=&x20=1&debut=0&seo_cat=&x17=1&debut=0&seo_cat=&x5=1&debut=0&seo_cat=&x17=0&debut=0&seo_cat=&x20=0&debut=0&seo_cat=&x5=0&debut=0&seo_cat=&x17=1&debut=0 HTTP/1.1" 200 93303 "-" "Mozilla/5.0 (compatible; SERankingBacklinksBot/1.0; +https://seranking.com/backlinks-crawler)"
144.76.19.27 - - [19/Aug/2026:00:33:06 +0200] "GET /new-products.php?&seo_cat=&x5=1&debut=0&seo_cat=&x21=1&debut=0&seo_cat=&x23=1&debut=0&seo_cat=&x23=0&debut=0&seo_cat=&x20=1&debut=0&seo_cat=&x20=0&debut=0&seo_cat=&x5=0&debut=0 HTTP/1.1" 200 133581 "-" "Mozilla/5.0 (compatible; SERankingBacklinksBot/1.0; +https://seranking.com/backlinks-crawler)"
144.76.19.27 - - [19/Aug/2026:00:33:09 +0200] "GET /new-products.php?&seo_cat=&x20=1&debut=0&seo_cat=&x17=1&debut=0&seo_cat=&x5=1&debut=0&seo_cat=&x17=0&debut=0&seo_cat=&x20=0&debut=0&seo_cat=&x5=0&debut=0&seo_cat=&x20=1&debut=0 HTTP/1.1" 200 168020 "-" "Mozilla/5.0 (compatible; SERankingBacklinksBot/1.0; +https://seranking.com/backlinks-crawler)"
144.76.19.27 - - [19/Aug/2026:00:33:12 +0200] "GET /new-products.php?&seo_cat=&x5=1&debut=0&seo_cat=&x21=1&debut=0&seo_cat=&x23=1&debut=0&seo_cat=&x23=0&debut=0&seo_cat=&x20=1&debut=0&seo_cat=&x21=0&debut=0&seo_cat=&x5=0&debut=0 HTTP/1.1" 200 168044 "-" "Mozilla/5.0 (compatible; SERankingBacklinksBot/1.0; +https://seranking.com/backlinks-crawler)"
144.76.19.27 - - [19/Aug/2026:00:33:16 +0200] "GET /new-products.php?&seo_cat=&x20=1&debut=0&seo_cat=&x17=1&debut=0&seo_cat=&x5=1&debut=0&seo_cat=&x17=0&debut=0&seo_cat=&x20=0&debut=0&seo_cat=&x5=0&debut=0&seo_cat=&x21=1&debut=0 HTTP/1.1" 200 133605 "-" "Mozilla/5.0 (compatible; SERankingBacklinksBot/1.0; +https://seranking.com/backlinks-crawler)"
144.76.19.27 - - [19/Aug/2026:00:33:19 +0200] "GET /new-products.php?&seo_cat=&x5=1&debut=0&seo_cat=&x21=1&debut=0&seo_cat=&x23=1&debut=0&seo_cat=&x23=0&debut=0&seo_cat=&x20=1&debut=0&seo_cat=&x23=1&debut=0&seo_cat=&x5=0&debut=0 HTTP/1.1" 200 203621 "-" "Mozilla/5.0 (compatible; SERankingBacklinksBot/1.0; +https://seranking.com/backlinks-crawler)"
144.76.19.27 - - [19/Aug/2026:00:33:22 +0200] "GET /new-products.php?&seo_cat=&x20=1&debut=0&seo_cat=&x17=1&debut=0&seo_cat=&x5=1&debut=0&seo_cat=&x17=0&debut=0&seo_cat=&x20=0&debut=0&seo_cat=&x5=0&debut=0&seo_cat=&x23=1&debut=0 HTTP/1.1" 200 71030 "-" "Mozilla/5.0 (compatible; SERankingBacklinksBot/1.0; +https://seranking.com/backlinks-crawler)"
144.76.19.27 - - [19/Aug/2026:00:33:26 +0200] "GET /new-products.php?&seo_cat=&x5=1&debut=0&seo_cat=&x21=1&debut=0&seo_cat=&x23=1&debut=0&seo_cat=&x23=0&debut=0&seo_cat=&x20=1&debut=0&seo_cat=&x5=0&debut=0&seo_cat=&x17=1&debut=0 HTTP/1.1" 200 203795 "-" "Mozilla/5.0 (compatible; SERankingBacklinksBot/1.0; +https://seranking.com/backlinks-crawler)"
144.76.19.27 - - [19/Aug/2026:00:33:29 +0200] "GET /new-products.php?&seo_cat=&x20=1&debut=0&seo_cat=&x17=1&debut=0&seo_cat=&x5=1&debut=0&seo_cat=&x17=0&debut=0&seo_cat=&x21=1&debut=0&seo_cat=&x17=1&debut=0&seo_cat=&x5=0&debut=0 HTTP/1.1" 200 203545 "-" "Mozilla/5.0 (compatible; SERankingBacklinksBot/1.0; +https://seranking.com/backlinks-crawler)"
144.76.19.27 - - [19/Aug/2026:00:33:32 +0200] "GET /new-products.php?&seo_cat=&x5=1&debut=0&seo_cat=&x21=1&debut=0&seo_cat=&x23=1&debut=0&seo_cat=&x23=0&debut=0&seo_cat=&x20=1&debut=0&seo_cat=&x5=0&debut=0&seo_cat=&x20=0&debut=0 HTTP/1.1" 200 133519 "-" "Mozilla/5.0 (compatible; SERankingBacklinksBot/1.0; +https://seranking.com/backlinks-crawler)"
144.76.19.27 - - [19/Aug/2026:00:33:35 +0200] "GET /new-products.php?&seo_cat=&x20=1&debut=0&seo_cat=&x17=1&debut=0&seo_cat=&x5=1&debut=0&seo_cat=&x17=0&debut=0&seo_cat=&x21=1&debut=0&seo_cat=&x20=0&debut=0&seo_cat=&x5=0&debut=0 HTTP/1.1" 200 133531 "-" "Mozilla/5.0 (compatible; SERankingBacklinksBot/1.0; +https://seranking.com/backlinks-crawler)"
185.191.171.14 - - [19/Aug/2026:00:33:37 +0200] "GET /new-products.php?debut=0&debut=0&debut=0&debut=0&debut=0&debut=0&debut=0&debut=0&debut=0&debut=0&debut=0&debut=0&debut=0&debut=0&debut=0&debut=0&seo_cat&seo_cat&seo_cat&seo_cat&seo_cat&seo_cat&seo_cat&seo_cat&seo_cat&seo_cat&seo_cat&seo_cat&seo_cat&seo_cat&seo_cat&seo_cat&x17=0&x17=0&x17=1&x20=0&x20=1&x21=0&x21=1&x23=1&x5=0&x5=0&x5=0&x5=0&x5=0&x5=0&x5=0&x5=1 HTTP/1.1" 200 209251 "-" "Mozilla/5.0 (compatible; SemrushBot/7~bl; +http://www.semrush.com/bot.html)"
185.191.171.14 - - [19/Aug/2026:00:33:38 +0200] "GET /new-products.php?debut=0&debut=0&debut=0&debut=0&debut=0&debut=0&debut=0&debut=0&debut=0&debut=0&debut=0&debut=0&debut=0&debut=0&debut=0&debut=0&seo_cat&seo_cat&seo_cat&seo_cat&seo_cat&seo_cat&seo_cat&seo_cat&seo_cat&seo_cat&seo_cat&seo_cat&seo_cat&seo_cat&seo_cat&seo_cat&x17=0&x17=0&x17=1&x20=0&x20=1&x21=0&x21=1&x23=1&x5=0&x5=0&x5=0&x5=0&x5=0&x5=0&x5=0&x5=1 HTTP/1.1" 200 209309 "-" "Mozilla/5.0 (compatible; SemrushBot/7~bl; +http://www.semrush.com/bot.html)"
144.76.19.27 - - [19/Aug/2026:00:33:39 +0200] "GET /new-products.php?&seo_cat=&x5=1&debut=0&seo_cat=&x21=1&debut=0&seo_cat=&x23=1&debut=0&seo_cat=&x23=0&debut=0&seo_cat=&x20=1&debut=0&seo_cat=&x5=0&debut=0&seo_cat=&x21=0&debut=0 HTTP/1.1" 200 168096 "-" "Mozilla/5.0 (compatible; SERankingBacklinksBot/1.0; +https://seranking.com/backlinks-crawler)"
185.191.171.1 - - [19/Aug/2026:00:33:40 +0200] "GET /marques.php?a=24&b=1&debut=0&debut=0&debut=0&debut=0&debut=0&debut=0&debut=0&debut=0&debut=0&debut=0&debut=0&debut=0&debut=24&seo=20-lits-gigognes&seo_marq=20&seo_marq=20&seo_marq=20&seo_marq=20&seo_marq=20&seo_marq=20&seo_marq=20&seo_marq=20&seo_marq=20&seo_marq=20&seo_marq=20&seo_marq=20&t47=0&t47=0&t47=1&t58=0&t58=1&t60=0&t60=0&t60=0&t60=1&t62=0&t62=0&t62=1 HTTP/1.1" 200 64346 "-" "Mozilla/5.0 (compatible; SemrushBot/7~bl; +http://www.semrush.com/bot.html)"
185.191.171.1 - - [19/Aug/2026:00:33:41 +0200] "GET /marques.php?a=24&b=1&debut=0&debut=0&debut=0&debut=0&debut=0&debut=0&debut=0&debut=0&debut=0&debut=0&debut=0&debut=0&debut=24&seo=20-lits-gigognes&seo_marq=20&seo_marq=20&seo_marq=20&seo_marq=20&seo_marq=20&seo_marq=20&seo_marq=20&seo_marq=20&seo_marq=20&seo_marq=20&seo_marq=20&seo_marq=20&t47=0&t47=0&t47=1&t58=0&t58=1&t60=0&t60=0&t60=0&t60=1&t62=0&t62=0&t62=1 HTTP/1.1" 200 64354 "-" "Mozilla/5.0 (compatible; SemrushBot/7~bl; +http://www.semrush.com/bot.html)"
144.76.19.27 - - [19/Aug/2026:00:33:42 +0200] "GET /new-products.php?&seo_cat=&x20=1&debut=0&seo_cat=&x17=1&debut=0&seo_cat=&x5=1&debut=0&seo_cat=&x17=0&debut=0&seo_cat=&x21=1&debut=0&seo_cat=&x21=0&debut=0&seo_cat=&x5=0&debut=0 HTTP/1.1" 200 168096 "-" "Mozilla/5.0 (compatible; SERankingBacklinksBot/1.0; +https://seranking.com/backlinks-crawler)"
85.208.96.193 - - [19/Aug/2026:00:33:43 +0200] "GET /new-products.php?a=24&b=1&debut=0&debut=0&debut=0&debut=0&debut=0&debut=0&debut=0&debut=0&debut=0&debut=0&debut=0&debut=0&debut=24&seo_cat&seo_cat&seo_cat&seo_cat&seo_cat&seo_cat&seo_cat&seo_cat&seo_cat&seo_cat&seo_cat&seo_cat&x17=1&x20=1&x21=0&x21=0&x21=1&x22=0&x22=0&x22=1&x23=0&x23=0&x23=0&x23=1 HTTP/1.1" 200 137435 "-" "Mozilla/5.0 (compatible; SemrushBot/7~bl; +http://www.semrush.com/bot.html)"
83.99.206.59 - - [19/Aug/2026:00:33:44 +0200] "GET /marques.php?seo=20-lits-gigognes&seo_marq=20&t60=1&debut=0&seo_marq=20&t59=1&debut=0&seo_marq=20&t60=0&debut=0&seo_marq=20&t58=1&debut=0&histo_track=1&seo_marq=20&t59=0&debut=0&seo_marq=20&t47=1&debut=0&seo_marq=20&t58=0&debut=0 HTTP/1.1" 200 180767 "-" "Mozilla/5.0 (X11; Linux x86_64) AppleWebKit/537.36 (KHTML, like Gecko; GeedoShopProductFinder) Chrome/142.0.0.0 Safari/537.36"
185.191.171.17 - - [19/Aug/2026:00:33:44 +0200] "GET /new-products.php?a=24&a=24&a=24&a=24&a=24&a=24&a=24&a=24&a=25&a=25&b=1&b=1&b=1&b=1&b=1&b=1&b=1&b=1&b=1&b=1&debut=0&debut=0&debut=0&debut=0&debut=0&debut=0&debut=0&debut=0&debut=0&debut=0&debut=0&debut=0&debut=0&debut=0&debut=25&histo_track=1&seo_cat&seo_cat&seo_cat&seo_cat&seo_cat&x17=1&x20=1&x21=1&x5=0&x5=1 HTTP/1.1" 200 154416 "-" "Mozilla/5.0 (compatible; SemrushBot/7~bl; +http://www.semrush.com/bot.html)"
144.76.19.27 - - [19/Aug/2026:00:33:45 +0200] "GET /new-products.php?&seo_cat=&x5=1&debut=0&seo_cat=&x21=1&debut=0&seo_cat=&x23=1&debut=0&seo_cat=&x23=0&debut=0&seo_cat=&x20=1&debut=0&seo_cat=&x5=0&debut=0&seo_cat=&x23=1&debut=0 HTTP/1.1" 200 203735 "-" "Mozilla/5.0 (compatible; SERankingBacklinksBot/1.0; +https://seranking.com/backlinks-crawler)"
85.208.96.208 - - [19/Aug/2026:00:33:46 +0200] "GET /new-products.php?a=24&b=1&debut=0&debut=0&debut=0&debut=0&debut=0&debut=0&debut=0&debut=0&debut=0&debut=0&debut=0&debut=0&debut=0&debut=0&debut=24&histo_track=1&seo_cat&seo_cat&seo_cat&seo_cat&seo_cat&seo_cat&seo_cat&seo_cat&seo_cat&seo_cat&seo_cat&seo_cat&seo_cat&seo_cat&x17=1&x20=0&x20=1&x23=0&x23=0&x23=0&x23=1&x5=0&x5=0&x5=0&x5=0&x5=0&x5=0&x5=1 HTTP/1.1" 200 96945 "-" "Mozilla/5.0 (compatible; SemrushBot/7~bl; +http://www.semrush.com/bot.html)"
144.76.19.27 - - [19/Aug/2026:00:33:48 +0200] "GET /new-products.php?&seo_cat=&x20=1&debut=0&seo_cat=&x17=1&debut=0&seo_cat=&x5=1&debut=0&seo_cat=&x17=0&debut=0&seo_cat=&x21=1&debut=0&seo_cat=&x23=1&debut=0&seo_cat=&x5=0&debut=0 HTTP/1.1" 200 203673 "-" "Mozilla/5.0 (compatible; SERankingBacklinksBot/1.0; +https://seranking.com/backlinks-crawler)"
144.76.19.27 - - [19/Aug/2026:00:33:52 +0200] "GET /new-products.php?&seo_cat=&x5=1&debut=0&seo_cat=&x21=1&debut=0&seo_cat=&x23=1&debut=0&seo_cat=&x23=0&debut=0&seo_cat=&x21=0&debut=0&seo_cat=&x17=1&debut=0&seo_cat=&x5=0&debut=0 HTTP/1.1" 200 93253 "-" "Mozilla/5.0 (compatible; SERankingBacklinksBot/1.0; +https://seranking.com/backlinks-crawler)"
144.76.19.27 - - [19/Aug/2026:00:33:55 +0200] "GET /new-products.php?&seo_cat=&x20=1&debut=0&seo_cat=&x17=1&debut=0&seo_cat=&x5=1&debut=0&seo_cat=&x17=0&debut=0&seo_cat=&x21=1&debut=0&seo_cat=&x5=0&debut=0&seo_cat=&x17=1&debut=0 HTTP/1.1" 200 203603 "-" "Mozilla/5.0 (compatible; SERankingBacklinksBot/1.0; +https://seranking.com/backlinks-crawler)"
185.191.171.19 - - [19/Aug/2026:00:33:57 +0200] "GET /new-products.php?debut=0&debut=0&debut=0&debut=0&debut=0&debut=0&debut=0&debut=0&debut=0&debut=0&debut=0&debut=0&histo_track=1&seo_cat&seo_cat&seo_cat&seo_cat&seo_cat&seo_cat&seo_cat&seo_cat&seo_cat&seo_cat&seo_cat&seo_cat&x17=0&x17=0&x17=0&x17=0&x17=1&x20=1&x23=1&x5=0&x5=0&x5=0&x5=0&x5=1 HTTP/1.1" 200 207092 "-" "Mozilla/5.0 (compatible; SemrushBot/7~bl; +http://www.semrush.com/bot.html)"
185.191.171.19 - - [19/Aug/2026:00:33:58 +0200] "GET /new-products.php?debut=0&debut=0&debut=0&debut=0&debut=0&debut=0&debut=0&debut=0&debut=0&debut=0&debut=0&debut=0&histo_track=1&seo_cat&seo_cat&seo_cat&seo_cat&seo_cat&seo_cat&seo_cat&seo_cat&seo_cat&seo_cat&seo_cat&seo_cat&x17=0&x17=0&x17=0&x17=0&x17=1&x20=1&x23=1&x5=0&x5=0&x5=0&x5=0&x5=1 HTTP/1.1" 200 206987 "-" "Mozilla/5.0 (compatible; SemrushBot/7~bl; +http://www.semrush.com/bot.html)"
144.76.19.27 - - [19/Aug/2026:00:33:58 +0200] "GET /new-products.php?&seo_cat=&x5=1&debut=0&seo_cat=&x21=1&debut=0&seo_cat=&x23=1&debut=0&seo_cat=&x23=0&debut=0&seo_cat=&x21=0&debut=0&seo_cat=&x20=1&debut=0&seo_cat=&x5=0&debut=0 HTTP/1.1" 200 168072 "-" "Mozilla/5.0 (compatible; SERankingBacklinksBot/1.0; +https://seranking.com/backlinks-crawler)"
144.76.19.27 - - [19/Aug/2026:00:34:01 +0200] "GET /new-products.php?&seo_cat=&x20=1&debut=0&seo_cat=&x17=1&debut=0&seo_cat=&x5=1&debut=0&seo_cat=&x17=0&debut=0&seo_cat=&x21=1&debut=0&seo_cat=&x5=0&debut=0&seo_cat=&x20=0&debut=0 HTTP/1.1" 200 133601 "-" "Mozilla/5.0 (compatible; SERankingBacklinksBot/1.0; +https://seranking.com/backlinks-crawler)"
83.99.206.55 - - [19/Aug/2026:00:34:03 +0200] "GET /new-products.php?&seo_cat=&x17=1&debut=0&seo_cat=&x5=1&debut=0&seo_cat=&x20=1&debut=0&seo_cat=&x21=1&debut=0&seo_cat=&x23=1&debut=0&debut=24&a=24&b=1&seo_cat=&x23=0&debut=0 HTTP/1.1" 200 203421 "-" "Mozilla/5.0 (X11; Linux x86_64) AppleWebKit/537.36 (KHTML, like Gecko; GeedoShopProductFinder) Chrome/142.0.0.0 Safari/537.36"
144.76.19.27 - - [19/Aug/2026:00:34:05 +0200] "GET /new-products.php?&seo_cat=&x5=1&debut=0&seo_cat=&x21=1&debut=0&seo_cat=&x23=1&debut=0&seo_cat=&x23=0&debut=0&seo_cat=&x21=0&debut=0&seo_cat=&x21=1&debut=0&seo_cat=&x5=0&debut=0 HTTP/1.1" 200 133519 "-" "Mozilla/5.0 (compatible; SERankingBacklinksBot/1.0; +https://seranking.com/backlinks-crawler)"
144.76.19.27 - - [19/Aug/2026:00:34:08 +0200] "GET /new-products.php?&seo_cat=&x20=1&debut=0&seo_cat=&x17=1&debut=0&seo_cat=&x5=1&debut=0&seo_cat=&x17=0&debut=0&seo_cat=&x21=1&debut=0&seo_cat=&x5=0&debut=0&seo_cat=&x21=0&debut=0 HTTP/1.1" 200 168270 "-" "Mozilla/5.0 (compatible; SERankingBacklinksBot/1.0; +https://seranking.com/backlinks-crawler)"
144.76.19.27 - - [19/Aug/2026:00:34:11 +0200] "GET /new-products.php?&seo_cat=&x5=1&debut=0&seo_cat=&x21=1&debut=0&seo_cat=&x23=1&debut=0&seo_cat=&x23=0&debut=0&seo_cat=&x21=0&debut=0&seo_cat=&x23=1&debut=0&seo_cat=&x5=0&debut=0 HTTP/1.1" 200 71100 "-" "Mozilla/5.0 (compatible; SERankingBacklinksBot/1.0; +https://seranking.com/backlinks-crawler)"
185.191.171.18 - - [19/Aug/2026:00:34:12 +0200] "GET /new-products.php?a=24&a=24&b=1&b=1&debut=0&debut=0&debut=0&debut=0&debut=0&debut=0&debut=0&debut=0&debut=0&debut=0&debut=24&histo_track=1&seo_cat&seo_cat&seo_cat&seo_cat&seo_cat&seo_cat&seo_cat&seo_cat&seo_cat&x17=0&x17=0&x17=1&x20=0&x20=0&x20=0&x20=1&x5=0&x5=1 HTTP/1.1" 200 89556 "-" "Mozilla/5.0 (compatible; SemrushBot/7~bl; +http://www.semrush.com/bot.html)"
144.76.19.27 - - [19/Aug/2026:00:34:14 +0200] "GET /new-products.php?&seo_cat=&x20=1&debut=0&seo_cat=&x17=1&debut=0&seo_cat=&x5=1&debut=0&seo_cat=&x17=0&debut=0&seo_cat=&x21=1&debut=0&seo_cat=&x5=0&debut=0&seo_cat=&x23=1&debut=0 HTTP/1.1" 200 203623 "-" "Mozilla/5.0 (compatible; SERankingBacklinksBot/1.0; +https://seranking.com/backlinks-crawler)"
144.76.19.27 - - [19/Aug/2026:00:34:18 +0200] "GET /new-products.php?&seo_cat=&x5=1&debut=0&seo_cat=&x21=1&debut=0&seo_cat=&x23=1&debut=0&seo_cat=&x23=0&debut=0&seo_cat=&x21=0&debut=0&seo_cat=&x5=0&debut=0&seo_cat=&x17=1&debut=0 HTTP/1.1" 200 93343 "-" "Mozilla/5.0 (compatible; SERankingBacklinksBot/1.0; +https://seranking.com/backlinks-crawler)"
144.76.19.27 - - [19/Aug/2026:00:34:21 +0200] "GET /new-products.php?&seo_cat=&x20=1&debut=0&seo_cat=&x17=1&debut=0&seo_cat=&x5=1&debut=0&seo_cat=&x17=0&debut=0&seo_cat=&x23=1&debut=0&seo_cat=&x17=1&debut=0&seo_cat=&x5=0&debut=0 HTTP/1.1" 200 203283 "-" "Mozilla/5.0 (compatible; SERankingBacklinksBot/1.0; +https://seranking.com/backlinks-crawler)"
83.99.206.59 - - [19/Aug/2026:00:34:23 +0200] "GET /marques.php?seo=20-lits-gigognes&seo_marq=20&t60=1&debut=0&seo_marq=20&t47=1&debut=0&seo_marq=20&t60=0&debut=0&seo_marq=20&t58=1&debut=0&seo_marq=20&t58=0&debut=0&seo_marq=20&t60=1&debut=0&seo_marq=20&t60=0&debut=0&seo_marq=20&t59=1&debut=0&seo_marq=20&t59=0&debut=0&seo_marq=20&t47=0&debut=0 HTTP/1.1" 200 182391 "-" "Mozilla/5.0 (X11; Linux x86_64) AppleWebKit/537.36 (KHTML, like Gecko; GeedoShopProductFinder) Chrome/142.0.0.0 Safari/537.36"
144.76.19.27 - - [19/Aug/2026:00:34:24 +0200] "GET /new-products.php?&seo_cat=&x5=1&debut=0&seo_cat=&x21=1&debut=0&seo_cat=&x23=1&debut=0&seo_cat=&x23=0&debut=0&seo_cat=&x21=0&debut=0&seo_cat=&x5=0&debut=0&seo_cat=&x20=1&debut=0 HTTP/1.1" 200 168020 "-" "Mozilla/5.0 (compatible; SERankingBacklinksBot/1.0; +https://seranking.com/backlinks-crawler)"
144.76.19.27 - - [19/Aug/2026:00:34:28 +0200] "GET /new-products.php?&seo_cat=&x20=1&debut=0&seo_cat=&x17=1&debut=0&seo_cat=&x5=1&debut=0&seo_cat=&x17=0&debut=0&seo_cat=&x23=1&debut=0&seo_cat=&x20=0&debut=0&seo_cat=&x5=0&debut=0 HTTP/1.1" 200 71012 "-" "Mozilla/5.0 (compatible; SERankingBacklinksBot/1.0; +https://seranking.com/backlinks-crawler)"
144.76.19.27 - - [19/Aug/2026:00:34:31 +0200] "GET /new-products.php?&seo_cat=&x5=1&debut=0&seo_cat=&x21=1&debut=0&seo_cat=&x23=1&debut=0&seo_cat=&x23=0&debut=0&seo_cat=&x21=0&debut=0&seo_cat=&x5=0&debut=0&seo_cat=&x21=1&debut=0 HTTP/1.1" 200 133605 "-" "Mozilla/5.0 (compatible; SERankingBacklinksBot/1.0; +https://seranking.com/backlinks-crawler)"
144.76.19.27 - - [19/Aug/2026:00:34:34 +0200] "GET /new-products.php?&seo_cat=&x20=1&debut=0&seo_cat=&x17=1&debut=0&seo_cat=&x5=1&debut=0&seo_cat=&x17=0&debut=0&seo_cat=&x23=1&debut=0&seo_cat=&x21=1&debut=0&seo_cat=&x5=0&debut=0 HTTP/1.1" 200 203621 "-" "Mozilla/5.0 (compatible; SERankingBacklinksBot/1.0; +https://seranking.com/backlinks-crawler)"
144.76.19.27 - - [19/Aug/2026:00:34:37 +0200] "GET /new-products.php?&seo_cat=&x5=1&debut=0&seo_cat=&x21=1&debut=0&seo_cat=&x23=1&debut=0&seo_cat=&x23=0&debut=0&seo_cat=&x21=0&debut=0&seo_cat=&x5=0&debut=0&seo_cat=&x23=1&debut=0 HTTP/1.1" 200 71104 "-" "Mozilla/5.0 (compatible; SERankingBacklinksBot/1.0; +https://seranking.com/backlinks-crawler)"
144.76.19.27 - - [19/Aug/2026:00:34:41 +0200] "GET /new-products.php?&seo_cat=&x20=1&debut=0&seo_cat=&x17=1&debut=0&seo_cat=&x5=1&debut=0&seo_cat=&x17=0&debut=0&seo_cat=&x23=1&debut=0&seo_cat=&x23=0&debut=0&seo_cat=&x5=0&debut=0 HTTP/1.1" 200 168068 "-" "Mozilla/5.0 (compatible; SERankingBacklinksBot/1.0; +https://seranking.com/backlinks-crawler)"
83.99.206.59 - - [19/Aug/2026:00:34:43 +0200] "GET /category.php?seo=52-oreillers&histo_track=1&seo_cat=52&x17=1&debut=0&seo_cat=52&x23=1&debut=0&seo_cat=52&x23=0&debut=0 HTTP/1.1" 200 77390 "-" "Mozilla/5.0 (X11; Linux x86_64) AppleWebKit/537.36 (KHTML, like Gecko; GeedoShopProductFinder) Chrome/142.0.0.0 Safari/537.36"
144.76.19.27 - - [19/Aug/2026:00:34:44 +0200] "GET /new-products.php?&seo_cat=&x5=1&debut=0&seo_cat=&x21=1&debut=0&seo_cat=&x23=1&debut=0&seo_cat=&x23=0&debut=0&seo_cat=&x23=1&debut=0&seo_cat=&x17=1&debut=0&seo_cat=&x5=0&debut=0 HTTP/1.1" 200 168338 "-" "Mozilla/5.0 (compatible; SERankingBacklinksBot/1.0; +https://seranking.com/backlinks-crawler)"
85.208.96.197 - - [19/Aug/2026:00:34:47 +0200] "GET /new-products.php?a=24&a=24&a=24&a=24&a=24&a=25&b=1&b=1&b=1&b=1&b=1&b=1&debut=0&debut=0&debut=0&debut=0&debut=0&debut=0&debut=0&debut=0&debut=0&debut=0&debut=0&debut=0&debut=0&debut=0&debut=0&debut=25&histo_track=1&seo_cat&seo_cat&seo_cat&seo_cat&seo_cat&seo_cat&seo_cat&seo_cat&seo_cat&seo_cat&x20=1&x21=1&x22=0&x22=0&x22=1&x23=0&x23=0&x23=0&x23=0&x23=1 HTTP/1.1" 200 103202 "-" "Mozilla/5.0 (compatible; SemrushBot/7~bl; +http://www.semrush.com/bot.html)"
144.76.19.27 - - [19/Aug/2026:00:34:47 +0200] "GET /new-products.php?&seo_cat=&x20=1&debut=0&seo_cat=&x17=1&debut=0&seo_cat=&x5=1&debut=0&seo_cat=&x17=0&debut=0&seo_cat=&x23=1&debut=0&seo_cat=&x5=0&debut=0&seo_cat=&x17=1&debut=0 HTTP/1.1" 200 203273 "-" "Mozilla/5.0 (compatible; SERankingBacklinksBot/1.0; +https://seranking.com/backlinks-crawler)"
144.76.19.27 - - [19/Aug/2026:00:34:50 +0200] "GET /new-products.php?&seo_cat=&x5=1&debut=0&seo_cat=&x21=1&debut=0&seo_cat=&x23=1&debut=0&seo_cat=&x23=0&debut=0&seo_cat=&x23=1&debut=0&seo_cat=&x20=1&debut=0&seo_cat=&x5=0&debut=0 HTTP/1.1" 200 203693 "-" "Mozilla/5.0 (compatible; SERankingBacklinksBot/1.0; +https://seranking.com/backlinks-crawler)"
144.76.19.27 - - [19/Aug/2026:00:34:54 +0200] "GET /new-products.php?&seo_cat=&x20=1&debut=0&seo_cat=&x17=1&debut=0&seo_cat=&x5=1&debut=0&seo_cat=&x17=0&debut=0&seo_cat=&x23=1&debut=0&seo_cat=&x5=0&debut=0&seo_cat=&x20=0&debut=0 HTTP/1.1" 200 71104 "-" "Mozilla/5.0 (compatible; SERankingBacklinksBot/1.0; +https://seranking.com/backlinks-crawler)"
144.76.19.27 - - [19/Aug/2026:00:34:57 +0200] "GET /new-products.php?&seo_cat=&x5=1&debut=0&seo_cat=&x21=1&debut=0&seo_cat=&x23=1&debut=0&seo_cat=&x23=0&debut=0&seo_cat=&x23=1&debut=0&seo_cat=&x21=0&debut=0&seo_cat=&x5=0&debut=0 HTTP/1.1" 200 71028 "-" "Mozilla/5.0 (compatible; SERankingBacklinksBot/1.0; +https://seranking.com/backlinks-crawler)"
144.76.19.27 - - [19/Aug/2026:00:35:01 +0200] "GET /new-products.php?&seo_cat=&x20=1&debut=0&seo_cat=&x17=1&debut=0&seo_cat=&x5=1&debut=0&seo_cat=&x17=0&debut=0&seo_cat=&x23=1&debut=0&seo_cat=&x5=0&debut=0&seo_cat=&x21=1&debut=0 HTTP/1.1" 200 203697 "-" "Mozilla/5.0 (compatible; SERankingBacklinksBot/1.0; +https://seranking.com/backlinks-crawler)"
83.99.206.59 - - [19/Aug/2026:00:35:03 +0200] "GET /category.php?seo=52-oreillers&histo_track=1&seo_cat=52&x17=1&debut=0&seo_cat=52&x17=0&debut=0&seo_cat=52&x23=1&debut=0 HTTP/1.1" 200 72605 "-" "Mozilla/5.0 (X11; Linux x86_64) AppleWebKit/537.36 (KHTML, like Gecko; GeedoShopProductFinder) Chrome/142.0.0.0 Safari/537.36"
144.76.19.27 - - [19/Aug/2026:00:35:04 +0200] "GET /new-products.php?&seo_cat=&x5=1&debut=0&seo_cat=&x21=1&debut=0&seo_cat=&x23=1&debut=0&seo_cat=&x23=0&debut=0&seo_cat=&x23=1&debut=0&seo_cat=&x23=0&debut=0&seo_cat=&x5=0&debut=0 HTTP/1.1" 200 133605 "-" "Mozilla/5.0 (compatible; SERankingBacklinksBot/1.0; +https://seranking.com/backlinks-crawler)"
144.76.19.27 - - [19/Aug/2026:00:35:07 +0200] "GET /new-products.php?&seo_cat=&x20=1&debut=0&seo_cat=&x17=1&debut=0&seo_cat=&x5=1&debut=0&seo_cat=&x17=0&debut=0&seo_cat=&x23=1&debut=0&seo_cat=&x5=0&debut=0&seo_cat=&x23=0&debut=0 HTTP/1.1" 200 168052 "-" "Mozilla/5.0 (compatible; SERankingBacklinksBot/1.0; +https://seranking.com/backlinks-crawler)"
144.76.19.27 - - [19/Aug/2026:00:35:10 +0200] "GET /new-products.php?&seo_cat=&x5=1&debut=0&seo_cat=&x21=1&debut=0&seo_cat=&x23=1&debut=0&seo_cat=&x23=0&debut=0&seo_cat=&x23=1&debut=0&seo_cat=&x5=0&debut=0&seo_cat=&x17=1&debut=0 HTTP/1.1" 200 168428 "-" "Mozilla/5.0 (compatible; SERankingBacklinksBot/1.0; +https://seranking.com/backlinks-crawler)"
144.76.19.27 - - [19/Aug/2026:00:35:14 +0200] "GET /new-products.php?&seo_cat=&x20=1&debut=0&seo_cat=&x17=1&debut=0&seo_cat=&x5=1&debut=0&seo_cat=&x17=0&debut=0&seo_cat=&x5=0&debut=0&seo_cat=&x17=1&debut=0&seo_cat=&x17=0&debut=0 HTTP/1.1" 200 168110 "-" "Mozilla/5.0 (compatible; SERankingBacklinksBot/1.0; +https://seranking.com/backlinks-crawler)"
144.76.19.27 - - [19/Aug/2026:00:35:17 +0200] "GET /new-products.php?&seo_cat=&x5=1&debut=0&seo_cat=&x21=1&debut=0&seo_cat=&x23=1&debut=0&seo_cat=&x23=0&debut=0&seo_cat=&x23=1&debut=0&seo_cat=&x5=0&debut=0&seo_cat=&x20=1&debut=0 HTTP/1.1" 200 203735 "-" "Mozilla/5.0 (compatible; SERankingBacklinksBot/1.0; +https://seranking.com/backlinks-crawler)"
144.76.19.27 - - [19/Aug/2026:00:35:20 +0200] "GET /new-products.php?&seo_cat=&x20=1&debut=0&seo_cat=&x17=1&debut=0&seo_cat=&x5=1&debut=0&seo_cat=&x17=0&debut=0&seo_cat=&x5=0&debut=0&seo_cat=&x17=1&debut=0&seo_cat=&x20=0&debut=0 HTTP/1.1" 200 93311 "-" "Mozilla/5.0 (compatible; SERankingBacklinksBot/1.0; +https://seranking.com/backlinks-crawler)"
83.99.206.59 - - [19/Aug/2026:00:35:23 +0200] "GET /new-products.php?&seo_cat=&x17=1&debut=0&seo_cat=&x5=1&debut=0&seo_cat=&x20=1&debut=0&seo_cat=&x5=0&debut=0&seo_cat=&x17=0&debut=0&seo_cat=&x20=0&debut=0&seo_cat=&x20=1&debut=0 HTTP/1.1" 200 168020 "-" "Mozilla/5.0 (X11; Linux x86_64) AppleWebKit/537.36 (KHTML, like Gecko; GeedoShopProductFinder) Chrome/142.0.0.0 Safari/537.36"
144.76.19.27 - - [19/Aug/2026:00:35:23 +0200] "GET /new-products.php?&seo_cat=&x5=1&debut=0&seo_cat=&x21=1&debut=0&seo_cat=&x23=1&debut=0&seo_cat=&x23=0&debut=0&seo_cat=&x23=1&debut=0&seo_cat=&x5=0&debut=0&seo_cat=&x21=0&debut=0 HTTP/1.1" 200 71030 "-" "Mozilla/5.0 (compatible; SERankingBacklinksBot/1.0; +https://seranking.com/backlinks-crawler)"
144.76.19.27 - - [19/Aug/2026:00:35:27 +0200] "GET /new-products.php?&seo_cat=&x20=1&debut=0&seo_cat=&x17=1&debut=0&seo_cat=&x5=1&debut=0&seo_cat=&x17=0&debut=0&seo_cat=&x5=0&debut=0&seo_cat=&x17=1&debut=0&seo_cat=&x21=1&debut=0 HTTP/1.1" 200 203603 "-" "Mozilla/5.0 (compatible; SERankingBacklinksBot/1.0; +https://seranking.com/backlinks-crawler)"
144.76.19.27 - - [19/Aug/2026:00:35:30 +0200] "GET /new-products.php?&seo_cat=&x5=1&debut=0&seo_cat=&x21=1&debut=0&seo_cat=&x23=1&debut=0&seo_cat=&x23=0&debut=0&seo_cat=&x23=1&debut=0&seo_cat=&x5=0&debut=0&seo_cat=&x23=0&debut=0 HTTP/1.1" 200 133529 "-" "Mozilla/5.0 (compatible; SERankingBacklinksBot/1.0; +https://seranking.com/backlinks-crawler)"
144.76.19.27 - - [19/Aug/2026:00:35:33 +0200] "GET /new-products.php?&seo_cat=&x20=1&debut=0&seo_cat=&x17=1&debut=0&seo_cat=&x5=1&debut=0&seo_cat=&x17=0&debut=0&seo_cat=&x5=0&debut=0&seo_cat=&x17=1&debut=0&seo_cat=&x23=1&debut=0 HTTP/1.1" 200 203267 "-" "Mozilla/5.0 (compatible; SERankingBacklinksBot/1.0; +https://seranking.com/backlinks-crawler)"
185.191.171.5 - - [19/Aug/2026:00:35:34 +0200] "GET /new-products.php?debut=0&debut=0&debut=0&debut=0&debut=0&debut=0&debut=0&debut=0&debut=0&seo_cat&seo_cat&seo_cat&seo_cat&seo_cat&seo_cat&seo_cat&seo_cat&seo_cat&x17=1&x20=0&x20=0&x20=1&x21=0&x21=0&x21=1&x23=1&x5=1 HTTP/1.1" 200 204806 "-" "Mozilla/5.0 (compatible; SemrushBot/7~bl; +http://www.semrush.com/bot.html)"
185.191.171.5 - - [19/Aug/2026:00:35:36 +0200] "GET /new-products.php?debut=0&debut=0&debut=0&debut=0&debut=0&debut=0&debut=0&debut=0&debut=0&seo_cat&seo_cat&seo_cat&seo_cat&seo_cat&seo_cat&seo_cat&seo_cat&seo_cat&x17=1&x20=0&x20=0&x20=1&x21=0&x21=0&x21=1&x23=1&x5=1 HTTP/1.1" 200 204942 "-" "Mozilla/5.0 (compatible; SemrushBot/7~bl; +http://www.semrush.com/bot.html)"
144.76.19.27 - - [19/Aug/2026:00:35:36 +0200] "GET /new-products.php?&seo_cat=&x5=1&debut=0&seo_cat=&x21=1&debut=0&seo_cat=&x23=1&debut=0&seo_cat=&x23=0&debut=0&seo_cat=&x5=0&debut=0&seo_cat=&x17=1&debut=0&seo_cat=&x17=0&debut=0 HTTP/1.1" 200 133519 "-" "Mozilla/5.0 (compatible; SERankingBacklinksBot/1.0; +https://seranking.com/backlinks-crawler)"
85.208.96.206 - - [19/Aug/2026:00:35:38 +0200] "GET /new-products.php?debut=0&debut=0&debut=0&debut=0&debut=0&debut=0&debut=0&debut=0&debut=0&debut=0&debut=0&debut=0&debut=0&debut=0&debut=0&debut=0&seo_cat&seo_cat&seo_cat&seo_cat&seo_cat&seo_cat&seo_cat&seo_cat&seo_cat&seo_cat&seo_cat&seo_cat&seo_cat&seo_cat&seo_cat&seo_cat&x17=1&x20=1&x21=0&x21=0&x21=1&x22=0&x22=1&x23=1&x5=0&x5=0&x5=0&x5=0&x5=0&x5=0&x5=0&x5=1 HTTP/1.1" 200 209363 "-" "Mozilla/5.0 (compatible; SemrushBot/7~bl; +http://www.semrush.com/bot.html)"
144.76.19.27 - - [19/Aug/2026:00:35:40 +0200] "GET /new-products.php?&seo_cat=&x20=1&debut=0&seo_cat=&x17=1&debut=0&seo_cat=&x5=1&debut=0&seo_cat=&x17=0&debut=0&seo_cat=&x5=0&debut=0&seo_cat=&x20=0&debut=0&seo_cat=&x17=1&debut=0 HTTP/1.1" 200 93337 "-" "Mozilla/5.0 (compatible; SERankingBacklinksBot/1.0; +https://seranking.com/backlinks-crawler)"
85.208.96.206 - - [19/Aug/2026:00:35:40 +0200] "GET /new-products.php?debut=0&debut=0&debut=0&debut=0&debut=0&debut=0&debut=0&debut=0&debut=0&debut=0&debut=0&debut=0&debut=0&debut=0&debut=0&debut=0&seo_cat&seo_cat&seo_cat&seo_cat&seo_cat&seo_cat&seo_cat&seo_cat&seo_cat&seo_cat&seo_cat&seo_cat&seo_cat&seo_cat&seo_cat&seo_cat&x17=1&x20=1&x21=0&x21=0&x21=1&x22=0&x22=1&x23=1&x5=0&x5=0&x5=0&x5=0&x5=0&x5=0&x5=0&x5=1 HTTP/1.1" 200 209307 "-" "Mozilla/5.0 (compatible; SemrushBot/7~bl; +http://www.semrush.com/bot.html)"
144.76.19.27 - - [19/Aug/2026:00:35:43 +0200] "GET /new-products.php?&seo_cat=&x5=1&debut=0&seo_cat=&x21=1&debut=0&seo_cat=&x23=1&debut=0&seo_cat=&x23=0&debut=0&seo_cat=&x5=0&debut=0&seo_cat=&x17=1&debut=0&seo_cat=&x20=1&debut=0 HTTP/1.1" 200 203529 "-" "Mozilla/5.0 (compatible; SERankingBacklinksBot/1.0; +https://seranking.com/backlinks-crawler)"
185.191.171.12 - - [19/Aug/2026:00:35:43 +0200] "GET /categorie-55-cadres-a-lattes-duo HTTP/1.1" 200 91615 "-" "Mozilla/5.0 (compatible; SemrushBot/7~bl; +http://www.semrush.com/bot.html)"
144.76.19.27 - - [19/Aug/2026:00:35:46 +0200] "GET /new-products.php?&seo_cat=&x20=1&debut=0&seo_cat=&x17=1&debut=0&seo_cat=&x5=1&debut=0&seo_cat=&x17=0&debut=0&seo_cat=&x5=0&debut=0&seo_cat=&x20=0&debut=0&seo_cat=&x20=1&debut=0 HTTP/1.1" 200 168078 "-" "Mozilla/5.0 (compatible; SERankingBacklinksBot/1.0; +https://seranking.com/backlinks-crawler)"
144.76.19.27 - - [19/Aug/2026:00:35:49 +0200] "GET /new-products.php?&seo_cat=&x5=1&debut=0&seo_cat=&x21=1&debut=0&seo_cat=&x23=1&debut=0&seo_cat=&x23=0&debut=0&seo_cat=&x5=0&debut=0&seo_cat=&x17=1&debut=0&seo_cat=&x21=0&debut=0 HTTP/1.1" 200 93313 "-" "Mozilla/5.0 (compatible; SERankingBacklinksBot/1.0; +https://seranking.com/backlinks-crawler)"
185.191.171.5 - - [19/Aug/2026:00:35:52 +0200] "GET /category.php?a=24&a=24&a=24&a=24&a=25&a=25&b=1&b=1&b=1&b=1&b=1&b=1&debut=0&debut=0&debut=0&debut=0&debut=0&debut=0&debut=0&debut=0&debut=0&debut=0&debut=0&debut=0&debut=0&debut=0&debut=25&seo=47-lits-gigognes&seo_cat=47&seo_cat=47&seo_cat=47&seo_cat=47&seo_cat=47&seo_cat=47&seo_cat=47&seo_cat=47&seo_cat=47&t58=1&t59=1&t60=1&t62=1&x20=1&x5=0&x5=0&x5=0&x5=1 HTTP/1.1" 200 70401 "-" "Mozilla/5.0 (compatible; SemrushBot/7~bl; +http://www.semrush.com/bot.html)"
144.76.19.27 - - [19/Aug/2026:00:35:53 +0200] "GET /new-products.php?&seo_cat=&x20=1&debut=0&seo_cat=&x17=1&debut=0&seo_cat=&x5=1&debut=0&seo_cat=&x17=0&debut=0&seo_cat=&x5=0&debut=0&seo_cat=&x20=0&debut=0&seo_cat=&x21=1&debut=0 HTTP/1.1" 200 133587 "-" "Mozilla/5.0 (compatible; SERankingBacklinksBot/1.0; +https://seranking.com/backlinks-crawler)"
185.191.171.13 - - [19/Aug/2026:00:35:54 +0200] "GET /new-products.php?a=25&b=1&debut=0&debut=0&debut=0&debut=0&debut=0&debut=0&debut=0&debut=0&debut=0&debut=0&debut=0&debut=0&debut=0&debut=0&debut=0&debut=25&seo_cat&seo_cat&seo_cat&seo_cat&seo_cat&seo_cat&seo_cat&seo_cat&seo_cat&seo_cat&seo_cat&seo_cat&seo_cat&seo_cat&seo_cat&x17=0&x17=1&x20=0&x20=1&x21=0&x21=0&x21=0&x21=0&x21=0&x21=1&x22=1&x5=0&x5=0&x5=0&x5=1 HTTP/1.1" 200 155620 "-" "Mozilla/5.0 (compatible; SemrushBot/7~bl; +http://www.semrush.com/bot.html)"
144.76.19.27 - - [19/Aug/2026:00:35:56 +0200] "GET /new-products.php?&seo_cat=&x5=1&debut=0&seo_cat=&x21=1&debut=0&seo_cat=&x23=1&debut=0&seo_cat=&x23=0&debut=0&seo_cat=&x5=0&debut=0&seo_cat=&x17=1&debut=0&seo_cat=&x23=1&debut=0 HTTP/1.1" 200 168454 "-" "Mozilla/5.0 (compatible; SERankingBacklinksBot/1.0; +https://seranking.com/backlinks-crawler)"
144.76.19.27 - - [19/Aug/2026:00:35:59 +0200] "GET /new-products.php?&seo_cat=&x20=1&debut=0&seo_cat=&x17=1&debut=0&seo_cat=&x5=1&debut=0&seo_cat=&x17=0&debut=0&seo_cat=&x5=0&debut=0&seo_cat=&x20=0&debut=0&seo_cat=&x23=1&debut=0 HTTP/1.1" 200 71100 "-" "Mozilla/5.0 (compatible; SERankingBacklinksBot/1.0; +https://seranking.com/backlinks-crawler)"
85.208.96.200 - - [19/Aug/2026:00:36:00 +0200] "GET /new-products.php?debut=0&debut=0&debut=0&debut=0&debut=0&debut=0&debut=0&debut=0&debut=0&debut=0&debut=0&seo_cat&seo_cat&seo_cat&seo_cat&seo_cat&seo_cat&seo_cat&seo_cat&seo_cat&seo_cat&seo_cat&x17=0&x17=0&x17=0&x17=1&x20=1&x21=0&x21=1&x22=1&x23=1&x5=0&x5=1 HTTP/1.1" 200 206101 "-" "Mozilla/5.0 (compatible; SemrushBot/7~bl; +http://www.semrush.com/bot.html)"
85.208.96.200 - - [19/Aug/2026:00:36:00 +0200] "GET /new-products.php?debut=0&debut=0&debut=0&debut=0&debut=0&debut=0&debut=0&debut=0&debut=0&debut=0&debut=0&seo_cat&seo_cat&seo_cat&seo_cat&seo_cat&seo_cat&seo_cat&seo_cat&seo_cat&seo_cat&seo_cat&x17=0&x17=0&x17=0&x17=1&x20=1&x21=0&x21=1&x22=1&x23=1&x5=0&x5=1 HTTP/1.1" 200 206025 "-" "Mozilla/5.0 (compatible; SemrushBot/7~bl; +http://www.semrush.com/bot.html)"
144.76.19.27 - - [19/Aug/2026:00:36:02 +0200] "GET /new-products.php?&seo_cat=&x5=1&debut=0&seo_cat=&x21=1&debut=0&seo_cat=&x23=1&debut=0&seo_cat=&x23=0&debut=0&seo_cat=&x5=0&debut=0&seo_cat=&x20=1&debut=0&seo_cat=&x17=1&debut=0 HTTP/1.1" 200 203603 "-" "Mozilla/5.0 (compatible; SERankingBacklinksBot/1.0; +https://seranking.com/backlinks-crawler)"
144.76.19.27 - - [19/Aug/2026:00:36:06 +0200] "GET /new-products.php?&seo_cat=&x20=1&debut=0&seo_cat=&x17=1&debut=0&seo_cat=&x5=1&debut=0&seo_cat=&x17=0&debut=0&seo_cat=&x5=0&debut=0&seo_cat=&x21=1&debut=0&seo_cat=&x17=1&debut=0 HTTP/1.1" 200 203621 "-" "Mozilla/5.0 (compatible; SERankingBacklinksBot/1.0; +https://seranking.com/backlinks-crawler)"
