83.99.206.239 - - [19/Aug/2026:03:26:49 +0200] "GET /new-products.php?&seo_cat=&x17=1&debut=0&seo_cat=&x5=1&debut=0&seo_cat=&x20=1&debut=0&seo_cat=&x21=1&debut=0&seo_cat=&x23=1&debut=0&debut=24&a=24&b=1&seo_cat=&x23=0&debut=0&seo_cat=&x23=1&debut=0 HTTP/1.1" 200 204210 "-" "Mozilla/5.0 (X11; Linux x86_64) AppleWebKit/537.36 (KHTML, like Gecko; GeedoShopProductFinder) Chrome/142.0.0.0 Safari/537.36"
144.76.19.27 - - [19/Aug/2026:03:26:51 +0200] "GET /new-products.php?&seo_cat=&x21=1&debut=0&seo_cat=&x17=1&debut=0&seo_cat=&x20=1&debut=0&seo_cat=&x17=0&debut=0&seo_cat=&x5=1&debut=0&seo_cat=&x20=0&debut=0&seo_cat=&x21=0&debut=0 HTTP/1.1" 200 93282 "-" "Mozilla/5.0 (compatible; SERankingBacklinksBot/1.0; +https://seranking.com/backlinks-crawler)"
144.76.19.27 - - [19/Aug/2026:03:26:54 +0200] "GET /new-products.php?&seo_cat=&x20=1&debut=0&seo_cat=&x20=0&debut=0&seo_cat=&x17=1&debut=0&seo_cat=&x23=1&debut=0&seo_cat=&x5=1&debut=0&seo_cat=&x20=1&debut=0&seo_cat=&x17=0&debut=0 HTTP/1.1" 200 203339 "-" "Mozilla/5.0 (compatible; SERankingBacklinksBot/1.0; +https://seranking.com/backlinks-crawler)"
144.76.19.27 - - [19/Aug/2026:03:26:57 +0200] "GET /new-products.php?&seo_cat=&x5=1&debut=0&seo_cat=&x21=1&debut=0&seo_cat=&x23=1&debut=0&seo_cat=&x20=1&debut=0&seo_cat=&x23=0&debut=0&seo_cat=&x21=0&debut=0&seo_cat=&x20=0&debut=0 HTTP/1.1" 200 93350 "-" "Mozilla/5.0 (compatible; SERankingBacklinksBot/1.0; +https://seranking.com/backlinks-crawler)"
85.208.96.208 - - [19/Aug/2026:03:26:59 +0200] "GET /new-products.php?a=24&a=25&a=25&a=25&a=25&a=25&a=25&b=1&b=1&b=1&b=1&b=1&b=1&b=1&debut=0&debut=0&debut=0&debut=0&debut=0&debut=0&debut=0&debut=0&debut=0&debut=0&debut=0&debut=0&debut=0&debut=0&debut=0&debut=25&seo_cat&seo_cat&seo_cat&seo_cat&seo_cat&seo_cat&seo_cat&seo_cat&seo_cat&x17=1&x20=1&x21=0&x21=0&x21=1&x23=0&x23=0&x23=0&x23=1 HTTP/1.1" 200 132339 "-" "Mozilla/5.0 (compatible; SemrushBot/7~bl; +http://www.semrush.com/bot.html)"
144.76.19.27 - - [19/Aug/2026:03:27:01 +0200] "GET /new-products.php?&seo_cat=&x21=1&debut=0&seo_cat=&x23=1&debut=0&seo_cat=&x20=1&debut=0&seo_cat=&x5=1&debut=0&seo_cat=&x23=0&debut=0&seo_cat=&x20=0&debut=0&seo_cat=&x23=1&debut=0 HTTP/1.1" 200 168314 "-" "Mozilla/5.0 (compatible; SERankingBacklinksBot/1.0; +https://seranking.com/backlinks-crawler)"
144.76.19.27 - - [19/Aug/2026:03:27:04 +0200] "GET /new-products.php?&seo_cat=&x21=1&debut=0&seo_cat=&x17=1&debut=0&seo_cat=&x20=1&debut=0&seo_cat=&x17=0&debut=0&seo_cat=&x5=1&debut=0&seo_cat=&x20=0&debut=0&seo_cat=&x23=1&debut=0 HTTP/1.1" 200 168402 "-" "Mozilla/5.0 (compatible; SERankingBacklinksBot/1.0; +https://seranking.com/backlinks-crawler)"
85.208.96.193 - - [19/Aug/2026:03:27:06 +0200] "GET /new-products.php?a=24&b=1&debut=0&debut=0&debut=0&debut=0&debut=0&debut=0&debut=0&debut=0&debut=0&debut=0&debut=0&debut=0&debut=0&debut=24&seo_cat&seo_cat&seo_cat&seo_cat&seo_cat&seo_cat&seo_cat&seo_cat&seo_cat&seo_cat&seo_cat&seo_cat&seo_cat&x17=0&x17=0&x17=1&x20=1&x21=0&x21=0&x21=0&x21=0&x21=0&x21=0&x21=1&x5=0&x5=1 HTTP/1.1" 200 160625 "-" "Mozilla/5.0 (compatible; SemrushBot/7~bl; +http://www.semrush.com/bot.html)"
144.76.19.27 - - [19/Aug/2026:03:27:07 +0200] "GET /new-products.php?&seo_cat=&x20=1&debut=0&seo_cat=&x20=0&debut=0&seo_cat=&x17=1&debut=0&seo_cat=&x23=1&debut=0&seo_cat=&x5=1&debut=0&seo_cat=&x20=1&debut=0&seo_cat=&x20=0&debut=0 HTTP/1.1" 200 128050 "-" "Mozilla/5.0 (compatible; SERankingBacklinksBot/1.0; +https://seranking.com/backlinks-crawler)"
85.208.96.193 - - [19/Aug/2026:03:27:08 +0200] "GET /category.php?debut=0&debut=0&debut=0&debut=0&debut=0&debut=0&debut=0&debut=0&debut=0&debut=0&debut=0&debut=0&seo=47-lits-gigognes&seo_cat=47&seo_cat=47&seo_cat=47&seo_cat=47&seo_cat=47&seo_cat=47&seo_cat=47&seo_cat=47&seo_cat=47&seo_cat=47&seo_cat=47&seo_cat=47&t58=0&t58=0&t58=0&t58=0&t58=0&t58=0&t58=1&x20=0&x20=0&x20=0&x20=0&x20=1 HTTP/1.1" 200 131363 "-" "Mozilla/5.0 (compatible; SemrushBot/7~bl; +http://www.semrush.com/bot.html)"
83.99.206.239 - - [19/Aug/2026:03:27:10 +0200] "GET /marques.php?seo=20-lits-gigognes&seo_marq=20&t60=1&debut=0&seo_marq=20&t59=1&debut=0&seo_marq=20&t59=0&debut=0&seo_marq=20&t47=1&debut=0&seo_marq=20&t47=0&debut=0&seo_marq=20&t60=0&debut=0&seo_marq=20&t60=1&debut=0 HTTP/1.1" 200 88020 "-" "Mozilla/5.0 (X11; Linux x86_64) AppleWebKit/537.36 (KHTML, like Gecko; GeedoShopProductFinder) Chrome/142.0.0.0 Safari/537.36"
144.76.19.27 - - [19/Aug/2026:03:27:10 +0200] "GET /new-products.php?&seo_cat=&x5=1&debut=0&seo_cat=&x21=1&debut=0&seo_cat=&x23=1&debut=0&seo_cat=&x20=1&debut=0&seo_cat=&x23=0&debut=0&seo_cat=&x21=0&debut=0&seo_cat=&x21=1&debut=0 HTTP/1.1" 200 203700 "-" "Mozilla/5.0 (compatible; SERankingBacklinksBot/1.0; +https://seranking.com/backlinks-crawler)"
144.76.19.27 - - [19/Aug/2026:03:27:14 +0200] "GET /new-products.php?&seo_cat=&x21=1&debut=0&seo_cat=&x23=1&debut=0&seo_cat=&x20=1&debut=0&seo_cat=&x5=1&debut=0&seo_cat=&x23=0&debut=0&seo_cat=&x21=0&debut=0&seo_cat=&x17=1&debut=0 HTTP/1.1" 200 203521 "-" "Mozilla/5.0 (compatible; SERankingBacklinksBot/1.0; +https://seranking.com/backlinks-crawler)"
144.76.19.27 - - [19/Aug/2026:03:27:17 +0200] "GET /new-products.php?&seo_cat=&x21=1&debut=0&seo_cat=&x17=1&debut=0&seo_cat=&x20=1&debut=0&seo_cat=&x17=0&debut=0&seo_cat=&x5=1&debut=0&seo_cat=&x21=0&debut=0&seo_cat=&x17=1&debut=0 HTTP/1.1" 200 203521 "-" "Mozilla/5.0 (compatible; SERankingBacklinksBot/1.0; +https://seranking.com/backlinks-crawler)"
144.76.19.27 - - [19/Aug/2026:03:27:20 +0200] "GET /new-products.php?&seo_cat=&x20=1&debut=0&seo_cat=&x20=0&debut=0&seo_cat=&x17=1&debut=0&seo_cat=&x23=1&debut=0&seo_cat=&x5=1&debut=0&seo_cat=&x20=1&debut=0&seo_cat=&x21=1&debut=0 HTTP/1.1" 200 203630 "-" "Mozilla/5.0 (compatible; SERankingBacklinksBot/1.0; +https://seranking.com/backlinks-crawler)"
144.76.19.27 - - [19/Aug/2026:03:27:23 +0200] "GET /new-products.php?&seo_cat=&x5=1&debut=0&seo_cat=&x21=1&debut=0&seo_cat=&x23=1&debut=0&seo_cat=&x20=1&debut=0&seo_cat=&x23=0&debut=0&seo_cat=&x21=0&debut=0&seo_cat=&x23=1&debut=0 HTTP/1.1" 200 203327 "-" "Mozilla/5.0 (compatible; SERankingBacklinksBot/1.0; +https://seranking.com/backlinks-crawler)"
144.76.19.27 - - [19/Aug/2026:03:27:27 +0200] "GET /new-products.php?&seo_cat=&x21=1&debut=0&seo_cat=&x23=1&debut=0&seo_cat=&x20=1&debut=0&seo_cat=&x5=1&debut=0&seo_cat=&x23=0&debut=0&seo_cat=&x21=0&debut=0&seo_cat=&x20=0&debut=0 HTTP/1.1" 200 93284 "-" "Mozilla/5.0 (compatible; SERankingBacklinksBot/1.0; +https://seranking.com/backlinks-crawler)"
144.76.19.27 - - [19/Aug/2026:03:27:30 +0200] "GET /new-products.php?&seo_cat=&x21=1&debut=0&seo_cat=&x17=1&debut=0&seo_cat=&x20=1&debut=0&seo_cat=&x17=0&debut=0&seo_cat=&x5=1&debut=0&seo_cat=&x21=0&debut=0&seo_cat=&x20=0&debut=0 HTTP/1.1" 200 93272 "-" "Mozilla/5.0 (compatible; SERankingBacklinksBot/1.0; +https://seranking.com/backlinks-crawler)"
144.76.19.27 - - [19/Aug/2026:03:27:33 +0200] "GET /new-products.php?&seo_cat=&x20=1&debut=0&seo_cat=&x20=0&debut=0&seo_cat=&x17=1&debut=0&seo_cat=&x23=1&debut=0&seo_cat=&x5=1&debut=0&seo_cat=&x20=1&debut=0&seo_cat=&x23=0&debut=0 HTTP/1.1" 200 203707 "-" "Mozilla/5.0 (compatible; SERankingBacklinksBot/1.0; +https://seranking.com/backlinks-crawler)"
144.76.19.27 - - [19/Aug/2026:03:27:36 +0200] "GET /new-products.php?&seo_cat=&x5=1&debut=0&seo_cat=&x21=1&debut=0&seo_cat=&x23=1&debut=0&seo_cat=&x20=1&debut=0&seo_cat=&x23=0&debut=0&seo_cat=&x23=1&debut=0&seo_cat=&x17=1&debut=0 HTTP/1.1" 200 203560 "-" "Mozilla/5.0 (compatible; SERankingBacklinksBot/1.0; +https://seranking.com/backlinks-crawler)"
144.76.19.27 - - [19/Aug/2026:03:27:40 +0200] "GET /new-products.php?&seo_cat=&x21=1&debut=0&seo_cat=&x23=1&debut=0&seo_cat=&x20=1&debut=0&seo_cat=&x5=1&debut=0&seo_cat=&x23=0&debut=0&seo_cat=&x21=0&debut=0&seo_cat=&x21=1&debut=0 HTTP/1.1" 200 203704 "-" "Mozilla/5.0 (compatible; SERankingBacklinksBot/1.0; +https://seranking.com/backlinks-crawler)"
144.76.19.27 - - [19/Aug/2026:03:27:43 +0200] "GET /new-products.php?&seo_cat=&x21=1&debut=0&seo_cat=&x17=1&debut=0&seo_cat=&x20=1&debut=0&seo_cat=&x17=0&debut=0&seo_cat=&x5=1&debut=0&seo_cat=&x21=0&debut=0&seo_cat=&x21=1&debut=0 HTTP/1.1" 200 203724 "-" "Mozilla/5.0 (compatible; SERankingBacklinksBot/1.0; +https://seranking.com/backlinks-crawler)"
144.76.19.27 - - [19/Aug/2026:03:27:47 +0200] "GET /new-products.php?&seo_cat=&x20=1&debut=0&seo_cat=&x20=0&debut=0&seo_cat=&x17=1&debut=0&seo_cat=&x23=1&debut=0&seo_cat=&x5=1&debut=0&seo_cat=&x21=1&debut=0&seo_cat=&x17=0&debut=0 HTTP/1.1" 200 168390 "-" "Mozilla/5.0 (compatible; SERankingBacklinksBot/1.0; +https://seranking.com/backlinks-crawler)"
144.76.19.27 - - [19/Aug/2026:03:27:50 +0200] "GET /new-products.php?&seo_cat=&x5=1&debut=0&seo_cat=&x21=1&debut=0&seo_cat=&x23=1&debut=0&seo_cat=&x20=1&debut=0&seo_cat=&x23=0&debut=0&seo_cat=&x23=1&debut=0&seo_cat=&x20=0&debut=0 HTTP/1.1" 200 168312 "-" "Mozilla/5.0 (compatible; SERankingBacklinksBot/1.0; +https://seranking.com/backlinks-crawler)"
185.191.171.1 - - [19/Aug/2026:03:27:51 +0200] "GET /category.php?a=24&a=24&b=1&b=1&debut=0&debut=0&debut=0&debut=0&debut=0&debut=0&debut=0&debut=0&debut=0&debut=0&debut=0&debut=0&debut=24&seo=47-lits-gigognes&seo_cat=47&seo_cat=47&seo_cat=47&seo_cat=47&seo_cat=47&seo_cat=47&seo_cat=47&seo_cat=47&seo_cat=47&seo_cat=47&seo_cat=47&t58=1&t59=0&t59=0&t59=1&t60=0&t60=0&t60=0&t60=0&t60=0&t60=0&t60=1 HTTP/1.1" 200 70357 "-" "Mozilla/5.0 (compatible; SemrushBot/7~bl; +http://www.semrush.com/bot.html)"
144.76.19.27 - - [19/Aug/2026:03:27:53 +0200] "GET /new-products.php?&seo_cat=&x21=1&debut=0&seo_cat=&x23=1&debut=0&seo_cat=&x20=1&debut=0&seo_cat=&x5=1&debut=0&seo_cat=&x23=0&debut=0&seo_cat=&x21=0&debut=0&seo_cat=&x23=1&debut=0 HTTP/1.1" 200 203323 "-" "Mozilla/5.0 (compatible; SERankingBacklinksBot/1.0; +https://seranking.com/backlinks-crawler)"
144.76.19.27 - - [19/Aug/2026:03:27:57 +0200] "GET /new-products.php?&seo_cat=&x21=1&debut=0&seo_cat=&x17=1&debut=0&seo_cat=&x20=1&debut=0&seo_cat=&x17=0&debut=0&seo_cat=&x5=1&debut=0&seo_cat=&x21=0&debut=0&seo_cat=&x23=1&debut=0 HTTP/1.1" 200 203335 "-" "Mozilla/5.0 (compatible; SERankingBacklinksBot/1.0; +https://seranking.com/backlinks-crawler)"
144.76.19.27 - - [19/Aug/2026:03:28:00 +0200] "GET /new-products.php?&seo_cat=&x20=1&debut=0&seo_cat=&x20=0&debut=0&seo_cat=&x17=1&debut=0&seo_cat=&x23=1&debut=0&seo_cat=&x5=1&debut=0&seo_cat=&x21=1&debut=0&seo_cat=&x20=1&debut=0 HTTP/1.1" 200 203630 "-" "Mozilla/5.0 (compatible; SERankingBacklinksBot/1.0; +https://seranking.com/backlinks-crawler)"
144.76.19.27 - - [19/Aug/2026:03:28:03 +0200] "GET /new-products.php?&seo_cat=&x5=1&debut=0&seo_cat=&x21=1&debut=0&seo_cat=&x23=1&debut=0&seo_cat=&x20=1&debut=0&seo_cat=&x23=0&debut=0&seo_cat=&x23=1&debut=0&seo_cat=&x21=0&debut=0 HTTP/1.1" 200 203247 "-" "Mozilla/5.0 (compatible; SERankingBacklinksBot/1.0; +https://seranking.com/backlinks-crawler)"
185.191.171.18 - - [19/Aug/2026:03:28:05 +0200] "GET /new-products.php?a=24&a=25&b=1&b=1&debut=0&debut=0&debut=0&debut=0&debut=0&debut=0&debut=0&debut=0&debut=0&debut=0&debut=0&debut=0&debut=0&debut=0&debut=25&seo_cat&seo_cat&seo_cat&seo_cat&seo_cat&seo_cat&seo_cat&seo_cat&seo_cat&seo_cat&seo_cat&seo_cat&seo_cat&x17=0&x17=0&x17=0&x17=1&x20=0&x20=1&x21=0&x21=0&x21=0&x21=0&x21=1&x23=0&x23=1 HTTP/1.1" 200 132307 "-" "Mozilla/5.0 (compatible; SemrushBot/7~bl; +http://www.semrush.com/bot.html)"
144.76.19.27 - - [19/Aug/2026:03:28:06 +0200] "GET /new-products.php?&seo_cat=&x21=1&debut=0&seo_cat=&x23=1&debut=0&seo_cat=&x20=1&debut=0&seo_cat=&x5=1&debut=0&seo_cat=&x23=0&debut=0&seo_cat=&x23=1&debut=0&seo_cat=&x17=1&debut=0 HTTP/1.1" 200 203640 "-" "Mozilla/5.0 (compatible; SERankingBacklinksBot/1.0; +https://seranking.com/backlinks-crawler)"
144.76.19.27 - - [19/Aug/2026:03:28:10 +0200] "GET /new-products.php?&seo_cat=&x21=1&debut=0&seo_cat=&x17=1&debut=0&seo_cat=&x20=1&debut=0&seo_cat=&x17=0&debut=0&seo_cat=&x5=1&debut=0&seo_cat=&x23=1&debut=0&seo_cat=&x17=1&debut=0 HTTP/1.1" 200 203634 "-" "Mozilla/5.0 (compatible; SERankingBacklinksBot/1.0; +https://seranking.com/backlinks-crawler)"
185.191.171.14 - - [19/Aug/2026:03:28:12 +0200] "GET /new-products.php?a=24&b=1&debut=0&debut=0&debut=0&debut=0&debut=0&debut=0&debut=0&debut=0&debut=0&debut=0&debut=0&debut=0&debut=0&debut=24&seo_cat&seo_cat&seo_cat&seo_cat&seo_cat&seo_cat&seo_cat&seo_cat&seo_cat&seo_cat&seo_cat&seo_cat&seo_cat&x20=1&x21=0&x21=1&x22=0&x22=0&x22=0&x22=0&x22=1&x23=0&x23=1&x5=0&x5=0&x5=1 HTTP/1.1" 200 137693 "-" "Mozilla/5.0 (compatible; SemrushBot/7~bl; +http://www.semrush.com/bot.html)"
144.76.19.27 - - [19/Aug/2026:03:28:13 +0200] "GET /new-products.php?&seo_cat=&x20=1&debut=0&seo_cat=&x20=0&debut=0&seo_cat=&x17=1&debut=0&seo_cat=&x23=1&debut=0&seo_cat=&x5=1&debut=0&seo_cat=&x21=1&debut=0&seo_cat=&x21=0&debut=0 HTTP/1.1" 200 128108 "-" "Mozilla/5.0 (compatible; SERankingBacklinksBot/1.0; +https://seranking.com/backlinks-crawler)"
144.76.19.27 - - [19/Aug/2026:03:28:16 +0200] "GET /new-products.php?&seo_cat=&x5=1&debut=0&seo_cat=&x21=1&debut=0&seo_cat=&x23=1&debut=0&seo_cat=&x20=1&debut=0&seo_cat=&x23=0&debut=0&seo_cat=&x23=1&debut=0&seo_cat=&x23=0&debut=0 HTTP/1.1" 200 203716 "-" "Mozilla/5.0 (compatible; SERankingBacklinksBot/1.0; +https://seranking.com/backlinks-crawler)"
144.76.19.27 - - [19/Aug/2026:03:28:20 +0200] "GET /new-products.php?&seo_cat=&x21=1&debut=0&seo_cat=&x23=1&debut=0&seo_cat=&x20=1&debut=0&seo_cat=&x5=1&debut=0&seo_cat=&x23=0&debut=0&seo_cat=&x23=1&debut=0&seo_cat=&x20=0&debut=0 HTTP/1.1" 200 168374 "-" "Mozilla/5.0 (compatible; SERankingBacklinksBot/1.0; +https://seranking.com/backlinks-crawler)"
144.76.19.27 - - [19/Aug/2026:03:28:23 +0200] "GET /new-products.php?&seo_cat=&x21=1&debut=0&seo_cat=&x17=1&debut=0&seo_cat=&x20=1&debut=0&seo_cat=&x17=0&debut=0&seo_cat=&x5=1&debut=0&seo_cat=&x23=1&debut=0&seo_cat=&x20=0&debut=0 HTTP/1.1" 200 168346 "-" "Mozilla/5.0 (compatible; SERankingBacklinksBot/1.0; +https://seranking.com/backlinks-crawler)"
185.191.171.7 - - [19/Aug/2026:03:28:23 +0200] "GET /category.php?debut=0&debut=0&debut=0&debut=0&debut=0&debut=0&debut=0&debut=0&debut=0&seo=47-lits-gigognes&seo_cat=47&seo_cat=47&seo_cat=47&seo_cat=47&seo_cat=47&seo_cat=47&seo_cat=47&seo_cat=47&seo_cat=47&t59=0&t59=1&t60=0&t60=1&t62=0&t62=0&t62=0&t62=1&x5=1 HTTP/1.1" 200 129907 "-" "Mozilla/5.0 (compatible; SemrushBot/7~bl; +http://www.semrush.com/bot.html)"
144.76.19.27 - - [19/Aug/2026:03:28:26 +0200] "GET /new-products.php?&seo_cat=&x20=1&debut=0&seo_cat=&x20=0&debut=0&seo_cat=&x17=1&debut=0&seo_cat=&x23=1&debut=0&seo_cat=&x5=1&debut=0&seo_cat=&x21=1&debut=0&seo_cat=&x23=0&debut=0 HTTP/1.1" 200 190533 "-" "Mozilla/5.0 (compatible; SERankingBacklinksBot/1.0; +https://seranking.com/backlinks-crawler)"
185.191.171.15 - - [19/Aug/2026:03:28:27 +0200] "GET /new-products.php?a=24&b=1&debut=0&debut=0&debut=0&debut=0&debut=0&debut=0&debut=0&debut=0&debut=0&debut=0&debut=0&debut=0&debut=0&debut=0&debut=24&seo_cat&seo_cat&seo_cat&seo_cat&seo_cat&seo_cat&seo_cat&seo_cat&seo_cat&seo_cat&seo_cat&seo_cat&seo_cat&seo_cat&x20=1&x21=0&x21=0&x21=0&x21=0&x21=0&x21=1&x23=0&x23=0&x23=0&x23=0&x23=1&x5=0&x5=1 HTTP/1.1" 200 138158 "-" "Mozilla/5.0 (compatible; SemrushBot/7~bl; +http://www.semrush.com/bot.html)"
144.76.19.27 - - [19/Aug/2026:03:28:29 +0200] "GET /new-products.php?&seo_cat=&x5=1&debut=0&seo_cat=&x21=1&debut=0&seo_cat=&x23=1&debut=0&seo_cat=&x21=0&debut=0&seo_cat=&x17=1&debut=0&seo_cat=&x17=0&debut=0&seo_cat=&x17=1&debut=0 HTTP/1.1" 200 128120 "-" "Mozilla/5.0 (compatible; SERankingBacklinksBot/1.0; +https://seranking.com/backlinks-crawler)"
144.76.19.27 - - [19/Aug/2026:03:28:33 +0200] "GET /new-products.php?&seo_cat=&x21=1&debut=0&seo_cat=&x23=1&debut=0&seo_cat=&x20=1&debut=0&seo_cat=&x5=1&debut=0&seo_cat=&x23=0&debut=0&seo_cat=&x23=1&debut=0&seo_cat=&x21=0&debut=0 HTTP/1.1" 200 203247 "-" "Mozilla/5.0 (compatible; SERankingBacklinksBot/1.0; +https://seranking.com/backlinks-crawler)"
144.76.19.27 - - [19/Aug/2026:03:28:36 +0200] "GET /new-products.php?&seo_cat=&x21=1&debut=0&seo_cat=&x17=1&debut=0&seo_cat=&x20=1&debut=0&seo_cat=&x17=0&debut=0&seo_cat=&x5=1&debut=0&seo_cat=&x23=1&debut=0&seo_cat=&x21=0&debut=0 HTTP/1.1" 200 203311 "-" "Mozilla/5.0 (compatible; SERankingBacklinksBot/1.0; +https://seranking.com/backlinks-crawler)"
144.76.19.27 - - [19/Aug/2026:03:28:39 +0200] "GET /new-products.php?&seo_cat=&x20=1&debut=0&seo_cat=&x20=0&debut=0&seo_cat=&x17=1&debut=0&seo_cat=&x23=1&debut=0&seo_cat=&x5=1&debut=0&seo_cat=&x23=0&debut=0&seo_cat=&x17=0&debut=0 HTTP/1.1" 200 93262 "-" "Mozilla/5.0 (compatible; SERankingBacklinksBot/1.0; +https://seranking.com/backlinks-crawler)"
144.76.19.27 - - [19/Aug/2026:03:28:42 +0200] "GET /new-products.php?&seo_cat=&x5=1&debut=0&seo_cat=&x21=1&debut=0&seo_cat=&x23=1&debut=0&seo_cat=&x21=0&debut=0&seo_cat=&x17=1&debut=0&seo_cat=&x17=0&debut=0&seo_cat=&x20=1&debut=0 HTTP/1.1" 200 203267 "-" "Mozilla/5.0 (compatible; SERankingBacklinksBot/1.0; +https://seranking.com/backlinks-crawler)"
185.191.171.12 - - [19/Aug/2026:03:28:43 +0200] "GET /marques.php?debut=0&debut=0&debut=0&debut=0&debut=0&debut=0&debut=0&debut=0&debut=0&debut=0&debut=0&seo=20-lits-gigognes&seo_marq=20&seo_marq=20&seo_marq=20&seo_marq=20&seo_marq=20&seo_marq=20&seo_marq=20&seo_marq=20&seo_marq=20&seo_marq=20&seo_marq=20&t47=1&t59=1&t60=0&t60=0&t60=0&t60=0&t60=0&t60=0&t60=0&t60=0&t60=1 HTTP/1.1" 200 182943 "-" "Mozilla/5.0 (compatible; SemrushBot/7~bl; +http://www.semrush.com/bot.html)"
144.76.19.27 - - [19/Aug/2026:03:28:46 +0200] "GET /new-products.php?&seo_cat=&x21=1&debut=0&seo_cat=&x23=1&debut=0&seo_cat=&x20=1&debut=0&seo_cat=&x5=1&debut=0&seo_cat=&x23=0&debut=0&seo_cat=&x23=1&debut=0&seo_cat=&x23=0&debut=0 HTTP/1.1" 200 203662 "-" "Mozilla/5.0 (compatible; SERankingBacklinksBot/1.0; +https://seranking.com/backlinks-crawler)"
144.76.19.27 - - [19/Aug/2026:03:28:49 +0200] "GET /new-products.php?&seo_cat=&x21=1&debut=0&seo_cat=&x17=1&debut=0&seo_cat=&x20=1&debut=0&seo_cat=&x17=0&debut=0&seo_cat=&x5=1&debut=0&seo_cat=&x23=1&debut=0&seo_cat=&x23=0&debut=0 HTTP/1.1" 200 203684 "-" "Mozilla/5.0 (compatible; SERankingBacklinksBot/1.0; +https://seranking.com/backlinks-crawler)"
144.76.19.27 - - [19/Aug/2026:03:28:52 +0200] "GET /new-products.php?&seo_cat=&x20=1&debut=0&seo_cat=&x20=0&debut=0&seo_cat=&x17=1&debut=0&seo_cat=&x23=1&debut=0&seo_cat=&x5=1&debut=0&seo_cat=&x23=0&debut=0&seo_cat=&x20=1&debut=0 HTTP/1.1" 200 203533 "-" "Mozilla/5.0 (compatible; SERankingBacklinksBot/1.0; +https://seranking.com/backlinks-crawler)"
144.76.19.27 - - [19/Aug/2026:03:28:56 +0200] "GET /new-products.php?&seo_cat=&x5=1&debut=0&seo_cat=&x21=1&debut=0&seo_cat=&x23=1&debut=0&seo_cat=&x21=0&debut=0&seo_cat=&x17=1&debut=0&seo_cat=&x17=0&debut=0&seo_cat=&x21=1&debut=0 HTTP/1.1" 200 168314 "-" "Mozilla/5.0 (compatible; SERankingBacklinksBot/1.0; +https://seranking.com/backlinks-crawler)"
144.76.19.27 - - [19/Aug/2026:03:28:59 +0200] "GET /new-products.php?&seo_cat=&x21=1&debut=0&seo_cat=&x23=1&debut=0&seo_cat=&x21=0&debut=0&seo_cat=&x17=1&debut=0&seo_cat=&x17=0&debut=0&seo_cat=&x17=1&debut=0&seo_cat=&x5=1&debut=0 HTTP/1.1" 200 128108 "-" "Mozilla/5.0 (compatible; SERankingBacklinksBot/1.0; +https://seranking.com/backlinks-crawler)"
85.208.96.195 - - [19/Aug/2026:03:29:00 +0200] "GET /new-products.php?a=24&a=24&a=24&a=25&b=1&b=1&b=1&b=1&debut=0&debut=0&debut=0&debut=0&debut=0&debut=0&debut=0&debut=0&debut=0&debut=0&debut=0&debut=0&debut=0&debut=25&histo_track=1&seo_cat&seo_cat&seo_cat&seo_cat&seo_cat&seo_cat&seo_cat&seo_cat&seo_cat&seo_cat&x20=0&x20=0&x20=0&x20=0&x20=1&x21=1&x23=0&x23=1&x5=0&x5=1 HTTP/1.1" 200 131878 "-" "Mozilla/5.0 (compatible; SemrushBot/7~bl; +http://www.semrush.com/bot.html)"
144.76.19.27 - - [19/Aug/2026:03:29:02 +0200] "GET /new-products.php?&seo_cat=&x21=1&debut=0&seo_cat=&x17=1&debut=0&seo_cat=&x20=1&debut=0&seo_cat=&x20=0&debut=0&seo_cat=&x17=0&debut=0&seo_cat=&x17=1&debut=0&seo_cat=&x5=1&debut=0 HTTP/1.1" 200 190611 "-" "Mozilla/5.0 (compatible; SERankingBacklinksBot/1.0; +https://seranking.com/backlinks-crawler)"
85.208.96.208 - - [19/Aug/2026:03:29:05 +0200] "GET /new-products.php?a=24&a=24&a=24&b=1&b=1&b=1&debut=0&debut=0&debut=0&debut=0&debut=0&debut=0&debut=0&debut=0&debut=0&debut=24&seo_cat&seo_cat&seo_cat&seo_cat&seo_cat&seo_cat&seo_cat&x20=0&x20=0&x20=0&x20=1&x23=0&x23=1&x5=1 HTTP/1.1" 200 63772 "-" "Mozilla/5.0 (compatible; SemrushBot/7~bl; +http://www.semrush.com/bot.html)"
144.76.19.27 - - [19/Aug/2026:03:29:05 +0200] "GET /new-products.php?&seo_cat=&x20=1&debut=0&seo_cat=&x20=0&debut=0&seo_cat=&x17=1&debut=0&seo_cat=&x23=1&debut=0&seo_cat=&x5=1&debut=0&seo_cat=&x23=0&debut=0&seo_cat=&x21=1&debut=0 HTTP/1.1" 200 190527 "-" "Mozilla/5.0 (compatible; SERankingBacklinksBot/1.0; +https://seranking.com/backlinks-crawler)"
144.76.19.27 - - [19/Aug/2026:03:29:09 +0200] "GET /new-products.php?&seo_cat=&x5=1&debut=0&seo_cat=&x21=1&debut=0&seo_cat=&x23=1&debut=0&seo_cat=&x21=0&debut=0&seo_cat=&x17=1&debut=0&seo_cat=&x17=0&debut=0&seo_cat=&x23=0&debut=0 HTTP/1.1" 200 93350 "-" "Mozilla/5.0 (compatible; SERankingBacklinksBot/1.0; +https://seranking.com/backlinks-crawler)"
83.99.206.105 - - [19/Aug/2026:03:29:11 +0200] "GET /marques.php?seo=20-lits-gigognes&seo_marq=20&t60=1&debut=0&seo_marq=20&t47=1&debut=0&histo_track=1&seo_marq=20&t47=0&debut=0&seo_marq=20&t47=1&debut=0&seo_marq=20&t58=1&debut=0&seo_marq=20&t59=1&debut=0&seo_marq=20&t60=0&debut=0 HTTP/1.1" 200 180783 "-" "Mozilla/5.0 (X11; Linux x86_64) AppleWebKit/537.36 (KHTML, like Gecko; GeedoShopProductFinder) Chrome/142.0.0.0 Safari/537.36"
144.76.19.27 - - [19/Aug/2026:03:29:12 +0200] "GET /new-products.php?&seo_cat=&x21=1&debut=0&seo_cat=&x23=1&debut=0&seo_cat=&x21=0&debut=0&seo_cat=&x17=1&debut=0&seo_cat=&x17=0&debut=0&seo_cat=&x20=1&debut=0&seo_cat=&x5=1&debut=0 HTTP/1.1" 200 203313 "-" "Mozilla/5.0 (compatible; SERankingBacklinksBot/1.0; +https://seranking.com/backlinks-crawler)"
144.76.19.27 - - [19/Aug/2026:03:29:15 +0200] "GET /new-products.php?&seo_cat=&x21=1&debut=0&seo_cat=&x17=1&debut=0&seo_cat=&x20=1&debut=0&seo_cat=&x20=0&debut=0&seo_cat=&x17=0&debut=0&seo_cat=&x20=1&debut=0&seo_cat=&x5=1&debut=0 HTTP/1.1" 200 203728 "-" "Mozilla/5.0 (compatible; SERankingBacklinksBot/1.0; +https://seranking.com/backlinks-crawler)"
144.76.19.27 - - [19/Aug/2026:03:29:18 +0200] "GET /new-products.php?&seo_cat=&x20=1&debut=0&seo_cat=&x20=0&debut=0&seo_cat=&x17=1&debut=0&seo_cat=&x23=1&debut=0&seo_cat=&x5=1&debut=0&seo_cat=&x23=0&debut=0&seo_cat=&x23=1&debut=0 HTTP/1.1" 200 128030 "-" "Mozilla/5.0 (compatible; SERankingBacklinksBot/1.0; +https://seranking.com/backlinks-crawler)"
144.76.19.27 - - [19/Aug/2026:03:29:22 +0200] "GET /new-products.php?&seo_cat=&x5=1&debut=0&seo_cat=&x21=1&debut=0&seo_cat=&x23=1&debut=0&seo_cat=&x21=0&debut=0&seo_cat=&x17=1&debut=0&seo_cat=&x20=1&debut=0&seo_cat=&x17=0&debut=0 HTTP/1.1" 200 203287 "-" "Mozilla/5.0 (compatible; SERankingBacklinksBot/1.0; +https://seranking.com/backlinks-crawler)"
144.76.19.27 - - [19/Aug/2026:03:29:25 +0200] "GET /new-products.php?&seo_cat=&x21=1&debut=0&seo_cat=&x23=1&debut=0&seo_cat=&x21=0&debut=0&seo_cat=&x17=1&debut=0&seo_cat=&x17=0&debut=0&seo_cat=&x21=1&debut=0&seo_cat=&x5=1&debut=0 HTTP/1.1" 200 168314 "-" "Mozilla/5.0 (compatible; SERankingBacklinksBot/1.0; +https://seranking.com/backlinks-crawler)"
85.208.96.205 - - [19/Aug/2026:03:29:25 +0200] "GET /category.php?a=25&b=1&debut=0&debut=0&debut=0&debut=0&debut=0&debut=0&debut=0&debut=0&debut=0&debut=0&debut=0&debut=25&seo=47-lits-gigognes&seo_cat=47&seo_cat=47&seo_cat=47&seo_cat=47&seo_cat=47&seo_cat=47&seo_cat=47&seo_cat=47&seo_cat=47&seo_cat=47&seo_cat=47&t58=1&t60=0&t60=1&t62=0&t62=0&t62=0&t62=0&t62=1&x20=0&x20=0&x20=1 HTTP/1.1" 200 70343 "-" "Mozilla/5.0 (compatible; SemrushBot/7~bl; +http://www.semrush.com/bot.html)"
144.76.19.27 - - [19/Aug/2026:03:29:28 +0200] "GET /new-products.php?&seo_cat=&x21=1&debut=0&seo_cat=&x17=1&debut=0&seo_cat=&x20=1&debut=0&seo_cat=&x20=0&debut=0&seo_cat=&x17=0&debut=0&seo_cat=&x21=0&debut=0&seo_cat=&x5=1&debut=0 HTTP/1.1" 200 93262 "-" "Mozilla/5.0 (compatible; SERankingBacklinksBot/1.0; +https://seranking.com/backlinks-crawler)"
83.99.206.105 - - [19/Aug/2026:03:29:31 +0200] "GET /new-products.php?&seo_cat=&x17=1&debut=0&seo_cat=&x5=1&debut=0&seo_cat=&x20=1&debut=0&seo_cat=&x23=1&debut=0&debut=24&a=24&b=1&seo_cat=&x23=0&debut=0&seo_cat=&x17=0&debut=0&seo_cat=&x20=0&debut=0&seo_cat=&x17=1&debut=0&seo_cat=&x20=1&debut=0&seo_cat=&x5=0&debut=0 HTTP/1.1" 200 199050 "-" "Mozilla/5.0 (X11; Linux x86_64) AppleWebKit/537.36 (KHTML, like Gecko; GeedoShopProductFinder) Chrome/142.0.0.0 Safari/537.36"
144.76.19.27 - - [19/Aug/2026:03:29:31 +0200] "GET /new-products.php?&seo_cat=&x20=1&debut=0&seo_cat=&x20=0&debut=0&seo_cat=&x17=1&debut=0&seo_cat=&x5=1&debut=0&seo_cat=&x17=0&debut=0&seo_cat=&x17=1&debut=0&seo_cat=&x17=0&debut=0 HTTP/1.1" 200 93218 "-" "Mozilla/5.0 (compatible; SERankingBacklinksBot/1.0; +https://seranking.com/backlinks-crawler)"
144.76.19.27 - - [19/Aug/2026:03:29:35 +0200] "GET /new-products.php?&seo_cat=&x5=1&debut=0&seo_cat=&x21=1&debut=0&seo_cat=&x23=1&debut=0&seo_cat=&x21=0&debut=0&seo_cat=&x17=1&debut=0&seo_cat=&x20=1&debut=0&seo_cat=&x20=0&debut=0 HTTP/1.1" 200 128032 "-" "Mozilla/5.0 (compatible; SERankingBacklinksBot/1.0; +https://seranking.com/backlinks-crawler)"
144.76.19.27 - - [19/Aug/2026:03:29:38 +0200] "GET /new-products.php?&seo_cat=&x21=1&debut=0&seo_cat=&x23=1&debut=0&seo_cat=&x21=0&debut=0&seo_cat=&x17=1&debut=0&seo_cat=&x17=0&debut=0&seo_cat=&x23=0&debut=0&seo_cat=&x5=1&debut=0 HTTP/1.1" 200 93328 "-" "Mozilla/5.0 (compatible; SERankingBacklinksBot/1.0; +https://seranking.com/backlinks-crawler)"
144.76.19.27 - - [19/Aug/2026:03:29:41 +0200] "GET /new-products.php?&seo_cat=&x21=1&debut=0&seo_cat=&x17=1&debut=0&seo_cat=&x20=1&debut=0&seo_cat=&x20=0&debut=0&seo_cat=&x17=0&debut=0&seo_cat=&x23=1&debut=0&seo_cat=&x5=1&debut=0 HTTP/1.1" 200 168372 "-" "Mozilla/5.0 (compatible; SERankingBacklinksBot/1.0; +https://seranking.com/backlinks-crawler)"
185.191.171.14 - - [19/Aug/2026:03:29:44 +0200] "GET /category.php?a=24&b=1&debut=0&debut=0&debut=0&debut=0&debut=0&debut=0&debut=0&debut=0&debut=0&debut=0&debut=0&debut=24&seo=47-lits-gigognes&seo_cat=47&seo_cat=47&seo_cat=47&seo_cat=47&seo_cat=47&seo_cat=47&seo_cat=47&seo_cat=47&seo_cat=47&seo_cat=47&seo_cat=47&t58=0&t58=0&t58=1&t59=0&t59=0&t59=1&t60=0&t60=0&t60=0&t60=1&t62=1 HTTP/1.1" 200 70479 "-" "Mozilla/5.0 (compatible; SemrushBot/7~bl; +http://www.semrush.com/bot.html)"
144.76.19.27 - - [19/Aug/2026:03:29:44 +0200] "GET /new-products.php?&seo_cat=&x20=1&debut=0&seo_cat=&x20=0&debut=0&seo_cat=&x17=1&debut=0&seo_cat=&x5=1&debut=0&seo_cat=&x17=0&debut=0&seo_cat=&x17=1&debut=0&seo_cat=&x20=1&debut=0 HTTP/1.1" 200 203614 "-" "Mozilla/5.0 (compatible; SERankingBacklinksBot/1.0; +https://seranking.com/backlinks-crawler)"
144.76.19.27 - - [19/Aug/2026:03:29:48 +0200] "GET /new-products.php?&seo_cat=&x5=1&debut=0&seo_cat=&x21=1&debut=0&seo_cat=&x23=1&debut=0&seo_cat=&x21=0&debut=0&seo_cat=&x17=1&debut=0&seo_cat=&x20=1&debut=0&seo_cat=&x21=1&debut=0 HTTP/1.1" 200 203712 "-" "Mozilla/5.0 (compatible; SERankingBacklinksBot/1.0; +https://seranking.com/backlinks-crawler)"
144.76.19.27 - - [19/Aug/2026:03:29:51 +0200] "GET /new-products.php?&seo_cat=&x21=1&debut=0&seo_cat=&x23=1&debut=0&seo_cat=&x21=0&debut=0&seo_cat=&x17=1&debut=0&seo_cat=&x17=0&debut=0&seo_cat=&x5=1&debut=0&seo_cat=&x17=1&debut=0 HTTP/1.1" 200 128108 "-" "Mozilla/5.0 (compatible; SERankingBacklinksBot/1.0; +https://seranking.com/backlinks-crawler)"
83.99.206.105 - - [19/Aug/2026:03:29:51 +0200] "GET /new-products.php?&seo_cat=&x17=1&debut=0&seo_cat=&x5=1&debut=0&seo_cat=&x21=1&debut=0&seo_cat=&x23=1&debut=0&seo_cat=&x5=0&debut=0&seo_cat=&x17=0&debut=0&seo_cat=&x5=1&debut=0&seo_cat=&x20=1&debut=0&seo_cat=&x20=0&debut=0&seo_cat=&x20=1&debut=0 HTTP/1.1" 200 205813 "-" "Mozilla/5.0 (X11; Linux x86_64) AppleWebKit/537.36 (KHTML, like Gecko; GeedoShopProductFinder) Chrome/142.0.0.0 Safari/537.36"
144.76.19.27 - - [19/Aug/2026:03:29:54 +0200] "GET /new-products.php?&seo_cat=&x21=1&debut=0&seo_cat=&x17=1&debut=0&seo_cat=&x20=1&debut=0&seo_cat=&x20=0&debut=0&seo_cat=&x17=0&debut=0&seo_cat=&x5=1&debut=0&seo_cat=&x17=1&debut=0 HTTP/1.1" 200 190631 "-" "Mozilla/5.0 (compatible; SERankingBacklinksBot/1.0; +https://seranking.com/backlinks-crawler)"
144.76.19.27 - - [19/Aug/2026:03:29:57 +0200] "GET /new-products.php?&seo_cat=&x20=1&debut=0&seo_cat=&x20=0&debut=0&seo_cat=&x17=1&debut=0&seo_cat=&x5=1&debut=0&seo_cat=&x17=0&debut=0&seo_cat=&x17=1&debut=0&seo_cat=&x21=1&debut=0 HTTP/1.1" 200 190575 "-" "Mozilla/5.0 (compatible; SERankingBacklinksBot/1.0; +https://seranking.com/backlinks-crawler)"
144.76.19.27 - - [19/Aug/2026:03:30:01 +0200] "GET /new-products.php?&seo_cat=&x5=1&debut=0&seo_cat=&x21=1&debut=0&seo_cat=&x23=1&debut=0&seo_cat=&x21=0&debut=0&seo_cat=&x17=1&debut=0&seo_cat=&x20=1&debut=0&seo_cat=&x23=0&debut=0 HTTP/1.1" 200 203533 "-" "Mozilla/5.0 (compatible; SERankingBacklinksBot/1.0; +https://seranking.com/backlinks-crawler)"
144.76.19.27 - - [19/Aug/2026:03:30:04 +0200] "GET /new-products.php?&seo_cat=&x21=1&debut=0&seo_cat=&x23=1&debut=0&seo_cat=&x21=0&debut=0&seo_cat=&x17=1&debut=0&seo_cat=&x17=0&debut=0&seo_cat=&x5=1&debut=0&seo_cat=&x20=1&debut=0 HTTP/1.1" 200 203263 "-" "Mozilla/5.0 (compatible; SERankingBacklinksBot/1.0; +https://seranking.com/backlinks-crawler)"
144.76.19.27 - - [19/Aug/2026:03:30:07 +0200] "GET /new-products.php?&seo_cat=&x21=1&debut=0&seo_cat=&x17=1&debut=0&seo_cat=&x20=1&debut=0&seo_cat=&x20=0&debut=0&seo_cat=&x17=0&debut=0&seo_cat=&x5=1&debut=0&seo_cat=&x20=1&debut=0 HTTP/1.1" 200 203728 "-" "Mozilla/5.0 (compatible; SERankingBacklinksBot/1.0; +https://seranking.com/backlinks-crawler)"
85.208.96.209 - - [19/Aug/2026:03:30:09 +0200] "GET /category.php?a=24&a=24&b=1&b=1&debut=0&debut=0&debut=0&debut=0&debut=0&debut=0&debut=0&debut=0&debut=0&debut=0&debut=24&seo=47-lits-gigognes&seo_cat=47&seo_cat=47&seo_cat=47&seo_cat=47&seo_cat=47&seo_cat=47&seo_cat=47&seo_cat=47&seo_cat=47&t58=0&t58=1&t59=1&t60=0&t60=0&t60=0&t60=1&x20=0&x20=1 HTTP/1.1" 200 70169 "-" "Mozilla/5.0 (compatible; SemrushBot/7~bl; +http://www.semrush.com/bot.html)"
144.76.19.27 - - [19/Aug/2026:03:30:11 +0200] "GET /new-products.php?&seo_cat=&x20=1&debut=0&seo_cat=&x20=0&debut=0&seo_cat=&x17=1&debut=0&seo_cat=&x5=1&debut=0&seo_cat=&x17=0&debut=0&seo_cat=&x17=1&debut=0&seo_cat=&x23=1&debut=0 HTTP/1.1" 200 128034 "-" "Mozilla/5.0 (compatible; SERankingBacklinksBot/1.0; +https://seranking.com/backlinks-crawler)"
83.99.206.105 - - [19/Aug/2026:03:30:12 +0200] "GET /new-products.php?&seo_cat=&x17=1&debut=0&seo_cat=&x5=1&debut=0&seo_cat=&x21=1&debut=0&seo_cat=&x20=1&debut=0&histo_track=1&seo_cat=&x23=1&debut=0 HTTP/1.1" 200 202648 "-" "Mozilla/5.0 (X11; Linux x86_64) AppleWebKit/537.36 (KHTML, like Gecko; GeedoShopProductFinder) Chrome/142.0.0.0 Safari/537.36"
144.76.19.27 - - [19/Aug/2026:03:30:14 +0200] "GET /new-products.php?&seo_cat=&x5=1&debut=0&seo_cat=&x21=1&debut=0&seo_cat=&x23=1&debut=0&seo_cat=&x21=0&debut=0&seo_cat=&x17=1&debut=0&seo_cat=&x21=1&debut=0&seo_cat=&x17=0&debut=0 HTTP/1.1" 200 168366 "-" "Mozilla/5.0 (compatible; SERankingBacklinksBot/1.0; +https://seranking.com/backlinks-crawler)"
144.76.19.27 - - [19/Aug/2026:03:30:17 +0200] "GET /new-products.php?&seo_cat=&x21=1&debut=0&seo_cat=&x23=1&debut=0&seo_cat=&x21=0&debut=0&seo_cat=&x17=1&debut=0&seo_cat=&x17=0&debut=0&seo_cat=&x5=1&debut=0&seo_cat=&x21=1&debut=0 HTTP/1.1" 200 168304 "-" "Mozilla/5.0 (compatible; SERankingBacklinksBot/1.0; +https://seranking.com/backlinks-crawler)"
144.76.19.27 - - [19/Aug/2026:03:30:21 +0200] "GET /new-products.php?&seo_cat=&x21=1&debut=0&seo_cat=&x17=1&debut=0&seo_cat=&x20=1&debut=0&seo_cat=&x20=0&debut=0&seo_cat=&x17=0&debut=0&seo_cat=&x5=1&debut=0&seo_cat=&x21=0&debut=0 HTTP/1.1" 200 93268 "-" "Mozilla/5.0 (compatible; SERankingBacklinksBot/1.0; +https://seranking.com/backlinks-crawler)"
144.76.19.27 - - [19/Aug/2026:03:30:24 +0200] "GET /new-products.php?&seo_cat=&x20=1&debut=0&seo_cat=&x20=0&debut=0&seo_cat=&x17=1&debut=0&seo_cat=&x5=1&debut=0&seo_cat=&x17=0&debut=0&seo_cat=&x20=1&debut=0&seo_cat=&x17=1&debut=0 HTTP/1.1" 200 203505 "-" "Mozilla/5.0 (compatible; SERankingBacklinksBot/1.0; +https://seranking.com/backlinks-crawler)"
144.76.19.27 - - [19/Aug/2026:03:30:27 +0200] "GET /new-products.php?&seo_cat=&x5=1&debut=0&seo_cat=&x21=1&debut=0&seo_cat=&x23=1&debut=0&seo_cat=&x21=0&debut=0&seo_cat=&x17=1&debut=0&seo_cat=&x21=1&debut=0&seo_cat=&x20=1&debut=0 HTTP/1.1" 200 203640 "-" "Mozilla/5.0 (compatible; SERankingBacklinksBot/1.0; +https://seranking.com/backlinks-crawler)"
144.76.19.27 - - [19/Aug/2026:03:30:30 +0200] "GET /new-products.php?&seo_cat=&x21=1&debut=0&seo_cat=&x23=1&debut=0&seo_cat=&x21=0&debut=0&seo_cat=&x17=1&debut=0&seo_cat=&x17=0&debut=0&seo_cat=&x5=1&debut=0&seo_cat=&x23=0&debut=0 HTTP/1.1" 200 93266 "-" "Mozilla/5.0 (compatible; SERankingBacklinksBot/1.0; +https://seranking.com/backlinks-crawler)"
85.208.96.196 - - [19/Aug/2026:03:30:31 +0200] "GET /new-products.php?a=24&a=24&a=25&b=1&b=1&b=1&debut=0&debut=0&debut=0&debut=0&debut=0&debut=0&debut=0&debut=0&debut=0&debut=0&debut=0&debut=0&debut=0&debut=25&seo_cat&seo_cat&seo_cat&seo_cat&seo_cat&seo_cat&seo_cat&seo_cat&seo_cat&seo_cat&seo_cat&x17=1&x20=1&x21=0&x21=1&x23=0&x23=0&x23=1&x5=0&x5=0&x5=0&x5=1 HTTP/1.1" 200 160928 "-" "Mozilla/5.0 (compatible; SemrushBot/7~bl; +http://www.semrush.com/bot.html)"
83.99.206.105 - - [19/Aug/2026:03:30:31 +0200] "GET /new-products.php?&seo_cat=&x17=1&debut=0&seo_cat=&x5=1&debut=0&seo_cat=&x20=1&debut=0&seo_cat=&x23=1&debut=0&seo_cat=&x21=1&debut=0&histo_track=1&seo_cat=&x23=0&debut=0&seo_cat=&x5=0&debut=0&debut=24&a=24&b=1 HTTP/1.1" 200 129398 "-" "Mozilla/5.0 (X11; Linux x86_64) AppleWebKit/537.36 (KHTML, like Gecko; GeedoShopProductFinder) Chrome/142.0.0.0 Safari/537.36"
144.76.19.27 - - [19/Aug/2026:03:30:34 +0200] "GET /new-products.php?&seo_cat=&x21=1&debut=0&seo_cat=&x17=1&debut=0&seo_cat=&x20=1&debut=0&seo_cat=&x20=0&debut=0&seo_cat=&x17=0&debut=0&seo_cat=&x5=1&debut=0&seo_cat=&x23=1&debut=0 HTTP/1.1" 200 168318 "-" "Mozilla/5.0 (compatible; SERankingBacklinksBot/1.0; +https://seranking.com/backlinks-crawler)"
85.208.96.212 - - [19/Aug/2026:03:30:36 +0200] "GET /new-products.php?a=24&a=24&a=25&a=25&a=25&a=25&b=1&b=1&b=1&b=1&b=1&b=1&debut=0&debut=0&debut=0&debut=0&debut=0&debut=0&debut=0&debut=0&debut=0&debut=0&debut=0&debut=0&debut=0&debut=25&histo_track=1&seo_cat&seo_cat&seo_cat&seo_cat&seo_cat&seo_cat&seo_cat&seo_cat&x20=0&x20=1&x21=0&x21=1&x23=0&x23=1&x5=0&x5=1 HTTP/1.1" 200 131686 "-" "Mozilla/5.0 (compatible; SemrushBot/7~bl; +http://www.semrush.com/bot.html)"
144.76.19.27 - - [19/Aug/2026:03:30:37 +0200] "GET /new-products.php?&seo_cat=&x20=1&debut=0&seo_cat=&x20=0&debut=0&seo_cat=&x17=1&debut=0&seo_cat=&x5=1&debut=0&seo_cat=&x17=0&debut=0&seo_cat=&x20=1&debut=0&seo_cat=&x20=0&debut=0 HTTP/1.1" 200 93214 "-" "Mozilla/5.0 (compatible; SERankingBacklinksBot/1.0; +https://seranking.com/backlinks-crawler)"
85.208.96.204 - - [19/Aug/2026:03:30:39 +0200] "GET /marques.php?debut=0&debut=0&debut=0&debut=0&debut=0&debut=0&debut=0&debut=0&debut=0&debut=0&debut=0&debut=0&histo_track=1&seo=20-lits-gigognes&seo_marq=20&seo_marq=20&seo_marq=20&seo_marq=20&seo_marq=20&seo_marq=20&seo_marq=20&seo_marq=20&seo_marq=20&seo_marq=20&seo_marq=20&seo_marq=20&t47=1&t58=0&t58=1&t59=0&t59=0&t59=0&t59=0&t59=0&t59=1&t60=0&t60=0&t60=1 HTTP/1.1" 200 183961 "-" "Mozilla/5.0 (compatible; SemrushBot/7~bl; +http://www.semrush.com/bot.html)"
144.76.19.27 - - [19/Aug/2026:03:30:40 +0200] "GET /new-products.php?&seo_cat=&x5=1&debut=0&seo_cat=&x21=1&debut=0&seo_cat=&x23=1&debut=0&seo_cat=&x21=0&debut=0&seo_cat=&x17=1&debut=0&seo_cat=&x21=1&debut=0&seo_cat=&x21=0&debut=0 HTTP/1.1" 200 128146 "-" "Mozilla/5.0 (compatible; SERankingBacklinksBot/1.0; +https://seranking.com/backlinks-crawler)"
144.76.19.27 - - [19/Aug/2026:03:30:43 +0200] "GET /new-products.php?&seo_cat=&x21=1&debut=0&seo_cat=&x23=1&debut=0&seo_cat=&x21=0&debut=0&seo_cat=&x17=1&debut=0&seo_cat=&x20=1&debut=0&seo_cat=&x17=0&debut=0&seo_cat=&x5=1&debut=0 HTTP/1.1" 200 203265 "-" "Mozilla/5.0 (compatible; SERankingBacklinksBot/1.0; +https://seranking.com/backlinks-crawler)"
144.76.19.27 - - [19/Aug/2026:03:30:46 +0200] "GET /new-products.php?&seo_cat=&x21=1&debut=0&seo_cat=&x17=1&debut=0&seo_cat=&x20=1&debut=0&seo_cat=&x20=0&debut=0&seo_cat=&x20=1&debut=0&seo_cat=&x17=0&debut=0&seo_cat=&x5=1&debut=0 HTTP/1.1" 200 203902 "-" "Mozilla/5.0 (compatible; SERankingBacklinksBot/1.0; +https://seranking.com/backlinks-crawler)"
185.191.171.2 - - [19/Aug/2026:03:30:47 +0200] "GET /category.php?debut=0&debut=0&debut=0&debut=0&debut=0&debut=0&debut=0&debut=0&debut=0&debut=0&seo=47-lits-gigognes&seo_cat=47&seo_cat=47&seo_cat=47&seo_cat=47&seo_cat=47&seo_cat=47&seo_cat=47&seo_cat=47&seo_cat=47&seo_cat=47&t58=0&t58=1&t59=0&t59=0&t59=1&t60=0&t60=0&t60=0&t60=0&t60=1 HTTP/1.1" 200 188924 "-" "Mozilla/5.0 (compatible; SemrushBot/7~bl; +http://www.semrush.com/bot.html)"
185.191.171.2 - - [19/Aug/2026:03:30:48 +0200] "GET /category.php?debut=0&debut=0&debut=0&debut=0&debut=0&debut=0&debut=0&debut=0&debut=0&debut=0&seo=47-lits-gigognes&seo_cat=47&seo_cat=47&seo_cat=47&seo_cat=47&seo_cat=47&seo_cat=47&seo_cat=47&seo_cat=47&seo_cat=47&seo_cat=47&t58=0&t58=1&t59=0&t59=0&t59=1&t60=0&t60=0&t60=0&t60=0&t60=1 HTTP/1.1" 200 188924 "-" "Mozilla/5.0 (compatible; SemrushBot/7~bl; +http://www.semrush.com/bot.html)"
144.76.19.27 - - [19/Aug/2026:03:30:50 +0200] "GET /new-products.php?&seo_cat=&x20=1&debut=0&seo_cat=&x20=0&debut=0&seo_cat=&x17=1&debut=0&seo_cat=&x5=1&debut=0&seo_cat=&x17=0&debut=0&seo_cat=&x20=1&debut=0&seo_cat=&x21=1&debut=0 HTTP/1.1" 200 203676 "-" "Mozilla/5.0 (compatible; SERankingBacklinksBot/1.0; +https://seranking.com/backlinks-crawler)"
83.99.206.184 - - [19/Aug/2026:03:30:51 +0200] "GET /new-products.php?&seo_cat=&x17=1&debut=0&seo_cat=&x5=1&debut=0&seo_cat=&x21=1&debut=0&histo_track=1&seo_cat=&x20=1&debut=0&seo_cat=&x20=0&debut=0 HTTP/1.1" 200 189689 "-" "Mozilla/5.0 (X11; Linux x86_64) AppleWebKit/537.36 (KHTML, like Gecko; GeedoShopProductFinder) Chrome/142.0.0.0 Safari/537.36"
144.76.19.27 - - [19/Aug/2026:03:30:53 +0200] "GET /new-products.php?&seo_cat=&x5=1&debut=0&seo_cat=&x21=1&debut=0&seo_cat=&x23=1&debut=0&seo_cat=&x21=0&debut=0&seo_cat=&x17=1&debut=0&seo_cat=&x21=1&debut=0&seo_cat=&x23=0&debut=0 HTTP/1.1" 200 190595 "-" "Mozilla/5.0 (compatible; SERankingBacklinksBot/1.0; +https://seranking.com/backlinks-crawler)"
144.76.19.27 - - [19/Aug/2026:03:30:56 +0200] "GET /new-products.php?&seo_cat=&x21=1&debut=0&seo_cat=&x23=1&debut=0&seo_cat=&x21=0&debut=0&seo_cat=&x17=1&debut=0&seo_cat=&x20=1&debut=0&seo_cat=&x20=0&debut=0&seo_cat=&x5=1&debut=0 HTTP/1.1" 200 128050 "-" "Mozilla/5.0 (compatible; SERankingBacklinksBot/1.0; +https://seranking.com/backlinks-crawler)"
85.208.96.193 - - [19/Aug/2026:03:30:58 +0200] "GET /category.php?a=24&a=24&a=24&b=1&b=1&b=1&debut=0&debut=0&debut=0&debut=0&debut=0&debut=0&debut=0&debut=0&debut=0&debut=0&debut=0&debut=0&debut=0&debut=24&histo_track=1&seo=47-lits-gigognes&seo_cat=47&seo_cat=47&seo_cat=47&seo_cat=47&seo_cat=47&seo_cat=47&seo_cat=47&seo_cat=47&seo_cat=47&seo_cat=47&seo_cat=47&t60=1&t62=1&x20=0&x20=0&x20=0&x20=0&x20=0&x20=1&x5=0&x5=0&x5=1 HTTP/1.1" 200 70497 "-" "Mozilla/5.0 (compatible; SemrushBot/7~bl; +http://www.semrush.com/bot.html)"
144.76.19.27 - - [19/Aug/2026:03:30:59 +0200] "GET /new-products.php?&seo_cat=&x21=1&debut=0&seo_cat=&x17=1&debut=0&seo_cat=&x20=1&debut=0&seo_cat=&x20=0&debut=0&seo_cat=&x20=1&debut=0&seo_cat=&x20=0&debut=0&seo_cat=&x5=1&debut=0 HTTP/1.1" 200 190541 "-" "Mozilla/5.0 (compatible; SERankingBacklinksBot/1.0; +https://seranking.com/backlinks-crawler)"
144.76.19.27 - - [19/Aug/2026:03:31:03 +0200] "GET /new-products.php?&seo_cat=&x20=1&debut=0&seo_cat=&x20=0&debut=0&seo_cat=&x17=1&debut=0&seo_cat=&x5=1&debut=0&seo_cat=&x17=0&debut=0&seo_cat=&x20=1&debut=0&seo_cat=&x23=1&debut=0 HTTP/1.1" 200 203327 "-" "Mozilla/5.0 (compatible; SERankingBacklinksBot/1.0; +https://seranking.com/backlinks-crawler)"
85.208.96.202 - - [19/Aug/2026:03:31:06 +0200] "GET /category.php?a=24&a=24&a=24&a=24&a=24&a=24&a=25&a=25&a=25&a=25&a=25&b=1&b=1&b=1&b=1&b=1&b=1&b=1&b=1&b=1&b=1&b=1&debut=0&debut=0&debut=0&debut=0&debut=0&debut=0&debut=0&debut=0&debut=0&debut=0&debut=0&debut=0&debut=0&debut=0&debut=25&seo=47-lits-gigognes&seo_cat=47&seo_cat=47&seo_cat=47&seo_cat=47&t58=1&t59=1&x20=1&x5=1 HTTP/1.1" 200 70319 "-" "Mozilla/5.0 (compatible; SemrushBot/7~bl; +http://www.semrush.com/bot.html)"
144.76.19.27 - - [19/Aug/2026:03:31:07 +0200] "GET /new-products.php?&seo_cat=&x5=1&debut=0&seo_cat=&x21=1&debut=0&seo_cat=&x23=1&debut=0&seo_cat=&x21=0&debut=0&seo_cat=&x17=1&debut=0&seo_cat=&x23=0&debut=0&seo_cat=&x17=0&debut=0 HTTP/1.1" 200 93268 "-" "Mozilla/5.0 (compatible; SERankingBacklinksBot/1.0; +https://seranking.com/backlinks-crawler)"
144.76.19.27 - - [19/Aug/2026:03:31:10 +0200] "GET /new-products.php?&seo_cat=&x21=1&debut=0&seo_cat=&x23=1&debut=0&seo_cat=&x21=0&debut=0&seo_cat=&x17=1&debut=0&seo_cat=&x20=1&debut=0&seo_cat=&x21=1&debut=0&seo_cat=&x5=1&debut=0 HTTP/1.1" 200 203608 "-" "Mozilla/5.0 (compatible; SERankingBacklinksBot/1.0; +https://seranking.com/backlinks-crawler)"
185.191.171.3 - - [19/Aug/2026:03:31:12 +0200] "GET /new-products.php?a=25&b=1&debut=0&debut=0&debut=0&debut=0&debut=0&debut=0&debut=0&debut=0&debut=0&debut=0&debut=0&debut=0&debut=0&debut=25&histo_track=1&seo_cat&seo_cat&seo_cat&seo_cat&seo_cat&seo_cat&seo_cat&seo_cat&seo_cat&seo_cat&seo_cat&seo_cat&seo_cat&x17=0&x17=0&x17=0&x17=1&x20=0&x20=1&x22=1&x23=0&x23=0&x23=0&x23=0&x23=0&x23=1 HTTP/1.1" 200 64395 "-" "Mozilla/5.0 (compatible; SemrushBot/7~bl; +http://www.semrush.com/bot.html)"
185.191.171.3 - - [19/Aug/2026:03:31:13 +0200] "GET /new-products.php?a=25&b=1&debut=0&debut=0&debut=0&debut=0&debut=0&debut=0&debut=0&debut=0&debut=0&debut=0&debut=0&debut=0&debut=0&debut=25&histo_track=1&seo_cat&seo_cat&seo_cat&seo_cat&seo_cat&seo_cat&seo_cat&seo_cat&seo_cat&seo_cat&seo_cat&seo_cat&seo_cat&x17=0&x17=0&x17=0&x17=1&x20=0&x20=1&x22=1&x23=0&x23=0&x23=0&x23=0&x23=0&x23=1 HTTP/1.1" 200 64341 "-" "Mozilla/5.0 (compatible; SemrushBot/7~bl; +http://www.semrush.com/bot.html)"
144.76.19.27 - - [19/Aug/2026:03:31:13 +0200] "GET /new-products.php?&seo_cat=&x21=1&debut=0&seo_cat=&x17=1&debut=0&seo_cat=&x20=1&debut=0&seo_cat=&x20=0&debut=0&seo_cat=&x20=1&debut=0&seo_cat=&x21=0&debut=0&seo_cat=&x5=1&debut=0 HTTP/1.1" 200 203457 "-" "Mozilla/5.0 (compatible; SERankingBacklinksBot/1.0; +https://seranking.com/backlinks-crawler)"
144.76.19.27 - - [19/Aug/2026:03:31:17 +0200] "GET /new-products.php?&seo_cat=&x20=1&debut=0&seo_cat=&x20=0&debut=0&seo_cat=&x17=1&debut=0&seo_cat=&x5=1&debut=0&seo_cat=&x17=0&debut=0&seo_cat=&x21=1&debut=0&seo_cat=&x17=1&debut=0 HTTP/1.1" 200 190601 "-" "Mozilla/5.0 (compatible; SERankingBacklinksBot/1.0; +https://seranking.com/backlinks-crawler)"
185.191.171.4 - - [19/Aug/2026:03:31:19 +0200] "GET /new-products.php?a=24&b=1&debut=0&debut=0&debut=0&debut=0&debut=0&debut=0&debut=0&debut=0&debut=0&debut=0&debut=0&debut=0&debut=0&debut=24&histo_track=1&seo_cat&seo_cat&seo_cat&seo_cat&seo_cat&seo_cat&seo_cat&seo_cat&seo_cat&seo_cat&seo_cat&seo_cat&seo_cat&x17=0&x17=0&x17=0&x17=1&x20=0&x20=0&x20=0&x20=0&x20=1&x21=1&x22=1&x23=0&x23=1 HTTP/1.1" 200 138127 "-" "Mozilla/5.0 (compatible; SemrushBot/7~bl; +http://www.semrush.com/bot.html)"
144.76.19.27 - - [19/Aug/2026:03:31:20 +0200] "GET /new-products.php?&seo_cat=&x5=1&debut=0&seo_cat=&x21=1&debut=0&seo_cat=&x23=1&debut=0&seo_cat=&x21=0&debut=0&seo_cat=&x17=1&debut=0&seo_cat=&x23=0&debut=0&seo_cat=&x20=1&debut=0 HTTP/1.1" 200 203515 "-" "Mozilla/5.0 (compatible; SERankingBacklinksBot/1.0; +https://seranking.com/backlinks-crawler)"
144.76.19.27 - - [19/Aug/2026:03:31:23 +0200] "GET /new-products.php?&seo_cat=&x21=1&debut=0&seo_cat=&x23=1&debut=0&seo_cat=&x21=0&debut=0&seo_cat=&x17=1&debut=0&seo_cat=&x20=1&debut=0&seo_cat=&x23=0&debut=0&seo_cat=&x5=1&debut=0 HTTP/1.1" 200 203541 "-" "Mozilla/5.0 (compatible; SERankingBacklinksBot/1.0; +https://seranking.com/backlinks-crawler)"
144.76.19.27 - - [19/Aug/2026:03:31:27 +0200] "GET /new-products.php?&seo_cat=&x21=1&debut=0&seo_cat=&x17=1&debut=0&seo_cat=&x20=1&debut=0&seo_cat=&x20=0&debut=0&seo_cat=&x20=1&debut=0&seo_cat=&x23=1&debut=0&seo_cat=&x5=1&debut=0 HTTP/1.1" 200 203652 "-" "Mozilla/5.0 (compatible; SERankingBacklinksBot/1.0; +https://seranking.com/backlinks-crawler)"
144.76.19.27 - - [19/Aug/2026:03:31:30 +0200] "GET /new-products.php?&seo_cat=&x20=1&debut=0&seo_cat=&x20=0&debut=0&seo_cat=&x17=1&debut=0&seo_cat=&x5=1&debut=0&seo_cat=&x17=0&debut=0&seo_cat=&x21=1&debut=0&seo_cat=&x20=1&debut=0 HTTP/1.1" 200 203652 "-" "Mozilla/5.0 (compatible; SERankingBacklinksBot/1.0; +https://seranking.com/backlinks-crawler)"
144.76.19.27 - - [19/Aug/2026:03:31:33 +0200] "GET /new-products.php?&seo_cat=&x5=1&debut=0&seo_cat=&x21=1&debut=0&seo_cat=&x23=1&debut=0&seo_cat=&x21=0&debut=0&seo_cat=&x17=1&debut=0&seo_cat=&x23=0&debut=0&seo_cat=&x21=1&debut=0 HTTP/1.1" 200 190619 "-" "Mozilla/5.0 (compatible; SERankingBacklinksBot/1.0; +https://seranking.com/backlinks-crawler)"
144.76.19.27 - - [19/Aug/2026:03:31:36 +0200] "GET /new-products.php?&seo_cat=&x21=1&debut=0&seo_cat=&x23=1&debut=0&seo_cat=&x21=0&debut=0&seo_cat=&x17=1&debut=0&seo_cat=&x20=1&debut=0&seo_cat=&x5=1&debut=0&seo_cat=&x17=0&debut=0 HTTP/1.1" 200 203323 "-" "Mozilla/5.0 (compatible; SERankingBacklinksBot/1.0; +https://seranking.com/backlinks-crawler)"
144.76.19.27 - - [19/Aug/2026:03:31:40 +0200] "GET /new-products.php?&seo_cat=&x21=1&debut=0&seo_cat=&x17=1&debut=0&seo_cat=&x20=1&debut=0&seo_cat=&x20=0&debut=0&seo_cat=&x20=1&debut=0&seo_cat=&x5=1&debut=0&seo_cat=&x17=0&debut=0 HTTP/1.1" 200 203740 "-" "Mozilla/5.0 (compatible; SERankingBacklinksBot/1.0; +https://seranking.com/backlinks-crawler)"
144.76.19.27 - - [19/Aug/2026:03:31:43 +0200] "GET /new-products.php?&seo_cat=&x20=1&debut=0&seo_cat=&x20=0&debut=0&seo_cat=&x17=1&debut=0&seo_cat=&x5=1&debut=0&seo_cat=&x17=0&debut=0&seo_cat=&x21=1&debut=0&seo_cat=&x21=0&debut=0 HTTP/1.1" 200 93268 "-" "Mozilla/5.0 (compatible; SERankingBacklinksBot/1.0; +https://seranking.com/backlinks-crawler)"
144.76.19.27 - - [19/Aug/2026:03:31:46 +0200] "GET /new-products.php?&seo_cat=&x5=1&debut=0&seo_cat=&x21=1&debut=0&seo_cat=&x23=1&debut=0&seo_cat=&x21=0&debut=0&seo_cat=&x17=1&debut=0&seo_cat=&x23=0&debut=0&seo_cat=&x23=1&debut=0 HTTP/1.1" 200 128116 "-" "Mozilla/5.0 (compatible; SERankingBacklinksBot/1.0; +https://seranking.com/backlinks-crawler)"
144.76.19.27 - - [19/Aug/2026:03:31:49 +0200] "GET /new-products.php?&seo_cat=&x21=1&debut=0&seo_cat=&x23=1&debut=0&seo_cat=&x21=0&debut=0&seo_cat=&x17=1&debut=0&seo_cat=&x20=1&debut=0&seo_cat=&x5=1&debut=0&seo_cat=&x20=0&debut=0 HTTP/1.1" 200 128120 "-" "Mozilla/5.0 (compatible; SERankingBacklinksBot/1.0; +https://seranking.com/backlinks-crawler)"
185.191.171.15 - - [19/Aug/2026:03:31:51 +0200] "GET /new-products.php?a=24&a=24&a=24&b=1&b=1&b=1&debut=0&debut=0&debut=0&debut=0&debut=0&debut=0&debut=0&debut=0&debut=0&debut=0&debut=0&debut=0&debut=0&debut=24&seo_cat&seo_cat&seo_cat&seo_cat&seo_cat&seo_cat&seo_cat&seo_cat&seo_cat&seo_cat&seo_cat&x17=0&x17=0&x17=1&x20=1&x21=0&x21=0&x21=1&x22=1&x23=0&x23=0&x23=1 HTTP/1.1" 200 137679 "-" "Mozilla/5.0 (compatible; SemrushBot/7~bl; +http://www.semrush.com/bot.html)"
144.76.19.27 - - [19/Aug/2026:03:31:53 +0200] "GET /new-products.php?&seo_cat=&x21=1&debut=0&seo_cat=&x17=1&debut=0&seo_cat=&x20=1&debut=0&seo_cat=&x20=0&debut=0&seo_cat=&x20=1&debut=0&seo_cat=&x5=1&debut=0&seo_cat=&x20=0&debut=0 HTTP/1.1" 200 190627 "-" "Mozilla/5.0 (compatible; SERankingBacklinksBot/1.0; +https://seranking.com/backlinks-crawler)"
144.76.19.27 - - [19/Aug/2026:03:31:56 +0200] "GET /new-products.php?&seo_cat=&x20=1&debut=0&seo_cat=&x20=0&debut=0&seo_cat=&x17=1&debut=0&seo_cat=&x5=1&debut=0&seo_cat=&x17=0&debut=0&seo_cat=&x21=1&debut=0&seo_cat=&x23=1&debut=0 HTTP/1.1" 200 168304 "-" "Mozilla/5.0 (compatible; SERankingBacklinksBot/1.0; +https://seranking.com/backlinks-crawler)"
144.76.19.27 - - [19/Aug/2026:03:31:59 +0200] "GET /new-products.php?&seo_cat=&x5=1&debut=0&seo_cat=&x21=1&debut=0&seo_cat=&x23=1&debut=0&seo_cat=&x21=0&debut=0&seo_cat=&x20=1&debut=0&seo_cat=&x17=1&debut=0&seo_cat=&x17=0&debut=0 HTTP/1.1" 200 203261 "-" "Mozilla/5.0 (compatible; SERankingBacklinksBot/1.0; +https://seranking.com/backlinks-crawler)"
144.76.19.27 - - [19/Aug/2026:03:32:03 +0200] "GET /new-products.php?&seo_cat=&x21=1&debut=0&seo_cat=&x23=1&debut=0&seo_cat=&x21=0&debut=0&seo_cat=&x17=1&debut=0&seo_cat=&x20=1&debut=0&seo_cat=&x5=1&debut=0&seo_cat=&x21=1&debut=0 HTTP/1.1" 200 203630 "-" "Mozilla/5.0 (compatible; SERankingBacklinksBot/1.0; +https://seranking.com/backlinks-crawler)"
144.76.19.27 - - [19/Aug/2026:03:32:06 +0200] "GET /new-products.php?&seo_cat=&x21=1&debut=0&seo_cat=&x17=1&debut=0&seo_cat=&x20=1&debut=0&seo_cat=&x20=0&debut=0&seo_cat=&x20=1&debut=0&seo_cat=&x5=1&debut=0&seo_cat=&x21=0&debut=0 HTTP/1.1" 200 203692 "-" "Mozilla/5.0 (compatible; SERankingBacklinksBot/1.0; +https://seranking.com/backlinks-crawler)"
185.191.171.4 - - [19/Aug/2026:03:32:08 +0200] "GET /new-products.php?a=24&a=24&a=24&a=24&a=24&a=24&a=24&a=25&b=1&b=1&b=1&b=1&b=1&b=1&b=1&b=1&debut=0&debut=0&debut=0&debut=0&debut=0&debut=0&debut=0&debut=0&debut=0&debut=0&debut=0&debut=0&debut=0&debut=0&debut=25&histo_track=1&seo_cat&seo_cat&seo_cat&seo_cat&seo_cat&seo_cat&seo_cat&x17=1&x20=1&x21=0&x21=1&x23=0&x23=1&x5=1 HTTP/1.1" 200 161282 "-" "Mozilla/5.0 (compatible; SemrushBot/7~bl; +http://www.semrush.com/bot.html)"
144.76.19.27 - - [19/Aug/2026:03:32:09 +0200] "GET /new-products.php?&seo_cat=&x20=1&debut=0&seo_cat=&x20=0&debut=0&seo_cat=&x17=1&debut=0&seo_cat=&x5=1&debut=0&seo_cat=&x17=0&debut=0&seo_cat=&x23=1&debut=0&seo_cat=&x17=1&debut=0 HTTP/1.1" 200 128090 "-" "Mozilla/5.0 (compatible; SERankingBacklinksBot/1.0; +https://seranking.com/backlinks-crawler)"
