144.76.19.27 - - [19/Aug/2026:01:49:15 +0200] "GET /new-products.php?&seo_cat=&x5=1&debut=0&seo_cat=&x23=1&debut=0&seo_cat=&x23=0&debut=0&seo_cat=&x21=1&debut=0&seo_cat=&x5=0&debut=0&seo_cat=&x21=0&debut=0&seo_cat=&x20=1&debut=0 HTTP/1.1" 200 168080 "-" "Mozilla/5.0 (compatible; SERankingBacklinksBot/1.0; +https://seranking.com/backlinks-crawler)"
85.208.96.200 - - [19/Aug/2026:01:49:17 +0200] "GET /new-products.php?a=24&b=1&debut=0&debut=0&debut=0&debut=0&debut=0&debut=0&debut=0&debut=0&debut=0&debut=0&debut=0&debut=24&seo_cat&seo_cat&seo_cat&seo_cat&seo_cat&seo_cat&seo_cat&seo_cat&seo_cat&seo_cat&seo_cat&x17=0&x17=0&x17=1&x20=1&x21=0&x21=1&x22=1&x23=1&x5=0&x5=0&x5=1 HTTP/1.1" 200 166162 "-" "Mozilla/5.0 (compatible; SemrushBot/7~bl; +http://www.semrush.com/bot.html)"
144.76.19.27 - - [19/Aug/2026:01:49:20 +0200] "GET /new-products.php?&seo_cat=&x5=1&debut=0&seo_cat=&x23=1&debut=0&seo_cat=&x23=0&debut=0&seo_cat=&x21=1&debut=0&seo_cat=&x5=0&debut=0&seo_cat=&x21=0&debut=0&seo_cat=&x21=1&debut=0 HTTP/1.1" 200 133527 "-" "Mozilla/5.0 (compatible; SERankingBacklinksBot/1.0; +https://seranking.com/backlinks-crawler)"
144.76.19.27 - - [19/Aug/2026:01:49:23 +0200] "GET /new-products.php?&seo_cat=&x5=1&debut=0&seo_cat=&x23=1&debut=0&seo_cat=&x23=0&debut=0&seo_cat=&x21=1&debut=0&seo_cat=&x5=0&debut=0&seo_cat=&x21=0&debut=0&seo_cat=&x23=1&debut=0 HTTP/1.1" 200 71116 "-" "Mozilla/5.0 (compatible; SERankingBacklinksBot/1.0; +https://seranking.com/backlinks-crawler)"
185.191.171.14 - - [19/Aug/2026:01:49:26 +0200] "GET /new-products.php?debut=0&debut=0&debut=0&debut=0&debut=0&debut=0&debut=0&debut=0&debut=0&debut=0&debut=0&debut=0&debut=0&debut=0&seo_cat&seo_cat&seo_cat&seo_cat&seo_cat&seo_cat&seo_cat&seo_cat&seo_cat&seo_cat&seo_cat&seo_cat&seo_cat&seo_cat&x17=0&x17=0&x17=0&x17=1&x20=1&x21=0&x21=1&x22=0&x22=0&x22=1&x23=0&x23=0&x23=1&x5=1 HTTP/1.1" 200 208086 "-" "Mozilla/5.0 (compatible; SemrushBot/7~bl; +http://www.semrush.com/bot.html)"
144.76.19.27 - - [19/Aug/2026:01:49:26 +0200] "GET /new-products.php?&seo_cat=&x5=1&debut=0&seo_cat=&x23=1&debut=0&seo_cat=&x23=0&debut=0&seo_cat=&x21=1&debut=0&seo_cat=&x5=0&debut=0&seo_cat=&x23=1&debut=0&seo_cat=&x17=1&debut=0 HTTP/1.1" 200 168344 "-" "Mozilla/5.0 (compatible; SERankingBacklinksBot/1.0; +https://seranking.com/backlinks-crawler)"
185.191.171.14 - - [19/Aug/2026:01:49:29 +0200] "GET /new-products.php?debut=0&debut=0&debut=0&debut=0&debut=0&debut=0&debut=0&debut=0&debut=0&debut=0&debut=0&debut=0&debut=0&debut=0&seo_cat&seo_cat&seo_cat&seo_cat&seo_cat&seo_cat&seo_cat&seo_cat&seo_cat&seo_cat&seo_cat&seo_cat&seo_cat&seo_cat&x17=0&x17=0&x17=0&x17=1&x20=1&x21=0&x21=1&x22=0&x22=0&x22=1&x23=0&x23=0&x23=1&x5=1 HTTP/1.1" 200 208170 "-" "Mozilla/5.0 (compatible; SemrushBot/7~bl; +http://www.semrush.com/bot.html)"
144.76.19.27 - - [19/Aug/2026:01:49:29 +0200] "GET /new-products.php?&seo_cat=&x5=1&debut=0&seo_cat=&x23=1&debut=0&seo_cat=&x23=0&debut=0&seo_cat=&x21=1&debut=0&seo_cat=&x5=0&debut=0&seo_cat=&x23=1&debut=0&seo_cat=&x20=1&debut=0 HTTP/1.1" 200 203697 "-" "Mozilla/5.0 (compatible; SERankingBacklinksBot/1.0; +https://seranking.com/backlinks-crawler)"
85.208.96.208 - - [19/Aug/2026:01:49:32 +0200] "GET /new-products.php?a=24&a=24&a=24&b=1&b=1&b=1&debut=0&debut=0&debut=0&debut=0&debut=0&debut=0&debut=0&debut=0&debut=0&debut=0&debut=0&debut=0&debut=0&debut=24&seo_cat&seo_cat&seo_cat&seo_cat&seo_cat&seo_cat&seo_cat&seo_cat&seo_cat&seo_cat&seo_cat&x17=1&x20=1&x21=0&x21=0&x21=0&x21=1&x23=1&x5=0&x5=0&x5=0&x5=1 HTTP/1.1" 200 166818 "-" "Mozilla/5.0 (compatible; SemrushBot/7~bl; +http://www.semrush.com/bot.html)"
144.76.19.27 - - [19/Aug/2026:01:49:33 +0200] "GET /new-products.php?&seo_cat=&x5=1&debut=0&seo_cat=&x23=1&debut=0&seo_cat=&x23=0&debut=0&seo_cat=&x21=1&debut=0&seo_cat=&x5=0&debut=0&seo_cat=&x23=1&debut=0&seo_cat=&x21=0&debut=0 HTTP/1.1" 200 71278 "-" "Mozilla/5.0 (compatible; SERankingBacklinksBot/1.0; +https://seranking.com/backlinks-crawler)"
144.76.19.27 - - [19/Aug/2026:01:49:36 +0200] "GET /new-products.php?&seo_cat=&x5=1&debut=0&seo_cat=&x23=1&debut=0&seo_cat=&x23=0&debut=0&seo_cat=&x21=1&debut=0&seo_cat=&x5=0&debut=0&seo_cat=&x23=1&debut=0&seo_cat=&x23=0&debut=0 HTTP/1.1" 200 133779 "-" "Mozilla/5.0 (compatible; SERankingBacklinksBot/1.0; +https://seranking.com/backlinks-crawler)"
144.76.19.27 - - [19/Aug/2026:01:49:39 +0200] "GET /new-products.php?&seo_cat=&x5=1&debut=0&seo_cat=&x23=1&debut=0&seo_cat=&x23=0&debut=0&seo_cat=&x23=1&debut=0&seo_cat=&x17=1&debut=0&seo_cat=&x17=0&debut=0&seo_cat=&x5=0&debut=0 HTTP/1.1" 200 71080 "-" "Mozilla/5.0 (compatible; SERankingBacklinksBot/1.0; +https://seranking.com/backlinks-crawler)"
83.99.206.24 - - [19/Aug/2026:01:49:40 +0200] "GET /new-products.php?&seo_cat=&x17=1&debut=0&seo_cat=&x5=1&debut=0&seo_cat=&x20=1&debut=0&seo_cat=&x23=1&debut=0&seo_cat=&x23=0&debut=0&seo_cat=&x21=1&debut=0&debut=24&a=24&b=1&seo_cat=&x17=0&debut=0&seo_cat=&x5=0&debut=0&seo_cat=&x21=0&debut=0 HTTP/1.1" 200 169628 "-" "Mozilla/5.0 (X11; Linux x86_64) AppleWebKit/537.36 (KHTML, like Gecko; GeedoShopProductFinder) Chrome/142.0.0.0 Safari/537.36"
144.76.19.27 - - [19/Aug/2026:01:49:42 +0200] "GET /new-products.php?&seo_cat=&x5=1&debut=0&seo_cat=&x23=1&debut=0&seo_cat=&x23=0&debut=0&seo_cat=&x23=1&debut=0&seo_cat=&x17=1&debut=0&seo_cat=&x20=1&debut=0&seo_cat=&x5=0&debut=0 HTTP/1.1" 200 203315 "-" "Mozilla/5.0 (compatible; SERankingBacklinksBot/1.0; +https://seranking.com/backlinks-crawler)"
185.191.171.14 - - [19/Aug/2026:01:49:43 +0200] "GET /new-products.php?a=25&b=1&debut=0&debut=0&debut=0&debut=0&debut=0&debut=0&debut=0&debut=0&debut=0&debut=0&debut=0&debut=0&debut=25&histo_track=1&seo_cat&seo_cat&seo_cat&seo_cat&seo_cat&seo_cat&seo_cat&seo_cat&seo_cat&seo_cat&seo_cat&seo_cat&x17=0&x17=1&x20=0&x20=0&x20=1&x21=0&x21=1&x22=0&x22=0&x22=0&x22=1&x5=1 HTTP/1.1" 200 154559 "-" "Mozilla/5.0 (compatible; SemrushBot/7~bl; +http://www.semrush.com/bot.html)"
144.76.19.27 - - [19/Aug/2026:01:49:46 +0200] "GET /new-products.php?&seo_cat=&x5=1&debut=0&seo_cat=&x23=1&debut=0&seo_cat=&x23=0&debut=0&seo_cat=&x23=1&debut=0&seo_cat=&x17=1&debut=0&seo_cat=&x21=1&debut=0&seo_cat=&x5=0&debut=0 HTTP/1.1" 200 168394 "-" "Mozilla/5.0 (compatible; SERankingBacklinksBot/1.0; +https://seranking.com/backlinks-crawler)"
144.76.19.27 - - [19/Aug/2026:01:49:49 +0200] "GET /new-products.php?&seo_cat=&x5=1&debut=0&seo_cat=&x23=1&debut=0&seo_cat=&x23=0&debut=0&seo_cat=&x23=1&debut=0&seo_cat=&x17=1&debut=0&seo_cat=&x23=0&debut=0&seo_cat=&x5=0&debut=0 HTTP/1.1" 200 93311 "-" "Mozilla/5.0 (compatible; SERankingBacklinksBot/1.0; +https://seranking.com/backlinks-crawler)"
144.76.19.27 - - [19/Aug/2026:01:49:52 +0200] "GET /new-products.php?&seo_cat=&x5=1&debut=0&seo_cat=&x23=1&debut=0&seo_cat=&x23=0&debut=0&seo_cat=&x23=1&debut=0&seo_cat=&x17=1&debut=0&seo_cat=&x5=0&debut=0&seo_cat=&x17=0&debut=0 HTTP/1.1" 200 71082 "-" "Mozilla/5.0 (compatible; SERankingBacklinksBot/1.0; +https://seranking.com/backlinks-crawler)"
144.76.19.27 - - [19/Aug/2026:01:49:56 +0200] "GET /new-products.php?&seo_cat=&x5=1&debut=0&seo_cat=&x23=1&debut=0&seo_cat=&x23=0&debut=0&seo_cat=&x23=1&debut=0&seo_cat=&x17=1&debut=0&seo_cat=&x5=0&debut=0&seo_cat=&x20=1&debut=0 HTTP/1.1" 200 203301 "-" "Mozilla/5.0 (compatible; SERankingBacklinksBot/1.0; +https://seranking.com/backlinks-crawler)"
144.76.19.27 - - [19/Aug/2026:01:49:59 +0200] "GET /new-products.php?&seo_cat=&x5=1&debut=0&seo_cat=&x23=1&debut=0&seo_cat=&x23=0&debut=0&seo_cat=&x23=1&debut=0&seo_cat=&x17=1&debut=0&seo_cat=&x5=0&debut=0&seo_cat=&x21=1&debut=0 HTTP/1.1" 200 168410 "-" "Mozilla/5.0 (compatible; SERankingBacklinksBot/1.0; +https://seranking.com/backlinks-crawler)"
83.99.206.24 - - [19/Aug/2026:01:50:01 +0200] "GET /new-products.php?&histo_track=1&seo_cat=&x23=1&debut=0&seo_cat=&x5=1&debut=0 HTTP/1.1" 200 98487 "-" "Mozilla/5.0 (X11; Linux x86_64) AppleWebKit/537.36 (KHTML, like Gecko; GeedoShopProductFinder) Chrome/142.0.0.0 Safari/537.36"
144.76.19.27 - - [19/Aug/2026:01:50:02 +0200] "GET /new-products.php?&seo_cat=&x5=1&debut=0&seo_cat=&x23=1&debut=0&seo_cat=&x23=0&debut=0&seo_cat=&x23=1&debut=0&seo_cat=&x17=1&debut=0&seo_cat=&x5=0&debut=0&seo_cat=&x23=0&debut=0 HTTP/1.1" 200 93503 "-" "Mozilla/5.0 (compatible; SERankingBacklinksBot/1.0; +https://seranking.com/backlinks-crawler)"
185.191.171.15 - - [19/Aug/2026:01:50:03 +0200] "GET /new-products.php?a=25&a=25&a=25&b=1&b=1&b=1&debut=0&debut=0&debut=0&debut=0&debut=0&debut=0&debut=0&debut=0&debut=0&debut=0&debut=0&debut=0&debut=0&debut=0&debut=25&seo_cat&seo_cat&seo_cat&seo_cat&seo_cat&seo_cat&seo_cat&seo_cat&seo_cat&seo_cat&seo_cat&seo_cat&x17=0&x17=0&x17=0&x17=1&x20=1&x21=0&x21=0&x21=1&x22=0&x22=0&x22=1&x23=1 HTTP/1.1" 200 132355 "-" "Mozilla/5.0 (compatible; SemrushBot/7~bl; +http://www.semrush.com/bot.html)"
144.76.19.27 - - [19/Aug/2026:01:50:06 +0200] "GET /new-products.php?&seo_cat=&x5=1&debut=0&seo_cat=&x23=1&debut=0&seo_cat=&x23=0&debut=0&seo_cat=&x23=1&debut=0&seo_cat=&x20=1&debut=0&seo_cat=&x17=1&debut=0&seo_cat=&x5=0&debut=0 HTTP/1.1" 200 203341 "-" "Mozilla/5.0 (compatible; SERankingBacklinksBot/1.0; +https://seranking.com/backlinks-crawler)"
144.76.19.27 - - [19/Aug/2026:01:50:09 +0200] "GET /new-products.php?&seo_cat=&x5=1&debut=0&seo_cat=&x23=1&debut=0&seo_cat=&x23=0&debut=0&seo_cat=&x23=1&debut=0&seo_cat=&x20=1&debut=0&seo_cat=&x20=0&debut=0&seo_cat=&x5=0&debut=0 HTTP/1.1" 200 71104 "-" "Mozilla/5.0 (compatible; SERankingBacklinksBot/1.0; +https://seranking.com/backlinks-crawler)"
85.208.96.210 - - [19/Aug/2026:01:50:11 +0200] "GET /new-products.php?a=24&a=24&b=1&b=1&debut=0&debut=0&debut=0&debut=0&debut=0&debut=0&debut=0&debut=0&debut=0&debut=0&debut=0&debut=0&debut=0&debut=0&debut=24&histo_track=1&seo_cat&seo_cat&seo_cat&seo_cat&seo_cat&seo_cat&seo_cat&seo_cat&seo_cat&seo_cat&seo_cat&seo_cat&seo_cat&x17=0&x17=0&x17=1&x20=0&x20=0&x20=1&x21=1&x22=0&x22=0&x22=0&x22=1&x23=1&x5=1 HTTP/1.1" 200 167896 "-" "Mozilla/5.0 (compatible; SemrushBot/7~bl; +http://www.semrush.com/bot.html)"
144.76.19.27 - - [19/Aug/2026:01:50:12 +0200] "GET /new-products.php?&seo_cat=&x5=1&debut=0&seo_cat=&x23=1&debut=0&seo_cat=&x23=0&debut=0&seo_cat=&x23=1&debut=0&seo_cat=&x20=1&debut=0&seo_cat=&x21=1&debut=0&seo_cat=&x5=0&debut=0 HTTP/1.1" 200 203621 "-" "Mozilla/5.0 (compatible; SERankingBacklinksBot/1.0; +https://seranking.com/backlinks-crawler)"
144.76.19.27 - - [19/Aug/2026:01:50:15 +0200] "GET /new-products.php?&seo_cat=&x5=1&debut=0&seo_cat=&x23=1&debut=0&seo_cat=&x23=0&debut=0&seo_cat=&x23=1&debut=0&seo_cat=&x20=1&debut=0&seo_cat=&x23=0&debut=0&seo_cat=&x5=0&debut=0 HTTP/1.1" 200 168074 "-" "Mozilla/5.0 (compatible; SERankingBacklinksBot/1.0; +https://seranking.com/backlinks-crawler)"
144.76.19.27 - - [19/Aug/2026:01:50:19 +0200] "GET /new-products.php?&seo_cat=&x5=1&debut=0&seo_cat=&x23=1&debut=0&seo_cat=&x23=0&debut=0&seo_cat=&x23=1&debut=0&seo_cat=&x20=1&debut=0&seo_cat=&x5=0&debut=0&seo_cat=&x17=1&debut=0 HTTP/1.1" 200 203331 "-" "Mozilla/5.0 (compatible; SERankingBacklinksBot/1.0; +https://seranking.com/backlinks-crawler)"
83.99.206.24 - - [19/Aug/2026:01:50:22 +0200] "GET /new-products.php?&seo_cat=&x17=1&debut=0&seo_cat=&x5=1&debut=0&seo_cat=&x20=1&debut=0&seo_cat=&x23=1&debut=0&debut=24&a=24&b=1&seo_cat=&x23=0&debut=0&seo_cat=&x17=0&debut=0&seo_cat=&x5=0&debut=0&seo_cat=&x5=1&debut=0 HTTP/1.1" 200 197669 "-" "Mozilla/5.0 (X11; Linux x86_64) AppleWebKit/537.36 (KHTML, like Gecko; GeedoShopProductFinder) Chrome/142.0.0.0 Safari/537.36"
144.76.19.27 - - [19/Aug/2026:01:50:22 +0200] "GET /new-products.php?&seo_cat=&x5=1&debut=0&seo_cat=&x23=1&debut=0&seo_cat=&x23=0&debut=0&seo_cat=&x23=1&debut=0&seo_cat=&x20=1&debut=0&seo_cat=&x5=0&debut=0&seo_cat=&x20=0&debut=0 HTTP/1.1" 200 71096 "-" "Mozilla/5.0 (compatible; SERankingBacklinksBot/1.0; +https://seranking.com/backlinks-crawler)"
40.77.167.24 - - [19/Aug/2026:01:50:25 +0200] "GET /blog-cadre-a-lattes HTTP/1.1" 200 86175 "-" "Mozilla/5.0 AppleWebKit/537.36 (KHTML, like Gecko; compatible; bingbot/2.0; +http://www.bing.com/bingbot.htm) Chrome/116.0.1938.76 Safari/537.36"
144.76.19.27 - - [19/Aug/2026:01:50:25 +0200] "GET /new-products.php?&seo_cat=&x5=1&debut=0&seo_cat=&x23=1&debut=0&seo_cat=&x23=0&debut=0&seo_cat=&x23=1&debut=0&seo_cat=&x20=1&debut=0&seo_cat=&x5=0&debut=0&seo_cat=&x21=1&debut=0 HTTP/1.1" 200 203685 "-" "Mozilla/5.0 (compatible; SERankingBacklinksBot/1.0; +https://seranking.com/backlinks-crawler)"
144.76.19.27 - - [19/Aug/2026:01:50:29 +0200] "GET /new-products.php?&seo_cat=&x5=1&debut=0&seo_cat=&x23=1&debut=0&seo_cat=&x23=0&debut=0&seo_cat=&x23=1&debut=0&seo_cat=&x20=1&debut=0&seo_cat=&x5=0&debut=0&seo_cat=&x23=0&debut=0 HTTP/1.1" 200 168004 "-" "Mozilla/5.0 (compatible; SERankingBacklinksBot/1.0; +https://seranking.com/backlinks-crawler)"
85.208.96.211 - - [19/Aug/2026:01:50:31 +0200] "GET /new-products.php?a=24&a=24&a=25&b=1&b=1&b=1&debut=0&debut=0&debut=0&debut=0&debut=0&debut=0&debut=0&debut=0&debut=0&debut=0&debut=0&debut=25&histo_track=1&seo_cat&seo_cat&seo_cat&seo_cat&seo_cat&seo_cat&seo_cat&seo_cat&seo_cat&x17=1&x20=0&x20=1&x21=1&x22=1&x23=0&x23=1&x5=0&x5=1 HTTP/1.1" 200 160226 "-" "Mozilla/5.0 (compatible; SemrushBot/7~bl; +http://www.semrush.com/bot.html)"
144.76.19.27 - - [19/Aug/2026:01:50:32 +0200] "GET /new-products.php?&seo_cat=&x5=1&debut=0&seo_cat=&x23=1&debut=0&seo_cat=&x23=0&debut=0&seo_cat=&x23=1&debut=0&seo_cat=&x21=1&debut=0&seo_cat=&x17=1&debut=0&seo_cat=&x5=0&debut=0 HTTP/1.1" 200 168454 "-" "Mozilla/5.0 (compatible; SERankingBacklinksBot/1.0; +https://seranking.com/backlinks-crawler)"
144.76.19.27 - - [19/Aug/2026:01:50:35 +0200] "GET /new-products.php?&seo_cat=&x5=1&debut=0&seo_cat=&x23=1&debut=0&seo_cat=&x23=0&debut=0&seo_cat=&x23=1&debut=0&seo_cat=&x21=1&debut=0&seo_cat=&x20=1&debut=0&seo_cat=&x5=0&debut=0 HTTP/1.1" 200 203639 "-" "Mozilla/5.0 (compatible; SERankingBacklinksBot/1.0; +https://seranking.com/backlinks-crawler)"
144.76.19.27 - - [19/Aug/2026:01:50:39 +0200] "GET /new-products.php?&seo_cat=&x5=1&debut=0&seo_cat=&x23=1&debut=0&seo_cat=&x23=0&debut=0&seo_cat=&x23=1&debut=0&seo_cat=&x21=1&debut=0&seo_cat=&x21=0&debut=0&seo_cat=&x5=0&debut=0 HTTP/1.1" 200 71076 "-" "Mozilla/5.0 (compatible; SERankingBacklinksBot/1.0; +https://seranking.com/backlinks-crawler)"
83.99.206.24 - - [19/Aug/2026:01:50:42 +0200] "GET /marques.php?seo=20-lits-gigognes&seo_marq=20&t60=1&debut=0&seo_marq=20&t59=1&debut=0&seo_marq=20&t58=1&debut=0&seo_marq=20&t59=0&debut=0&seo_marq=20&t47=1&debut=0&seo_marq=20&t59=1&debut=0&seo_marq=20&t60=0&debut=0&seo_marq=20&t47=0&debut=0&seo_marq=20&t58=0&debut=0&seo_marq=20&t59=0&debut=0&seo_marq=20&t58=1&debut=0 HTTP/1.1" 200 124470 "-" "Mozilla/5.0 (X11; Linux x86_64) AppleWebKit/537.36 (KHTML, like Gecko; GeedoShopProductFinder) Chrome/142.0.0.0 Safari/537.36"
144.76.19.27 - - [19/Aug/2026:01:50:42 +0200] "GET /new-products.php?&seo_cat=&x5=1&debut=0&seo_cat=&x23=1&debut=0&seo_cat=&x23=0&debut=0&seo_cat=&x23=1&debut=0&seo_cat=&x21=1&debut=0&seo_cat=&x23=0&debut=0&seo_cat=&x5=0&debut=0 HTTP/1.1" 200 133531 "-" "Mozilla/5.0 (compatible; SERankingBacklinksBot/1.0; +https://seranking.com/backlinks-crawler)"
85.208.96.196 - - [19/Aug/2026:01:50:44 +0200] "GET /marques.php?a=24&a=24&b=1&b=1&debut=0&debut=0&debut=0&debut=0&debut=0&debut=0&debut=0&debut=0&debut=0&debut=0&debut=0&debut=0&debut=0&debut=24&seo=20-lits-gigognes&seo_marq=20&seo_marq=20&seo_marq=20&seo_marq=20&seo_marq=20&seo_marq=20&seo_marq=20&seo_marq=20&seo_marq=20&seo_marq=20&seo_marq=20&seo_marq=20&t47=0&t47=0&t47=0&t47=0&t47=1&t58=1&t60=0&t60=1&t62=0&t62=0&t62=0&t62=1 HTTP/1.1" 200 64382 "-" "Mozilla/5.0 (compatible; SemrushBot/7~bl; +http://www.semrush.com/bot.html)"
85.208.96.196 - - [19/Aug/2026:01:50:45 +0200] "GET /marques.php?a=24&a=24&b=1&b=1&debut=0&debut=0&debut=0&debut=0&debut=0&debut=0&debut=0&debut=0&debut=0&debut=0&debut=0&debut=0&debut=0&debut=24&seo=20-lits-gigognes&seo_marq=20&seo_marq=20&seo_marq=20&seo_marq=20&seo_marq=20&seo_marq=20&seo_marq=20&seo_marq=20&seo_marq=20&seo_marq=20&seo_marq=20&seo_marq=20&t47=0&t47=0&t47=0&t47=0&t47=1&t58=1&t60=0&t60=1&t62=0&t62=0&t62=0&t62=1 HTTP/1.1" 200 64362 "-" "Mozilla/5.0 (compatible; SemrushBot/7~bl; +http://www.semrush.com/bot.html)"
144.76.19.27 - - [19/Aug/2026:01:50:45 +0200] "GET /new-products.php?&seo_cat=&x5=1&debut=0&seo_cat=&x23=1&debut=0&seo_cat=&x23=0&debut=0&seo_cat=&x23=1&debut=0&seo_cat=&x21=1&debut=0&seo_cat=&x5=0&debut=0&seo_cat=&x17=1&debut=0 HTTP/1.1" 200 168590 "-" "Mozilla/5.0 (compatible; SERankingBacklinksBot/1.0; +https://seranking.com/backlinks-crawler)"
185.191.171.8 - - [19/Aug/2026:01:50:48 +0200] "GET /category.php?a=24&a=24&a=24&a=24&a=24&b=1&b=1&b=1&b=1&b=1&debut=0&debut=0&debut=0&debut=0&debut=0&debut=0&debut=0&debut=0&debut=0&debut=0&debut=0&debut=24&seo=47-lits-gigognes&seo_cat=47&seo_cat=47&seo_cat=47&seo_cat=47&seo_cat=47&seo_cat=47&seo_cat=47&t59=1&t60=0&t60=0&t60=0&t60=1&x20=0&x20=1 HTTP/1.1" 200 70159 "-" "Mozilla/5.0 (compatible; SemrushBot/7~bl; +http://www.semrush.com/bot.html)"
144.76.19.27 - - [19/Aug/2026:01:50:49 +0200] "GET /new-products.php?&seo_cat=&x5=1&debut=0&seo_cat=&x23=1&debut=0&seo_cat=&x23=0&debut=0&seo_cat=&x23=1&debut=0&seo_cat=&x21=1&debut=0&seo_cat=&x5=0&debut=0&seo_cat=&x20=1&debut=0 HTTP/1.1" 200 203671 "-" "Mozilla/5.0 (compatible; SERankingBacklinksBot/1.0; +https://seranking.com/backlinks-crawler)"
144.76.19.27 - - [19/Aug/2026:01:50:52 +0200] "GET /new-products.php?&seo_cat=&x5=1&debut=0&seo_cat=&x23=1&debut=0&seo_cat=&x23=0&debut=0&seo_cat=&x23=1&debut=0&seo_cat=&x21=1&debut=0&seo_cat=&x5=0&debut=0&seo_cat=&x21=0&debut=0 HTTP/1.1" 200 71032 "-" "Mozilla/5.0 (compatible; SERankingBacklinksBot/1.0; +https://seranking.com/backlinks-crawler)"
144.76.19.27 - - [19/Aug/2026:01:50:55 +0200] "GET /new-products.php?&seo_cat=&x5=1&debut=0&seo_cat=&x23=1&debut=0&seo_cat=&x23=0&debut=0&seo_cat=&x23=1&debut=0&seo_cat=&x21=1&debut=0&seo_cat=&x5=0&debut=0&seo_cat=&x23=0&debut=0 HTTP/1.1" 200 133513 "-" "Mozilla/5.0 (compatible; SERankingBacklinksBot/1.0; +https://seranking.com/backlinks-crawler)"
144.76.19.27 - - [19/Aug/2026:01:50:58 +0200] "GET /new-products.php?&seo_cat=&x5=1&debut=0&seo_cat=&x23=1&debut=0&seo_cat=&x23=0&debut=0&seo_cat=&x23=1&debut=0&seo_cat=&x23=0&debut=0&seo_cat=&x17=1&debut=0&seo_cat=&x5=0&debut=0 HTTP/1.1" 200 93329 "-" "Mozilla/5.0 (compatible; SERankingBacklinksBot/1.0; +https://seranking.com/backlinks-crawler)"
185.191.171.13 - - [19/Aug/2026:01:51:00 +0200] "GET /new-products.php?a=24&b=1&debut=0&debut=0&debut=0&debut=0&debut=0&debut=0&debut=0&debut=0&debut=0&debut=0&debut=0&debut=0&debut=0&debut=0&debut=0&debut=24&seo_cat&seo_cat&seo_cat&seo_cat&seo_cat&seo_cat&seo_cat&seo_cat&seo_cat&seo_cat&seo_cat&seo_cat&seo_cat&seo_cat&seo_cat&x17=0&x17=1&x20=1&x21=0&x21=0&x21=1&x23=0&x23=0&x23=0&x23=0&x23=0&x23=1&x5=0&x5=0&x5=1 HTTP/1.1" 200 168074 "-" "Mozilla/5.0 (compatible; SemrushBot/7~bl; +http://www.semrush.com/bot.html)"
83.99.206.42 - - [19/Aug/2026:01:51:01 +0200] "GET /marques.php?seo=20-lits-gigognes&seo_marq=20&t60=1&debut=0&seo_marq=20&t59=1&debut=0&seo_marq=20&t58=1&debut=0&seo_marq=20&t59=0&debut=0&seo_marq=20&t47=1&debut=0&seo_marq=20&t60=0&debut=0&seo_marq=20&t60=1&debut=0&seo_marq=20&t60=0&debut=0 HTTP/1.1" 200 181069 "-" "Mozilla/5.0 (X11; Linux x86_64) AppleWebKit/537.36 (KHTML, like Gecko; GeedoShopProductFinder) Chrome/142.0.0.0 Safari/537.36"
144.76.19.27 - - [19/Aug/2026:01:51:02 +0200] "GET /new-products.php?&seo_cat=&x5=1&debut=0&seo_cat=&x23=1&debut=0&seo_cat=&x23=0&debut=0&seo_cat=&x23=1&debut=0&seo_cat=&x23=0&debut=0&seo_cat=&x20=1&debut=0&seo_cat=&x5=0&debut=0 HTTP/1.1" 200 168010 "-" "Mozilla/5.0 (compatible; SERankingBacklinksBot/1.0; +https://seranking.com/backlinks-crawler)"
144.76.19.27 - - [19/Aug/2026:01:51:05 +0200] "GET /new-products.php?&seo_cat=&x5=1&debut=0&seo_cat=&x23=1&debut=0&seo_cat=&x23=0&debut=0&seo_cat=&x23=1&debut=0&seo_cat=&x23=0&debut=0&seo_cat=&x21=1&debut=0&seo_cat=&x5=0&debut=0 HTTP/1.1" 200 133561 "-" "Mozilla/5.0 (compatible; SERankingBacklinksBot/1.0; +https://seranking.com/backlinks-crawler)"
144.76.19.27 - - [19/Aug/2026:01:51:08 +0200] "GET /new-products.php?&seo_cat=&x5=1&debut=0&seo_cat=&x23=1&debut=0&seo_cat=&x23=0&debut=0&seo_cat=&x23=1&debut=0&seo_cat=&x23=0&debut=0&seo_cat=&x23=1&debut=0&seo_cat=&x5=0&debut=0 HTTP/1.1" 200 71104 "-" "Mozilla/5.0 (compatible; SERankingBacklinksBot/1.0; +https://seranking.com/backlinks-crawler)"
144.76.19.27 - - [19/Aug/2026:01:51:11 +0200] "GET /new-products.php?&seo_cat=&x5=1&debut=0&seo_cat=&x23=1&debut=0&seo_cat=&x23=0&debut=0&seo_cat=&x23=1&debut=0&seo_cat=&x23=0&debut=0&seo_cat=&x5=0&debut=0&seo_cat=&x17=1&debut=0 HTTP/1.1" 200 93253 "-" "Mozilla/5.0 (compatible; SERankingBacklinksBot/1.0; +https://seranking.com/backlinks-crawler)"
144.76.19.27 - - [19/Aug/2026:01:51:15 +0200] "GET /new-products.php?&seo_cat=&x5=1&debut=0&seo_cat=&x23=1&debut=0&seo_cat=&x23=0&debut=0&seo_cat=&x23=1&debut=0&seo_cat=&x23=0&debut=0&seo_cat=&x5=0&debut=0&seo_cat=&x20=1&debut=0 HTTP/1.1" 200 168084 "-" "Mozilla/5.0 (compatible; SERankingBacklinksBot/1.0; +https://seranking.com/backlinks-crawler)"
185.191.171.19 - - [19/Aug/2026:01:51:15 +0200] "GET /new-products.php?a=24&b=1&debut=0&debut=0&debut=0&debut=0&debut=0&debut=0&debut=0&debut=0&debut=0&debut=0&debut=0&debut=0&debut=0&debut=0&debut=0&debut=24&seo_cat&seo_cat&seo_cat&seo_cat&seo_cat&seo_cat&seo_cat&seo_cat&seo_cat&seo_cat&seo_cat&seo_cat&seo_cat&seo_cat&seo_cat&x20=0&x20=0&x20=0&x20=0&x20=0&x20=0&x20=0&x20=0&x20=0&x20=0&x20=1&x5=0&x5=0&x5=0&x5=1 HTTP/1.1" 200 64515 "-" "Mozilla/5.0 (compatible; SemrushBot/7~bl; +http://www.semrush.com/bot.html)"
185.191.171.19 - - [19/Aug/2026:01:51:16 +0200] "GET /new-products.php?a=24&b=1&debut=0&debut=0&debut=0&debut=0&debut=0&debut=0&debut=0&debut=0&debut=0&debut=0&debut=0&debut=0&debut=0&debut=0&debut=0&debut=24&seo_cat&seo_cat&seo_cat&seo_cat&seo_cat&seo_cat&seo_cat&seo_cat&seo_cat&seo_cat&seo_cat&seo_cat&seo_cat&seo_cat&seo_cat&x20=0&x20=0&x20=0&x20=0&x20=0&x20=0&x20=0&x20=0&x20=0&x20=0&x20=1&x5=0&x5=0&x5=0&x5=1 HTTP/1.1" 200 64467 "-" "Mozilla/5.0 (compatible; SemrushBot/7~bl; +http://www.semrush.com/bot.html)"
185.191.171.11 - - [19/Aug/2026:01:51:18 +0200] "GET /category.php?a=24&a=24&a=24&a=24&a=24&a=24&b=1&b=1&b=1&b=1&b=1&b=1&debut=0&debut=0&debut=0&debut=0&debut=0&debut=0&debut=0&debut=0&debut=0&debut=0&debut=0&debut=0&debut=0&debut=0&debut=24&seo=47-lits-gigognes&seo_cat=47&seo_cat=47&seo_cat=47&seo_cat=47&seo_cat=47&seo_cat=47&seo_cat=47&seo_cat=47&seo_cat=47&t59=0&t59=0&t59=0&t59=1&t60=0&t60=0&t60=0&t60=1&x20=1 HTTP/1.1" 200 70441 "-" "Mozilla/5.0 (compatible; SemrushBot/7~bl; +http://www.semrush.com/bot.html)"
144.76.19.27 - - [19/Aug/2026:01:51:18 +0200] "GET /new-products.php?&seo_cat=&x5=1&debut=0&seo_cat=&x23=1&debut=0&seo_cat=&x23=0&debut=0&seo_cat=&x23=1&debut=0&seo_cat=&x23=0&debut=0&seo_cat=&x5=0&debut=0&seo_cat=&x21=1&debut=0 HTTP/1.1" 200 133605 "-" "Mozilla/5.0 (compatible; SERankingBacklinksBot/1.0; +https://seranking.com/backlinks-crawler)"
185.191.171.19 - - [19/Aug/2026:01:51:20 +0200] "GET /new-products.php?a=25&a=25&b=1&b=1&debut=0&debut=0&debut=0&debut=0&debut=0&debut=0&debut=0&debut=0&debut=0&debut=0&debut=0&debut=25&histo_track=1&seo_cat&seo_cat&seo_cat&seo_cat&seo_cat&seo_cat&seo_cat&seo_cat&seo_cat&seo_cat&x17=0&x17=0&x17=0&x17=0&x17=1&x20=1&x21=1&x23=0&x23=0&x23=1 HTTP/1.1" 200 131431 "-" "Mozilla/5.0 (compatible; SemrushBot/7~bl; +http://www.semrush.com/bot.html)"
144.76.19.27 - - [19/Aug/2026:01:51:21 +0200] "GET /new-products.php?&seo_cat=&x5=1&debut=0&seo_cat=&x23=1&debut=0&seo_cat=&x23=0&debut=0&seo_cat=&x23=1&debut=0&seo_cat=&x23=0&debut=0&seo_cat=&x5=0&debut=0&seo_cat=&x23=1&debut=0 HTTP/1.1" 200 71046 "-" "Mozilla/5.0 (compatible; SERankingBacklinksBot/1.0; +https://seranking.com/backlinks-crawler)"
83.99.206.24 - - [19/Aug/2026:01:51:22 +0200] "GET /new-products.php?&seo_cat=&x17=1&debut=0&seo_cat=&x5=1&debut=0&seo_cat=&x20=1&debut=0&seo_cat=&x5=0&debut=0&seo_cat=&x23=1&debut=0&seo_cat=&x20=0&debut=0 HTTP/1.1" 200 99325 "-" "Mozilla/5.0 (X11; Linux x86_64) AppleWebKit/537.36 (KHTML, like Gecko; GeedoShopProductFinder) Chrome/142.0.0.0 Safari/537.36"
144.76.19.27 - - [19/Aug/2026:01:51:24 +0200] "GET /new-products.php?&seo_cat=&x5=1&debut=0&seo_cat=&x23=1&debut=0&seo_cat=&x23=0&debut=0&seo_cat=&x23=1&debut=0&seo_cat=&x5=0&debut=0&seo_cat=&x17=1&debut=0&seo_cat=&x17=0&debut=0 HTTP/1.1" 200 71046 "-" "Mozilla/5.0 (compatible; SERankingBacklinksBot/1.0; +https://seranking.com/backlinks-crawler)"
85.208.96.211 - - [19/Aug/2026:01:51:28 +0200] "GET /new-products.php?debut=0&debut=0&debut=0&debut=0&debut=0&debut=0&debut=0&debut=0&debut=0&debut=0&debut=0&seo_cat&seo_cat&seo_cat&seo_cat&seo_cat&seo_cat&seo_cat&seo_cat&seo_cat&seo_cat&seo_cat&x17=1&x20=0&x20=0&x20=0&x20=0&x20=0&x20=1&x21=1&x23=0&x23=0&x23=1 HTTP/1.1" 200 206087 "-" "Mozilla/5.0 (compatible; SemrushBot/7~bl; +http://www.semrush.com/bot.html)"
144.76.19.27 - - [19/Aug/2026:01:51:28 +0200] "GET /new-products.php?&seo_cat=&x5=1&debut=0&seo_cat=&x23=1&debut=0&seo_cat=&x23=0&debut=0&seo_cat=&x23=1&debut=0&seo_cat=&x5=0&debut=0&seo_cat=&x17=1&debut=0&seo_cat=&x20=1&debut=0 HTTP/1.1" 200 203337 "-" "Mozilla/5.0 (compatible; SERankingBacklinksBot/1.0; +https://seranking.com/backlinks-crawler)"
85.208.96.211 - - [19/Aug/2026:01:51:28 +0200] "GET /new-products.php?debut=0&debut=0&debut=0&debut=0&debut=0&debut=0&debut=0&debut=0&debut=0&debut=0&debut=0&seo_cat&seo_cat&seo_cat&seo_cat&seo_cat&seo_cat&seo_cat&seo_cat&seo_cat&seo_cat&seo_cat&x17=1&x20=0&x20=0&x20=0&x20=0&x20=0&x20=1&x21=1&x23=0&x23=0&x23=1 HTTP/1.1" 200 206177 "-" "Mozilla/5.0 (compatible; SemrushBot/7~bl; +http://www.semrush.com/bot.html)"
144.76.19.27 - - [19/Aug/2026:01:51:31 +0200] "GET /new-products.php?&seo_cat=&x5=1&debut=0&seo_cat=&x23=1&debut=0&seo_cat=&x23=0&debut=0&seo_cat=&x23=1&debut=0&seo_cat=&x5=0&debut=0&seo_cat=&x17=1&debut=0&seo_cat=&x21=1&debut=0 HTTP/1.1" 200 168342 "-" "Mozilla/5.0 (compatible; SERankingBacklinksBot/1.0; +https://seranking.com/backlinks-crawler)"
85.208.96.208 - - [19/Aug/2026:01:51:31 +0200] "GET /category.php?a=24&b=1&debut=0&debut=0&debut=0&debut=0&debut=0&debut=0&debut=0&debut=0&debut=0&debut=0&debut=0&debut=24&seo=47-lits-gigognes&seo_cat=47&seo_cat=47&seo_cat=47&seo_cat=47&seo_cat=47&seo_cat=47&seo_cat=47&seo_cat=47&seo_cat=47&seo_cat=47&seo_cat=47&t59=0&t59=0&t59=0&t59=0&t59=1&t60=0&t60=1&t62=0&t62=1&x5=0&x5=1 HTTP/1.1" 200 70244 "-" "Mozilla/5.0 (compatible; SemrushBot/7~bl; +http://www.semrush.com/bot.html)"
85.208.96.210 - - [19/Aug/2026:01:51:34 +0200] "GET /new-products.php?a=24&a=24&a=24&a=24&a=24&b=1&b=1&b=1&b=1&b=1&debut=0&debut=0&debut=0&debut=0&debut=0&debut=0&debut=0&debut=0&debut=0&debut=0&debut=0&debut=0&debut=24&seo_cat&seo_cat&seo_cat&seo_cat&seo_cat&seo_cat&seo_cat&seo_cat&x17=0&x17=0&x17=1&x20=1&x22=1&x23=1&x5=0&x5=1 HTTP/1.1" 200 96087 "-" "Mozilla/5.0 (compatible; SemrushBot/7~bl; +http://www.semrush.com/bot.html)"
144.76.19.27 - - [19/Aug/2026:01:51:34 +0200] "GET /new-products.php?&seo_cat=&x5=1&debut=0&seo_cat=&x23=1&debut=0&seo_cat=&x23=0&debut=0&seo_cat=&x23=1&debut=0&seo_cat=&x5=0&debut=0&seo_cat=&x17=1&debut=0&seo_cat=&x23=0&debut=0 HTTP/1.1" 200 93257 "-" "Mozilla/5.0 (compatible; SERankingBacklinksBot/1.0; +https://seranking.com/backlinks-crawler)"
144.76.19.27 - - [19/Aug/2026:01:51:37 +0200] "GET /new-products.php?&seo_cat=&x5=1&debut=0&seo_cat=&x23=1&debut=0&seo_cat=&x23=0&debut=0&seo_cat=&x23=1&debut=0&seo_cat=&x5=0&debut=0&seo_cat=&x20=1&debut=0&seo_cat=&x17=1&debut=0 HTTP/1.1" 200 203359 "-" "Mozilla/5.0 (compatible; SERankingBacklinksBot/1.0; +https://seranking.com/backlinks-crawler)"
144.76.19.27 - - [19/Aug/2026:01:51:41 +0200] "GET /new-products.php?&seo_cat=&x5=1&debut=0&seo_cat=&x23=1&debut=0&seo_cat=&x23=0&debut=0&seo_cat=&x23=1&debut=0&seo_cat=&x5=0&debut=0&seo_cat=&x20=1&debut=0&seo_cat=&x20=0&debut=0 HTTP/1.1" 200 71080 "-" "Mozilla/5.0 (compatible; SERankingBacklinksBot/1.0; +https://seranking.com/backlinks-crawler)"
144.76.19.27 - - [19/Aug/2026:01:51:44 +0200] "GET /new-products.php?&seo_cat=&x5=1&debut=0&seo_cat=&x23=1&debut=0&seo_cat=&x23=0&debut=0&seo_cat=&x23=1&debut=0&seo_cat=&x5=0&debut=0&seo_cat=&x20=1&debut=0&seo_cat=&x21=1&debut=0 HTTP/1.1" 200 203625 "-" "Mozilla/5.0 (compatible; SERankingBacklinksBot/1.0; +https://seranking.com/backlinks-crawler)"
144.76.19.27 - - [19/Aug/2026:01:51:48 +0200] "GET /new-products.php?&seo_cat=&x5=1&debut=0&seo_cat=&x23=1&debut=0&seo_cat=&x23=0&debut=0&seo_cat=&x23=1&debut=0&seo_cat=&x5=0&debut=0&seo_cat=&x20=1&debut=0&seo_cat=&x23=0&debut=0 HTTP/1.1" 200 168078 "-" "Mozilla/5.0 (compatible; SERankingBacklinksBot/1.0; +https://seranking.com/backlinks-crawler)"
144.76.19.27 - - [19/Aug/2026:01:51:51 +0200] "GET /new-products.php?&seo_cat=&x5=1&debut=0&seo_cat=&x23=1&debut=0&seo_cat=&x23=0&debut=0&seo_cat=&x23=1&debut=0&seo_cat=&x5=0&debut=0&seo_cat=&x21=1&debut=0&seo_cat=&x17=1&debut=0 HTTP/1.1" 200 168404 "-" "Mozilla/5.0 (compatible; SERankingBacklinksBot/1.0; +https://seranking.com/backlinks-crawler)"
144.76.19.27 - - [19/Aug/2026:01:51:54 +0200] "GET /new-products.php?&seo_cat=&x5=1&debut=0&seo_cat=&x23=1&debut=0&seo_cat=&x23=0&debut=0&seo_cat=&x23=1&debut=0&seo_cat=&x5=0&debut=0&seo_cat=&x21=1&debut=0&seo_cat=&x20=1&debut=0 HTTP/1.1" 200 203673 "-" "Mozilla/5.0 (compatible; SERankingBacklinksBot/1.0; +https://seranking.com/backlinks-crawler)"
144.76.19.27 - - [19/Aug/2026:01:51:57 +0200] "GET /new-products.php?&seo_cat=&x5=1&debut=0&seo_cat=&x23=1&debut=0&seo_cat=&x23=0&debut=0&seo_cat=&x23=1&debut=0&seo_cat=&x5=0&debut=0&seo_cat=&x21=1&debut=0&seo_cat=&x21=0&debut=0 HTTP/1.1" 200 71030 "-" "Mozilla/5.0 (compatible; SERankingBacklinksBot/1.0; +https://seranking.com/backlinks-crawler)"
144.76.19.27 - - [19/Aug/2026:01:52:01 +0200] "GET /new-products.php?&seo_cat=&x5=1&debut=0&seo_cat=&x23=1&debut=0&seo_cat=&x23=0&debut=0&seo_cat=&x23=1&debut=0&seo_cat=&x5=0&debut=0&seo_cat=&x21=1&debut=0&seo_cat=&x23=0&debut=0 HTTP/1.1" 200 133547 "-" "Mozilla/5.0 (compatible; SERankingBacklinksBot/1.0; +https://seranking.com/backlinks-crawler)"
185.191.171.16 - - [19/Aug/2026:01:52:03 +0200] "GET /new-products.php?a=24&a=24&a=24&a=25&a=25&b=1&b=1&b=1&b=1&b=1&debut=0&debut=0&debut=0&debut=0&debut=0&debut=0&debut=0&debut=0&debut=0&debut=0&debut=0&debut=0&debut=0&debut=0&debut=25&histo_track=1&seo_cat&seo_cat&seo_cat&seo_cat&seo_cat&seo_cat&seo_cat&seo_cat&seo_cat&seo_cat&x20=0&x20=0&x20=1&x21=0&x21=0&x21=0&x21=1&x23=0&x23=1&x5=1 HTTP/1.1" 200 132208 "-" "Mozilla/5.0 (compatible; SemrushBot/7~bl; +http://www.semrush.com/bot.html)"
144.76.19.27 - - [19/Aug/2026:01:52:04 +0200] "GET /new-products.php?&seo_cat=&x5=1&debut=0&seo_cat=&x23=1&debut=0&seo_cat=&x23=0&debut=0&seo_cat=&x23=1&debut=0&seo_cat=&x5=0&debut=0&seo_cat=&x23=0&debut=0&seo_cat=&x17=1&debut=0 HTTP/1.1" 200 93329 "-" "Mozilla/5.0 (compatible; SERankingBacklinksBot/1.0; +https://seranking.com/backlinks-crawler)"
144.76.19.27 - - [19/Aug/2026:01:52:07 +0200] "GET /new-products.php?&seo_cat=&x5=1&debut=0&seo_cat=&x23=1&debut=0&seo_cat=&x23=0&debut=0&seo_cat=&x23=1&debut=0&seo_cat=&x5=0&debut=0&seo_cat=&x23=0&debut=0&seo_cat=&x20=1&debut=0 HTTP/1.1" 200 168110 "-" "Mozilla/5.0 (compatible; SERankingBacklinksBot/1.0; +https://seranking.com/backlinks-crawler)"
144.76.19.27 - - [19/Aug/2026:01:52:10 +0200] "GET /new-products.php?&seo_cat=&x5=1&debut=0&seo_cat=&x23=1&debut=0&seo_cat=&x23=0&debut=0&seo_cat=&x23=1&debut=0&seo_cat=&x5=0&debut=0&seo_cat=&x23=0&debut=0&seo_cat=&x21=1&debut=0 HTTP/1.1" 200 133605 "-" "Mozilla/5.0 (compatible; SERankingBacklinksBot/1.0; +https://seranking.com/backlinks-crawler)"
144.76.19.27 - - [19/Aug/2026:01:52:14 +0200] "GET /new-products.php?&seo_cat=&x5=1&debut=0&seo_cat=&x23=1&debut=0&seo_cat=&x23=0&debut=0&seo_cat=&x23=1&debut=0&seo_cat=&x5=0&debut=0&seo_cat=&x23=0&debut=0&seo_cat=&x23=1&debut=0 HTTP/1.1" 200 71028 "-" "Mozilla/5.0 (compatible; SERankingBacklinksBot/1.0; +https://seranking.com/backlinks-crawler)"
144.76.19.27 - - [19/Aug/2026:01:52:17 +0200] "GET /new-products.php?&seo_cat=&x5=1&debut=0&seo_cat=&x23=1&debut=0&seo_cat=&x23=0&debut=0&seo_cat=&x5=0&debut=0&seo_cat=&x17=1&debut=0&seo_cat=&x17=0&debut=0&seo_cat=&x17=1&debut=0 HTTP/1.1" 200 93317 "-" "Mozilla/5.0 (compatible; SERankingBacklinksBot/1.0; +https://seranking.com/backlinks-crawler)"
144.76.19.27 - - [19/Aug/2026:01:52:20 +0200] "GET /new-products.php?&seo_cat=&x5=1&debut=0&seo_cat=&x23=1&debut=0&seo_cat=&x23=0&debut=0&seo_cat=&x5=0&debut=0&seo_cat=&x17=1&debut=0&seo_cat=&x17=0&debut=0&seo_cat=&x20=1&debut=0 HTTP/1.1" 200 168096 "-" "Mozilla/5.0 (compatible; SERankingBacklinksBot/1.0; +https://seranking.com/backlinks-crawler)"
144.76.19.27 - - [19/Aug/2026:01:52:23 +0200] "GET /new-products.php?&seo_cat=&x5=1&debut=0&seo_cat=&x23=1&debut=0&seo_cat=&x23=0&debut=0&seo_cat=&x5=0&debut=0&seo_cat=&x17=1&debut=0&seo_cat=&x17=0&debut=0&seo_cat=&x21=1&debut=0 HTTP/1.1" 200 133531 "-" "Mozilla/5.0 (compatible; SERankingBacklinksBot/1.0; +https://seranking.com/backlinks-crawler)"
144.76.19.27 - - [19/Aug/2026:01:52:27 +0200] "GET /new-products.php?&seo_cat=&x5=1&debut=0&seo_cat=&x23=1&debut=0&seo_cat=&x23=0&debut=0&seo_cat=&x5=0&debut=0&seo_cat=&x17=1&debut=0&seo_cat=&x17=0&debut=0&seo_cat=&x23=1&debut=0 HTTP/1.1" 200 71164 "-" "Mozilla/5.0 (compatible; SERankingBacklinksBot/1.0; +https://seranking.com/backlinks-crawler)"
144.76.19.27 - - [19/Aug/2026:01:52:30 +0200] "GET /new-products.php?&seo_cat=&x5=1&debut=0&seo_cat=&x23=1&debut=0&seo_cat=&x23=0&debut=0&seo_cat=&x5=0&debut=0&seo_cat=&x17=1&debut=0&seo_cat=&x20=1&debut=0&seo_cat=&x17=0&debut=0 HTTP/1.1" 200 168052 "-" "Mozilla/5.0 (compatible; SERankingBacklinksBot/1.0; +https://seranking.com/backlinks-crawler)"
144.76.19.27 - - [19/Aug/2026:01:52:34 +0200] "GET /new-products.php?&seo_cat=&x5=1&debut=0&seo_cat=&x23=1&debut=0&seo_cat=&x23=0&debut=0&seo_cat=&x5=0&debut=0&seo_cat=&x17=1&debut=0&seo_cat=&x20=1&debut=0&seo_cat=&x20=0&debut=0 HTTP/1.1" 200 93271 "-" "Mozilla/5.0 (compatible; SERankingBacklinksBot/1.0; +https://seranking.com/backlinks-crawler)"
144.76.19.27 - - [19/Aug/2026:01:52:37 +0200] "GET /new-products.php?&seo_cat=&x5=1&debut=0&seo_cat=&x23=1&debut=0&seo_cat=&x23=0&debut=0&seo_cat=&x5=0&debut=0&seo_cat=&x17=1&debut=0&seo_cat=&x20=1&debut=0&seo_cat=&x21=1&debut=0 HTTP/1.1" 200 203615 "-" "Mozilla/5.0 (compatible; SERankingBacklinksBot/1.0; +https://seranking.com/backlinks-crawler)"
144.76.19.27 - - [19/Aug/2026:01:52:41 +0200] "GET /new-products.php?&seo_cat=&x5=1&debut=0&seo_cat=&x23=1&debut=0&seo_cat=&x23=0&debut=0&seo_cat=&x5=0&debut=0&seo_cat=&x17=1&debut=0&seo_cat=&x20=1&debut=0&seo_cat=&x23=1&debut=0 HTTP/1.1" 200 203355 "-" "Mozilla/5.0 (compatible; SERankingBacklinksBot/1.0; +https://seranking.com/backlinks-crawler)"
144.76.19.27 - - [19/Aug/2026:01:52:44 +0200] "GET /new-products.php?&seo_cat=&x5=1&debut=0&seo_cat=&x23=1&debut=0&seo_cat=&x23=0&debut=0&seo_cat=&x5=0&debut=0&seo_cat=&x17=1&debut=0&seo_cat=&x21=1&debut=0&seo_cat=&x17=0&debut=0 HTTP/1.1" 200 133665 "-" "Mozilla/5.0 (compatible; SERankingBacklinksBot/1.0; +https://seranking.com/backlinks-crawler)"
144.76.19.27 - - [19/Aug/2026:01:52:47 +0200] "GET /new-products.php?&seo_cat=&x5=1&debut=0&seo_cat=&x23=1&debut=0&seo_cat=&x23=0&debut=0&seo_cat=&x5=0&debut=0&seo_cat=&x17=1&debut=0&seo_cat=&x21=1&debut=0&seo_cat=&x20=1&debut=0 HTTP/1.1" 200 203621 "-" "Mozilla/5.0 (compatible; SERankingBacklinksBot/1.0; +https://seranking.com/backlinks-crawler)"
144.76.19.27 - - [19/Aug/2026:01:52:51 +0200] "GET /new-products.php?&seo_cat=&x5=1&debut=0&seo_cat=&x23=1&debut=0&seo_cat=&x23=0&debut=0&seo_cat=&x5=0&debut=0&seo_cat=&x17=1&debut=0&seo_cat=&x21=1&debut=0&seo_cat=&x21=0&debut=0 HTTP/1.1" 200 93305 "-" "Mozilla/5.0 (compatible; SERankingBacklinksBot/1.0; +https://seranking.com/backlinks-crawler)"
144.76.19.27 - - [19/Aug/2026:01:52:54 +0200] "GET /new-products.php?&seo_cat=&x5=1&debut=0&seo_cat=&x23=1&debut=0&seo_cat=&x23=0&debut=0&seo_cat=&x5=0&debut=0&seo_cat=&x17=1&debut=0&seo_cat=&x21=1&debut=0&seo_cat=&x23=1&debut=0 HTTP/1.1" 200 168392 "-" "Mozilla/5.0 (compatible; SERankingBacklinksBot/1.0; +https://seranking.com/backlinks-crawler)"
144.76.19.27 - - [19/Aug/2026:01:52:57 +0200] "GET /new-products.php?&seo_cat=&x5=1&debut=0&seo_cat=&x23=1&debut=0&seo_cat=&x23=0&debut=0&seo_cat=&x5=0&debut=0&seo_cat=&x17=1&debut=0&seo_cat=&x23=1&debut=0&seo_cat=&x17=0&debut=0 HTTP/1.1" 200 71082 "-" "Mozilla/5.0 (compatible; SERankingBacklinksBot/1.0; +https://seranking.com/backlinks-crawler)"
144.76.19.27 - - [19/Aug/2026:01:53:01 +0200] "GET /new-products.php?&seo_cat=&x5=1&debut=0&seo_cat=&x23=1&debut=0&seo_cat=&x23=0&debut=0&seo_cat=&x5=0&debut=0&seo_cat=&x17=1&debut=0&seo_cat=&x23=1&debut=0&seo_cat=&x20=1&debut=0 HTTP/1.1" 200 203347 "-" "Mozilla/5.0 (compatible; SERankingBacklinksBot/1.0; +https://seranking.com/backlinks-crawler)"
144.76.19.27 - - [19/Aug/2026:01:53:04 +0200] "GET /new-products.php?&seo_cat=&x5=1&debut=0&seo_cat=&x23=1&debut=0&seo_cat=&x23=0&debut=0&seo_cat=&x5=0&debut=0&seo_cat=&x17=1&debut=0&seo_cat=&x23=1&debut=0&seo_cat=&x21=1&debut=0 HTTP/1.1" 200 168342 "-" "Mozilla/5.0 (compatible; SERankingBacklinksBot/1.0; +https://seranking.com/backlinks-crawler)"
144.76.19.27 - - [19/Aug/2026:01:53:07 +0200] "GET /new-products.php?&seo_cat=&x5=1&debut=0&seo_cat=&x23=1&debut=0&seo_cat=&x23=0&debut=0&seo_cat=&x5=0&debut=0&seo_cat=&x17=1&debut=0&seo_cat=&x23=1&debut=0&seo_cat=&x23=0&debut=0 HTTP/1.1" 200 93305 "-" "Mozilla/5.0 (compatible; SERankingBacklinksBot/1.0; +https://seranking.com/backlinks-crawler)"
185.191.171.18 - - [19/Aug/2026:01:53:08 +0200] "GET /new-products.php?a=25&b=1&debut=0&debut=0&debut=0&debut=0&debut=0&debut=0&debut=0&debut=0&debut=0&debut=0&debut=0&debut=0&debut=25&histo_track=1&seo_cat&seo_cat&seo_cat&seo_cat&seo_cat&seo_cat&seo_cat&seo_cat&seo_cat&seo_cat&seo_cat&seo_cat&x20=0&x20=0&x20=0&x20=1&x21=0&x21=0&x21=0&x21=0&x21=1&x23=1&x5=0&x5=1 HTTP/1.1" 200 131814 "-" "Mozilla/5.0 (compatible; SemrushBot/7~bl; +http://www.semrush.com/bot.html)"
185.191.171.15 - - [19/Aug/2026:01:53:10 +0200] "GET /new-products.php?a=24&a=24&a=24&a=24&a=25&b=1&b=1&b=1&b=1&b=1&debut=0&debut=0&debut=0&debut=0&debut=0&debut=0&debut=0&debut=0&debut=0&debut=0&debut=0&debut=0&debut=0&debut=0&debut=25&histo_track=1&seo_cat&seo_cat&seo_cat&seo_cat&seo_cat&seo_cat&seo_cat&seo_cat&seo_cat&seo_cat&x20=0&x20=0&x20=0&x20=0&x20=1&x21=1&x22=0&x22=1&x23=1&x5=1 HTTP/1.1" 200 132204 "-" "Mozilla/5.0 (compatible; SemrushBot/7~bl; +http://www.semrush.com/bot.html)"
144.76.19.27 - - [19/Aug/2026:01:53:10 +0200] "GET /new-products.php?&seo_cat=&x5=1&debut=0&seo_cat=&x23=1&debut=0&seo_cat=&x23=0&debut=0&seo_cat=&x5=0&debut=0&seo_cat=&x20=1&debut=0&seo_cat=&x17=1&debut=0&seo_cat=&x17=0&debut=0 HTTP/1.1" 200 168078 "-" "Mozilla/5.0 (compatible; SERankingBacklinksBot/1.0; +https://seranking.com/backlinks-crawler)"
144.76.19.27 - - [19/Aug/2026:01:53:14 +0200] "GET /new-products.php?&seo_cat=&x5=1&debut=0&seo_cat=&x23=1&debut=0&seo_cat=&x23=0&debut=0&seo_cat=&x5=0&debut=0&seo_cat=&x20=1&debut=0&seo_cat=&x17=1&debut=0&seo_cat=&x20=0&debut=0 HTTP/1.1" 200 93321 "-" "Mozilla/5.0 (compatible; SERankingBacklinksBot/1.0; +https://seranking.com/backlinks-crawler)"
85.208.96.199 - - [19/Aug/2026:01:53:16 +0200] "GET /new-products.php?a=24&b=1&debut=0&debut=0&debut=0&debut=0&debut=0&debut=0&debut=0&debut=0&debut=0&debut=0&debut=0&debut=0&debut=24&seo_cat&seo_cat&seo_cat&seo_cat&seo_cat&seo_cat&seo_cat&seo_cat&seo_cat&seo_cat&seo_cat&seo_cat&x20=0&x20=0&x20=0&x20=0&x20=0&x20=0&x20=1&x21=0&x21=1&x22=1&x23=1&x5=1 HTTP/1.1" 200 137307 "-" "Mozilla/5.0 (compatible; SemrushBot/7~bl; +http://www.semrush.com/bot.html)"
144.76.19.27 - - [19/Aug/2026:01:53:17 +0200] "GET /new-products.php?&seo_cat=&x5=1&debut=0&seo_cat=&x23=1&debut=0&seo_cat=&x23=0&debut=0&seo_cat=&x5=0&debut=0&seo_cat=&x20=1&debut=0&seo_cat=&x17=1&debut=0&seo_cat=&x21=1&debut=0 HTTP/1.1" 200 203543 "-" "Mozilla/5.0 (compatible; SERankingBacklinksBot/1.0; +https://seranking.com/backlinks-crawler)"
144.76.19.27 - - [19/Aug/2026:01:53:20 +0200] "GET /new-products.php?&seo_cat=&x5=1&debut=0&seo_cat=&x23=1&debut=0&seo_cat=&x23=0&debut=0&seo_cat=&x5=0&debut=0&seo_cat=&x20=1&debut=0&seo_cat=&x17=1&debut=0&seo_cat=&x23=1&debut=0 HTTP/1.1" 200 203371 "-" "Mozilla/5.0 (compatible; SERankingBacklinksBot/1.0; +https://seranking.com/backlinks-crawler)"
185.191.171.5 - - [19/Aug/2026:01:53:21 +0200] "GET /new-products.php?a=24&a=24&a=25&b=1&b=1&b=1&debut=0&debut=0&debut=0&debut=0&debut=0&debut=0&debut=0&debut=0&debut=0&debut=0&debut=0&debut=0&debut=0&debut=25&histo_track=1&seo_cat&seo_cat&seo_cat&seo_cat&seo_cat&seo_cat&seo_cat&seo_cat&seo_cat&seo_cat&seo_cat&x20=0&x20=1&x21=1&x23=0&x23=1&x5=0&x5=0&x5=0&x5=0&x5=0&x5=1 HTTP/1.1" 200 131982 "-" "Mozilla/5.0 (compatible; SemrushBot/7~bl; +http://www.semrush.com/bot.html)"
144.76.19.27 - - [19/Aug/2026:01:53:23 +0200] "GET /new-products.php?&seo_cat=&x5=1&debut=0&seo_cat=&x23=1&debut=0&seo_cat=&x23=0&debut=0&seo_cat=&x5=0&debut=0&seo_cat=&x20=1&debut=0&seo_cat=&x20=0&debut=0&seo_cat=&x17=1&debut=0 HTTP/1.1" 200 93311 "-" "Mozilla/5.0 (compatible; SERankingBacklinksBot/1.0; +https://seranking.com/backlinks-crawler)"
83.99.206.161 - - [19/Aug/2026:01:53:23 +0200] "GET /new-products.php?&seo_cat=&x17=1&debut=0&seo_cat=&x5=1&debut=0&seo_cat=&x20=1&debut=0&seo_cat=&x23=1&debut=0&seo_cat=&x23=0&debut=0&seo_cat=&x21=1&debut=0&seo_cat=&x23=1&debut=0&seo_cat=&x20=0&debut=0&seo_cat=&x20=1&debut=0 HTTP/1.1" 200 205090 "-" "Mozilla/5.0 (X11; Linux x86_64) AppleWebKit/537.36 (KHTML, like Gecko; GeedoShopProductFinder) Chrome/142.0.0.0 Safari/537.36"
144.76.19.27 - - [19/Aug/2026:01:53:27 +0200] "GET /new-products.php?&seo_cat=&x5=1&debut=0&seo_cat=&x23=1&debut=0&seo_cat=&x23=0&debut=0&seo_cat=&x5=0&debut=0&seo_cat=&x20=1&debut=0&seo_cat=&x20=0&debut=0&seo_cat=&x20=1&debut=0 HTTP/1.1" 200 168020 "-" "Mozilla/5.0 (compatible; SERankingBacklinksBot/1.0; +https://seranking.com/backlinks-crawler)"
85.208.96.195 - - [19/Aug/2026:01:53:27 +0200] "GET /new-products.php?a=24&a=24&a=24&a=25&a=25&b=1&b=1&b=1&b=1&b=1&debut=0&debut=0&debut=0&debut=0&debut=0&debut=0&debut=0&debut=0&debut=0&debut=0&debut=0&debut=0&debut=0&debut=0&debut=25&histo_track=1&seo_cat&seo_cat&seo_cat&seo_cat&seo_cat&seo_cat&seo_cat&seo_cat&seo_cat&seo_cat&x20=0&x20=0&x20=0&x20=1&x23=0&x23=0&x23=0&x23=1&x5=0&x5=1 HTTP/1.1" 200 64409 "-" "Mozilla/5.0 (compatible; SemrushBot/7~bl; +http://www.semrush.com/bot.html)"
85.208.96.195 - - [19/Aug/2026:01:53:28 +0200] "GET /new-products.php?a=24&a=24&a=24&a=25&a=25&b=1&b=1&b=1&b=1&b=1&debut=0&debut=0&debut=0&debut=0&debut=0&debut=0&debut=0&debut=0&debut=0&debut=0&debut=0&debut=0&debut=0&debut=0&debut=25&histo_track=1&seo_cat&seo_cat&seo_cat&seo_cat&seo_cat&seo_cat&seo_cat&seo_cat&seo_cat&seo_cat&x20=0&x20=0&x20=0&x20=1&x23=0&x23=0&x23=0&x23=1&x5=0&x5=1 HTTP/1.1" 200 64369 "-" "Mozilla/5.0 (compatible; SemrushBot/7~bl; +http://www.semrush.com/bot.html)"
144.76.19.27 - - [19/Aug/2026:01:53:30 +0200] "GET /new-products.php?&seo_cat=&x5=1&debut=0&seo_cat=&x23=1&debut=0&seo_cat=&x23=0&debut=0&seo_cat=&x5=0&debut=0&seo_cat=&x20=1&debut=0&seo_cat=&x20=0&debut=0&seo_cat=&x21=1&debut=0 HTTP/1.1" 200 133601 "-" "Mozilla/5.0 (compatible; SERankingBacklinksBot/1.0; +https://seranking.com/backlinks-crawler)"
85.208.96.207 - - [19/Aug/2026:01:53:32 +0200] "GET /category.php?a=24&a=24&a=25&b=1&b=1&b=1&debut=0&debut=0&debut=0&debut=0&debut=0&debut=0&debut=0&debut=0&debut=0&debut=0&debut=0&debut=0&debut=25&seo=47-lits-gigognes&seo_cat=47&seo_cat=47&seo_cat=47&seo_cat=47&seo_cat=47&seo_cat=47&seo_cat=47&seo_cat=47&seo_cat=47&seo_cat=47&t58=1&t59=0&t59=1&t60=1&x20=0&x20=0&x20=0&x20=1&x5=0&x5=1 HTTP/1.1" 200 70261 "-" "Mozilla/5.0 (compatible; SemrushBot/7~bl; +http://www.semrush.com/bot.html)"
144.76.19.27 - - [19/Aug/2026:01:53:33 +0200] "GET /new-products.php?&seo_cat=&x5=1&debut=0&seo_cat=&x23=1&debut=0&seo_cat=&x23=0&debut=0&seo_cat=&x5=0&debut=0&seo_cat=&x20=1&debut=0&seo_cat=&x20=0&debut=0&seo_cat=&x23=1&debut=0 HTTP/1.1" 200 71086 "-" "Mozilla/5.0 (compatible; SERankingBacklinksBot/1.0; +https://seranking.com/backlinks-crawler)"
144.76.19.27 - - [19/Aug/2026:01:53:37 +0200] "GET /new-products.php?&seo_cat=&x5=1&debut=0&seo_cat=&x23=1&debut=0&seo_cat=&x23=0&debut=0&seo_cat=&x5=0&debut=0&seo_cat=&x20=1&debut=0&seo_cat=&x21=1&debut=0&seo_cat=&x17=1&debut=0 HTTP/1.1" 200 203615 "-" "Mozilla/5.0 (compatible; SERankingBacklinksBot/1.0; +https://seranking.com/backlinks-crawler)"
144.76.19.27 - - [19/Aug/2026:01:53:40 +0200] "GET /new-products.php?&seo_cat=&x5=1&debut=0&seo_cat=&x23=1&debut=0&seo_cat=&x23=0&debut=0&seo_cat=&x5=0&debut=0&seo_cat=&x20=1&debut=0&seo_cat=&x21=1&debut=0&seo_cat=&x20=0&debut=0 HTTP/1.1" 200 133665 "-" "Mozilla/5.0 (compatible; SERankingBacklinksBot/1.0; +https://seranking.com/backlinks-crawler)"
144.76.19.27 - - [19/Aug/2026:01:53:44 +0200] "GET /new-products.php?&seo_cat=&x5=1&debut=0&seo_cat=&x23=1&debut=0&seo_cat=&x23=0&debut=0&seo_cat=&x5=0&debut=0&seo_cat=&x20=1&debut=0&seo_cat=&x21=1&debut=0&seo_cat=&x21=0&debut=0 HTTP/1.1" 200 168134 "-" "Mozilla/5.0 (compatible; SERankingBacklinksBot/1.0; +https://seranking.com/backlinks-crawler)"
83.99.206.170 - - [19/Aug/2026:01:53:44 +0200] "GET /category.php?seo=60-gigogne-ref-zen&seo_cat=60&x20=1&debut=0&seo_cat=60&x20=0&debut=0 HTTP/1.1" 200 87829 "-" "Mozilla/5.0 (X11; Linux x86_64) AppleWebKit/537.36 (KHTML, like Gecko; GeedoShopProductFinder) Chrome/142.0.0.0 Safari/537.36"
185.191.171.18 - - [19/Aug/2026:01:53:45 +0200] "GET /new-products.php?a=25&b=1&debut=0&debut=0&debut=0&debut=0&debut=0&debut=0&debut=0&debut=0&debut=0&debut=0&debut=25&histo_track=1&seo_cat&seo_cat&seo_cat&seo_cat&seo_cat&seo_cat&seo_cat&seo_cat&seo_cat&seo_cat&x17=1&x20=0&x20=1&x21=1&x22=0&x22=1&x23=1&x5=0&x5=0&x5=1 HTTP/1.1" 200 159882 "-" "Mozilla/5.0 (compatible; SemrushBot/7~bl; +http://www.semrush.com/bot.html)"
144.76.19.27 - - [19/Aug/2026:01:53:47 +0200] "GET /new-products.php?&seo_cat=&x5=1&debut=0&seo_cat=&x23=1&debut=0&seo_cat=&x23=0&debut=0&seo_cat=&x5=0&debut=0&seo_cat=&x20=1&debut=0&seo_cat=&x21=1&debut=0&seo_cat=&x23=1&debut=0 HTTP/1.1" 200 203757 "-" "Mozilla/5.0 (compatible; SERankingBacklinksBot/1.0; +https://seranking.com/backlinks-crawler)"
144.76.19.27 - - [19/Aug/2026:01:53:50 +0200] "GET /new-products.php?&seo_cat=&x5=1&debut=0&seo_cat=&x23=1&debut=0&seo_cat=&x23=0&debut=0&seo_cat=&x5=0&debut=0&seo_cat=&x20=1&debut=0&seo_cat=&x23=1&debut=0&seo_cat=&x17=1&debut=0 HTTP/1.1" 200 203373 "-" "Mozilla/5.0 (compatible; SERankingBacklinksBot/1.0; +https://seranking.com/backlinks-crawler)"
144.76.19.27 - - [19/Aug/2026:01:53:53 +0200] "GET /new-products.php?&seo_cat=&x5=1&debut=0&seo_cat=&x23=1&debut=0&seo_cat=&x23=0&debut=0&seo_cat=&x5=0&debut=0&seo_cat=&x20=1&debut=0&seo_cat=&x23=1&debut=0&seo_cat=&x20=0&debut=0 HTTP/1.1" 200 71076 "-" "Mozilla/5.0 (compatible; SERankingBacklinksBot/1.0; +https://seranking.com/backlinks-crawler)"
144.76.19.27 - - [19/Aug/2026:01:53:57 +0200] "GET /new-products.php?&seo_cat=&x5=1&debut=0&seo_cat=&x23=1&debut=0&seo_cat=&x23=0&debut=0&seo_cat=&x5=0&debut=0&seo_cat=&x20=1&debut=0&seo_cat=&x23=1&debut=0&seo_cat=&x21=1&debut=0 HTTP/1.1" 200 203623 "-" "Mozilla/5.0 (compatible; SERankingBacklinksBot/1.0; +https://seranking.com/backlinks-crawler)"
144.76.19.27 - - [19/Aug/2026:01:54:00 +0200] "GET /new-products.php?&seo_cat=&x5=1&debut=0&seo_cat=&x23=1&debut=0&seo_cat=&x23=0&debut=0&seo_cat=&x5=0&debut=0&seo_cat=&x20=1&debut=0&seo_cat=&x23=1&debut=0&seo_cat=&x23=0&debut=0 HTTP/1.1" 200 168096 "-" "Mozilla/5.0 (compatible; SERankingBacklinksBot/1.0; +https://seranking.com/backlinks-crawler)"
85.208.96.198 - - [19/Aug/2026:01:54:01 +0200] "GET /new-products.php?a=24&a=24&a=24&a=24&b=1&b=1&b=1&b=1&debut=0&debut=0&debut=0&debut=0&debut=0&debut=0&debut=0&debut=0&debut=0&debut=0&debut=0&debut=0&debut=0&debut=0&debut=24&seo_cat&seo_cat&seo_cat&seo_cat&seo_cat&seo_cat&seo_cat&seo_cat&seo_cat&seo_cat&seo_cat&x17=0&x17=1&x20=0&x20=1&x21=0&x21=0&x21=1&x23=1&x5=0&x5=0&x5=1 HTTP/1.1" 200 167212 "-" "Mozilla/5.0 (compatible; SemrushBot/7~bl; +http://www.semrush.com/bot.html)"
144.76.19.27 - - [19/Aug/2026:01:54:03 +0200] "GET /new-products.php?&seo_cat=&x5=1&debut=0&seo_cat=&x23=1&debut=0&seo_cat=&x23=0&debut=0&seo_cat=&x5=0&debut=0&seo_cat=&x21=1&debut=0&seo_cat=&x17=1&debut=0&seo_cat=&x17=0&debut=0 HTTP/1.1" 200 133531 "-" "Mozilla/5.0 (compatible; SERankingBacklinksBot/1.0; +https://seranking.com/backlinks-crawler)"
83.99.206.161 - - [19/Aug/2026:01:54:04 +0200] "GET /new-products.php?&seo_cat=&x17=1&debut=0&seo_cat=&x5=1&debut=0&seo_cat=&x21=1&debut=0&seo_cat=&x20=1&debut=0&seo_cat=&x23=1&debut=0&seo_cat=&x5=0&debut=0&seo_cat=&x17=0&debut=0&seo_cat=&x23=0&debut=0&seo_cat=&x20=0&debut=0&seo_cat=&x23=1&debut=0 HTTP/1.1" 200 141178 "-" "Mozilla/5.0 (X11; Linux x86_64) AppleWebKit/537.36 (KHTML, like Gecko; GeedoShopProductFinder) Chrome/142.0.0.0 Safari/537.36"
144.76.19.27 - - [19/Aug/2026:01:54:06 +0200] "GET /new-products.php?&seo_cat=&x5=1&debut=0&seo_cat=&x23=1&debut=0&seo_cat=&x23=0&debut=0&seo_cat=&x5=0&debut=0&seo_cat=&x21=1&debut=0&seo_cat=&x17=1&debut=0&seo_cat=&x20=1&debut=0 HTTP/1.1" 200 203795 "-" "Mozilla/5.0 (compatible; SERankingBacklinksBot/1.0; +https://seranking.com/backlinks-crawler)"
144.76.19.27 - - [19/Aug/2026:01:54:10 +0200] "GET /new-products.php?&seo_cat=&x5=1&debut=0&seo_cat=&x23=1&debut=0&seo_cat=&x23=0&debut=0&seo_cat=&x5=0&debut=0&seo_cat=&x21=1&debut=0&seo_cat=&x17=1&debut=0&seo_cat=&x21=0&debut=0 HTTP/1.1" 200 93311 "-" "Mozilla/5.0 (compatible; SERankingBacklinksBot/1.0; +https://seranking.com/backlinks-crawler)"
144.76.19.27 - - [19/Aug/2026:01:54:13 +0200] "GET /new-products.php?&seo_cat=&x5=1&debut=0&seo_cat=&x23=1&debut=0&seo_cat=&x23=0&debut=0&seo_cat=&x5=0&debut=0&seo_cat=&x21=1&debut=0&seo_cat=&x17=1&debut=0&seo_cat=&x23=1&debut=0 HTTP/1.1" 200 168412 "-" "Mozilla/5.0 (compatible; SERankingBacklinksBot/1.0; +https://seranking.com/backlinks-crawler)"
