185.191.171.3 - - [15/Jun/2026:03:24:41 +0200] "GET /new-products.php?debut=0&debut=0&debut=0&debut=0&debut=0&debut=0&debut=0&debut=0&debut=0&debut=0&debut=0&debut=0&debut=0&debut=0&seo_cat&seo_cat&seo_cat&seo_cat&seo_cat&seo_cat&seo_cat&seo_cat&seo_cat&seo_cat&seo_cat&seo_cat&seo_cat&seo_cat&x17=0&x17=0&x17=0&x17=0&x17=0&x17=0&x17=0&x17=1&x20=1&x21=0&x21=1&x23=1&x5=0&x5=1 HTTP/1.1" 200 208195 "-" "Mozilla/5.0 (compatible; SemrushBot/7~bl; +http://www.semrush.com/bot.html)"
85.208.96.207 - - [15/Jun/2026:03:25:01 +0200] "GET /category.php?a=24&a=24&a=24&a=24&a=24&a=24&b=1&b=1&b=1&b=1&b=1&b=1&debut=0&debut=0&debut=0&debut=0&debut=0&debut=0&debut=0&debut=0&debut=0&debut=0&debut=0&debut=0&debut=24&seo=47-lits-gigognes&seo_cat=47&seo_cat=47&seo_cat=47&seo_cat=47&seo_cat=47&seo_cat=47&seo_cat=47&t59=0&t59=0&t59=0&t59=1&x20=0&x20=0&x20=1 HTTP/1.1" 200 70258 "-" "Mozilla/5.0 (compatible; SemrushBot/7~bl; +http://www.semrush.com/bot.html)"
185.191.171.19 - - [15/Jun/2026:03:25:19 +0200] "GET /marques.php?a=24&b=1&debut=0&debut=0&debut=0&debut=0&debut=0&debut=0&debut=0&debut=0&debut=0&debut=0&debut=0&debut=0&debut=0&debut=24&seo=20-lits-gigognes&seo_marq=20&seo_marq=20&seo_marq=20&seo_marq=20&seo_marq=20&seo_marq=20&seo_marq=20&seo_marq=20&seo_marq=20&seo_marq=20&seo_marq=20&seo_marq=20&seo_marq=20&t47=0&t47=0&t47=0&t47=0&t47=1&t59=1&t60=0&t60=0&t60=0&t60=0&t60=1&t62=0&t62=1 HTTP/1.1" 200 64735 "-" "Mozilla/5.0 (compatible; SemrushBot/7~bl; +http://www.semrush.com/bot.html)"
185.191.171.19 - - [15/Jun/2026:03:25:20 +0200] "GET /marques.php?a=24&b=1&debut=0&debut=0&debut=0&debut=0&debut=0&debut=0&debut=0&debut=0&debut=0&debut=0&debut=0&debut=0&debut=0&debut=24&seo=20-lits-gigognes&seo_marq=20&seo_marq=20&seo_marq=20&seo_marq=20&seo_marq=20&seo_marq=20&seo_marq=20&seo_marq=20&seo_marq=20&seo_marq=20&seo_marq=20&seo_marq=20&seo_marq=20&t47=0&t47=0&t47=0&t47=0&t47=1&t59=1&t60=0&t60=0&t60=0&t60=0&t60=1&t62=0&t62=1 HTTP/1.1" 200 64483 "-" "Mozilla/5.0 (compatible; SemrushBot/7~bl; +http://www.semrush.com/bot.html)"
85.208.96.212 - - [15/Jun/2026:03:25:23 +0200] "GET /new-products.php?a=24&b=1&debut=0&debut=0&debut=0&debut=0&debut=0&debut=0&debut=0&debut=0&debut=0&debut=0&debut=0&debut=24&seo_cat&seo_cat&seo_cat&seo_cat&seo_cat&seo_cat&seo_cat&seo_cat&seo_cat&seo_cat&seo_cat&x17=0&x17=0&x17=0&x17=0&x17=1&x20=1&x22=0&x22=0&x22=1&x23=0&x23=1 HTTP/1.1" 200 64190 "-" "Mozilla/5.0 (compatible; SemrushBot/7~bl; +http://www.semrush.com/bot.html)"
85.208.96.212 - - [15/Jun/2026:03:25:23 +0200] "GET /new-products.php?a=24&b=1&debut=0&debut=0&debut=0&debut=0&debut=0&debut=0&debut=0&debut=0&debut=0&debut=0&debut=0&debut=24&seo_cat&seo_cat&seo_cat&seo_cat&seo_cat&seo_cat&seo_cat&seo_cat&seo_cat&seo_cat&seo_cat&x17=0&x17=0&x17=0&x17=0&x17=1&x20=1&x22=0&x22=0&x22=1&x23=0&x23=1 HTTP/1.1" 200 64246 "-" "Mozilla/5.0 (compatible; SemrushBot/7~bl; +http://www.semrush.com/bot.html)"
185.191.171.3 - - [15/Jun/2026:03:25:26 +0200] "GET /marques.php?a=24&b=1&debut=0&debut=0&debut=0&debut=0&debut=0&debut=0&debut=0&debut=24&histo_track=1&seo=20-lits-gigognes&seo_marq=20&seo_marq=20&seo_marq=20&seo_marq=20&seo_marq=20&seo_marq=20&seo_marq=20&t47=1&t58=0&t58=0&t58=0&t58=1&t60=0&t60=1 HTTP/1.1" 200 64031 "-" "Mozilla/5.0 (compatible; SemrushBot/7~bl; +http://www.semrush.com/bot.html)"
185.191.171.10 - - [15/Jun/2026:03:25:41 +0200] "GET /category.php?a=24&a=24&a=24&b=1&b=1&b=1&debut=0&debut=0&debut=0&debut=0&debut=0&debut=0&debut=0&debut=0&debut=0&debut=0&debut=0&debut=0&debut=0&debut=24&seo=47-lits-gigognes&seo_cat=47&seo_cat=47&seo_cat=47&seo_cat=47&seo_cat=47&seo_cat=47&seo_cat=47&seo_cat=47&seo_cat=47&seo_cat=47&seo_cat=47&t58=0&t58=0&t58=0&t58=1&t59=1&t60=1&t62=1&x20=0&x20=0&x20=1&x5=1 HTTP/1.1" 200 70504 "-" "Mozilla/5.0 (compatible; SemrushBot/7~bl; +http://www.semrush.com/bot.html)"
85.208.96.203 - - [15/Jun/2026:03:25:56 +0200] "GET /new-products.php?a=24&a=24&a=24&a=24&a=24&a=25&b=1&b=1&b=1&b=1&b=1&b=1&debut=0&debut=0&debut=0&debut=0&debut=0&debut=0&debut=0&debut=0&debut=0&debut=0&debut=0&debut=0&debut=0&debut=0&debut=24&debut=25&seo_cat&seo_cat&seo_cat&seo_cat&seo_cat&seo_cat&seo_cat&seo_cat&seo_cat&seo_cat&x17=0&x17=0&x17=0&x17=1&x20=1&x21=1&x22=1&x23=0&x23=1&x5=1 HTTP/1.1" 200 161698 "-" "Mozilla/5.0 (compatible; SemrushBot/7~bl; +http://www.semrush.com/bot.html)"
185.191.171.10 - - [15/Jun/2026:03:26:00 +0200] "GET /marques.php?a=24&b=1&debut=0&debut=0&debut=0&debut=0&debut=0&debut=0&debut=0&debut=0&debut=0&debut=0&debut=0&debut=0&debut=24&histo_track=1&seo=20-lits-gigognes&seo_marq=20&seo_marq=20&seo_marq=20&seo_marq=20&seo_marq=20&seo_marq=20&seo_marq=20&seo_marq=20&seo_marq=20&seo_marq=20&seo_marq=20&seo_marq=20&t47=0&t47=0&t47=0&t47=1&t58=0&t58=0&t58=0&t58=0&t58=0&t58=1&t59=1&t62=1 HTTP/1.1" 200 64525 "-" "Mozilla/5.0 (compatible; SemrushBot/7~bl; +http://www.semrush.com/bot.html)"
185.191.171.10 - - [15/Jun/2026:03:26:01 +0200] "GET /marques.php?a=24&b=1&debut=0&debut=0&debut=0&debut=0&debut=0&debut=0&debut=0&debut=0&debut=0&debut=0&debut=0&debut=0&debut=24&histo_track=1&seo=20-lits-gigognes&seo_marq=20&seo_marq=20&seo_marq=20&seo_marq=20&seo_marq=20&seo_marq=20&seo_marq=20&seo_marq=20&seo_marq=20&seo_marq=20&seo_marq=20&seo_marq=20&t47=0&t47=0&t47=0&t47=1&t58=0&t58=0&t58=0&t58=0&t58=0&t58=1&t59=1&t62=1 HTTP/1.1" 200 64439 "-" "Mozilla/5.0 (compatible; SemrushBot/7~bl; +http://www.semrush.com/bot.html)"
185.191.171.16 - - [15/Jun/2026:03:26:06 +0200] "GET /new-products.php?a=24&a=24&a=25&a=25&a=25&a=25&b=1&b=1&b=1&b=1&b=1&b=1&debut=0&debut=0&debut=0&debut=0&debut=0&debut=0&debut=0&debut=0&debut=0&debut=0&debut=0&debut=0&debut=0&debut=25&seo_cat&seo_cat&seo_cat&seo_cat&seo_cat&seo_cat&seo_cat&seo_cat&x17=1&x20=1&x21=0&x21=0&x21=0&x21=0&x21=1&x22=1 HTTP/1.1" 200 125280 "-" "Mozilla/5.0 (compatible; SemrushBot/7~bl; +http://www.semrush.com/bot.html)"
185.191.171.16 - - [15/Jun/2026:03:26:08 +0200] "GET /new-products.php?a=24&a=24&a=25&a=25&a=25&a=25&b=1&b=1&b=1&b=1&b=1&b=1&debut=0&debut=0&debut=0&debut=0&debut=0&debut=0&debut=0&debut=0&debut=0&debut=0&debut=0&debut=0&debut=0&debut=25&seo_cat&seo_cat&seo_cat&seo_cat&seo_cat&seo_cat&seo_cat&seo_cat&x17=1&x20=1&x21=0&x21=0&x21=0&x21=0&x21=1&x22=1 HTTP/1.1" 200 125151 "-" "Mozilla/5.0 (compatible; SemrushBot/7~bl; +http://www.semrush.com/bot.html)"
85.208.96.202 - - [15/Jun/2026:03:26:24 +0200] "GET /category.php?a=24&a=24&a=25&a=25&a=25&b=1&b=1&b=1&b=1&b=1&debut=0&debut=0&debut=0&debut=0&debut=0&debut=0&debut=0&debut=0&debut=0&debut=0&debut=0&debut=0&debut=0&debut=25&seo=47-lits-gigognes&seo_cat=47&seo_cat=47&seo_cat=47&seo_cat=47&seo_cat=47&seo_cat=47&seo_cat=47&seo_cat=47&seo_cat=47&t58=0&t58=1&t60=1&t62=0&t62=1&x20=0&x20=0&x20=1&x5=1 HTTP/1.1" 200 70384 "-" "Mozilla/5.0 (compatible; SemrushBot/7~bl; +http://www.semrush.com/bot.html)"
185.191.171.17 - - [15/Jun/2026:03:26:27 +0200] "GET /new-products.php?a=25&b=1&debut=0&debut=0&debut=0&debut=0&debut=0&debut=0&debut=0&debut=0&debut=0&debut=0&debut=0&debut=0&debut=0&debut=25&seo_cat&seo_cat&seo_cat&seo_cat&seo_cat&seo_cat&seo_cat&seo_cat&seo_cat&seo_cat&seo_cat&seo_cat&seo_cat&x17=0&x17=0&x17=0&x17=0&x17=0&x17=0&x17=1&x20=1&x22=0&x22=1&x23=0&x23=0&x23=1 HTTP/1.1" 200 64602 "-" "Mozilla/5.0 (compatible; SemrushBot/7~bl; +http://www.semrush.com/bot.html)"
185.191.171.16 - - [15/Jun/2026:03:26:42 +0200] "GET /new-products.php?a=24&a=25&a=25&a=25&a=25&a=25&b=1&b=1&b=1&b=1&b=1&b=1&debut=0&debut=0&debut=0&debut=0&debut=0&debut=0&debut=0&debut=0&debut=0&debut=0&debut=0&debut=0&debut=0&debut=0&debut=25&seo_cat&seo_cat&seo_cat&seo_cat&seo_cat&seo_cat&seo_cat&seo_cat&seo_cat&x17=0&x17=1&x20=1&x21=1&x22=0&x22=1&x5=0&x5=0&x5=1 HTTP/1.1" 200 154780 "-" "Mozilla/5.0 (compatible; SemrushBot/7~bl; +http://www.semrush.com/bot.html)"
185.191.171.18 - - [15/Jun/2026:03:26:47 +0200] "GET /category.php?a=24&b=1&debut=0&debut=0&debut=0&debut=0&debut=0&debut=0&debut=0&debut=0&debut=0&debut=0&debut=24&seo=47-lits-gigognes&seo_cat=47&seo_cat=47&seo_cat=47&seo_cat=47&seo_cat=47&seo_cat=47&seo_cat=47&seo_cat=47&seo_cat=47&seo_cat=47&t59=1&t60=0&t60=0&t60=0&t60=1&t62=1&x20=0&x20=1&x5=0&x5=1 HTTP/1.1" 200 70264 "-" "Mozilla/5.0 (compatible; SemrushBot/7~bl; +http://www.semrush.com/bot.html)"
185.191.171.19 - - [15/Jun/2026:03:27:26 +0200] "GET /new-products.php?a=24&b=1&debut=0&debut=0&debut=0&debut=0&debut=0&debut=0&debut=0&debut=0&debut=0&debut=0&debut=0&debut=0&debut=0&debut=24&seo_cat&seo_cat&seo_cat&seo_cat&seo_cat&seo_cat&seo_cat&seo_cat&seo_cat&seo_cat&seo_cat&seo_cat&seo_cat&x17=0&x17=0&x17=0&x17=1&x20=1&x21=0&x21=0&x21=0&x21=1&x23=0&x23=0&x23=0&x23=1 HTTP/1.1" 200 137934 "-" "Mozilla/5.0 (compatible; SemrushBot/7~bl; +http://www.semrush.com/bot.html)"
35.195.68.207 - - [15/Jun/2026:03:27:51 +0200] "GET /produit-49-cadre-a-lattes-duo-200x200 HTTP/1.1" 200 222859 "http://www.litsolide.com/produit-49-cadre-a-lattes-duo-200x200" "Mozilla/5.0 (compatible; VelenPublicWebCrawler/1.0; +https://velen.io)"
185.191.171.12 - - [15/Jun/2026:03:27:52 +0200] "GET /new-products.php?a=24&a=25&a=25&b=1&b=1&b=1&debut=0&debut=0&debut=0&debut=0&debut=0&debut=0&debut=0&debut=0&debut=0&debut=0&debut=0&debut=0&debut=0&debut=0&debut=25&seo_cat&seo_cat&seo_cat&seo_cat&seo_cat&seo_cat&seo_cat&seo_cat&seo_cat&seo_cat&seo_cat&seo_cat&x17=0&x17=0&x17=1&x20=0&x20=0&x20=1&x21=0&x21=0&x21=1&x22=1&x23=0&x23=1 HTTP/1.1" 200 132362 "-" "Mozilla/5.0 (compatible; SemrushBot/7~bl; +http://www.semrush.com/bot.html)"
185.191.171.16 - - [15/Jun/2026:03:28:10 +0200] "GET /category.php?a=24&a=24&a=24&a=24&a=24&a=24&a=25&b=1&b=1&b=1&b=1&b=1&b=1&b=1&debut=0&debut=0&debut=0&debut=0&debut=0&debut=0&debut=0&debut=0&debut=0&debut=0&debut=0&debut=0&debut=0&debut=0&debut=25&seo=47-lits-gigognes&seo_cat=47&seo_cat=47&seo_cat=47&seo_cat=47&seo_cat=47&seo_cat=47&seo_cat=47&seo_cat=47&t58=0&t58=0&t58=1&t59=1&t60=0&t60=1&x20=1&x5=1 HTTP/1.1" 200 70468 "-" "Mozilla/5.0 (compatible; SemrushBot/7~bl; +http://www.semrush.com/bot.html)"
85.208.96.193 - - [15/Jun/2026:03:28:28 +0200] "GET /new-products.php?a=24&a=24&a=24&a=24&a=24&a=24&b=1&b=1&b=1&b=1&b=1&b=1&debut=0&debut=0&debut=0&debut=0&debut=0&debut=0&debut=0&debut=0&debut=0&debut=0&debut=0&debut=0&debut=0&debut=24&seo_cat&seo_cat&seo_cat&seo_cat&seo_cat&seo_cat&seo_cat&seo_cat&x17=0&x17=0&x17=1&x20=1&x22=0&x22=0&x22=1&x23=1 HTTP/1.1" 200 64227 "-" "Mozilla/5.0 (compatible; SemrushBot/7~bl; +http://www.semrush.com/bot.html)"
85.208.96.193 - - [15/Jun/2026:03:28:29 +0200] "GET /new-products.php?a=24&a=24&a=24&a=24&a=24&a=24&b=1&b=1&b=1&b=1&b=1&b=1&debut=0&debut=0&debut=0&debut=0&debut=0&debut=0&debut=0&debut=0&debut=0&debut=0&debut=0&debut=0&debut=0&debut=24&seo_cat&seo_cat&seo_cat&seo_cat&seo_cat&seo_cat&seo_cat&seo_cat&x17=0&x17=0&x17=1&x20=1&x22=0&x22=0&x22=1&x23=1 HTTP/1.1" 200 64281 "-" "Mozilla/5.0 (compatible; SemrushBot/7~bl; +http://www.semrush.com/bot.html)"
185.191.171.8 - - [15/Jun/2026:03:28:46 +0200] "GET /marques.php?a=24&a=24&b=1&b=1&debut=0&debut=0&debut=0&debut=0&debut=0&debut=0&debut=0&debut=0&debut=0&debut=0&debut=0&debut=0&debut=24&seo=20-lits-gigognes&seo_marq=20&seo_marq=20&seo_marq=20&seo_marq=20&seo_marq=20&seo_marq=20&seo_marq=20&seo_marq=20&seo_marq=20&seo_marq=20&seo_marq=20&t47=0&t47=0&t47=1&t58=0&t58=1&t59=0&t59=0&t59=0&t59=0&t59=0&t59=1 HTTP/1.1" 200 64399 "-" "Mozilla/5.0 (compatible; SemrushBot/7~bl; +http://www.semrush.com/bot.html)"
185.191.171.1 - - [15/Jun/2026:03:29:05 +0200] "GET /category.php?a=24&a=24&a=24&a=24&a=24&a=24&a=24&b=1&b=1&b=1&b=1&b=1&b=1&b=1&debut=0&debut=0&debut=0&debut=0&debut=0&debut=0&debut=0&debut=0&debut=0&debut=0&debut=0&debut=0&debut=0&debut=0&debut=24&seo=47-lits-gigognes&seo_cat=47&seo_cat=47&seo_cat=47&seo_cat=47&seo_cat=47&seo_cat=47&seo_cat=47&seo_cat=47&t59=0&t59=0&t59=0&t59=0&t59=0&t59=0&t59=1&x5=1 HTTP/1.1" 200 70540 "-" "Mozilla/5.0 (compatible; SemrushBot/7~bl; +http://www.semrush.com/bot.html)"
185.191.171.6 - - [15/Jun/2026:03:29:08 +0200] "GET /category.php?a=24&a=25&a=25&a=25&a=25&b=1&b=1&b=1&b=1&b=1&debut=0&debut=0&debut=0&debut=0&debut=0&debut=0&debut=0&debut=0&debut=0&debut=0&debut=0&debut=0&debut=0&debut=0&debut=25&seo=47-lits-gigognes&seo_cat=47&seo_cat=47&seo_cat=47&seo_cat=47&seo_cat=47&seo_cat=47&seo_cat=47&seo_cat=47&seo_cat=47&seo_cat=47&t59=0&t59=1&t62=0&t62=0&t62=1&x20=0&x20=1&x5=0&x5=0&x5=1 HTTP/1.1" 200 70544 "-" "Mozilla/5.0 (compatible; SemrushBot/7~bl; +http://www.semrush.com/bot.html)"
85.208.96.193 - - [15/Jun/2026:03:29:18 +0200] "GET /new-products.php?a=24&a=24&a=24&a=24&a=24&b=1&b=1&b=1&b=1&b=1&debut=0&debut=0&debut=0&debut=0&debut=0&debut=0&debut=0&debut=0&debut=0&debut=0&debut=0&debut=0&debut=0&debut=24&seo_cat&seo_cat&seo_cat&seo_cat&seo_cat&seo_cat&seo_cat&seo_cat&seo_cat&x17=0&x17=0&x17=0&x17=0&x17=1&x20=1&x22=1&x23=0&x23=1 HTTP/1.1" 200 64320 "-" "Mozilla/5.0 (compatible; SemrushBot/7~bl; +http://www.semrush.com/bot.html)"
85.208.96.193 - - [15/Jun/2026:03:29:19 +0200] "GET /new-products.php?a=24&a=24&a=24&a=24&a=24&b=1&b=1&b=1&b=1&b=1&debut=0&debut=0&debut=0&debut=0&debut=0&debut=0&debut=0&debut=0&debut=0&debut=0&debut=0&debut=0&debut=0&debut=24&seo_cat&seo_cat&seo_cat&seo_cat&seo_cat&seo_cat&seo_cat&seo_cat&seo_cat&x17=0&x17=0&x17=0&x17=0&x17=1&x20=1&x22=1&x23=0&x23=1 HTTP/1.1" 200 64316 "-" "Mozilla/5.0 (compatible; SemrushBot/7~bl; +http://www.semrush.com/bot.html)"
185.191.171.12 - - [15/Jun/2026:03:29:50 +0200] "GET /new-products.php?a=24&a=24&b=1&b=1&debut=0&debut=0&debut=0&debut=0&debut=0&debut=0&debut=0&debut=0&debut=0&debut=0&debut=0&debut=0&debut=0&debut=0&debut=24&seo_cat&seo_cat&seo_cat&seo_cat&seo_cat&seo_cat&seo_cat&seo_cat&seo_cat&seo_cat&seo_cat&seo_cat&seo_cat&x17=0&x17=1&x21=0&x21=0&x21=0&x21=0&x21=0&x21=0&x21=1&x23=1&x5=0&x5=0&x5=1 HTTP/1.1" 200 64422 "-" "Mozilla/5.0 (compatible; SemrushBot/7~bl; +http://www.semrush.com/bot.html)"
185.191.171.12 - - [15/Jun/2026:03:29:51 +0200] "GET /new-products.php?a=24&a=24&b=1&b=1&debut=0&debut=0&debut=0&debut=0&debut=0&debut=0&debut=0&debut=0&debut=0&debut=0&debut=0&debut=0&debut=0&debut=0&debut=24&seo_cat&seo_cat&seo_cat&seo_cat&seo_cat&seo_cat&seo_cat&seo_cat&seo_cat&seo_cat&seo_cat&seo_cat&seo_cat&x17=0&x17=1&x21=0&x21=0&x21=0&x21=0&x21=0&x21=0&x21=1&x23=1&x5=0&x5=0&x5=1 HTTP/1.1" 200 64480 "-" "Mozilla/5.0 (compatible; SemrushBot/7~bl; +http://www.semrush.com/bot.html)"
85.208.96.210 - - [15/Jun/2026:03:29:53 +0200] "GET /new-products.php?debut=0&debut=0&debut=0&debut=0&debut=0&debut=0&debut=0&debut=0&debut=0&debut=0&debut=0&debut=0&debut=0&debut=0&debut=0&seo_cat&seo_cat&seo_cat&seo_cat&seo_cat&seo_cat&seo_cat&seo_cat&seo_cat&seo_cat&seo_cat&seo_cat&seo_cat&seo_cat&seo_cat&x17=1&x21=1&x22=0&x22=1&x23=0&x23=0&x23=0&x23=1&x5=0&x5=0&x5=0&x5=0&x5=0&x5=0&x5=1 HTTP/1.1" 200 201476 "-" "Mozilla/5.0 (compatible; SemrushBot/7~bl; +http://www.semrush.com/bot.html)"
185.191.171.8 - - [15/Jun/2026:03:29:55 +0200] "GET /category.php?a=24&a=24&a=24&b=1&b=1&b=1&debut=0&debut=0&debut=0&debut=0&debut=0&debut=0&debut=0&debut=0&debut=0&debut=0&debut=0&debut=0&debut=0&debut=24&seo=47-lits-gigognes&seo_cat=47&seo_cat=47&seo_cat=47&seo_cat=47&seo_cat=47&seo_cat=47&seo_cat=47&seo_cat=47&seo_cat=47&seo_cat=47&seo_cat=47&t58=0&t58=0&t58=0&t58=1&t59=0&t59=1&t60=0&t60=0&t60=0&t60=1&x20=1 HTTP/1.1" 200 70498 "-" "Mozilla/5.0 (compatible; SemrushBot/7~bl; +http://www.semrush.com/bot.html)"
85.208.96.210 - - [15/Jun/2026:03:30:00 +0200] "GET /new-products.php?a=24&a=24&a=25&b=1&b=1&b=1&debut=0&debut=0&debut=0&debut=0&debut=0&debut=0&debut=0&debut=0&debut=0&debut=0&debut=0&debut=0&debut=24&debut=25&seo_cat&seo_cat&seo_cat&seo_cat&seo_cat&seo_cat&seo_cat&seo_cat&seo_cat&seo_cat&seo_cat&x17=0&x17=0&x17=1&x20=1&x21=0&x21=0&x21=1&x22=1&x23=1&x5=0&x5=1 HTTP/1.1" 200 161100 "-" "Mozilla/5.0 (compatible; SemrushBot/7~bl; +http://www.semrush.com/bot.html)"
185.191.171.10 - - [15/Jun/2026:03:30:10 +0200] "GET /new-products.php?a=24&a=24&a=25&b=1&b=1&b=1&debut=0&debut=0&debut=0&debut=0&debut=0&debut=0&debut=0&debut=0&debut=0&debut=0&debut=0&debut=24&debut=25&seo_cat&seo_cat&seo_cat&seo_cat&seo_cat&seo_cat&seo_cat&seo_cat&seo_cat&seo_cat&x17=0&x17=0&x17=0&x17=0&x17=1&x20=1&x21=0&x21=1&x22=1&x5=1 HTTP/1.1" 200 154184 "-" "Mozilla/5.0 (compatible; SemrushBot/7~bl; +http://www.semrush.com/bot.html)"
85.208.96.198 - - [15/Jun/2026:03:30:22 +0200] "GET /category.php?a=24&a=24&a=25&b=1&b=1&b=1&debut=0&debut=0&debut=0&debut=0&debut=0&debut=0&debut=0&debut=0&debut=0&debut=0&debut=0&debut=0&debut=0&debut=25&histo_track=1&seo=47-lits-gigognes&seo_cat=47&seo_cat=47&seo_cat=47&seo_cat=47&seo_cat=47&seo_cat=47&seo_cat=47&seo_cat=47&seo_cat=47&seo_cat=47&seo_cat=47&t58=1&t59=1&t60=0&t60=1&x20=1&x5=0&x5=0&x5=0&x5=0&x5=0&x5=1 HTTP/1.1" 200 70482 "-" "Mozilla/5.0 (compatible; SemrushBot/7~bl; +http://www.semrush.com/bot.html)"
85.208.96.210 - - [15/Jun/2026:03:30:37 +0200] "GET /new-products.php?a=24&a=24&b=1&b=1&debut=0&debut=0&debut=0&debut=0&debut=0&debut=0&debut=0&debut=0&debut=0&debut=0&debut=0&debut=0&debut=0&debut=0&debut=0&debut=24&seo_cat&seo_cat&seo_cat&seo_cat&seo_cat&seo_cat&seo_cat&seo_cat&seo_cat&seo_cat&seo_cat&seo_cat&seo_cat&seo_cat&x17=0&x17=1&x20=0&x20=0&x20=1&x21=0&x21=0&x21=0&x21=0&x21=1&x22=1&x5=0&x5=0&x5=1 HTTP/1.1" 200 161568 "-" "Mozilla/5.0 (compatible; SemrushBot/7~bl; +http://www.semrush.com/bot.html)"
85.208.96.212 - - [15/Jun/2026:03:30:41 +0200] "GET /new-products.php?a=24&a=24&a=24&a=24&a=24&b=1&b=1&b=1&b=1&b=1&debut=0&debut=0&debut=0&debut=0&debut=0&debut=0&debut=0&debut=0&debut=0&debut=0&debut=0&debut=0&debut=0&debut=0&debut=24&seo_cat&seo_cat&seo_cat&seo_cat&seo_cat&seo_cat&seo_cat&seo_cat&seo_cat&seo_cat&x17=0&x17=1&x20=1&x21=0&x21=0&x21=0&x21=1&x5=0&x5=0&x5=1 HTTP/1.1" 200 160729 "-" "Mozilla/5.0 (compatible; SemrushBot/7~bl; +http://www.semrush.com/bot.html)"
185.191.171.18 - - [15/Jun/2026:03:30:44 +0200] "GET /new-products.php?a=25&b=1&debut=0&debut=0&debut=0&debut=0&debut=0&debut=0&debut=0&debut=0&debut=0&debut=0&debut=0&debut=0&debut=25&histo_track=1&seo_cat&seo_cat&seo_cat&seo_cat&seo_cat&seo_cat&seo_cat&seo_cat&seo_cat&seo_cat&seo_cat&seo_cat&x20=1&x21=0&x21=0&x21=1&x22=1&x23=0&x23=0&x23=0&x23=0&x23=1&x5=0&x5=1 HTTP/1.1" 200 131824 "-" "Mozilla/5.0 (compatible; SemrushBot/7~bl; +http://www.semrush.com/bot.html)"
185.191.171.10 - - [15/Jun/2026:03:30:48 +0200] "GET /new-products.php?debut=0&debut=0&debut=0&debut=0&debut=0&debut=0&debut=0&debut=0&debut=0&debut=0&debut=0&debut=0&seo_cat&seo_cat&seo_cat&seo_cat&seo_cat&seo_cat&seo_cat&seo_cat&seo_cat&seo_cat&seo_cat&seo_cat&x17=0&x17=0&x17=0&x17=0&x17=0&x17=0&x17=1&x21=1&x22=1&x5=0&x5=0&x5=1 HTTP/1.1" 200 193392 "-" "Mozilla/5.0 (compatible; SemrushBot/7~bl; +http://www.semrush.com/bot.html)"
185.191.171.15 - - [15/Jun/2026:03:31:04 +0200] "GET /marques.php?a=24&a=24&a=24&a=24&b=1&b=1&b=1&b=1&debut=0&debut=0&debut=0&debut=0&debut=0&debut=0&debut=0&debut=0&debut=0&debut=0&debut=0&debut=24&histo_track=1&seo=20-lits-gigognes&seo_marq=20&seo_marq=20&seo_marq=20&seo_marq=20&seo_marq=20&seo_marq=20&seo_marq=20&seo_marq=20&t47=1&t58=0&t58=0&t58=1&t59=0&t59=0&t59=1&t60=1 HTTP/1.1" 200 64301 "-" "Mozilla/5.0 (compatible; SemrushBot/7~bl; +http://www.semrush.com/bot.html)"
185.191.171.15 - - [15/Jun/2026:03:31:05 +0200] "GET /marques.php?a=24&a=24&a=24&a=24&b=1&b=1&b=1&b=1&debut=0&debut=0&debut=0&debut=0&debut=0&debut=0&debut=0&debut=0&debut=0&debut=0&debut=0&debut=24&histo_track=1&seo=20-lits-gigognes&seo_marq=20&seo_marq=20&seo_marq=20&seo_marq=20&seo_marq=20&seo_marq=20&seo_marq=20&seo_marq=20&t47=1&t58=0&t58=0&t58=1&t59=0&t59=0&t59=1&t60=1 HTTP/1.1" 200 64227 "-" "Mozilla/5.0 (compatible; SemrushBot/7~bl; +http://www.semrush.com/bot.html)"
185.191.171.19 - - [15/Jun/2026:03:31:30 +0200] "GET /marques.php?a=24&a=24&a=24&b=1&b=1&b=1&debut=0&debut=0&debut=0&debut=0&debut=0&debut=0&debut=0&debut=0&debut=0&debut=0&debut=0&debut=24&histo_track=1&seo=20-lits-gigognes&seo_marq=20&seo_marq=20&seo_marq=20&seo_marq=20&seo_marq=20&seo_marq=20&seo_marq=20&seo_marq=20&seo_marq=20&t47=1&t58=1&t60=0&t60=0&t60=0&t60=0&t60=0&t60=1&t62=1 HTTP/1.1" 200 64263 "-" "Mozilla/5.0 (compatible; SemrushBot/7~bl; +http://www.semrush.com/bot.html)"
185.191.171.19 - - [15/Jun/2026:03:31:31 +0200] "GET /marques.php?a=24&a=24&a=24&b=1&b=1&b=1&debut=0&debut=0&debut=0&debut=0&debut=0&debut=0&debut=0&debut=0&debut=0&debut=0&debut=0&debut=24&histo_track=1&seo=20-lits-gigognes&seo_marq=20&seo_marq=20&seo_marq=20&seo_marq=20&seo_marq=20&seo_marq=20&seo_marq=20&seo_marq=20&seo_marq=20&t47=1&t58=1&t60=0&t60=0&t60=0&t60=0&t60=0&t60=1&t62=1 HTTP/1.1" 200 64351 "-" "Mozilla/5.0 (compatible; SemrushBot/7~bl; +http://www.semrush.com/bot.html)"
85.208.96.208 - - [15/Jun/2026:03:31:39 +0200] "GET /new-products.php?a=24&b=1&debut=0&debut=0&debut=0&debut=0&debut=0&debut=0&debut=0&debut=0&debut=0&debut=0&debut=0&debut=0&debut=0&debut=0&debut=24&seo_cat&seo_cat&seo_cat&seo_cat&seo_cat&seo_cat&seo_cat&seo_cat&seo_cat&seo_cat&seo_cat&seo_cat&seo_cat&seo_cat&x17=0&x17=0&x17=0&x17=0&x17=1&x20=1&x21=0&x21=0&x21=0&x21=0&x21=0&x21=0&x21=1&x5=1 HTTP/1.1" 200 161243 "-" "Mozilla/5.0 (compatible; SemrushBot/7~bl; +http://www.semrush.com/bot.html)"
85.208.96.210 - - [15/Jun/2026:03:32:15 +0200] "GET /marques.php?a=24&a=24&a=24&b=1&b=1&b=1&debut=0&debut=0&debut=0&debut=0&debut=0&debut=0&debut=0&debut=0&debut=0&debut=0&debut=0&debut=0&debut=24&histo_track=1&seo=20-lits-gigognes&seo_marq=20&seo_marq=20&seo_marq=20&seo_marq=20&seo_marq=20&seo_marq=20&seo_marq=20&seo_marq=20&seo_marq=20&seo_marq=20&t47=0&t47=0&t47=0&t47=1&t58=1&t60=0&t60=0&t60=1&t62=0&t62=1 HTTP/1.1" 200 64367 "-" "Mozilla/5.0 (compatible; SemrushBot/7~bl; +http://www.semrush.com/bot.html)"
159.223.186.58 - - [15/Jun/2026:03:32:22 +0200] "GET /uploadfiles/products/mini/15718353800gigogne_ref30_d%C3%A9cal%C3%A9_blanc.jpg HTTP/1.1" 200 5617 "https://www.litsolide.com/" "Mozilla/5.0 (Windows NT 10.0; Win64; x64) AppleWebKit/537.36 (KHTML, like Gecko) Chrome/112.0.0.0 Safari/537.36"
85.208.96.198 - - [15/Jun/2026:03:32:45 +0200] "GET /category.php?a=24&a=24&a=24&a=24&a=24&a=24&a=24&b=1&b=1&b=1&b=1&b=1&b=1&b=1&debut=0&debut=0&debut=0&debut=0&debut=0&debut=0&debut=0&debut=0&debut=0&debut=0&debut=0&debut=0&debut=0&debut=0&debut=24&seo=47-lits-gigognes&seo_cat=47&seo_cat=47&seo_cat=47&seo_cat=47&seo_cat=47&seo_cat=47&seo_cat=47&seo_cat=47&t58=1&t62=0&t62=1&x20=0&x20=0&x20=0&x20=0&x20=1 HTTP/1.1" 200 70470 "-" "Mozilla/5.0 (compatible; SemrushBot/7~bl; +http://www.semrush.com/bot.html)"
85.208.96.206 - - [15/Jun/2026:03:33:10 +0200] "GET /new-products.php?a=24&a=24&a=25&b=1&b=1&b=1&debut=0&debut=0&debut=0&debut=0&debut=0&debut=0&debut=0&debut=0&debut=0&debut=0&debut=0&debut=0&debut=25&histo_track=1&seo_cat&seo_cat&seo_cat&seo_cat&seo_cat&seo_cat&seo_cat&seo_cat&seo_cat&seo_cat&x20=0&x20=1&x21=0&x21=0&x21=0&x21=0&x21=1&x23=0&x23=1&x5=1 HTTP/1.1" 200 131693 "-" "Mozilla/5.0 (compatible; SemrushBot/7~bl; +http://www.semrush.com/bot.html)"
185.191.171.1 - - [15/Jun/2026:03:33:13 +0200] "GET /new-products.php?a=24&a=24&a=24&a=25&b=1&b=1&b=1&b=1&debut=0&debut=0&debut=0&debut=0&debut=0&debut=0&debut=0&debut=0&debut=0&debut=0&debut=0&debut=0&debut=25&seo_cat&seo_cat&seo_cat&seo_cat&seo_cat&seo_cat&seo_cat&seo_cat&seo_cat&x20=1&x21=0&x21=0&x21=1&x23=0&x23=1&x5=0&x5=0&x5=1 HTTP/1.1" 200 131297 "-" "Mozilla/5.0 (compatible; SemrushBot/7~bl; +http://www.semrush.com/bot.html)"
185.191.171.18 - - [15/Jun/2026:03:33:23 +0200] "GET /new-products.php?a=25&b=1&debut=0&debut=0&debut=0&debut=0&debut=0&debut=0&debut=0&debut=0&debut=0&debut=0&debut=0&debut=25&seo_cat&seo_cat&seo_cat&seo_cat&seo_cat&seo_cat&seo_cat&seo_cat&seo_cat&seo_cat&seo_cat&x17=0&x17=0&x17=1&x20=0&x20=1&x21=0&x21=0&x21=1&x5=0&x5=0&x5=1 HTTP/1.1" 200 153878 "-" "Mozilla/5.0 (compatible; SemrushBot/7~bl; +http://www.semrush.com/bot.html)"
85.208.96.210 - - [15/Jun/2026:03:33:33 +0200] "GET /new-products.php?a=25&b=1&debut=0&debut=0&debut=0&debut=0&debut=0&debut=0&debut=0&debut=0&debut=0&debut=25&histo_track=1&seo_cat&seo_cat&seo_cat&seo_cat&seo_cat&seo_cat&seo_cat&seo_cat&seo_cat&x17=1&x20=1&x21=0&x21=1&x23=0&x23=0&x23=0&x23=0&x23=1 HTTP/1.1" 200 130709 "-" "Mozilla/5.0 (compatible; SemrushBot/7~bl; +http://www.semrush.com/bot.html)"
85.208.96.204 - - [15/Jun/2026:03:33:37 +0200] "GET /category.php?a=24&a=24&b=1&b=1&debut=0&debut=0&debut=0&debut=0&debut=0&debut=0&debut=0&debut=0&debut=0&debut=0&debut=0&debut=24&histo_track=1&seo=47-lits-gigognes&seo_cat=47&seo_cat=47&seo_cat=47&seo_cat=47&seo_cat=47&seo_cat=47&seo_cat=47&seo_cat=47&seo_cat=47&seo_cat=47&t58=0&t58=0&t58=1&t59=0&t59=1&t60=0&t60=0&t60=1&t62=1&x20=1 HTTP/1.1" 200 70396 "-" "Mozilla/5.0 (compatible; SemrushBot/7~bl; +http://www.semrush.com/bot.html)"
85.208.96.205 - - [15/Jun/2026:03:33:58 +0200] "GET /category.php?a=25&b=1&debut=0&debut=0&debut=0&debut=0&debut=0&debut=0&debut=0&debut=0&debut=0&debut=0&debut=0&debut=0&debut=0&debut=25&seo=47-lits-gigognes&seo_cat=47&seo_cat=47&seo_cat=47&seo_cat=47&seo_cat=47&seo_cat=47&seo_cat=47&seo_cat=47&seo_cat=47&seo_cat=47&seo_cat=47&seo_cat=47&seo_cat=47&t58=1&t59=0&t59=0&t59=1&t60=0&t60=0&t60=0&t60=0&t60=0&t60=1&x20=1&x5=0&x5=1 HTTP/1.1" 200 70582 "-" "Mozilla/5.0 (compatible; SemrushBot/7~bl; +http://www.semrush.com/bot.html)"
185.191.171.15 - - [15/Jun/2026:03:34:10 +0200] "GET /new-products.php?a=25&b=1&debut=0&debut=0&debut=0&debut=0&debut=0&debut=0&debut=0&debut=0&debut=0&debut=0&debut=0&debut=0&debut=0&debut=25&seo_cat&seo_cat&seo_cat&seo_cat&seo_cat&seo_cat&seo_cat&seo_cat&seo_cat&seo_cat&seo_cat&seo_cat&seo_cat&x17=0&x17=1&x20=1&x21=0&x21=0&x21=0&x21=1&x22=1&x5=0&x5=0&x5=0&x5=0&x5=1 HTTP/1.1" 200 154649 "-" "Mozilla/5.0 (compatible; SemrushBot/7~bl; +http://www.semrush.com/bot.html)"
85.208.96.205 - - [15/Jun/2026:03:34:14 +0200] "GET /new-products.php?a=24&a=24&a=24&b=1&b=1&b=1&debut=0&debut=0&debut=0&debut=0&debut=0&debut=0&debut=0&debut=0&debut=0&debut=0&debut=0&debut=0&debut=24&seo_cat&seo_cat&seo_cat&seo_cat&seo_cat&seo_cat&seo_cat&seo_cat&seo_cat&seo_cat&x17=0&x17=0&x17=1&x20=1&x21=0&x21=0&x21=0&x21=0&x21=1&x5=1 HTTP/1.1" 200 159919 "-" "Mozilla/5.0 (compatible; SemrushBot/7~bl; +http://www.semrush.com/bot.html)"
85.208.96.198 - - [15/Jun/2026:03:34:21 +0200] "GET /category.php?a=24&a=24&a=24&a=24&a=24&a=24&b=1&b=1&b=1&b=1&b=1&b=1&debut=0&debut=0&debut=0&debut=0&debut=0&debut=0&debut=0&debut=0&debut=0&debut=0&debut=0&debut=0&debut=0&debut=24&seo=47-lits-gigognes&seo_cat=47&seo_cat=47&seo_cat=47&seo_cat=47&seo_cat=47&seo_cat=47&seo_cat=47&seo_cat=47&t62=0&t62=1&x20=0&x20=0&x20=0&x20=0&x20=0&x20=1 HTTP/1.1" 200 70352 "-" "Mozilla/5.0 (compatible; SemrushBot/7~bl; +http://www.semrush.com/bot.html)"
85.208.96.206 - - [15/Jun/2026:03:34:47 +0200] "GET /new-products.php?debut=0&debut=0&debut=0&debut=0&debut=0&debut=0&debut=0&debut=0&debut=0&debut=0&debut=0&debut=0&seo_cat&seo_cat&seo_cat&seo_cat&seo_cat&seo_cat&seo_cat&seo_cat&seo_cat&seo_cat&seo_cat&seo_cat&x17=0&x17=0&x17=0&x17=0&x17=0&x17=0&x17=1&x20=1&x21=0&x21=0&x21=1&x22=1 HTTP/1.1" 200 206847 "-" "Mozilla/5.0 (compatible; SemrushBot/7~bl; +http://www.semrush.com/bot.html)"
85.208.96.206 - - [15/Jun/2026:03:34:49 +0200] "GET /new-products.php?debut=0&debut=0&debut=0&debut=0&debut=0&debut=0&debut=0&debut=0&debut=0&debut=0&debut=0&debut=0&seo_cat&seo_cat&seo_cat&seo_cat&seo_cat&seo_cat&seo_cat&seo_cat&seo_cat&seo_cat&seo_cat&seo_cat&x17=0&x17=0&x17=0&x17=0&x17=0&x17=0&x17=1&x20=1&x21=0&x21=0&x21=1&x22=1 HTTP/1.1" 200 206921 "-" "Mozilla/5.0 (compatible; SemrushBot/7~bl; +http://www.semrush.com/bot.html)"
185.191.171.11 - - [15/Jun/2026:03:34:52 +0200] "GET /new-products.php?a=24&a=24&a=24&b=1&b=1&b=1&debut=0&debut=0&debut=0&debut=0&debut=0&debut=0&debut=0&debut=0&debut=0&debut=0&debut=0&debut=0&debut=0&debut=0&debut=24&histo_track=1&seo_cat&seo_cat&seo_cat&seo_cat&seo_cat&seo_cat&seo_cat&seo_cat&seo_cat&seo_cat&seo_cat&seo_cat&x17=0&x17=1&x20=0&x20=1&x21=0&x21=1&x22=1&x23=1&x5=0&x5=0&x5=0&x5=1 HTTP/1.1" 200 167741 "-" "Mozilla/5.0 (compatible; SemrushBot/7~bl; +http://www.semrush.com/bot.html)"
85.208.96.210 - - [15/Jun/2026:03:35:00 +0200] "GET /marques.php?a=24&a=24&b=1&b=1&debut=0&debut=0&debut=0&debut=0&debut=0&debut=0&debut=0&debut=0&debut=0&debut=0&debut=0&debut=24&seo=20-lits-gigognes&seo_marq=20&seo_marq=20&seo_marq=20&seo_marq=20&seo_marq=20&seo_marq=20&seo_marq=20&seo_marq=20&seo_marq=20&seo_marq=20&t47=0&t47=0&t47=1&t59=0&t59=0&t59=0&t59=0&t59=1&t60=0&t60=1 HTTP/1.1" 200 64331 "-" "Mozilla/5.0 (compatible; SemrushBot/7~bl; +http://www.semrush.com/bot.html)"
85.208.96.211 - - [15/Jun/2026:03:35:04 +0200] "GET /new-products.php?a=24&a=24&a=24&a=25&a=25&b=1&b=1&b=1&b=1&b=1&debut=0&debut=0&debut=0&debut=0&debut=0&debut=0&debut=0&debut=0&debut=0&debut=0&debut=0&debut=0&debut=0&debut=0&debut=0&debut=25&seo_cat&seo_cat&seo_cat&seo_cat&seo_cat&seo_cat&seo_cat&seo_cat&seo_cat&seo_cat&seo_cat&x17=0&x17=0&x17=0&x17=1&x20=1&x21=0&x21=0&x21=1&x5=0&x5=0&x5=1 HTTP/1.1" 200 155552 "-" "Mozilla/5.0 (compatible; SemrushBot/7~bl; +http://www.semrush.com/bot.html)"
185.191.171.17 - - [15/Jun/2026:03:35:06 +0200] "GET /new-products.php?a=24&a=25&b=1&b=1&debut=0&debut=0&debut=0&debut=0&debut=0&debut=0&debut=0&debut=0&debut=0&debut=0&debut=0&debut=24&debut=25&histo_track=1&seo_cat&seo_cat&seo_cat&seo_cat&seo_cat&seo_cat&seo_cat&seo_cat&seo_cat&seo_cat&seo_cat&x17=0&x17=0&x17=1&x20=0&x20=1&x21=0&x21=0&x21=1&x22=0&x22=1&x23=1 HTTP/1.1" 200 131926 "-" "Mozilla/5.0 (compatible; SemrushBot/7~bl; +http://www.semrush.com/bot.html)"
85.208.96.194 - - [15/Jun/2026:03:35:21 +0200] "GET /new-products.php?a=24&a=24&a=24&b=1&b=1&b=1&debut=0&debut=0&debut=0&debut=0&debut=0&debut=0&debut=0&debut=0&debut=0&debut=0&debut=0&debut=0&debut=24&seo_cat&seo_cat&seo_cat&seo_cat&seo_cat&seo_cat&seo_cat&seo_cat&seo_cat&seo_cat&x17=0&x17=1&x20=1&x21=0&x21=1&x22=1&x23=0&x23=0&x23=0&x23=1 HTTP/1.1" 200 137400 "-" "Mozilla/5.0 (compatible; SemrushBot/7~bl; +http://www.semrush.com/bot.html)"
185.191.171.19 - - [15/Jun/2026:03:35:47 +0200] "GET /category.php?debut=0&debut=0&debut=0&debut=0&debut=0&debut=0&debut=0&debut=0&debut=0&debut=0&debut=0&seo=47-lits-gigognes&seo_cat=47&seo_cat=47&seo_cat=47&seo_cat=47&seo_cat=47&seo_cat=47&seo_cat=47&seo_cat=47&seo_cat=47&seo_cat=47&seo_cat=47&t58=0&t58=1&t59=0&t59=0&t59=0&t59=1&t60=0&t60=1&t62=1&x20=1&x5=1 HTTP/1.1" 200 189534 "-" "Mozilla/5.0 (compatible; SemrushBot/7~bl; +http://www.semrush.com/bot.html)"
185.191.171.19 - - [15/Jun/2026:03:35:47 +0200] "GET /category.php?debut=0&debut=0&debut=0&debut=0&debut=0&debut=0&debut=0&debut=0&debut=0&debut=0&debut=0&seo=47-lits-gigognes&seo_cat=47&seo_cat=47&seo_cat=47&seo_cat=47&seo_cat=47&seo_cat=47&seo_cat=47&seo_cat=47&seo_cat=47&seo_cat=47&seo_cat=47&t58=0&t58=1&t59=0&t59=0&t59=0&t59=1&t60=0&t60=1&t62=1&x20=1&x5=1 HTTP/1.1" 200 189530 "-" "Mozilla/5.0 (compatible; SemrushBot/7~bl; +http://www.semrush.com/bot.html)"
185.191.171.17 - - [15/Jun/2026:03:35:55 +0200] "GET /category.php?a=24&a=24&a=25&a=25&a=25&b=1&b=1&b=1&b=1&b=1&debut=0&debut=0&debut=0&debut=0&debut=0&debut=0&debut=0&debut=0&debut=0&debut=0&debut=0&debut=0&debut=0&debut=0&debut=25&seo=47-lits-gigognes&seo_cat=47&seo_cat=47&seo_cat=47&seo_cat=47&seo_cat=47&seo_cat=47&seo_cat=47&seo_cat=47&seo_cat=47&seo_cat=47&t58=1&t62=1&x20=0&x20=0&x20=0&x20=0&x20=0&x20=1&x5=0&x5=1 HTTP/1.1" 200 70592 "-" "Mozilla/5.0 (compatible; SemrushBot/7~bl; +http://www.semrush.com/bot.html)"
66.249.74.35 - - [15/Jun/2026:03:36:03 +0200] "GET /uploadfiles/products/mini/15500654210embouts_1.jpg HTTP/1.1" 200 4651 "-" "Googlebot-Image/1.0"
185.191.171.11 - - [15/Jun/2026:03:36:19 +0200] "GET /new-products.php?a=24&a=25&b=1&b=1&debut=0&debut=0&debut=0&debut=0&debut=0&debut=0&debut=0&debut=0&debut=0&debut=25&histo_track=1&seo_cat&seo_cat&seo_cat&seo_cat&seo_cat&seo_cat&seo_cat&seo_cat&x20=0&x20=0&x20=0&x20=0&x20=1&x5=0&x5=0&x5=1 HTTP/1.1" 200 64014 "-" "Mozilla/5.0 (compatible; SemrushBot/7~bl; +http://www.semrush.com/bot.html)"
185.191.171.12 - - [15/Jun/2026:03:36:48 +0200] "GET /new-products.php?a=24&b=1&debut=0&debut=0&debut=0&debut=0&debut=0&debut=0&debut=0&debut=0&debut=0&debut=0&debut=0&debut=0&debut=0&debut=0&debut=24&histo_track=1&seo_cat&seo_cat&seo_cat&seo_cat&seo_cat&seo_cat&seo_cat&seo_cat&seo_cat&seo_cat&seo_cat&seo_cat&seo_cat&seo_cat&x17=1&x20=0&x20=0&x20=0&x20=0&x20=0&x20=1&x21=1&x22=0&x22=1&x5=0&x5=0&x5=0&x5=1 HTTP/1.1" 200 161500 "-" "Mozilla/5.0 (compatible; SemrushBot/7~bl; +http://www.semrush.com/bot.html)"
185.191.171.12 - - [15/Jun/2026:03:37:05 +0200] "GET /new-products.php?a=25&a=25&b=1&b=1&debut=0&debut=0&debut=0&debut=0&debut=0&debut=0&debut=0&debut=0&debut=0&debut=0&debut=0&debut=0&debut=0&debut=25&seo_cat&seo_cat&seo_cat&seo_cat&seo_cat&seo_cat&seo_cat&seo_cat&seo_cat&seo_cat&seo_cat&seo_cat&x17=1&x20=0&x20=0&x20=1&x21=0&x21=1&x22=1&x23=0&x23=0&x23=0&x23=0&x23=1 HTTP/1.1" 200 132056 "-" "Mozilla/5.0 (compatible; SemrushBot/7~bl; +http://www.semrush.com/bot.html)"
185.191.171.13 - - [15/Jun/2026:03:37:11 +0200] "GET /new-products.php?a=24&a=24&a=24&b=1&b=1&b=1&debut=0&debut=0&debut=0&debut=0&debut=0&debut=0&debut=0&debut=0&debut=0&debut=0&debut=0&debut=0&debut=24&histo_track=1&seo_cat&seo_cat&seo_cat&seo_cat&seo_cat&seo_cat&seo_cat&seo_cat&seo_cat&seo_cat&x17=1&x20=1&x21=0&x21=1&x22=0&x22=0&x22=1&x5=0&x5=0&x5=1 HTTP/1.1" 200 160205 "-" "Mozilla/5.0 (compatible; SemrushBot/7~bl; +http://www.semrush.com/bot.html)"
85.208.96.208 - - [15/Jun/2026:03:37:23 +0200] "GET /category.php?a=24&a=24&a=24&a=24&a=24&a=24&a=24&a=24&b=1&b=1&b=1&b=1&b=1&b=1&b=1&b=1&debut=0&debut=0&debut=0&debut=0&debut=0&debut=0&debut=0&debut=0&debut=0&debut=0&debut=0&debut=0&debut=0&debut=24&seo=47-lits-gigognes&seo_cat=47&seo_cat=47&seo_cat=47&seo_cat=47&seo_cat=47&seo_cat=47&t58=1&t59=1&x20=0&x20=0&x20=0&x20=1 HTTP/1.1" 200 70340 "-" "Mozilla/5.0 (compatible; SemrushBot/7~bl; +http://www.semrush.com/bot.html)"
119.8.181.90 - - [15/Jun/2026:03:37:30 +0200] "GET /category.php?a=24&a=24&b=1&b=1&debut=0&debut=24&seo=47-lits-gigognes&debut=0&a=24&b=1&seo_cat=47&x20=1&debut=0&debut=24&a=24&b=1 HTTP/1.1" 200 69748 "https://www.litsolide.com/category.php?a=24&a=24&b=1&b=1&debut=0&debut=24&seo=47-lits-gigognes&debut=0&a=24&b=1&seo_cat=47&x20=1&debut=0&debut=24&a=24&b=1" "Mozilla/5.0 (Macintosh; Intel Mac OS X 10_15_7) AppleWebKit/537.36 (KHTML, like Gecko) Chrome/120.0.0.0 Safari/537.36"
185.191.171.3 - - [15/Jun/2026:03:37:33 +0200] "GET /new-products.php?a=24&a=25&b=1&b=1&debut=0&debut=0&debut=0&debut=0&debut=0&debut=0&debut=0&debut=0&debut=0&debut=0&debut=0&debut=0&debut=0&debut=0&debut=0&debut=25&seo_cat&seo_cat&seo_cat&seo_cat&seo_cat&seo_cat&seo_cat&seo_cat&seo_cat&seo_cat&seo_cat&seo_cat&seo_cat&seo_cat&x17=0&x17=0&x17=1&x20=0&x20=0&x20=1&x21=0&x21=0&x21=0&x21=1&x22=1&x5=0&x5=0&x5=1 HTTP/1.1" 200 155565 "-" "Mozilla/5.0 (compatible; SemrushBot/7~bl; +http://www.semrush.com/bot.html)"
185.191.171.15 - - [15/Jun/2026:03:37:37 +0200] "GET /category.php?a=24&a=25&a=25&b=1&b=1&b=1&debut=0&debut=0&debut=0&debut=0&debut=0&debut=0&debut=0&debut=0&debut=0&debut=0&debut=0&debut=0&debut=0&debut=25&seo=47-lits-gigognes&seo_cat=47&seo_cat=47&seo_cat=47&seo_cat=47&seo_cat=47&seo_cat=47&seo_cat=47&seo_cat=47&seo_cat=47&seo_cat=47&seo_cat=47&t58=0&t58=0&t58=1&t59=1&t62=1&x20=1&x5=0&x5=0&x5=0&x5=0&x5=1 HTTP/1.1" 200 70506 "-" "Mozilla/5.0 (compatible; SemrushBot/7~bl; +http://www.semrush.com/bot.html)"
185.191.171.12 - - [15/Jun/2026:03:37:40 +0200] "GET /new-products.php?a=24&a=24&a=24&a=25&b=1&b=1&b=1&b=1&debut=0&debut=0&debut=0&debut=0&debut=0&debut=0&debut=0&debut=0&debut=0&debut=0&debut=0&debut=0&debut=0&debut=0&debut=25&histo_track=1&seo_cat&seo_cat&seo_cat&seo_cat&seo_cat&seo_cat&seo_cat&seo_cat&seo_cat&seo_cat&seo_cat&x17=0&x17=0&x17=1&x20=1&x21=0&x21=0&x21=0&x21=1&x5=0&x5=0&x5=1 HTTP/1.1" 200 155137 "-" "Mozilla/5.0 (compatible; SemrushBot/7~bl; +http://www.semrush.com/bot.html)"
185.191.171.10 - - [15/Jun/2026:03:38:04 +0200] "GET /new-products.php?a=25&a=25&b=1&b=1&debut=0&debut=0&debut=0&debut=0&debut=0&debut=0&debut=0&debut=0&debut=0&debut=0&debut=0&debut=0&debut=0&debut=0&debut=0&debut=25&seo_cat&seo_cat&seo_cat&seo_cat&seo_cat&seo_cat&seo_cat&seo_cat&seo_cat&seo_cat&seo_cat&seo_cat&seo_cat&seo_cat&x17=0&x17=1&x20=0&x20=0&x20=0&x20=0&x20=0&x20=1&x21=0&x21=0&x21=1&x22=1&x23=1&x5=1 HTTP/1.1" 200 162302 "-" "Mozilla/5.0 (compatible; SemrushBot/7~bl; +http://www.semrush.com/bot.html)"
185.191.171.11 - - [15/Jun/2026:03:38:10 +0200] "GET /new-products.php?a=24&a=24&a=24&a=25&b=1&b=1&b=1&b=1&debut=0&debut=0&debut=0&debut=0&debut=0&debut=0&debut=0&debut=0&debut=0&debut=0&debut=0&debut=0&debut=0&debut=25&histo_track=1&seo_cat&seo_cat&seo_cat&seo_cat&seo_cat&seo_cat&seo_cat&seo_cat&seo_cat&seo_cat&x20=1&x21=1&x23=0&x23=0&x23=0&x23=0&x23=0&x23=1&x5=0&x5=1 HTTP/1.1" 200 131998 "-" "Mozilla/5.0 (compatible; SemrushBot/7~bl; +http://www.semrush.com/bot.html)"
185.191.171.16 - - [15/Jun/2026:03:38:21 +0200] "GET /marques.php?a=24&b=1&debut=0&debut=0&debut=0&debut=0&debut=0&debut=0&debut=0&debut=0&debut=0&debut=0&debut=0&debut=24&seo=20-lits-gigognes&seo_marq=20&seo_marq=20&seo_marq=20&seo_marq=20&seo_marq=20&seo_marq=20&seo_marq=20&seo_marq=20&seo_marq=20&seo_marq=20&seo_marq=20&t47=0&t47=0&t47=0&t47=0&t47=0&t47=0&t47=1&t59=0&t59=0&t59=1&t60=1 HTTP/1.1" 200 64267 "-" "Mozilla/5.0 (compatible; SemrushBot/7~bl; +http://www.semrush.com/bot.html)"
185.191.171.16 - - [15/Jun/2026:03:38:22 +0200] "GET /marques.php?a=24&b=1&debut=0&debut=0&debut=0&debut=0&debut=0&debut=0&debut=0&debut=0&debut=0&debut=0&debut=0&debut=24&seo=20-lits-gigognes&seo_marq=20&seo_marq=20&seo_marq=20&seo_marq=20&seo_marq=20&seo_marq=20&seo_marq=20&seo_marq=20&seo_marq=20&seo_marq=20&seo_marq=20&t47=0&t47=0&t47=0&t47=0&t47=0&t47=0&t47=1&t59=0&t59=0&t59=1&t60=1 HTTP/1.1" 200 64309 "-" "Mozilla/5.0 (compatible; SemrushBot/7~bl; +http://www.semrush.com/bot.html)"
185.191.171.15 - - [15/Jun/2026:03:38:24 +0200] "GET /new-products.php?debut=0&debut=0&debut=0&debut=0&debut=0&debut=0&debut=0&debut=0&debut=0&debut=0&debut=0&debut=0&debut=0&seo_cat&seo_cat&seo_cat&seo_cat&seo_cat&seo_cat&seo_cat&seo_cat&seo_cat&seo_cat&seo_cat&seo_cat&seo_cat&x17=0&x17=0&x17=1&x21=0&x21=0&x21=0&x21=0&x21=0&x21=1&x23=0&x23=0&x23=1&x5=1 HTTP/1.1" 200 200452 "-" "Mozilla/5.0 (compatible; SemrushBot/7~bl; +http://www.semrush.com/bot.html)"
185.191.171.4 - - [15/Jun/2026:03:38:37 +0200] "GET /new-products.php?a=24&a=24&a=24&a=24&b=1&b=1&b=1&b=1&debut=0&debut=0&debut=0&debut=0&debut=0&debut=0&debut=0&debut=0&debut=0&debut=0&debut=0&debut=0&debut=24&histo_track=1&seo_cat&seo_cat&seo_cat&seo_cat&seo_cat&seo_cat&seo_cat&seo_cat&seo_cat&x17=1&x20=0&x20=0&x20=0&x20=1&x21=1&x22=0&x22=1&x23=1 HTTP/1.1" 200 137571 "-" "Mozilla/5.0 (compatible; SemrushBot/7~bl; +http://www.semrush.com/bot.html)"
185.191.171.17 - - [15/Jun/2026:03:39:05 +0200] "GET /new-products.php?a=25&a=25&a=25&a=25&a=25&b=1&b=1&b=1&b=1&b=1&debut=0&debut=0&debut=0&debut=0&debut=0&debut=0&debut=0&debut=0&debut=0&debut=0&debut=0&debut=0&debut=0&debut=0&debut=25&histo_track=1&seo_cat&seo_cat&seo_cat&seo_cat&seo_cat&seo_cat&seo_cat&seo_cat&seo_cat&seo_cat&x20=0&x20=0&x20=0&x20=0&x20=1&x22=1&x23=0&x23=1&x5=0&x5=1 HTTP/1.1" 200 64470 "-" "Mozilla/5.0 (compatible; SemrushBot/7~bl; +http://www.semrush.com/bot.html)"
185.191.171.17 - - [15/Jun/2026:03:39:06 +0200] "GET /new-products.php?a=25&a=25&a=25&a=25&a=25&b=1&b=1&b=1&b=1&b=1&debut=0&debut=0&debut=0&debut=0&debut=0&debut=0&debut=0&debut=0&debut=0&debut=0&debut=0&debut=0&debut=0&debut=0&debut=25&histo_track=1&seo_cat&seo_cat&seo_cat&seo_cat&seo_cat&seo_cat&seo_cat&seo_cat&seo_cat&seo_cat&x20=0&x20=0&x20=0&x20=0&x20=1&x22=1&x23=0&x23=1&x5=0&x5=1 HTTP/1.1" 200 64412 "-" "Mozilla/5.0 (compatible; SemrushBot/7~bl; +http://www.semrush.com/bot.html)"
185.191.171.3 - - [15/Jun/2026:03:39:08 +0200] "GET /new-products.php?a=24&a=24&a=24&a=24&a=24&b=1&b=1&b=1&b=1&b=1&debut=0&debut=0&debut=0&debut=0&debut=0&debut=0&debut=0&debut=0&debut=0&debut=0&debut=0&debut=0&debut=0&debut=24&seo_cat&seo_cat&seo_cat&seo_cat&seo_cat&seo_cat&seo_cat&seo_cat&seo_cat&x20=1&x21=0&x21=0&x21=0&x21=0&x21=1&x22=1&x23=1&x5=1 HTTP/1.1" 200 137488 "-" "Mozilla/5.0 (compatible; SemrushBot/7~bl; +http://www.semrush.com/bot.html)"
185.191.171.16 - - [15/Jun/2026:03:39:22 +0200] "GET /new-products.php?a=25&a=25&a=25&b=1&b=1&b=1&debut=0&debut=0&debut=0&debut=0&debut=0&debut=0&debut=0&debut=0&debut=0&debut=0&debut=0&debut=0&debut=0&debut=0&debut=25&histo_track=1&seo_cat&seo_cat&seo_cat&seo_cat&seo_cat&seo_cat&seo_cat&seo_cat&seo_cat&seo_cat&seo_cat&seo_cat&x17=1&x20=0&x20=0&x20=0&x20=1&x21=0&x21=0&x21=1&x22=0&x22=1&x5=0&x5=1 HTTP/1.1" 200 155400 "-" "Mozilla/5.0 (compatible; SemrushBot/7~bl; +http://www.semrush.com/bot.html)"
85.208.96.207 - - [15/Jun/2026:03:39:26 +0200] "GET /new-products.php?a=24&a=24&a=24&a=24&a=24&a=25&b=1&b=1&b=1&b=1&b=1&b=1&debut=0&debut=0&debut=0&debut=0&debut=0&debut=0&debut=0&debut=0&debut=0&debut=0&debut=0&debut=0&debut=0&debut=0&debut=0&debut=25&histo_track=1&seo_cat&seo_cat&seo_cat&seo_cat&seo_cat&seo_cat&seo_cat&seo_cat&seo_cat&seo_cat&x17=1&x20=0&x20=0&x20=0&x20=1&x21=1&x22=1&x5=0&x5=0&x5=1 HTTP/1.1" 200 155550 "-" "Mozilla/5.0 (compatible; SemrushBot/7~bl; +http://www.semrush.com/bot.html)"
85.208.96.208 - - [15/Jun/2026:03:39:36 +0200] "GET /category.php?a=24&a=24&a=24&a=25&a=25&a=25&a=25&b=1&b=1&b=1&b=1&b=1&b=1&b=1&debut=0&debut=0&debut=0&debut=0&debut=0&debut=0&debut=0&debut=0&debut=0&debut=0&debut=0&debut=0&debut=0&debut=0&debut=25&seo=47-lits-gigognes&seo_cat=47&seo_cat=47&seo_cat=47&seo_cat=47&seo_cat=47&seo_cat=47&seo_cat=47&seo_cat=47&t58=1&t59=0&t59=1&t62=1&x20=0&x20=0&x20=1&x5=1 HTTP/1.1" 200 70488 "-" "Mozilla/5.0 (compatible; SemrushBot/7~bl; +http://www.semrush.com/bot.html)"
185.191.171.15 - - [15/Jun/2026:03:39:42 +0200] "GET /new-products.php?a=24&b=1&debut=0&debut=0&debut=0&debut=0&debut=0&debut=0&debut=0&debut=0&debut=24&histo_track=1&seo_cat&seo_cat&seo_cat&seo_cat&seo_cat&seo_cat&seo_cat&seo_cat&x20=0&x20=1&x21=0&x21=0&x21=1&x5=0&x5=0&x5=1 HTTP/1.1" 200 129668 "-" "Mozilla/5.0 (compatible; SemrushBot/7~bl; +http://www.semrush.com/bot.html)"
185.191.171.15 - - [15/Jun/2026:03:39:43 +0200] "GET /new-products.php?a=24&b=1&debut=0&debut=0&debut=0&debut=0&debut=0&debut=0&debut=0&debut=0&debut=24&histo_track=1&seo_cat&seo_cat&seo_cat&seo_cat&seo_cat&seo_cat&seo_cat&seo_cat&x20=0&x20=1&x21=0&x21=0&x21=1&x5=0&x5=0&x5=1 HTTP/1.1" 200 129676 "-" "Mozilla/5.0 (compatible; SemrushBot/7~bl; +http://www.semrush.com/bot.html)"
185.191.171.11 - - [15/Jun/2026:03:40:07 +0200] "GET /new-products.php?a=24&a=25&a=25&b=1&b=1&b=1&debut=0&debut=0&debut=0&debut=0&debut=0&debut=0&debut=0&debut=0&debut=0&debut=0&debut=0&debut=0&debut=0&debut=25&histo_track=1&seo_cat&seo_cat&seo_cat&seo_cat&seo_cat&seo_cat&seo_cat&seo_cat&seo_cat&seo_cat&seo_cat&x17=1&x20=0&x20=0&x20=1&x21=0&x21=1&x22=0&x22=0&x22=0&x22=1&x5=1 HTTP/1.1" 200 155156 "-" "Mozilla/5.0 (compatible; SemrushBot/7~bl; +http://www.semrush.com/bot.html)"
85.208.96.210 - - [15/Jun/2026:03:40:20 +0200] "GET /new-products.php?a=24&a=24&a=24&a=25&a=25&a=25&b=1&b=1&b=1&b=1&b=1&b=1&debut=0&debut=0&debut=0&debut=0&debut=0&debut=0&debut=0&debut=0&debut=0&debut=0&debut=0&debut=0&debut=0&debut=25&seo_cat&seo_cat&seo_cat&seo_cat&seo_cat&seo_cat&seo_cat&seo_cat&x17=1&x20=0&x20=0&x20=1&x21=1&x23=0&x23=0&x23=1 HTTP/1.1" 200 131593 "-" "Mozilla/5.0 (compatible; SemrushBot/7~bl; +http://www.semrush.com/bot.html)"
85.208.96.196 - - [15/Jun/2026:03:40:51 +0200] "GET /new-products.php?a=24&a=24&a=24&a=24&a=25&a=25&b=1&b=1&b=1&b=1&b=1&b=1&debut=0&debut=0&debut=0&debut=0&debut=0&debut=0&debut=0&debut=0&debut=0&debut=0&debut=0&debut=0&debut=0&debut=0&debut=0&debut=25&seo_cat&seo_cat&seo_cat&seo_cat&seo_cat&seo_cat&seo_cat&seo_cat&seo_cat&seo_cat&x17=1&x20=0&x20=1&x21=0&x21=0&x21=1&x22=0&x22=1&x23=0&x23=1 HTTP/1.1" 200 132395 "-" "Mozilla/5.0 (compatible; SemrushBot/7~bl; +http://www.semrush.com/bot.html)"
185.191.171.10 - - [15/Jun/2026:03:41:29 +0200] "GET /new-products.php?a=25&b=1&debut=0&debut=0&debut=0&debut=0&debut=0&debut=0&debut=0&debut=0&debut=0&debut=0&debut=0&debut=0&debut=0&debut=25&histo_track=1&seo_cat&seo_cat&seo_cat&seo_cat&seo_cat&seo_cat&seo_cat&seo_cat&seo_cat&seo_cat&seo_cat&seo_cat&seo_cat&x17=0&x17=0&x17=0&x17=0&x17=1&x20=0&x20=0&x20=1&x21=0&x21=0&x21=0&x21=1&x23=1 HTTP/1.1" 200 132305 "-" "Mozilla/5.0 (compatible; SemrushBot/7~bl; +http://www.semrush.com/bot.html)"
185.191.171.11 - - [15/Jun/2026:03:41:42 +0200] "GET /new-products.php?a=24&a=24&b=1&b=1&debut=0&debut=0&debut=0&debut=0&debut=0&debut=0&debut=0&debut=0&debut=0&debut=0&debut=0&debut=0&debut=24&seo_cat&seo_cat&seo_cat&seo_cat&seo_cat&seo_cat&seo_cat&seo_cat&seo_cat&seo_cat&seo_cat&x17=0&x17=0&x17=1&x20=0&x20=0&x20=0&x20=1&x23=0&x23=1&x5=0&x5=1 HTTP/1.1" 200 96451 "-" "Mozilla/5.0 (compatible; SemrushBot/7~bl; +http://www.semrush.com/bot.html)"
85.208.96.196 - - [15/Jun/2026:03:41:46 +0200] "GET /new-products.php?a=24&b=1&debut=0&debut=0&debut=0&debut=0&debut=0&debut=0&debut=0&debut=0&debut=0&debut=0&debut=0&debut=0&debut=0&debut=0&debut=24&histo_track=1&seo_cat&seo_cat&seo_cat&seo_cat&seo_cat&seo_cat&seo_cat&seo_cat&seo_cat&seo_cat&seo_cat&seo_cat&seo_cat&seo_cat&x17=1&x20=0&x20=0&x20=0&x20=0&x20=1&x21=0&x21=0&x21=1&x22=0&x22=1&x23=0&x23=0&x23=1 HTTP/1.1" 200 138624 "-" "Mozilla/5.0 (compatible; SemrushBot/7~bl; +http://www.semrush.com/bot.html)"
185.191.171.8 - - [15/Jun/2026:03:41:54 +0200] "GET /new-products.php?a=24&a=24&a=25&b=1&b=1&b=1&debut=0&debut=0&debut=0&debut=0&debut=0&debut=0&debut=0&debut=0&debut=0&debut=0&debut=0&debut=0&debut=25&histo_track=1&seo_cat&seo_cat&seo_cat&seo_cat&seo_cat&seo_cat&seo_cat&seo_cat&seo_cat&seo_cat&x20=1&x22=0&x22=1&x23=0&x23=0&x23=0&x23=0&x23=0&x23=1&x5=1 HTTP/1.1" 200 64393 "-" "Mozilla/5.0 (compatible; SemrushBot/7~bl; +http://www.semrush.com/bot.html)"
185.191.171.8 - - [15/Jun/2026:03:41:55 +0200] "GET /new-products.php?a=24&a=24&a=25&b=1&b=1&b=1&debut=0&debut=0&debut=0&debut=0&debut=0&debut=0&debut=0&debut=0&debut=0&debut=0&debut=0&debut=0&debut=25&histo_track=1&seo_cat&seo_cat&seo_cat&seo_cat&seo_cat&seo_cat&seo_cat&seo_cat&seo_cat&seo_cat&x20=1&x22=0&x22=1&x23=0&x23=0&x23=0&x23=0&x23=0&x23=1&x5=1 HTTP/1.1" 200 64289 "-" "Mozilla/5.0 (compatible; SemrushBot/7~bl; +http://www.semrush.com/bot.html)"
185.191.171.16 - - [15/Jun/2026:03:41:57 +0200] "GET /new-products.php?a=25&b=1&debut=0&debut=0&debut=0&debut=0&debut=0&debut=0&debut=0&debut=0&debut=0&debut=0&debut=0&debut=0&debut=0&debut=0&debut=25&histo_track=1&seo_cat&seo_cat&seo_cat&seo_cat&seo_cat&seo_cat&seo_cat&seo_cat&seo_cat&seo_cat&seo_cat&seo_cat&seo_cat&seo_cat&x17=0&x17=0&x17=0&x17=0&x17=0&x17=0&x17=0&x17=0&x17=1&x20=0&x20=0&x20=0&x20=0&x20=1 HTTP/1.1" 200 64616 "-" "Mozilla/5.0 (compatible; SemrushBot/7~bl; +http://www.semrush.com/bot.html)"
185.191.171.16 - - [15/Jun/2026:03:41:58 +0200] "GET /new-products.php?a=25&b=1&debut=0&debut=0&debut=0&debut=0&debut=0&debut=0&debut=0&debut=0&debut=0&debut=0&debut=0&debut=0&debut=0&debut=0&debut=25&histo_track=1&seo_cat&seo_cat&seo_cat&seo_cat&seo_cat&seo_cat&seo_cat&seo_cat&seo_cat&seo_cat&seo_cat&seo_cat&seo_cat&seo_cat&x17=0&x17=0&x17=0&x17=0&x17=0&x17=0&x17=0&x17=0&x17=1&x20=0&x20=0&x20=0&x20=0&x20=1 HTTP/1.1" 200 64550 "-" "Mozilla/5.0 (compatible; SemrushBot/7~bl; +http://www.semrush.com/bot.html)"
85.208.96.199 - - [15/Jun/2026:03:41:59 +0200] "GET /robots.txt HTTP/1.1" 200 135 "-" "Mozilla/5.0 (compatible; SemrushBot/7~bl; +http://www.semrush.com/bot.html)"
185.191.171.14 - - [15/Jun/2026:03:42:01 +0200] "GET /marques.php?a=24&a=24&a=24&a=25&a=25&b=1&b=1&b=1&b=1&b=1&debut=0&debut=0&debut=0&debut=0&debut=0&debut=0&debut=0&debut=0&debut=0&debut=0&debut=0&debut=0&debut=25&histo_track=1&seo=20-lits-gigognes&seo_marq=20&seo_marq=20&seo_marq=20&seo_marq=20&seo_marq=20&seo_marq=20&seo_marq=20&seo_marq=20&t47=0&t47=1&t58=1&t59=0&t59=0&t59=0&t59=1&t60=1 HTTP/1.1" 200 64351 "-" "Mozilla/5.0 (compatible; SemrushBot/7~bl; +http://www.semrush.com/bot.html)"
185.191.171.14 - - [15/Jun/2026:03:42:02 +0200] "GET /marques.php?a=24&a=24&a=24&a=25&a=25&b=1&b=1&b=1&b=1&b=1&debut=0&debut=0&debut=0&debut=0&debut=0&debut=0&debut=0&debut=0&debut=0&debut=0&debut=0&debut=0&debut=25&histo_track=1&seo=20-lits-gigognes&seo_marq=20&seo_marq=20&seo_marq=20&seo_marq=20&seo_marq=20&seo_marq=20&seo_marq=20&seo_marq=20&t47=0&t47=1&t58=1&t59=0&t59=0&t59=0&t59=1&t60=1 HTTP/1.1" 200 64317 "-" "Mozilla/5.0 (compatible; SemrushBot/7~bl; +http://www.semrush.com/bot.html)"
185.191.171.14 - - [15/Jun/2026:03:42:07 +0200] "GET /new-products.php?a=24&a=24&a=24&a=24&b=1&b=1&b=1&b=1&debut=0&debut=0&debut=0&debut=0&debut=0&debut=0&debut=0&debut=0&debut=0&debut=0&debut=0&debut=0&debut=24&histo_track=1&seo_cat&seo_cat&seo_cat&seo_cat&seo_cat&seo_cat&seo_cat&seo_cat&seo_cat&x17=0&x17=1&x20=0&x20=0&x20=1&x21=0&x21=1&x22=0&x22=1 HTTP/1.1" 200 131149 "-" "Mozilla/5.0 (compatible; SemrushBot/7~bl; +http://www.semrush.com/bot.html)"
185.191.171.8 - - [15/Jun/2026:03:42:10 +0200] "GET /marques.php?a=24&a=24&a=24&a=24&b=1&b=1&b=1&b=1&debut=0&debut=0&debut=0&debut=0&debut=0&debut=0&debut=0&debut=0&debut=0&debut=0&debut=0&debut=24&histo_track=1&seo=20-lits-gigognes&seo_marq=20&seo_marq=20&seo_marq=20&seo_marq=20&seo_marq=20&seo_marq=20&seo_marq=20&seo_marq=20&t47=1&t59=0&t59=0&t59=0&t59=0&t59=1&t60=0&t60=1 HTTP/1.1" 200 64293 "-" "Mozilla/5.0 (compatible; SemrushBot/7~bl; +http://www.semrush.com/bot.html)"
185.191.171.2 - - [15/Jun/2026:03:42:38 +0200] "GET /new-products.php?a=24&b=1&debut=0&debut=0&debut=0&debut=0&debut=0&debut=0&debut=0&debut=0&debut=0&debut=0&debut=0&debut=0&debut=0&debut=24&seo_cat&seo_cat&seo_cat&seo_cat&seo_cat&seo_cat&seo_cat&seo_cat&seo_cat&seo_cat&seo_cat&seo_cat&seo_cat&x20=0&x20=0&x20=0&x20=1&x22=1&x23=0&x23=1&x5=0&x5=0&x5=0&x5=0&x5=0&x5=1 HTTP/1.1" 200 64436 "-" "Mozilla/5.0 (compatible; SemrushBot/7~bl; +http://www.semrush.com/bot.html)"
