144.76.19.75 - - [19/Aug/2026:02:10:32 +0200] "GET /category.php?seo=54-les-3x450-m&seo_cat=54&x23=1&debut=0&seo_cat=54&x23=0&debut=0&seo_cat=54&x23=1&debut=0&seo_cat=54&x23=0&debut=0&seo_cat=54&x23=1&debut=0&seo_cat=54&x23=0&debut=0&seo_cat=54&x23=1&debut=0&seo_cat=54&x23=0&debut=0&seo_cat=54&x23=1&debut=0&seo_cat=54&x23=0&debut=0&seo_cat=54&x24=1&debut=0&seo_cat=54&x24=0&debut=0&seo_cat=54&x24=1&debut=0 HTTP/1.1" 200 55894 "-" "Mozilla/5.0 (compatible; SERankingBacklinksBot/1.0; +https://seranking.com/backlinks-crawler)"
144.76.19.75 - - [19/Aug/2026:02:10:35 +0200] "GET /category.php?seo=54-les-3x450-m&seo_cat=54&x24=1&debut=0&seo_cat=54&x23=1&debut=0&seo_cat=54&x23=0&debut=0&seo_cat=54&x23=1&debut=0&seo_cat=54&x23=0&debut=0&seo_cat=54&x23=1&debut=0&seo_cat=54&x23=0&debut=0&seo_cat=54&x23=1&debut=0&seo_cat=54&x23=0&debut=0&seo_cat=54&x24=0&debut=0&seo_cat=54&x23=1&debut=0&seo_cat=54&x23=0&debut=0&seo_cat=54&x23=1&debut=0 HTTP/1.1" 200 55789 "-" "Mozilla/5.0 (compatible; SERankingBacklinksBot/1.0; +https://seranking.com/backlinks-crawler)"
144.76.19.75 - - [19/Aug/2026:02:10:38 +0200] "GET /category.php?seo=54-les-3x450-m&seo_cat=54&x23=1&debut=0&seo_cat=54&x23=0&debut=0&seo_cat=54&x23=1&debut=0&seo_cat=54&x23=0&debut=0&seo_cat=54&x23=1&debut=0&seo_cat=54&x23=0&debut=0&seo_cat=54&x23=1&debut=0&seo_cat=54&x23=0&debut=0&seo_cat=54&x23=1&debut=0&seo_cat=54&x24=1&debut=0&seo_cat=54&x23=0&debut=0&seo_cat=54&x23=1&debut=0&seo_cat=54&x23=0&debut=0 HTTP/1.1" 200 55762 "-" "Mozilla/5.0 (compatible; SERankingBacklinksBot/1.0; +https://seranking.com/backlinks-crawler)"
85.208.96.199 - - [19/Aug/2026:02:10:39 +0200] "GET /marques.php?debut=0&debut=0&debut=0&debut=0&debut=0&debut=0&debut=0&debut=0&debut=0&debut=0&histo_track=1&seo=24-haut-de-gamme&seo_marq=24&seo_marq=24&seo_marq=24&seo_marq=24&seo_marq=24&seo_marq=24&seo_marq=24&seo_marq=24&seo_marq=24&seo_marq=24&t2=0&t2=1&t49=0&t49=0&t49=0&t49=0&t49=0&t49=1&t53=1&t54=1 HTTP/1.1" 200 71543 "-" "Mozilla/5.0 (compatible; SemrushBot/7~bl; +http://www.semrush.com/bot.html)"
185.191.171.9 - - [19/Aug/2026:02:10:41 +0200] "GET /new-products.php?a=10&b=1&debut=0&debut=0&debut=0&debut=0&debut=0&debut=0&debut=0&debut=0&debut=0&debut=0&debut=0&debut=10&histo_track=1&m=03&seo_cat&seo_cat&seo_cat&seo_cat&seo_cat&seo_cat&seo_cat&seo_cat&seo_cat&seo_cat&seo_cat&x22=1&x23=0&x23=1&x24=0&x24=1&x2=0&x2=0&x2=0&x2=0&x2=0&x2=1&y=2023 HTTP/1.1" 200 58399 "-" "Mozilla/5.0 (compatible; SemrushBot/7~bl; +http://www.semrush.com/bot.html)"
144.76.19.75 - - [19/Aug/2026:02:10:42 +0200] "GET /category.php?seo=54-les-3x450-m&seo_cat=54&x24=1&debut=0&seo_cat=54&x23=1&debut=0&seo_cat=54&x23=0&debut=0&seo_cat=54&x23=1&debut=0&seo_cat=54&x23=0&debut=0&seo_cat=54&x23=1&debut=0&seo_cat=54&x23=0&debut=0&seo_cat=54&x23=1&debut=0&seo_cat=54&x23=0&debut=0&seo_cat=54&x24=0&debut=0&seo_cat=54&x23=1&debut=0&seo_cat=54&x23=0&debut=0&seo_cat=54&x24=1&debut=0 HTTP/1.1" 200 55794 "-" "Mozilla/5.0 (compatible; SERankingBacklinksBot/1.0; +https://seranking.com/backlinks-crawler)"
144.76.19.75 - - [19/Aug/2026:02:10:45 +0200] "GET /category.php?seo=54-les-3x450-m&seo_cat=54&x23=1&debut=0&seo_cat=54&x23=0&debut=0&seo_cat=54&x23=1&debut=0&seo_cat=54&x23=0&debut=0&seo_cat=54&x23=1&debut=0&seo_cat=54&x23=0&debut=0&seo_cat=54&x23=1&debut=0&seo_cat=54&x23=0&debut=0&seo_cat=54&x23=1&debut=0&seo_cat=54&x24=1&debut=0&seo_cat=54&x23=0&debut=0&seo_cat=54&x23=1&debut=0&seo_cat=54&x24=0&debut=0 HTTP/1.1" 200 55789 "-" "Mozilla/5.0 (compatible; SERankingBacklinksBot/1.0; +https://seranking.com/backlinks-crawler)"
144.76.19.75 - - [19/Aug/2026:02:10:48 +0200] "GET /category.php?seo=54-les-3x450-m&seo_cat=54&x24=1&debut=0&seo_cat=54&x23=1&debut=0&seo_cat=54&x23=0&debut=0&seo_cat=54&x23=1&debut=0&seo_cat=54&x23=0&debut=0&seo_cat=54&x23=1&debut=0&seo_cat=54&x23=0&debut=0&seo_cat=54&x23=1&debut=0&seo_cat=54&x23=0&debut=0&seo_cat=54&x24=0&debut=0&seo_cat=54&x23=1&debut=0&seo_cat=54&x24=1&debut=0&seo_cat=54&x23=0&debut=0 HTTP/1.1" 200 55826 "-" "Mozilla/5.0 (compatible; SERankingBacklinksBot/1.0; +https://seranking.com/backlinks-crawler)"
144.76.19.75 - - [19/Aug/2026:02:10:52 +0200] "GET /category.php?seo=54-les-3x450-m&seo_cat=54&x23=1&debut=0&seo_cat=54&x23=0&debut=0&seo_cat=54&x23=1&debut=0&seo_cat=54&x23=0&debut=0&seo_cat=54&x23=1&debut=0&seo_cat=54&x23=0&debut=0&seo_cat=54&x23=1&debut=0&seo_cat=54&x23=0&debut=0&seo_cat=54&x23=1&debut=0&seo_cat=54&x24=1&debut=0&seo_cat=54&x23=0&debut=0&seo_cat=54&x24=0&debut=0&seo_cat=54&x23=1&debut=0 HTTP/1.1" 200 55793 "-" "Mozilla/5.0 (compatible; SERankingBacklinksBot/1.0; +https://seranking.com/backlinks-crawler)"
144.76.19.75 - - [19/Aug/2026:02:10:55 +0200] "GET /category.php?seo=54-les-3x450-m&seo_cat=54&x24=1&debut=0&seo_cat=54&x23=1&debut=0&seo_cat=54&x23=0&debut=0&seo_cat=54&x23=1&debut=0&seo_cat=54&x23=0&debut=0&seo_cat=54&x23=1&debut=0&seo_cat=54&x23=0&debut=0&seo_cat=54&x23=1&debut=0&seo_cat=54&x23=0&debut=0&seo_cat=54&x24=0&debut=0&seo_cat=54&x23=1&debut=0&seo_cat=54&x24=1&debut=0&seo_cat=54&x24=0&debut=0 HTTP/1.1" 200 55789 "-" "Mozilla/5.0 (compatible; SERankingBacklinksBot/1.0; +https://seranking.com/backlinks-crawler)"
144.76.19.75 - - [19/Aug/2026:02:10:58 +0200] "GET /category.php?seo=54-les-3x450-m&seo_cat=54&x23=1&debut=0&seo_cat=54&x23=0&debut=0&seo_cat=54&x23=1&debut=0&seo_cat=54&x23=0&debut=0&seo_cat=54&x23=1&debut=0&seo_cat=54&x23=0&debut=0&seo_cat=54&x23=1&debut=0&seo_cat=54&x23=0&debut=0&seo_cat=54&x23=1&debut=0&seo_cat=54&x24=1&debut=0&seo_cat=54&x23=0&debut=0&seo_cat=54&x24=0&debut=0&seo_cat=54&x24=1&debut=0 HTTP/1.1" 200 55794 "-" "Mozilla/5.0 (compatible; SERankingBacklinksBot/1.0; +https://seranking.com/backlinks-crawler)"
144.76.19.75 - - [19/Aug/2026:02:11:02 +0200] "GET /category.php?seo=54-les-3x450-m&seo_cat=54&x24=1&debut=0&seo_cat=54&x23=1&debut=0&seo_cat=54&x23=0&debut=0&seo_cat=54&x23=1&debut=0&seo_cat=54&x23=0&debut=0&seo_cat=54&x23=1&debut=0&seo_cat=54&x23=0&debut=0&seo_cat=54&x23=1&debut=0&seo_cat=54&x23=0&debut=0&seo_cat=54&x24=0&debut=0&seo_cat=54&x24=1&debut=0&seo_cat=54&x23=1&debut=0&seo_cat=54&x23=0&debut=0 HTTP/1.1" 200 55794 "-" "Mozilla/5.0 (compatible; SERankingBacklinksBot/1.0; +https://seranking.com/backlinks-crawler)"
85.208.96.202 - - [19/Aug/2026:02:11:02 +0200] "GET /new-products.php?a=10&b=1&debut=0&debut=0&debut=0&debut=0&debut=0&debut=0&debut=0&debut=0&debut=0&debut=10&m=05&seo_cat&seo_cat&seo_cat&seo_cat&seo_cat&seo_cat&seo_cat&seo_cat&seo_cat&x21=0&x21=0&x21=1&x22=1&x23=0&x23=0&x23=0&x23=1&x24=1&y=2019 HTTP/1.1" 200 58019 "-" "Mozilla/5.0 (compatible; SemrushBot/7~bl; +http://www.semrush.com/bot.html)"
144.76.19.75 - - [19/Aug/2026:02:11:05 +0200] "GET /category.php?seo=54-les-3x450-m&seo_cat=54&x23=1&debut=0&seo_cat=54&x23=0&debut=0&seo_cat=54&x23=1&debut=0&seo_cat=54&x23=0&debut=0&seo_cat=54&x23=1&debut=0&seo_cat=54&x23=0&debut=0&seo_cat=54&x23=1&debut=0&seo_cat=54&x23=0&debut=0&seo_cat=54&x23=1&debut=0&seo_cat=54&x24=1&debut=0&seo_cat=54&x24=0&debut=0&seo_cat=54&x23=0&debut=0&seo_cat=54&x23=1&debut=0 HTTP/1.1" 200 55883 "-" "Mozilla/5.0 (compatible; SERankingBacklinksBot/1.0; +https://seranking.com/backlinks-crawler)"
144.76.19.75 - - [19/Aug/2026:02:11:08 +0200] "GET /category.php?seo=54-les-3x450-m&seo_cat=54&x24=1&debut=0&seo_cat=54&x23=1&debut=0&seo_cat=54&x23=0&debut=0&seo_cat=54&x23=1&debut=0&seo_cat=54&x23=0&debut=0&seo_cat=54&x23=1&debut=0&seo_cat=54&x23=0&debut=0&seo_cat=54&x23=1&debut=0&seo_cat=54&x23=0&debut=0&seo_cat=54&x24=0&debut=0&seo_cat=54&x24=1&debut=0&seo_cat=54&x23=1&debut=0&seo_cat=54&x24=0&debut=0 HTTP/1.1" 200 55789 "-" "Mozilla/5.0 (compatible; SERankingBacklinksBot/1.0; +https://seranking.com/backlinks-crawler)"
185.191.171.11 - - [19/Aug/2026:02:11:09 +0200] "GET /new-products.php?a=10&b=1&debut=0&debut=0&debut=0&debut=0&debut=0&debut=0&debut=0&debut=0&debut=10&seo_cat&seo_cat&seo_cat&seo_cat&seo_cat&seo_cat&seo_cat&seo_cat&x21=0&x21=0&x21=0&x21=1&x22=0&x22=1&x23=0&x23=1 HTTP/1.1" 200 51172 "-" "Mozilla/5.0 (compatible; SemrushBot/7~bl; +http://www.semrush.com/bot.html)"
85.208.96.201 - - [19/Aug/2026:02:11:11 +0200] "GET /new-products.php?a=10&b=1&debut=0&debut=0&debut=0&debut=0&debut=0&debut=0&debut=0&debut=0&debut=0&debut=0&debut=0&debut=10&histo_track=1&seo_cat&seo_cat&seo_cat&seo_cat&seo_cat&seo_cat&seo_cat&seo_cat&seo_cat&seo_cat&seo_cat&x21=1&x22=0&x22=0&x22=0&x22=0&x22=1&x23=1&x24=0&x24=0&x24=0&x24=1 HTTP/1.1" 200 58418 "-" "Mozilla/5.0 (compatible; SemrushBot/7~bl; +http://www.semrush.com/bot.html)"
144.76.19.75 - - [19/Aug/2026:02:11:12 +0200] "GET /category.php?seo=54-les-3x450-m&seo_cat=54&x23=1&debut=0&seo_cat=54&x23=0&debut=0&seo_cat=54&x23=1&debut=0&seo_cat=54&x23=0&debut=0&seo_cat=54&x23=1&debut=0&seo_cat=54&x23=0&debut=0&seo_cat=54&x23=1&debut=0&seo_cat=54&x23=0&debut=0&seo_cat=54&x23=1&debut=0&seo_cat=54&x24=1&debut=0&seo_cat=54&x24=0&debut=0&seo_cat=54&x23=0&debut=0&seo_cat=54&x24=1&debut=0 HTTP/1.1" 200 55762 "-" "Mozilla/5.0 (compatible; SERankingBacklinksBot/1.0; +https://seranking.com/backlinks-crawler)"
185.191.171.11 - - [19/Aug/2026:02:11:14 +0200] "GET /new-products.php?debut=0&debut=0&debut=0&debut=0&debut=0&debut=0&debut=0&debut=0&debut=0&m=09&seo_cat&seo_cat&seo_cat&seo_cat&seo_cat&seo_cat&seo_cat&seo_cat&seo_cat&x21=0&x21=0&x21=1&x22=1&x23=0&x23=1&x24=0&x24=0&x24=1&y=2020 HTTP/1.1" 200 96213 "-" "Mozilla/5.0 (compatible; SemrushBot/7~bl; +http://www.semrush.com/bot.html)"
144.76.19.75 - - [19/Aug/2026:02:11:15 +0200] "GET /category.php?seo=54-les-3x450-m&seo_cat=54&x24=1&debut=0&seo_cat=54&x23=1&debut=0&seo_cat=54&x23=0&debut=0&seo_cat=54&x23=1&debut=0&seo_cat=54&x23=0&debut=0&seo_cat=54&x23=1&debut=0&seo_cat=54&x23=0&debut=0&seo_cat=54&x23=1&debut=0&seo_cat=54&x23=0&debut=0&seo_cat=54&x24=0&debut=0&seo_cat=54&x24=1&debut=0&seo_cat=54&x24=0&debut=0&seo_cat=54&x23=1&debut=0 HTTP/1.1" 200 55761 "-" "Mozilla/5.0 (compatible; SERankingBacklinksBot/1.0; +https://seranking.com/backlinks-crawler)"
85.208.96.201 - - [19/Aug/2026:02:11:16 +0200] "GET /new-products.php?debut=0&debut=0&debut=0&debut=0&debut=0&debut=0&debut=0&debut=0&debut=0&debut=0&debut=0&histo_track=1&m=07&seo_cat&seo_cat&seo_cat&seo_cat&seo_cat&seo_cat&seo_cat&seo_cat&seo_cat&seo_cat&seo_cat&x21=0&x21=1&x22=0&x22=1&x24=0&x24=0&x24=0&x24=0&x24=0&x24=1&x2=1&y=2022 HTTP/1.1" 200 95784 "-" "Mozilla/5.0 (compatible; SemrushBot/7~bl; +http://www.semrush.com/bot.html)"
144.76.19.75 - - [19/Aug/2026:02:11:19 +0200] "GET /category.php?seo=54-les-3x450-m&seo_cat=54&x23=1&debut=0&seo_cat=54&x23=0&debut=0&seo_cat=54&x23=1&debut=0&seo_cat=54&x23=0&debut=0&seo_cat=54&x23=1&debut=0&seo_cat=54&x23=0&debut=0&seo_cat=54&x23=1&debut=0&seo_cat=54&x23=0&debut=0&seo_cat=54&x23=1&debut=0&seo_cat=54&x24=1&debut=0&seo_cat=54&x24=0&debut=0&seo_cat=54&x24=1&debut=0&seo_cat=54&x23=0&debut=0 HTTP/1.1" 200 55790 "-" "Mozilla/5.0 (compatible; SERankingBacklinksBot/1.0; +https://seranking.com/backlinks-crawler)"
185.191.171.15 - - [19/Aug/2026:02:11:19 +0200] "GET /new-products.php?a=10&a=10&a=10&a=10&a=10&b=1&b=1&b=1&b=1&b=1&debut=0&debut=0&debut=0&debut=0&debut=0&debut=0&debut=0&debut=0&debut=0&debut=0&debut=0&debut=10&m=10&seo_cat&seo_cat&seo_cat&seo_cat&seo_cat&seo_cat&seo_cat&x22=0&x22=1&x2=0&x2=0&x2=0&x2=0&x2=1&y=2019 HTTP/1.1" 200 51376 "-" "Mozilla/5.0 (compatible; SemrushBot/7~bl; +http://www.semrush.com/bot.html)"
144.76.19.75 - - [19/Aug/2026:02:11:22 +0200] "GET /category.php?seo=54-les-3x450-m&seo_cat=54&x24=1&debut=0&seo_cat=54&x23=1&debut=0&seo_cat=54&x23=0&debut=0&seo_cat=54&x23=1&debut=0&seo_cat=54&x23=0&debut=0&seo_cat=54&x23=1&debut=0&seo_cat=54&x23=0&debut=0&seo_cat=54&x23=1&debut=0&seo_cat=54&x23=0&debut=0&seo_cat=54&x24=0&debut=0&seo_cat=54&x24=1&debut=0&seo_cat=54&x24=0&debut=0&seo_cat=54&x24=1&debut=0 HTTP/1.1" 200 55894 "-" "Mozilla/5.0 (compatible; SERankingBacklinksBot/1.0; +https://seranking.com/backlinks-crawler)"
144.76.19.75 - - [19/Aug/2026:02:11:25 +0200] "GET /category.php?seo=54-les-3x450-m&seo_cat=54&x23=1&debut=0&seo_cat=54&x23=0&debut=0&seo_cat=54&x23=1&debut=0&seo_cat=54&x23=0&debut=0&seo_cat=54&x23=1&debut=0&seo_cat=54&x23=0&debut=0&seo_cat=54&x23=1&debut=0&seo_cat=54&x23=0&debut=0&seo_cat=54&x23=1&debut=0&seo_cat=54&x24=1&debut=0&seo_cat=54&x24=0&debut=0&seo_cat=54&x24=1&debut=0&seo_cat=54&x24=0&debut=0 HTTP/1.1" 200 55883 "-" "Mozilla/5.0 (compatible; SERankingBacklinksBot/1.0; +https://seranking.com/backlinks-crawler)"
144.76.19.75 - - [19/Aug/2026:02:11:29 +0200] "GET /category.php?seo=54-les-3x450-m&seo_cat=54&x24=1&debut=0&seo_cat=54&x23=1&debut=0&seo_cat=54&x23=0&debut=0&seo_cat=54&x23=1&debut=0&seo_cat=54&x23=0&debut=0&seo_cat=54&x23=1&debut=0&seo_cat=54&x23=0&debut=0&seo_cat=54&x23=1&debut=0&seo_cat=54&x24=0&debut=0&seo_cat=54&x23=0&debut=0&seo_cat=54&x23=1&debut=0&seo_cat=54&x23=0&debut=0&seo_cat=54&x23=1&debut=0 HTTP/1.1" 200 55789 "-" "Mozilla/5.0 (compatible; SERankingBacklinksBot/1.0; +https://seranking.com/backlinks-crawler)"
185.191.171.15 - - [19/Aug/2026:02:11:30 +0200] "GET /new-products.php?a=10&b=1&debut=0&debut=0&debut=0&debut=0&debut=0&debut=0&debut=0&debut=10&m=02&seo_cat&seo_cat&seo_cat&seo_cat&seo_cat&seo_cat&seo_cat&x21=0&x21=1&x22=0&x22=0&x22=1&x24=1&x2=1&y=2023 HTTP/1.1" 200 50990 "-" "Mozilla/5.0 (compatible; SemrushBot/7~bl; +http://www.semrush.com/bot.html)"
144.76.19.75 - - [19/Aug/2026:02:11:32 +0200] "GET /category.php?seo=54-les-3x450-m&seo_cat=54&x23=1&debut=0&seo_cat=54&x23=0&debut=0&seo_cat=54&x23=1&debut=0&seo_cat=54&x23=0&debut=0&seo_cat=54&x23=1&debut=0&seo_cat=54&x23=0&debut=0&seo_cat=54&x23=1&debut=0&seo_cat=54&x23=0&debut=0&seo_cat=54&x24=1&debut=0&seo_cat=54&x23=1&debut=0&seo_cat=54&x23=0&debut=0&seo_cat=54&x23=1&debut=0&seo_cat=54&x23=0&debut=0 HTTP/1.1" 200 55894 "-" "Mozilla/5.0 (compatible; SERankingBacklinksBot/1.0; +https://seranking.com/backlinks-crawler)"
144.76.19.75 - - [19/Aug/2026:02:11:35 +0200] "GET /category.php?seo=54-les-3x450-m&seo_cat=54&x24=1&debut=0&seo_cat=54&x23=1&debut=0&seo_cat=54&x23=0&debut=0&seo_cat=54&x23=1&debut=0&seo_cat=54&x23=0&debut=0&seo_cat=54&x23=1&debut=0&seo_cat=54&x23=0&debut=0&seo_cat=54&x23=1&debut=0&seo_cat=54&x24=0&debut=0&seo_cat=54&x23=0&debut=0&seo_cat=54&x23=1&debut=0&seo_cat=54&x23=0&debut=0&seo_cat=54&x24=1&debut=0 HTTP/1.1" 200 55762 "-" "Mozilla/5.0 (compatible; SERankingBacklinksBot/1.0; +https://seranking.com/backlinks-crawler)"
144.76.19.75 - - [19/Aug/2026:02:11:39 +0200] "GET /category.php?seo=54-les-3x450-m&seo_cat=54&x23=1&debut=0&seo_cat=54&x23=0&debut=0&seo_cat=54&x23=1&debut=0&seo_cat=54&x23=0&debut=0&seo_cat=54&x23=1&debut=0&seo_cat=54&x23=0&debut=0&seo_cat=54&x23=1&debut=0&seo_cat=54&x23=0&debut=0&seo_cat=54&x24=1&debut=0&seo_cat=54&x23=1&debut=0&seo_cat=54&x23=0&debut=0&seo_cat=54&x23=1&debut=0&seo_cat=54&x24=0&debut=0 HTTP/1.1" 200 55825 "-" "Mozilla/5.0 (compatible; SERankingBacklinksBot/1.0; +https://seranking.com/backlinks-crawler)"
144.76.19.75 - - [19/Aug/2026:02:11:42 +0200] "GET /category.php?seo=54-les-3x450-m&seo_cat=54&x24=1&debut=0&seo_cat=54&x23=1&debut=0&seo_cat=54&x23=0&debut=0&seo_cat=54&x23=1&debut=0&seo_cat=54&x23=0&debut=0&seo_cat=54&x23=1&debut=0&seo_cat=54&x23=0&debut=0&seo_cat=54&x23=1&debut=0&seo_cat=54&x24=0&debut=0&seo_cat=54&x23=0&debut=0&seo_cat=54&x23=1&debut=0&seo_cat=54&x24=1&debut=0&seo_cat=54&x23=0&debut=0 HTTP/1.1" 200 55826 "-" "Mozilla/5.0 (compatible; SERankingBacklinksBot/1.0; +https://seranking.com/backlinks-crawler)"
144.76.19.75 - - [19/Aug/2026:02:11:45 +0200] "GET /category.php?seo=54-les-3x450-m&seo_cat=54&x23=1&debut=0&seo_cat=54&x23=0&debut=0&seo_cat=54&x23=1&debut=0&seo_cat=54&x23=0&debut=0&seo_cat=54&x23=1&debut=0&seo_cat=54&x23=0&debut=0&seo_cat=54&x23=1&debut=0&seo_cat=54&x23=0&debut=0&seo_cat=54&x24=1&debut=0&seo_cat=54&x23=1&debut=0&seo_cat=54&x23=0&debut=0&seo_cat=54&x24=0&debut=0&seo_cat=54&x23=1&debut=0 HTTP/1.1" 200 55825 "-" "Mozilla/5.0 (compatible; SERankingBacklinksBot/1.0; +https://seranking.com/backlinks-crawler)"
144.76.19.75 - - [19/Aug/2026:02:11:49 +0200] "GET /category.php?seo=54-les-3x450-m&seo_cat=54&x24=1&debut=0&seo_cat=54&x23=1&debut=0&seo_cat=54&x23=0&debut=0&seo_cat=54&x23=1&debut=0&seo_cat=54&x23=0&debut=0&seo_cat=54&x23=1&debut=0&seo_cat=54&x23=0&debut=0&seo_cat=54&x23=1&debut=0&seo_cat=54&x24=0&debut=0&seo_cat=54&x23=0&debut=0&seo_cat=54&x23=1&debut=0&seo_cat=54&x24=1&debut=0&seo_cat=54&x24=0&debut=0 HTTP/1.1" 200 55883 "-" "Mozilla/5.0 (compatible; SERankingBacklinksBot/1.0; +https://seranking.com/backlinks-crawler)"
144.76.19.75 - - [19/Aug/2026:02:11:52 +0200] "GET /category.php?seo=54-les-3x450-m&seo_cat=54&x23=1&debut=0&seo_cat=54&x23=0&debut=0&seo_cat=54&x23=1&debut=0&seo_cat=54&x23=0&debut=0&seo_cat=54&x23=1&debut=0&seo_cat=54&x23=0&debut=0&seo_cat=54&x23=1&debut=0&seo_cat=54&x23=0&debut=0&seo_cat=54&x24=1&debut=0&seo_cat=54&x23=1&debut=0&seo_cat=54&x23=0&debut=0&seo_cat=54&x24=0&debut=0&seo_cat=54&x24=1&debut=0 HTTP/1.1" 200 55762 "-" "Mozilla/5.0 (compatible; SERankingBacklinksBot/1.0; +https://seranking.com/backlinks-crawler)"
85.208.96.196 - - [19/Aug/2026:02:11:53 +0200] "GET /new-products.php?debut=0&debut=0&debut=0&debut=0&debut=0&debut=0&debut=0&debut=0&debut=0&debut=0&m=05&seo_cat&seo_cat&seo_cat&seo_cat&seo_cat&seo_cat&seo_cat&seo_cat&seo_cat&seo_cat&x21=0&x21=0&x21=1&x22=0&x22=1&x24=0&x24=1&x2=0&x2=0&x2=1&y=2019 HTTP/1.1" 200 95414 "-" "Mozilla/5.0 (compatible; SemrushBot/7~bl; +http://www.semrush.com/bot.html)"
144.76.19.75 - - [19/Aug/2026:02:11:56 +0200] "GET /category.php?seo=54-les-3x450-m&seo_cat=54&x24=1&debut=0&seo_cat=54&x23=1&debut=0&seo_cat=54&x23=0&debut=0&seo_cat=54&x23=1&debut=0&seo_cat=54&x23=0&debut=0&seo_cat=54&x23=1&debut=0&seo_cat=54&x23=0&debut=0&seo_cat=54&x23=1&debut=0&seo_cat=54&x24=0&debut=0&seo_cat=54&x23=0&debut=0&seo_cat=54&x24=1&debut=0&seo_cat=54&x23=1&debut=0&seo_cat=54&x23=0&debut=0 HTTP/1.1" 200 55894 "-" "Mozilla/5.0 (compatible; SERankingBacklinksBot/1.0; +https://seranking.com/backlinks-crawler)"
144.76.19.75 - - [19/Aug/2026:02:11:59 +0200] "GET /category.php?seo=54-les-3x450-m&seo_cat=54&x23=1&debut=0&seo_cat=54&x23=0&debut=0&seo_cat=54&x23=1&debut=0&seo_cat=54&x23=0&debut=0&seo_cat=54&x23=1&debut=0&seo_cat=54&x23=0&debut=0&seo_cat=54&x23=1&debut=0&seo_cat=54&x23=0&debut=0&seo_cat=54&x24=1&debut=0&seo_cat=54&x23=1&debut=0&seo_cat=54&x24=0&debut=0&seo_cat=54&x23=0&debut=0&seo_cat=54&x23=1&debut=0 HTTP/1.1" 200 55761 "-" "Mozilla/5.0 (compatible; SERankingBacklinksBot/1.0; +https://seranking.com/backlinks-crawler)"
144.76.19.75 - - [19/Aug/2026:02:12:02 +0200] "GET /category.php?seo=54-les-3x450-m&seo_cat=54&x24=1&debut=0&seo_cat=54&x23=1&debut=0&seo_cat=54&x23=0&debut=0&seo_cat=54&x23=1&debut=0&seo_cat=54&x23=0&debut=0&seo_cat=54&x23=1&debut=0&seo_cat=54&x23=0&debut=0&seo_cat=54&x23=1&debut=0&seo_cat=54&x24=0&debut=0&seo_cat=54&x23=0&debut=0&seo_cat=54&x24=1&debut=0&seo_cat=54&x23=1&debut=0&seo_cat=54&x24=0&debut=0 HTTP/1.1" 200 55893 "-" "Mozilla/5.0 (compatible; SERankingBacklinksBot/1.0; +https://seranking.com/backlinks-crawler)"
144.76.19.75 - - [19/Aug/2026:02:12:05 +0200] "GET /category.php?seo=54-les-3x450-m&seo_cat=54&x23=1&debut=0&seo_cat=54&x23=0&debut=0&seo_cat=54&x23=1&debut=0&seo_cat=54&x23=0&debut=0&seo_cat=54&x23=1&debut=0&seo_cat=54&x23=0&debut=0&seo_cat=54&x23=1&debut=0&seo_cat=54&x23=0&debut=0&seo_cat=54&x24=1&debut=0&seo_cat=54&x23=1&debut=0&seo_cat=54&x24=0&debut=0&seo_cat=54&x23=0&debut=0&seo_cat=54&x24=1&debut=0 HTTP/1.1" 200 55794 "-" "Mozilla/5.0 (compatible; SERankingBacklinksBot/1.0; +https://seranking.com/backlinks-crawler)"
144.76.19.75 - - [19/Aug/2026:02:12:09 +0200] "GET /category.php?seo=54-les-3x450-m&seo_cat=54&x24=1&debut=0&seo_cat=54&x23=1&debut=0&seo_cat=54&x23=0&debut=0&seo_cat=54&x23=1&debut=0&seo_cat=54&x23=0&debut=0&seo_cat=54&x23=1&debut=0&seo_cat=54&x23=0&debut=0&seo_cat=54&x23=1&debut=0&seo_cat=54&x24=0&debut=0&seo_cat=54&x23=0&debut=0&seo_cat=54&x24=1&debut=0&seo_cat=54&x24=0&debut=0&seo_cat=54&x23=1&debut=0 HTTP/1.1" 200 55789 "-" "Mozilla/5.0 (compatible; SERankingBacklinksBot/1.0; +https://seranking.com/backlinks-crawler)"
144.76.19.75 - - [19/Aug/2026:02:12:12 +0200] "GET /category.php?seo=54-les-3x450-m&seo_cat=54&x23=1&debut=0&seo_cat=54&x23=0&debut=0&seo_cat=54&x23=1&debut=0&seo_cat=54&x23=0&debut=0&seo_cat=54&x23=1&debut=0&seo_cat=54&x23=0&debut=0&seo_cat=54&x23=1&debut=0&seo_cat=54&x23=0&debut=0&seo_cat=54&x24=1&debut=0&seo_cat=54&x23=1&debut=0&seo_cat=54&x24=0&debut=0&seo_cat=54&x24=1&debut=0&seo_cat=54&x23=0&debut=0 HTTP/1.1" 200 55762 "-" "Mozilla/5.0 (compatible; SERankingBacklinksBot/1.0; +https://seranking.com/backlinks-crawler)"
185.191.171.12 - - [19/Aug/2026:02:12:15 +0200] "GET /new-products.php?a=10&a=10&a=10&a=10&a=10&a=10&b=1&b=1&b=1&b=1&b=1&b=1&debut=0&debut=0&debut=0&debut=0&debut=0&debut=0&debut=0&debut=0&debut=0&debut=0&debut=0&debut=10&m=09&seo_cat&seo_cat&seo_cat&seo_cat&seo_cat&seo_cat&x21=1&x22=0&x22=1&x23=0&x23=1&x24=1&y=2018 HTTP/1.1" 200 58193 "-" "Mozilla/5.0 (compatible; SemrushBot/7~bl; +http://www.semrush.com/bot.html)"
144.76.19.75 - - [19/Aug/2026:02:12:15 +0200] "GET /category.php?seo=54-les-3x450-m&seo_cat=54&x24=1&debut=0&seo_cat=54&x23=1&debut=0&seo_cat=54&x23=0&debut=0&seo_cat=54&x23=1&debut=0&seo_cat=54&x23=0&debut=0&seo_cat=54&x23=1&debut=0&seo_cat=54&x23=0&debut=0&seo_cat=54&x23=1&debut=0&seo_cat=54&x24=0&debut=0&seo_cat=54&x23=0&debut=0&seo_cat=54&x24=1&debut=0&seo_cat=54&x24=0&debut=0&seo_cat=54&x24=1&debut=0 HTTP/1.1" 200 55826 "-" "Mozilla/5.0 (compatible; SERankingBacklinksBot/1.0; +https://seranking.com/backlinks-crawler)"
85.208.96.199 - - [19/Aug/2026:02:12:17 +0200] "GET /new-products.php?a=10&b=1&debut=0&debut=0&debut=0&debut=0&debut=0&debut=0&debut=0&debut=0&debut=0&debut=0&debut=10&histo_track=1&seo_cat&seo_cat&seo_cat&seo_cat&seo_cat&seo_cat&seo_cat&seo_cat&seo_cat&seo_cat&x21=1&x22=0&x22=1&x23=1&x24=0&x24=0&x24=1&x2=0&x2=0&x2=1 HTTP/1.1" 200 58225 "-" "Mozilla/5.0 (compatible; SemrushBot/7~bl; +http://www.semrush.com/bot.html)"
144.76.19.75 - - [19/Aug/2026:02:12:19 +0200] "GET /category.php?seo=54-les-3x450-m&seo_cat=54&x23=1&debut=0&seo_cat=54&x23=0&debut=0&seo_cat=54&x23=1&debut=0&seo_cat=54&x23=0&debut=0&seo_cat=54&x23=1&debut=0&seo_cat=54&x23=0&debut=0&seo_cat=54&x23=1&debut=0&seo_cat=54&x23=0&debut=0&seo_cat=54&x24=1&debut=0&seo_cat=54&x23=1&debut=0&seo_cat=54&x24=0&debut=0&seo_cat=54&x24=1&debut=0&seo_cat=54&x24=0&debut=0 HTTP/1.1" 200 55893 "-" "Mozilla/5.0 (compatible; SERankingBacklinksBot/1.0; +https://seranking.com/backlinks-crawler)"
144.76.19.75 - - [19/Aug/2026:02:12:22 +0200] "GET /category.php?seo=54-les-3x450-m&seo_cat=54&x24=1&debut=0&seo_cat=54&x23=1&debut=0&seo_cat=54&x23=0&debut=0&seo_cat=54&x23=1&debut=0&seo_cat=54&x23=0&debut=0&seo_cat=54&x23=1&debut=0&seo_cat=54&x23=0&debut=0&seo_cat=54&x23=1&debut=0&seo_cat=54&x24=0&debut=0&seo_cat=54&x24=1&debut=0&seo_cat=54&x23=0&debut=0&seo_cat=54&x23=1&debut=0&seo_cat=54&x23=0&debut=0 HTTP/1.1" 200 55884 "-" "Mozilla/5.0 (compatible; SERankingBacklinksBot/1.0; +https://seranking.com/backlinks-crawler)"
185.191.171.3 - - [19/Aug/2026:02:12:24 +0200] "GET /marques.php?debut=0&debut=0&debut=0&debut=0&debut=0&debut=0&debut=0&debut=0&debut=0&debut=0&seo=24-haut-de-gamme&seo_marq=24&seo_marq=24&seo_marq=24&seo_marq=24&seo_marq=24&seo_marq=24&seo_marq=24&seo_marq=24&seo_marq=24&seo_marq=24&t2=0&t2=1&t3=1&t49=0&t49=1&t4=0&t4=0&t4=0&t4=1&t51=1 HTTP/1.1" 200 79852 "-" "Mozilla/5.0 (compatible; SemrushBot/7~bl; +http://www.semrush.com/bot.html)"
185.191.171.3 - - [19/Aug/2026:02:12:24 +0200] "GET /marques.php?debut=0&debut=0&debut=0&debut=0&debut=0&debut=0&debut=0&debut=0&debut=0&debut=0&seo=24-haut-de-gamme&seo_marq=24&seo_marq=24&seo_marq=24&seo_marq=24&seo_marq=24&seo_marq=24&seo_marq=24&seo_marq=24&seo_marq=24&seo_marq=24&t2=0&t2=1&t3=1&t49=0&t49=1&t4=0&t4=0&t4=0&t4=1&t51=1 HTTP/1.1" 200 79852 "-" "Mozilla/5.0 (compatible; SemrushBot/7~bl; +http://www.semrush.com/bot.html)"
144.76.19.75 - - [19/Aug/2026:02:12:25 +0200] "GET /category.php?seo=54-les-3x450-m&seo_cat=54&x23=1&debut=0&seo_cat=54&x23=0&debut=0&seo_cat=54&x23=1&debut=0&seo_cat=54&x23=0&debut=0&seo_cat=54&x23=1&debut=0&seo_cat=54&x23=0&debut=0&seo_cat=54&x23=1&debut=0&seo_cat=54&x23=0&debut=0&seo_cat=54&x24=1&debut=0&seo_cat=54&x24=0&debut=0&seo_cat=54&x23=1&debut=0&seo_cat=54&x23=0&debut=0&seo_cat=54&x23=1&debut=0 HTTP/1.1" 200 55761 "-" "Mozilla/5.0 (compatible; SERankingBacklinksBot/1.0; +https://seranking.com/backlinks-crawler)"
85.208.96.196 - - [19/Aug/2026:02:12:26 +0200] "GET /new-products.php?debut=0&debut=0&debut=0&debut=0&debut=0&debut=0&debut=0&debut=0&debut=0&debut=0&m=05&seo_cat&seo_cat&seo_cat&seo_cat&seo_cat&seo_cat&seo_cat&seo_cat&seo_cat&seo_cat&x21=0&x21=1&x22=1&x23=1&x24=0&x24=0&x24=0&x24=0&x24=1&x2=1&y=2019 HTTP/1.1" 200 96311 "-" "Mozilla/5.0 (compatible; SemrushBot/7~bl; +http://www.semrush.com/bot.html)"
144.76.19.75 - - [19/Aug/2026:02:12:28 +0200] "GET /category.php?seo=54-les-3x450-m&seo_cat=54&x24=1&debut=0&seo_cat=54&x23=1&debut=0&seo_cat=54&x23=0&debut=0&seo_cat=54&x23=1&debut=0&seo_cat=54&x23=0&debut=0&seo_cat=54&x23=1&debut=0&seo_cat=54&x23=0&debut=0&seo_cat=54&x23=1&debut=0&seo_cat=54&x24=0&debut=0&seo_cat=54&x24=1&debut=0&seo_cat=54&x23=0&debut=0&seo_cat=54&x23=1&debut=0&seo_cat=54&x24=0&debut=0 HTTP/1.1" 200 55761 "-" "Mozilla/5.0 (compatible; SERankingBacklinksBot/1.0; +https://seranking.com/backlinks-crawler)"
144.76.19.75 - - [19/Aug/2026:02:12:32 +0200] "GET /category.php?seo=54-les-3x450-m&seo_cat=54&x23=1&debut=0&seo_cat=54&x23=0&debut=0&seo_cat=54&x23=1&debut=0&seo_cat=54&x23=0&debut=0&seo_cat=54&x23=1&debut=0&seo_cat=54&x23=0&debut=0&seo_cat=54&x23=1&debut=0&seo_cat=54&x23=0&debut=0&seo_cat=54&x24=1&debut=0&seo_cat=54&x24=0&debut=0&seo_cat=54&x23=1&debut=0&seo_cat=54&x23=0&debut=0&seo_cat=54&x24=1&debut=0 HTTP/1.1" 200 55894 "-" "Mozilla/5.0 (compatible; SERankingBacklinksBot/1.0; +https://seranking.com/backlinks-crawler)"
144.76.19.75 - - [19/Aug/2026:02:12:35 +0200] "GET /category.php?seo=54-les-3x450-m&seo_cat=54&x24=1&debut=0&seo_cat=54&x23=1&debut=0&seo_cat=54&x23=0&debut=0&seo_cat=54&x23=1&debut=0&seo_cat=54&x23=0&debut=0&seo_cat=54&x23=1&debut=0&seo_cat=54&x23=0&debut=0&seo_cat=54&x23=1&debut=0&seo_cat=54&x24=0&debut=0&seo_cat=54&x24=1&debut=0&seo_cat=54&x23=0&debut=0&seo_cat=54&x24=0&debut=0&seo_cat=54&x23=1&debut=0 HTTP/1.1" 200 55761 "-" "Mozilla/5.0 (compatible; SERankingBacklinksBot/1.0; +https://seranking.com/backlinks-crawler)"
144.76.19.75 - - [19/Aug/2026:02:12:38 +0200] "GET /category.php?seo=54-les-3x450-m&seo_cat=54&x23=1&debut=0&seo_cat=54&x23=0&debut=0&seo_cat=54&x23=1&debut=0&seo_cat=54&x23=0&debut=0&seo_cat=54&x23=1&debut=0&seo_cat=54&x23=0&debut=0&seo_cat=54&x23=1&debut=0&seo_cat=54&x23=0&debut=0&seo_cat=54&x24=1&debut=0&seo_cat=54&x24=0&debut=0&seo_cat=54&x23=1&debut=0&seo_cat=54&x24=1&debut=0&seo_cat=54&x23=0&debut=0 HTTP/1.1" 200 55884 "-" "Mozilla/5.0 (compatible; SERankingBacklinksBot/1.0; +https://seranking.com/backlinks-crawler)"
144.76.19.75 - - [19/Aug/2026:02:12:41 +0200] "GET /category.php?seo=54-les-3x450-m&seo_cat=54&x24=1&debut=0&seo_cat=54&x23=1&debut=0&seo_cat=54&x23=0&debut=0&seo_cat=54&x23=1&debut=0&seo_cat=54&x23=0&debut=0&seo_cat=54&x23=1&debut=0&seo_cat=54&x23=0&debut=0&seo_cat=54&x23=1&debut=0&seo_cat=54&x24=0&debut=0&seo_cat=54&x24=1&debut=0&seo_cat=54&x23=0&debut=0&seo_cat=54&x24=0&debut=0&seo_cat=54&x24=1&debut=0 HTTP/1.1" 200 55762 "-" "Mozilla/5.0 (compatible; SERankingBacklinksBot/1.0; +https://seranking.com/backlinks-crawler)"
144.76.19.75 - - [19/Aug/2026:02:12:45 +0200] "GET /category.php?seo=54-les-3x450-m&seo_cat=54&x23=1&debut=0&seo_cat=54&x23=0&debut=0&seo_cat=54&x23=1&debut=0&seo_cat=54&x23=0&debut=0&seo_cat=54&x23=1&debut=0&seo_cat=54&x23=0&debut=0&seo_cat=54&x23=1&debut=0&seo_cat=54&x23=0&debut=0&seo_cat=54&x24=1&debut=0&seo_cat=54&x24=0&debut=0&seo_cat=54&x23=1&debut=0&seo_cat=54&x24=1&debut=0&seo_cat=54&x24=0&debut=0 HTTP/1.1" 200 55761 "-" "Mozilla/5.0 (compatible; SERankingBacklinksBot/1.0; +https://seranking.com/backlinks-crawler)"
144.76.19.75 - - [19/Aug/2026:02:12:48 +0200] "GET /category.php?seo=54-les-3x450-m&seo_cat=54&x24=1&debut=0&seo_cat=54&x23=1&debut=0&seo_cat=54&x23=0&debut=0&seo_cat=54&x23=1&debut=0&seo_cat=54&x23=0&debut=0&seo_cat=54&x23=1&debut=0&seo_cat=54&x23=0&debut=0&seo_cat=54&x23=1&debut=0&seo_cat=54&x24=0&debut=0&seo_cat=54&x24=1&debut=0&seo_cat=54&x24=0&debut=0&seo_cat=54&x23=0&debut=0&seo_cat=54&x23=1&debut=0 HTTP/1.1" 200 55883 "-" "Mozilla/5.0 (compatible; SERankingBacklinksBot/1.0; +https://seranking.com/backlinks-crawler)"
144.76.19.75 - - [19/Aug/2026:02:12:51 +0200] "GET /category.php?seo=54-les-3x450-m&seo_cat=54&x24=1&debut=0&seo_cat=54&x24=0&debut=0&seo_cat=54&x24=1&debut=0&seo_cat=54&x24=0&debut=0&seo_cat=54&x24=1&debut=0&seo_cat=54&x24=0&debut=0&seo_cat=54&x24=1&debut=0&seo_cat=54&x23=1&debut=0&seo_cat=54&x23=0&debut=0&seo_cat=54&x24=0&debut=0&seo_cat=54&x24=1&debut=0&seo_cat=54&x24=0&debut=0&seo_cat=54&x24=1&debut=0 HTTP/1.1" 200 55826 "-" "Mozilla/5.0 (compatible; SERankingBacklinksBot/1.0; +https://seranking.com/backlinks-crawler)"
144.76.19.75 - - [19/Aug/2026:02:12:54 +0200] "GET /category.php?seo=54-les-3x450-m&seo_cat=54&x23=1&debut=0&seo_cat=54&x23=0&debut=0&seo_cat=54&x23=1&debut=0&seo_cat=54&x23=0&debut=0&seo_cat=54&x23=1&debut=0&seo_cat=54&x23=0&debut=0&seo_cat=54&x23=1&debut=0&seo_cat=54&x23=0&debut=0&seo_cat=54&x24=1&debut=0&seo_cat=54&x24=0&debut=0&seo_cat=54&x24=1&debut=0&seo_cat=54&x23=1&debut=0&seo_cat=54&x23=0&debut=0 HTTP/1.1" 200 55894 "-" "Mozilla/5.0 (compatible; SERankingBacklinksBot/1.0; +https://seranking.com/backlinks-crawler)"
144.76.19.75 - - [19/Aug/2026:02:12:58 +0200] "GET /category.php?seo=54-les-3x450-m&seo_cat=54&x24=1&debut=0&seo_cat=54&x23=1&debut=0&seo_cat=54&x23=0&debut=0&seo_cat=54&x23=1&debut=0&seo_cat=54&x23=0&debut=0&seo_cat=54&x23=1&debut=0&seo_cat=54&x23=0&debut=0&seo_cat=54&x23=1&debut=0&seo_cat=54&x24=0&debut=0&seo_cat=54&x24=1&debut=0&seo_cat=54&x24=0&debut=0&seo_cat=54&x23=0&debut=0&seo_cat=54&x24=1&debut=0 HTTP/1.1" 200 55790 "-" "Mozilla/5.0 (compatible; SERankingBacklinksBot/1.0; +https://seranking.com/backlinks-crawler)"
144.76.19.75 - - [19/Aug/2026:02:13:01 +0200] "GET /category.php?seo=54-les-3x450-m&seo_cat=54&x23=1&debut=0&seo_cat=54&x23=0&debut=0&seo_cat=54&x23=1&debut=0&seo_cat=54&x23=0&debut=0&seo_cat=54&x23=1&debut=0&seo_cat=54&x23=0&debut=0&seo_cat=54&x23=1&debut=0&seo_cat=54&x23=0&debut=0&seo_cat=54&x24=1&debut=0&seo_cat=54&x24=0&debut=0&seo_cat=54&x24=1&debut=0&seo_cat=54&x23=1&debut=0&seo_cat=54&x24=0&debut=0 HTTP/1.1" 200 55761 "-" "Mozilla/5.0 (compatible; SERankingBacklinksBot/1.0; +https://seranking.com/backlinks-crawler)"
66.249.72.131 - - [19/Aug/2026:02:13:02 +0200] "GET /new-products.php?m=01&y=2063&seo_cat=&x2=1&debut=0&seo_cat=&x22=1&debut=0 HTTP/1.1" 200 64629 "-" "Mozilla/5.0 (Linux; Android 6.0.1; Nexus 5X Build/MMB29P) AppleWebKit/537.36 (KHTML, like Gecko) Chrome/151.0.7922.137 Mobile Safari/537.36 (compatible; Googlebot/2.1; +http://www.google.com/bot.html)"
66.249.72.131 - - [19/Aug/2026:02:13:04 +0200] "GET /templates/shop/bootstrap/css/bootstrap.min2.css HTTP/1.1" 200 85843 "https://www.tonnelles-sud-ouest.fr/new-products.php?m=01&y=2063&seo_cat=&x2=1&debut=0&seo_cat=&x22=1&debut=0" "Mozilla/5.0 (Linux; Android 6.0.1; Nexus 5X Build/MMB29P) AppleWebKit/537.36 (KHTML, like Gecko) Chrome/151.0.7922.137 Mobile Safari/537.36 (compatible; Googlebot/2.1; +http://www.google.com/bot.html)"
144.76.19.75 - - [19/Aug/2026:02:13:04 +0200] "GET /category.php?seo=54-les-3x450-m&seo_cat=54&x24=1&debut=0&seo_cat=54&x23=1&debut=0&seo_cat=54&x23=0&debut=0&seo_cat=54&x23=1&debut=0&seo_cat=54&x23=0&debut=0&seo_cat=54&x23=1&debut=0&seo_cat=54&x23=0&debut=0&seo_cat=54&x23=1&debut=0&seo_cat=54&x24=0&debut=0&seo_cat=54&x24=1&debut=0&seo_cat=54&x24=0&debut=0&seo_cat=54&x24=1&debut=0&seo_cat=54&x23=0&debut=0 HTTP/1.1" 200 55894 "-" "Mozilla/5.0 (compatible; SERankingBacklinksBot/1.0; +https://seranking.com/backlinks-crawler)"
66.249.72.131 - - [19/Aug/2026:02:13:05 +0200] "GET /templates/shop/css/dropdown.linear.columnar.css HTTP/1.1" 200 800 "https://www.tonnelles-sud-ouest.fr/new-products.php?m=01&y=2063&seo_cat=&x2=1&debut=0&seo_cat=&x22=1&debut=0" "Mozilla/5.0 (Linux; Android 6.0.1; Nexus 5X Build/MMB29P) AppleWebKit/537.36 (KHTML, like Gecko) Chrome/151.0.7922.137 Mobile Safari/537.36 (compatible; Googlebot/2.1; +http://www.google.com/bot.html)"
144.76.19.75 - - [19/Aug/2026:02:13:08 +0200] "GET /category.php?seo=54-les-3x450-m&seo_cat=54&x23=1&debut=0&seo_cat=54&x23=0&debut=0&seo_cat=54&x23=1&debut=0&seo_cat=54&x23=0&debut=0&seo_cat=54&x23=1&debut=0&seo_cat=54&x23=0&debut=0&seo_cat=54&x23=1&debut=0&seo_cat=54&x23=0&debut=0&seo_cat=54&x24=1&debut=0&seo_cat=54&x24=0&debut=0&seo_cat=54&x24=1&debut=0&seo_cat=54&x24=0&debut=0&seo_cat=54&x23=1&debut=0 HTTP/1.1" 200 55793 "-" "Mozilla/5.0 (compatible; SERankingBacklinksBot/1.0; +https://seranking.com/backlinks-crawler)"
144.76.19.75 - - [19/Aug/2026:02:13:11 +0200] "GET /category.php?seo=54-les-3x450-m&seo_cat=54&x24=1&debut=0&seo_cat=54&x23=1&debut=0&seo_cat=54&x23=0&debut=0&seo_cat=54&x23=1&debut=0&seo_cat=54&x23=0&debut=0&seo_cat=54&x23=1&debut=0&seo_cat=54&x23=0&debut=0&seo_cat=54&x23=1&debut=0&seo_cat=54&x24=0&debut=0&seo_cat=54&x24=1&debut=0&seo_cat=54&x24=0&debut=0&seo_cat=54&x24=1&debut=0&seo_cat=54&x24=0&debut=0 HTTP/1.1" 200 55893 "-" "Mozilla/5.0 (compatible; SERankingBacklinksBot/1.0; +https://seranking.com/backlinks-crawler)"
185.191.171.12 - - [19/Aug/2026:02:13:14 +0200] "GET /new-products.php?debut=0&debut=0&debut=0&debut=0&debut=0&debut=0&debut=0&debut=0&debut=0&debut=0&debut=0&debut=0&m=11&seo_cat&seo_cat&seo_cat&seo_cat&seo_cat&seo_cat&seo_cat&seo_cat&seo_cat&seo_cat&seo_cat&seo_cat&x22=0&x22=1&x23=0&x23=0&x23=0&x23=0&x23=0&x23=0&x23=0&x23=1&x24=0&x24=1&y=2019 HTTP/1.1" 200 96684 "-" "Mozilla/5.0 (compatible; SemrushBot/7~bl; +http://www.semrush.com/bot.html)"
144.76.19.75 - - [19/Aug/2026:02:13:14 +0200] "GET /category.php?seo=54-les-3x450-m&seo_cat=54&x23=1&debut=0&seo_cat=54&x23=0&debut=0&seo_cat=54&x23=1&debut=0&seo_cat=54&x23=0&debut=0&seo_cat=54&x23=1&debut=0&seo_cat=54&x23=0&debut=0&seo_cat=54&x23=1&debut=0&seo_cat=54&x23=0&debut=0&seo_cat=54&x24=1&debut=0&seo_cat=54&x24=0&debut=0&seo_cat=54&x24=1&debut=0&seo_cat=54&x24=0&debut=0&seo_cat=54&x24=1&debut=0 HTTP/1.1" 200 55884 "-" "Mozilla/5.0 (compatible; SERankingBacklinksBot/1.0; +https://seranking.com/backlinks-crawler)"
144.76.19.75 - - [19/Aug/2026:02:13:18 +0200] "GET /category.php?seo=54-les-3x450-m&seo_cat=54&x24=1&debut=0&seo_cat=54&x23=1&debut=0&seo_cat=54&x23=0&debut=0&seo_cat=54&x23=1&debut=0&seo_cat=54&x23=0&debut=0&seo_cat=54&x23=1&debut=0&seo_cat=54&x23=0&debut=0&seo_cat=54&x24=0&debut=0&seo_cat=54&x23=1&debut=0&seo_cat=54&x23=0&debut=0&seo_cat=54&x23=1&debut=0&seo_cat=54&x23=0&debut=0&seo_cat=54&x23=1&debut=0 HTTP/1.1" 200 55789 "-" "Mozilla/5.0 (compatible; SERankingBacklinksBot/1.0; +https://seranking.com/backlinks-crawler)"
144.76.19.75 - - [19/Aug/2026:02:13:21 +0200] "GET /category.php?seo=54-les-3x450-m&seo_cat=54&x23=1&debut=0&seo_cat=54&x23=0&debut=0&seo_cat=54&x23=1&debut=0&seo_cat=54&x23=0&debut=0&seo_cat=54&x23=1&debut=0&seo_cat=54&x23=0&debut=0&seo_cat=54&x23=1&debut=0&seo_cat=54&x24=1&debut=0&seo_cat=54&x23=0&debut=0&seo_cat=54&x23=1&debut=0&seo_cat=54&x23=0&debut=0&seo_cat=54&x23=1&debut=0&seo_cat=54&x23=0&debut=0 HTTP/1.1" 200 55884 "-" "Mozilla/5.0 (compatible; SERankingBacklinksBot/1.0; +https://seranking.com/backlinks-crawler)"
144.76.19.75 - - [19/Aug/2026:02:13:24 +0200] "GET /category.php?seo=54-les-3x450-m&seo_cat=54&x24=1&debut=0&seo_cat=54&x23=1&debut=0&seo_cat=54&x23=0&debut=0&seo_cat=54&x23=1&debut=0&seo_cat=54&x23=0&debut=0&seo_cat=54&x23=1&debut=0&seo_cat=54&x23=0&debut=0&seo_cat=54&x24=0&debut=0&seo_cat=54&x23=1&debut=0&seo_cat=54&x23=0&debut=0&seo_cat=54&x23=1&debut=0&seo_cat=54&x23=0&debut=0&seo_cat=54&x24=1&debut=0 HTTP/1.1" 200 55826 "-" "Mozilla/5.0 (compatible; SERankingBacklinksBot/1.0; +https://seranking.com/backlinks-crawler)"
144.76.19.75 - - [19/Aug/2026:02:13:28 +0200] "GET /category.php?seo=54-les-3x450-m&seo_cat=54&x23=1&debut=0&seo_cat=54&x23=0&debut=0&seo_cat=54&x23=1&debut=0&seo_cat=54&x23=0&debut=0&seo_cat=54&x23=1&debut=0&seo_cat=54&x23=0&debut=0&seo_cat=54&x23=1&debut=0&seo_cat=54&x24=1&debut=0&seo_cat=54&x23=0&debut=0&seo_cat=54&x23=1&debut=0&seo_cat=54&x23=0&debut=0&seo_cat=54&x23=1&debut=0&seo_cat=54&x24=0&debut=0 HTTP/1.1" 200 55761 "-" "Mozilla/5.0 (compatible; SERankingBacklinksBot/1.0; +https://seranking.com/backlinks-crawler)"
144.76.19.75 - - [19/Aug/2026:02:13:31 +0200] "GET /category.php?seo=54-les-3x450-m&seo_cat=54&x24=1&debut=0&seo_cat=54&x23=1&debut=0&seo_cat=54&x23=0&debut=0&seo_cat=54&x23=1&debut=0&seo_cat=54&x23=0&debut=0&seo_cat=54&x23=1&debut=0&seo_cat=54&x23=0&debut=0&seo_cat=54&x24=0&debut=0&seo_cat=54&x23=1&debut=0&seo_cat=54&x23=0&debut=0&seo_cat=54&x23=1&debut=0&seo_cat=54&x24=1&debut=0&seo_cat=54&x23=0&debut=0 HTTP/1.1" 200 55884 "-" "Mozilla/5.0 (compatible; SERankingBacklinksBot/1.0; +https://seranking.com/backlinks-crawler)"
144.76.19.75 - - [19/Aug/2026:02:13:35 +0200] "GET /category.php?seo=54-les-3x450-m&seo_cat=54&x23=1&debut=0&seo_cat=54&x23=0&debut=0&seo_cat=54&x23=1&debut=0&seo_cat=54&x23=0&debut=0&seo_cat=54&x23=1&debut=0&seo_cat=54&x23=0&debut=0&seo_cat=54&x23=1&debut=0&seo_cat=54&x24=1&debut=0&seo_cat=54&x23=0&debut=0&seo_cat=54&x23=1&debut=0&seo_cat=54&x23=0&debut=0&seo_cat=54&x24=0&debut=0&seo_cat=54&x23=1&debut=0 HTTP/1.1" 200 55793 "-" "Mozilla/5.0 (compatible; SERankingBacklinksBot/1.0; +https://seranking.com/backlinks-crawler)"
144.76.19.75 - - [19/Aug/2026:02:13:38 +0200] "GET /category.php?seo=54-les-3x450-m&seo_cat=54&x24=1&debut=0&seo_cat=54&x23=1&debut=0&seo_cat=54&x23=0&debut=0&seo_cat=54&x23=1&debut=0&seo_cat=54&x23=0&debut=0&seo_cat=54&x23=1&debut=0&seo_cat=54&x23=0&debut=0&seo_cat=54&x24=0&debut=0&seo_cat=54&x23=1&debut=0&seo_cat=54&x23=0&debut=0&seo_cat=54&x23=1&debut=0&seo_cat=54&x24=1&debut=0&seo_cat=54&x24=0&debut=0 HTTP/1.1" 200 55883 "-" "Mozilla/5.0 (compatible; SERankingBacklinksBot/1.0; +https://seranking.com/backlinks-crawler)"
144.76.19.75 - - [19/Aug/2026:02:13:42 +0200] "GET /category.php?seo=54-les-3x450-m&seo_cat=54&x23=1&debut=0&seo_cat=54&x23=0&debut=0&seo_cat=54&x23=1&debut=0&seo_cat=54&x23=0&debut=0&seo_cat=54&x23=1&debut=0&seo_cat=54&x23=0&debut=0&seo_cat=54&x23=1&debut=0&seo_cat=54&x24=1&debut=0&seo_cat=54&x23=0&debut=0&seo_cat=54&x23=1&debut=0&seo_cat=54&x23=0&debut=0&seo_cat=54&x24=0&debut=0&seo_cat=54&x24=1&debut=0 HTTP/1.1" 200 55894 "-" "Mozilla/5.0 (compatible; SERankingBacklinksBot/1.0; +https://seranking.com/backlinks-crawler)"
144.76.19.75 - - [19/Aug/2026:02:13:45 +0200] "GET /category.php?seo=54-les-3x450-m&seo_cat=54&x24=1&debut=0&seo_cat=54&x23=1&debut=0&seo_cat=54&x23=0&debut=0&seo_cat=54&x23=1&debut=0&seo_cat=54&x23=0&debut=0&seo_cat=54&x23=1&debut=0&seo_cat=54&x23=0&debut=0&seo_cat=54&x24=0&debut=0&seo_cat=54&x23=1&debut=0&seo_cat=54&x23=0&debut=0&seo_cat=54&x24=1&debut=0&seo_cat=54&x23=1&debut=0&seo_cat=54&x23=0&debut=0 HTTP/1.1" 200 55762 "-" "Mozilla/5.0 (compatible; SERankingBacklinksBot/1.0; +https://seranking.com/backlinks-crawler)"
144.76.19.75 - - [19/Aug/2026:02:13:48 +0200] "GET /category.php?seo=54-les-3x450-m&seo_cat=54&x23=1&debut=0&seo_cat=54&x23=0&debut=0&seo_cat=54&x23=1&debut=0&seo_cat=54&x23=0&debut=0&seo_cat=54&x23=1&debut=0&seo_cat=54&x23=0&debut=0&seo_cat=54&x23=1&debut=0&seo_cat=54&x24=1&debut=0&seo_cat=54&x23=0&debut=0&seo_cat=54&x23=1&debut=0&seo_cat=54&x24=0&debut=0&seo_cat=54&x23=0&debut=0&seo_cat=54&x23=1&debut=0 HTTP/1.1" 200 55789 "-" "Mozilla/5.0 (compatible; SERankingBacklinksBot/1.0; +https://seranking.com/backlinks-crawler)"
185.191.171.14 - - [19/Aug/2026:02:13:49 +0200] "GET /new-products.php?a=10&a=10&b=1&b=1&debut=0&debut=0&debut=0&debut=0&debut=0&debut=0&debut=0&debut=0&debut=0&debut=10&histo_track=1&m=07&seo_cat&seo_cat&seo_cat&seo_cat&seo_cat&seo_cat&seo_cat&seo_cat&x21=0&x21=1&x22=1&x23=1&x24=1&x2=0&x2=0&x2=1&y=2022 HTTP/1.1" 200 57983 "-" "Mozilla/5.0 (compatible; SemrushBot/7~bl; +http://www.semrush.com/bot.html)"
144.76.19.75 - - [19/Aug/2026:02:13:52 +0200] "GET /category.php?seo=54-les-3x450-m&seo_cat=54&x24=1&debut=0&seo_cat=54&x23=1&debut=0&seo_cat=54&x23=0&debut=0&seo_cat=54&x23=1&debut=0&seo_cat=54&x23=0&debut=0&seo_cat=54&x23=1&debut=0&seo_cat=54&x23=0&debut=0&seo_cat=54&x24=0&debut=0&seo_cat=54&x23=1&debut=0&seo_cat=54&x23=0&debut=0&seo_cat=54&x24=1&debut=0&seo_cat=54&x23=1&debut=0&seo_cat=54&x24=0&debut=0 HTTP/1.1" 200 55893 "-" "Mozilla/5.0 (compatible; SERankingBacklinksBot/1.0; +https://seranking.com/backlinks-crawler)"
185.191.171.16 - - [19/Aug/2026:02:13:52 +0200] "GET /new-products.php?a=10&b=1&debut=0&debut=0&debut=0&debut=0&debut=0&debut=0&debut=0&debut=0&debut=0&debut=10&histo_track=1&m=12&seo_cat&seo_cat&seo_cat&seo_cat&seo_cat&seo_cat&seo_cat&seo_cat&seo_cat&x22=0&x22=0&x22=1&x23=1&x24=1&x2=0&x2=0&x2=0&x2=1&y=2021 HTTP/1.1" 200 58000 "-" "Mozilla/5.0 (compatible; SemrushBot/7~bl; +http://www.semrush.com/bot.html)"
144.76.19.75 - - [19/Aug/2026:02:13:55 +0200] "GET /category.php?seo=54-les-3x450-m&seo_cat=54&x23=1&debut=0&seo_cat=54&x23=0&debut=0&seo_cat=54&x23=1&debut=0&seo_cat=54&x23=0&debut=0&seo_cat=54&x23=1&debut=0&seo_cat=54&x23=0&debut=0&seo_cat=54&x23=1&debut=0&seo_cat=54&x24=1&debut=0&seo_cat=54&x23=0&debut=0&seo_cat=54&x23=1&debut=0&seo_cat=54&x24=0&debut=0&seo_cat=54&x23=0&debut=0&seo_cat=54&x24=1&debut=0 HTTP/1.1" 200 55826 "-" "Mozilla/5.0 (compatible; SERankingBacklinksBot/1.0; +https://seranking.com/backlinks-crawler)"
144.76.19.75 - - [19/Aug/2026:02:13:58 +0200] "GET /category.php?seo=54-les-3x450-m&seo_cat=54&x24=1&debut=0&seo_cat=54&x23=1&debut=0&seo_cat=54&x23=0&debut=0&seo_cat=54&x23=1&debut=0&seo_cat=54&x23=0&debut=0&seo_cat=54&x23=1&debut=0&seo_cat=54&x23=0&debut=0&seo_cat=54&x24=0&debut=0&seo_cat=54&x23=1&debut=0&seo_cat=54&x23=0&debut=0&seo_cat=54&x24=1&debut=0&seo_cat=54&x24=0&debut=0&seo_cat=54&x23=1&debut=0 HTTP/1.1" 200 55761 "-" "Mozilla/5.0 (compatible; SERankingBacklinksBot/1.0; +https://seranking.com/backlinks-crawler)"
169.239.201.44 - - [19/Aug/2026:02:14:01 +0200] "GET /new-products.php?debut=0&m=08&x2=1&x21=1&x22=1&x23=1&x24=1&y=2021 HTTP/1.1" 200 100584 "https://www.yandex.fr/" "Mozilla/5.0 (Windows NT 10.0; Win64; x64; rv:125.0) Gecko/20100101 Firefox/125.0"
85.208.96.211 - - [19/Aug/2026:02:14:01 +0200] "GET /marques.php?debut=0&debut=0&debut=0&debut=0&debut=0&debut=0&debut=0&seo=24-haut-de-gamme&seo_marq=24&seo_marq=24&seo_marq=24&seo_marq=24&seo_marq=24&seo_marq=24&seo_marq=24&t49=0&t49=0&t49=0&t49=1&t54=1&t55=0&t55=1 HTTP/1.1" 200 66482 "-" "Mozilla/5.0 (compatible; SemrushBot/7~bl; +http://www.semrush.com/bot.html)"
144.76.19.75 - - [19/Aug/2026:02:14:01 +0200] "GET /category.php?seo=54-les-3x450-m&seo_cat=54&x23=1&debut=0&seo_cat=54&x23=0&debut=0&seo_cat=54&x23=1&debut=0&seo_cat=54&x23=0&debut=0&seo_cat=54&x23=1&debut=0&seo_cat=54&x23=0&debut=0&seo_cat=54&x23=1&debut=0&seo_cat=54&x24=1&debut=0&seo_cat=54&x23=0&debut=0&seo_cat=54&x23=1&debut=0&seo_cat=54&x24=0&debut=0&seo_cat=54&x24=1&debut=0&seo_cat=54&x23=0&debut=0 HTTP/1.1" 200 55826 "-" "Mozilla/5.0 (compatible; SERankingBacklinksBot/1.0; +https://seranking.com/backlinks-crawler)"
144.76.19.75 - - [19/Aug/2026:02:14:05 +0200] "GET /category.php?seo=54-les-3x450-m&seo_cat=54&x24=1&debut=0&seo_cat=54&x23=1&debut=0&seo_cat=54&x23=0&debut=0&seo_cat=54&x23=1&debut=0&seo_cat=54&x23=0&debut=0&seo_cat=54&x23=1&debut=0&seo_cat=54&x23=0&debut=0&seo_cat=54&x24=0&debut=0&seo_cat=54&x23=1&debut=0&seo_cat=54&x23=0&debut=0&seo_cat=54&x24=1&debut=0&seo_cat=54&x24=0&debut=0&seo_cat=54&x24=1&debut=0 HTTP/1.1" 200 55794 "-" "Mozilla/5.0 (compatible; SERankingBacklinksBot/1.0; +https://seranking.com/backlinks-crawler)"
144.76.19.75 - - [19/Aug/2026:02:14:08 +0200] "GET /category.php?seo=54-les-3x450-m&seo_cat=54&x23=1&debut=0&seo_cat=54&x23=0&debut=0&seo_cat=54&x23=1&debut=0&seo_cat=54&x23=0&debut=0&seo_cat=54&x23=1&debut=0&seo_cat=54&x23=0&debut=0&seo_cat=54&x23=1&debut=0&seo_cat=54&x24=1&debut=0&seo_cat=54&x23=0&debut=0&seo_cat=54&x23=1&debut=0&seo_cat=54&x24=0&debut=0&seo_cat=54&x24=1&debut=0&seo_cat=54&x24=0&debut=0 HTTP/1.1" 200 55789 "-" "Mozilla/5.0 (compatible; SERankingBacklinksBot/1.0; +https://seranking.com/backlinks-crawler)"
144.76.19.75 - - [19/Aug/2026:02:14:11 +0200] "GET /category.php?seo=54-les-3x450-m&seo_cat=54&x24=1&debut=0&seo_cat=54&x23=1&debut=0&seo_cat=54&x23=0&debut=0&seo_cat=54&x23=1&debut=0&seo_cat=54&x23=0&debut=0&seo_cat=54&x23=1&debut=0&seo_cat=54&x23=0&debut=0&seo_cat=54&x24=0&debut=0&seo_cat=54&x23=1&debut=0&seo_cat=54&x24=1&debut=0&seo_cat=54&x23=0&debut=0&seo_cat=54&x23=1&debut=0&seo_cat=54&x23=0&debut=0 HTTP/1.1" 200 55826 "-" "Mozilla/5.0 (compatible; SERankingBacklinksBot/1.0; +https://seranking.com/backlinks-crawler)"
144.76.19.75 - - [19/Aug/2026:02:14:15 +0200] "GET /category.php?seo=54-les-3x450-m&seo_cat=54&x23=1&debut=0&seo_cat=54&x23=0&debut=0&seo_cat=54&x23=1&debut=0&seo_cat=54&x23=0&debut=0&seo_cat=54&x23=1&debut=0&seo_cat=54&x23=0&debut=0&seo_cat=54&x23=1&debut=0&seo_cat=54&x24=1&debut=0&seo_cat=54&x23=0&debut=0&seo_cat=54&x24=0&debut=0&seo_cat=54&x23=1&debut=0&seo_cat=54&x23=0&debut=0&seo_cat=54&x23=1&debut=0 HTTP/1.1" 200 55789 "-" "Mozilla/5.0 (compatible; SERankingBacklinksBot/1.0; +https://seranking.com/backlinks-crawler)"
144.76.19.75 - - [19/Aug/2026:02:14:18 +0200] "GET /category.php?seo=54-les-3x450-m&seo_cat=54&x24=1&debut=0&seo_cat=54&x23=1&debut=0&seo_cat=54&x23=0&debut=0&seo_cat=54&x23=1&debut=0&seo_cat=54&x23=0&debut=0&seo_cat=54&x23=1&debut=0&seo_cat=54&x23=0&debut=0&seo_cat=54&x24=0&debut=0&seo_cat=54&x23=1&debut=0&seo_cat=54&x24=1&debut=0&seo_cat=54&x23=0&debut=0&seo_cat=54&x23=1&debut=0&seo_cat=54&x24=0&debut=0 HTTP/1.1" 200 55789 "-" "Mozilla/5.0 (compatible; SERankingBacklinksBot/1.0; +https://seranking.com/backlinks-crawler)"
144.76.19.75 - - [19/Aug/2026:02:14:21 +0200] "GET /category.php?seo=54-les-3x450-m&seo_cat=54&x23=1&debut=0&seo_cat=54&x23=0&debut=0&seo_cat=54&x23=1&debut=0&seo_cat=54&x23=0&debut=0&seo_cat=54&x23=1&debut=0&seo_cat=54&x23=0&debut=0&seo_cat=54&x23=1&debut=0&seo_cat=54&x24=1&debut=0&seo_cat=54&x23=0&debut=0&seo_cat=54&x24=0&debut=0&seo_cat=54&x23=1&debut=0&seo_cat=54&x23=0&debut=0&seo_cat=54&x24=1&debut=0 HTTP/1.1" 200 55884 "-" "Mozilla/5.0 (compatible; SERankingBacklinksBot/1.0; +https://seranking.com/backlinks-crawler)"
144.76.19.75 - - [19/Aug/2026:02:14:25 +0200] "GET /category.php?seo=54-les-3x450-m&seo_cat=54&x24=1&debut=0&seo_cat=54&x23=1&debut=0&seo_cat=54&x23=0&debut=0&seo_cat=54&x23=1&debut=0&seo_cat=54&x23=0&debut=0&seo_cat=54&x23=1&debut=0&seo_cat=54&x23=0&debut=0&seo_cat=54&x24=0&debut=0&seo_cat=54&x23=1&debut=0&seo_cat=54&x24=1&debut=0&seo_cat=54&x23=0&debut=0&seo_cat=54&x24=0&debut=0&seo_cat=54&x23=1&debut=0 HTTP/1.1" 200 55825 "-" "Mozilla/5.0 (compatible; SERankingBacklinksBot/1.0; +https://seranking.com/backlinks-crawler)"
85.208.96.210 - - [19/Aug/2026:02:14:26 +0200] "GET /new-products.php?a=10&a=10&a=10&b=1&b=1&b=1&debut=0&debut=0&debut=0&debut=0&debut=0&debut=0&debut=10&histo_track=1&m=02&seo_cat&seo_cat&seo_cat&seo_cat&x21=1&x22=1&x2=0&x2=1&y=2023 HTTP/1.1" 200 50857 "-" "Mozilla/5.0 (compatible; SemrushBot/7~bl; +http://www.semrush.com/bot.html)"
144.76.19.75 - - [19/Aug/2026:02:14:28 +0200] "GET /category.php?seo=54-les-3x450-m&seo_cat=54&x23=1&debut=0&seo_cat=54&x23=0&debut=0&seo_cat=54&x23=1&debut=0&seo_cat=54&x23=0&debut=0&seo_cat=54&x23=1&debut=0&seo_cat=54&x23=0&debut=0&seo_cat=54&x23=1&debut=0&seo_cat=54&x24=1&debut=0&seo_cat=54&x23=0&debut=0&seo_cat=54&x24=0&debut=0&seo_cat=54&x23=1&debut=0&seo_cat=54&x24=1&debut=0&seo_cat=54&x23=0&debut=0 HTTP/1.1" 200 55762 "-" "Mozilla/5.0 (compatible; SERankingBacklinksBot/1.0; +https://seranking.com/backlinks-crawler)"
144.76.19.75 - - [19/Aug/2026:02:14:31 +0200] "GET /category.php?seo=54-les-3x450-m&seo_cat=54&x24=1&debut=0&seo_cat=54&x23=1&debut=0&seo_cat=54&x23=0&debut=0&seo_cat=54&x23=1&debut=0&seo_cat=54&x23=0&debut=0&seo_cat=54&x23=1&debut=0&seo_cat=54&x23=0&debut=0&seo_cat=54&x24=0&debut=0&seo_cat=54&x23=1&debut=0&seo_cat=54&x24=1&debut=0&seo_cat=54&x23=0&debut=0&seo_cat=54&x24=0&debut=0&seo_cat=54&x24=1&debut=0 HTTP/1.1" 200 55826 "-" "Mozilla/5.0 (compatible; SERankingBacklinksBot/1.0; +https://seranking.com/backlinks-crawler)"
185.191.171.2 - - [19/Aug/2026:02:14:33 +0200] "GET /marques.php?debut=0&debut=0&debut=0&debut=0&debut=0&debut=0&debut=0&debut=0&debut=0&debut=0&seo=24-haut-de-gamme&seo_marq=24&seo_marq=24&seo_marq=24&seo_marq=24&seo_marq=24&seo_marq=24&seo_marq=24&seo_marq=24&seo_marq=24&seo_marq=24&t3=0&t3=0&t3=1&t48=1&t49=0&t49=0&t49=0&t49=1&t54=0&t54=1 HTTP/1.1" 200 71417 "-" "Mozilla/5.0 (compatible; SemrushBot/7~bl; +http://www.semrush.com/bot.html)"
144.76.19.75 - - [19/Aug/2026:02:14:34 +0200] "GET /category.php?seo=54-les-3x450-m&seo_cat=54&x23=1&debut=0&seo_cat=54&x23=0&debut=0&seo_cat=54&x23=1&debut=0&seo_cat=54&x23=0&debut=0&seo_cat=54&x23=1&debut=0&seo_cat=54&x23=0&debut=0&seo_cat=54&x23=1&debut=0&seo_cat=54&x24=1&debut=0&seo_cat=54&x23=0&debut=0&seo_cat=54&x24=0&debut=0&seo_cat=54&x23=1&debut=0&seo_cat=54&x24=1&debut=0&seo_cat=54&x24=0&debut=0 HTTP/1.1" 200 55825 "-" "Mozilla/5.0 (compatible; SERankingBacklinksBot/1.0; +https://seranking.com/backlinks-crawler)"
144.76.19.75 - - [19/Aug/2026:02:14:38 +0200] "GET /category.php?seo=54-les-3x450-m&seo_cat=54&x24=1&debut=0&seo_cat=54&x23=1&debut=0&seo_cat=54&x23=0&debut=0&seo_cat=54&x23=1&debut=0&seo_cat=54&x23=0&debut=0&seo_cat=54&x23=1&debut=0&seo_cat=54&x23=0&debut=0&seo_cat=54&x24=0&debut=0&seo_cat=54&x23=1&debut=0&seo_cat=54&x24=1&debut=0&seo_cat=54&x24=0&debut=0&seo_cat=54&x23=0&debut=0&seo_cat=54&x23=1&debut=0 HTTP/1.1" 200 55793 "-" "Mozilla/5.0 (compatible; SERankingBacklinksBot/1.0; +https://seranking.com/backlinks-crawler)"
