85.208.96.202 - - [19/Aug/2026:02:18:45 +0200] "GET /new-products.php?a=10&a=10&a=10&a=10&a=10&a=10&b=1&b=1&b=1&b=1&b=1&b=1&debut=0&debut=0&debut=0&debut=0&debut=0&debut=0&debut=0&debut=0&debut=0&debut=0&debut=0&debut=10&m=02&seo_cat&seo_cat&seo_cat&seo_cat&seo_cat&seo_cat&x21=1&x22=1&x23=1&x2=0&x2=0&x2=1&y=2023 HTTP/1.1" 200 51381 "-" "Mozilla/5.0 (compatible; SemrushBot/7~bl; +http://www.semrush.com/bot.html)"
144.76.19.75 - - [19/Aug/2026:02:18:46 +0200] "GET /category.php?seo=54-les-3x450-m&seo_cat=54&x24=1&debut=0&seo_cat=54&x23=1&debut=0&seo_cat=54&x23=0&debut=0&seo_cat=54&x23=1&debut=0&seo_cat=54&x23=0&debut=0&seo_cat=54&x23=1&debut=0&seo_cat=54&x24=0&debut=0&seo_cat=54&x23=0&debut=0&seo_cat=54&x24=1&debut=0&seo_cat=54&x23=1&debut=0&seo_cat=54&x23=0&debut=0&seo_cat=54&x23=1&debut=0&seo_cat=54&x24=0&debut=0 HTTP/1.1" 200 55825 "-" "Mozilla/5.0 (compatible; SERankingBacklinksBot/1.0; +https://seranking.com/backlinks-crawler)"
144.76.19.75 - - [19/Aug/2026:02:18:49 +0200] "GET /category.php?seo=54-les-3x450-m&seo_cat=54&x23=1&debut=0&seo_cat=54&x23=0&debut=0&seo_cat=54&x23=1&debut=0&seo_cat=54&x23=0&debut=0&seo_cat=54&x23=1&debut=0&seo_cat=54&x23=0&debut=0&seo_cat=54&x24=1&debut=0&seo_cat=54&x23=1&debut=0&seo_cat=54&x24=0&debut=0&seo_cat=54&x23=0&debut=0&seo_cat=54&x23=1&debut=0&seo_cat=54&x23=0&debut=0&seo_cat=54&x24=1&debut=0 HTTP/1.1" 200 55894 "-" "Mozilla/5.0 (compatible; SERankingBacklinksBot/1.0; +https://seranking.com/backlinks-crawler)"
144.76.19.75 - - [19/Aug/2026:02:18:53 +0200] "GET /category.php?seo=54-les-3x450-m&seo_cat=54&x24=1&debut=0&seo_cat=54&x23=1&debut=0&seo_cat=54&x23=0&debut=0&seo_cat=54&x23=1&debut=0&seo_cat=54&x23=0&debut=0&seo_cat=54&x23=1&debut=0&seo_cat=54&x24=0&debut=0&seo_cat=54&x23=0&debut=0&seo_cat=54&x24=1&debut=0&seo_cat=54&x23=1&debut=0&seo_cat=54&x23=0&debut=0&seo_cat=54&x24=0&debut=0&seo_cat=54&x23=1&debut=0 HTTP/1.1" 200 55789 "-" "Mozilla/5.0 (compatible; SERankingBacklinksBot/1.0; +https://seranking.com/backlinks-crawler)"
144.76.19.75 - - [19/Aug/2026:02:18:56 +0200] "GET /category.php?seo=54-les-3x450-m&seo_cat=54&x23=1&debut=0&seo_cat=54&x23=0&debut=0&seo_cat=54&x23=1&debut=0&seo_cat=54&x23=0&debut=0&seo_cat=54&x23=1&debut=0&seo_cat=54&x23=0&debut=0&seo_cat=54&x24=1&debut=0&seo_cat=54&x23=1&debut=0&seo_cat=54&x24=0&debut=0&seo_cat=54&x23=0&debut=0&seo_cat=54&x23=1&debut=0&seo_cat=54&x24=1&debut=0&seo_cat=54&x23=0&debut=0 HTTP/1.1" 200 55794 "-" "Mozilla/5.0 (compatible; SERankingBacklinksBot/1.0; +https://seranking.com/backlinks-crawler)"
144.76.19.75 - - [19/Aug/2026:02:18:59 +0200] "GET /category.php?seo=54-les-3x450-m&seo_cat=54&x24=1&debut=0&seo_cat=54&x23=1&debut=0&seo_cat=54&x23=0&debut=0&seo_cat=54&x23=1&debut=0&seo_cat=54&x23=0&debut=0&seo_cat=54&x23=1&debut=0&seo_cat=54&x24=0&debut=0&seo_cat=54&x23=0&debut=0&seo_cat=54&x24=1&debut=0&seo_cat=54&x23=1&debut=0&seo_cat=54&x23=0&debut=0&seo_cat=54&x24=0&debut=0&seo_cat=54&x24=1&debut=0 HTTP/1.1" 200 55826 "-" "Mozilla/5.0 (compatible; SERankingBacklinksBot/1.0; +https://seranking.com/backlinks-crawler)"
144.76.19.75 - - [19/Aug/2026:02:19:02 +0200] "GET /category.php?seo=54-les-3x450-m&seo_cat=54&x23=1&debut=0&seo_cat=54&x23=0&debut=0&seo_cat=54&x23=1&debut=0&seo_cat=54&x23=0&debut=0&seo_cat=54&x23=1&debut=0&seo_cat=54&x23=0&debut=0&seo_cat=54&x24=1&debut=0&seo_cat=54&x23=1&debut=0&seo_cat=54&x24=0&debut=0&seo_cat=54&x23=0&debut=0&seo_cat=54&x23=1&debut=0&seo_cat=54&x24=1&debut=0&seo_cat=54&x24=0&debut=0 HTTP/1.1" 200 55761 "-" "Mozilla/5.0 (compatible; SERankingBacklinksBot/1.0; +https://seranking.com/backlinks-crawler)"
144.76.19.75 - - [19/Aug/2026:02:19:06 +0200] "GET /category.php?seo=54-les-3x450-m&seo_cat=54&x24=1&debut=0&seo_cat=54&x23=1&debut=0&seo_cat=54&x23=0&debut=0&seo_cat=54&x23=1&debut=0&seo_cat=54&x23=0&debut=0&seo_cat=54&x23=1&debut=0&seo_cat=54&x24=0&debut=0&seo_cat=54&x23=0&debut=0&seo_cat=54&x24=1&debut=0&seo_cat=54&x23=1&debut=0&seo_cat=54&x24=0&debut=0&seo_cat=54&x23=0&debut=0&seo_cat=54&x23=1&debut=0 HTTP/1.1" 200 55883 "-" "Mozilla/5.0 (compatible; SERankingBacklinksBot/1.0; +https://seranking.com/backlinks-crawler)"
144.76.19.75 - - [19/Aug/2026:02:19:09 +0200] "GET /category.php?seo=54-les-3x450-m&seo_cat=54&x23=1&debut=0&seo_cat=54&x23=0&debut=0&seo_cat=54&x23=1&debut=0&seo_cat=54&x23=0&debut=0&seo_cat=54&x23=1&debut=0&seo_cat=54&x23=0&debut=0&seo_cat=54&x24=1&debut=0&seo_cat=54&x23=1&debut=0&seo_cat=54&x24=0&debut=0&seo_cat=54&x23=0&debut=0&seo_cat=54&x24=1&debut=0&seo_cat=54&x23=1&debut=0&seo_cat=54&x23=0&debut=0 HTTP/1.1" 200 55884 "-" "Mozilla/5.0 (compatible; SERankingBacklinksBot/1.0; +https://seranking.com/backlinks-crawler)"
85.208.96.198 - - [19/Aug/2026:02:19:11 +0200] "GET /new-products.php?a=10&a=10&b=1&b=1&debut=0&debut=0&debut=0&debut=0&debut=0&debut=0&debut=0&debut=0&debut=0&debut=0&debut=10&histo_track=1&m=11&seo_cat&seo_cat&seo_cat&seo_cat&seo_cat&seo_cat&seo_cat&seo_cat&seo_cat&x21=0&x21=0&x21=0&x21=1&x24=0&x24=0&x24=0&x24=1&x2=1&y=2023 HTTP/1.1" 200 51515 "-" "Mozilla/5.0 (compatible; SemrushBot/7~bl; +http://www.semrush.com/bot.html)"
144.76.19.75 - - [19/Aug/2026:02:19:12 +0200] "GET /category.php?seo=54-les-3x450-m&seo_cat=54&x24=1&debut=0&seo_cat=54&x23=1&debut=0&seo_cat=54&x23=0&debut=0&seo_cat=54&x23=1&debut=0&seo_cat=54&x23=0&debut=0&seo_cat=54&x23=1&debut=0&seo_cat=54&x24=0&debut=0&seo_cat=54&x23=0&debut=0&seo_cat=54&x24=1&debut=0&seo_cat=54&x23=1&debut=0&seo_cat=54&x24=0&debut=0&seo_cat=54&x23=0&debut=0&seo_cat=54&x24=1&debut=0 HTTP/1.1" 200 55894 "-" "Mozilla/5.0 (compatible; SERankingBacklinksBot/1.0; +https://seranking.com/backlinks-crawler)"
85.208.96.206 - - [19/Aug/2026:02:19:15 +0200] "GET /new-products.php?a=10&a=10&a=10&b=1&b=1&b=1&debut=0&debut=0&debut=0&debut=0&debut=0&debut=0&debut=0&debut=0&debut=0&debut=0&debut=10&m=07&seo_cat&seo_cat&seo_cat&seo_cat&seo_cat&seo_cat&seo_cat&seo_cat&x21=0&x21=1&x22=1&x23=1&x2=0&x2=0&x2=0&x2=1&y=2020 HTTP/1.1" 200 51331 "-" "Mozilla/5.0 (compatible; SemrushBot/7~bl; +http://www.semrush.com/bot.html)"
144.76.19.75 - - [19/Aug/2026:02:19:16 +0200] "GET /category.php?seo=54-les-3x450-m&seo_cat=54&x23=1&debut=0&seo_cat=54&x23=0&debut=0&seo_cat=54&x23=1&debut=0&seo_cat=54&x23=0&debut=0&seo_cat=54&x23=1&debut=0&seo_cat=54&x23=0&debut=0&seo_cat=54&x24=1&debut=0&seo_cat=54&x23=1&debut=0&seo_cat=54&x24=0&debut=0&seo_cat=54&x23=0&debut=0&seo_cat=54&x24=1&debut=0&seo_cat=54&x23=1&debut=0&seo_cat=54&x24=0&debut=0 HTTP/1.1" 200 55825 "-" "Mozilla/5.0 (compatible; SERankingBacklinksBot/1.0; +https://seranking.com/backlinks-crawler)"
144.76.19.75 - - [19/Aug/2026:02:19:19 +0200] "GET /category.php?seo=54-les-3x450-m&seo_cat=54&x24=1&debut=0&seo_cat=54&x23=1&debut=0&seo_cat=54&x23=0&debut=0&seo_cat=54&x23=1&debut=0&seo_cat=54&x23=0&debut=0&seo_cat=54&x23=1&debut=0&seo_cat=54&x24=0&debut=0&seo_cat=54&x23=0&debut=0&seo_cat=54&x24=1&debut=0&seo_cat=54&x23=1&debut=0&seo_cat=54&x24=0&debut=0&seo_cat=54&x24=1&debut=0&seo_cat=54&x23=0&debut=0 HTTP/1.1" 200 55790 "-" "Mozilla/5.0 (compatible; SERankingBacklinksBot/1.0; +https://seranking.com/backlinks-crawler)"
185.191.171.17 - - [19/Aug/2026:02:19:19 +0200] "GET /new-products.php?a=10&a=10&a=10&a=10&a=10&b=1&b=1&b=1&b=1&b=1&debut=0&debut=0&debut=0&debut=0&debut=0&debut=0&debut=0&debut=0&debut=0&debut=0&debut=0&debut=10&m=11&seo_cat&seo_cat&seo_cat&seo_cat&seo_cat&seo_cat&seo_cat&x21=1&x22=1&x23=0&x23=0&x23=1&x24=0&x24=1&y=2022 HTTP/1.1" 200 58237 "-" "Mozilla/5.0 (compatible; SemrushBot/7~bl; +http://www.semrush.com/bot.html)"
144.76.19.75 - - [19/Aug/2026:02:19:22 +0200] "GET /category.php?seo=54-les-3x450-m&seo_cat=54&x23=1&debut=0&seo_cat=54&x23=0&debut=0&seo_cat=54&x23=1&debut=0&seo_cat=54&x23=0&debut=0&seo_cat=54&x23=1&debut=0&seo_cat=54&x23=0&debut=0&seo_cat=54&x24=1&debut=0&seo_cat=54&x23=1&debut=0&seo_cat=54&x24=0&debut=0&seo_cat=54&x23=0&debut=0&seo_cat=54&x24=1&debut=0&seo_cat=54&x24=0&debut=0&seo_cat=54&x23=1&debut=0 HTTP/1.1" 200 55793 "-" "Mozilla/5.0 (compatible; SERankingBacklinksBot/1.0; +https://seranking.com/backlinks-crawler)"
85.208.96.195 - - [19/Aug/2026:02:19:22 +0200] "GET /new-products.php?a=10&b=1&debut=0&debut=0&debut=0&debut=0&debut=0&debut=0&debut=0&debut=0&debut=0&debut=0&debut=10&m=02&seo_cat&seo_cat&seo_cat&seo_cat&seo_cat&seo_cat&seo_cat&seo_cat&seo_cat&seo_cat&x21=0&x21=1&x22=1&x23=1&x24=1&x2=0&x2=0&x2=0&x2=0&x2=1&y=2019 HTTP/1.1" 200 58174 "-" "Mozilla/5.0 (compatible; SemrushBot/7~bl; +http://www.semrush.com/bot.html)"
144.76.19.75 - - [19/Aug/2026:02:19:26 +0200] "GET /category.php?seo=54-les-3x450-m&seo_cat=54&x24=1&debut=0&seo_cat=54&x23=1&debut=0&seo_cat=54&x23=0&debut=0&seo_cat=54&x23=1&debut=0&seo_cat=54&x23=0&debut=0&seo_cat=54&x23=1&debut=0&seo_cat=54&x24=0&debut=0&seo_cat=54&x23=0&debut=0&seo_cat=54&x24=1&debut=0&seo_cat=54&x23=1&debut=0&seo_cat=54&x24=0&debut=0&seo_cat=54&x24=1&debut=0&seo_cat=54&x24=0&debut=0 HTTP/1.1" 200 55789 "-" "Mozilla/5.0 (compatible; SERankingBacklinksBot/1.0; +https://seranking.com/backlinks-crawler)"
144.76.19.75 - - [19/Aug/2026:02:19:29 +0200] "GET /category.php?seo=54-les-3x450-m&seo_cat=54&x23=1&debut=0&seo_cat=54&x23=0&debut=0&seo_cat=54&x23=1&debut=0&seo_cat=54&x23=0&debut=0&seo_cat=54&x23=1&debut=0&seo_cat=54&x23=0&debut=0&seo_cat=54&x24=1&debut=0&seo_cat=54&x23=1&debut=0&seo_cat=54&x24=0&debut=0&seo_cat=54&x23=0&debut=0&seo_cat=54&x24=1&debut=0&seo_cat=54&x24=0&debut=0&seo_cat=54&x24=1&debut=0 HTTP/1.1" 200 55794 "-" "Mozilla/5.0 (compatible; SERankingBacklinksBot/1.0; +https://seranking.com/backlinks-crawler)"
144.76.19.75 - - [19/Aug/2026:02:19:32 +0200] "GET /category.php?seo=54-les-3x450-m&seo_cat=54&x24=1&debut=0&seo_cat=54&x23=1&debut=0&seo_cat=54&x23=0&debut=0&seo_cat=54&x23=1&debut=0&seo_cat=54&x23=0&debut=0&seo_cat=54&x23=1&debut=0&seo_cat=54&x24=0&debut=0&seo_cat=54&x23=0&debut=0&seo_cat=54&x24=1&debut=0&seo_cat=54&x24=0&debut=0&seo_cat=54&x23=1&debut=0&seo_cat=54&x23=0&debut=0&seo_cat=54&x23=1&debut=0 HTTP/1.1" 200 55789 "-" "Mozilla/5.0 (compatible; SERankingBacklinksBot/1.0; +https://seranking.com/backlinks-crawler)"
185.191.171.18 - - [19/Aug/2026:02:19:35 +0200] "GET /new-products.php?a=10&b=1&debut=0&debut=0&debut=0&debut=0&debut=0&debut=0&debut=0&debut=0&debut=10&seo_cat&seo_cat&seo_cat&seo_cat&seo_cat&seo_cat&seo_cat&seo_cat&x21=0&x21=1&x22=1&x23=0&x23=1&x24=0&x24=0&x24=1 HTTP/1.1" 200 57820 "-" "Mozilla/5.0 (compatible; SemrushBot/7~bl; +http://www.semrush.com/bot.html)"
144.76.19.75 - - [19/Aug/2026:02:19:36 +0200] "GET /category.php?seo=54-les-3x450-m&seo_cat=54&x23=1&debut=0&seo_cat=54&x23=0&debut=0&seo_cat=54&x23=1&debut=0&seo_cat=54&x23=0&debut=0&seo_cat=54&x23=1&debut=0&seo_cat=54&x23=0&debut=0&seo_cat=54&x24=1&debut=0&seo_cat=54&x23=1&debut=0&seo_cat=54&x24=0&debut=0&seo_cat=54&x24=1&debut=0&seo_cat=54&x23=0&debut=0&seo_cat=54&x23=1&debut=0&seo_cat=54&x23=0&debut=0 HTTP/1.1" 200 55894 "-" "Mozilla/5.0 (compatible; SERankingBacklinksBot/1.0; +https://seranking.com/backlinks-crawler)"
185.191.171.14 - - [19/Aug/2026:02:19:37 +0200] "GET /new-products.php?a=10&a=10&a=10&a=10&a=10&a=10&b=1&b=1&b=1&b=1&b=1&b=1&debut=0&debut=0&debut=0&debut=0&debut=0&debut=0&debut=0&debut=0&debut=0&debut=0&debut=0&debut=10&m=10&seo_cat&seo_cat&seo_cat&seo_cat&seo_cat&seo_cat&x22=0&x22=0&x22=1&x24=0&x24=1&x2=1&y=2019 HTTP/1.1" 200 51397 "-" "Mozilla/5.0 (compatible; SemrushBot/7~bl; +http://www.semrush.com/bot.html)"
144.76.19.75 - - [19/Aug/2026:02:19:39 +0200] "GET /category.php?seo=54-les-3x450-m&seo_cat=54&x24=1&debut=0&seo_cat=54&x23=1&debut=0&seo_cat=54&x23=0&debut=0&seo_cat=54&x23=1&debut=0&seo_cat=54&x23=0&debut=0&seo_cat=54&x23=1&debut=0&seo_cat=54&x24=0&debut=0&seo_cat=54&x23=0&debut=0&seo_cat=54&x24=1&debut=0&seo_cat=54&x24=0&debut=0&seo_cat=54&x23=1&debut=0&seo_cat=54&x23=0&debut=0&seo_cat=54&x24=1&debut=0 HTTP/1.1" 200 55794 "-" "Mozilla/5.0 (compatible; SERankingBacklinksBot/1.0; +https://seranking.com/backlinks-crawler)"
144.76.19.75 - - [19/Aug/2026:02:19:42 +0200] "GET /category.php?seo=54-les-3x450-m&seo_cat=54&x23=1&debut=0&seo_cat=54&x23=0&debut=0&seo_cat=54&x23=1&debut=0&seo_cat=54&x23=0&debut=0&seo_cat=54&x23=1&debut=0&seo_cat=54&x23=0&debut=0&seo_cat=54&x24=1&debut=0&seo_cat=54&x23=1&debut=0&seo_cat=54&x24=0&debut=0&seo_cat=54&x24=1&debut=0&seo_cat=54&x23=0&debut=0&seo_cat=54&x23=1&debut=0&seo_cat=54&x24=0&debut=0 HTTP/1.1" 200 55825 "-" "Mozilla/5.0 (compatible; SERankingBacklinksBot/1.0; +https://seranking.com/backlinks-crawler)"
144.76.19.75 - - [19/Aug/2026:02:19:46 +0200] "GET /category.php?seo=54-les-3x450-m&seo_cat=54&x24=1&debut=0&seo_cat=54&x23=1&debut=0&seo_cat=54&x23=0&debut=0&seo_cat=54&x23=1&debut=0&seo_cat=54&x23=0&debut=0&seo_cat=54&x23=1&debut=0&seo_cat=54&x24=0&debut=0&seo_cat=54&x23=0&debut=0&seo_cat=54&x24=1&debut=0&seo_cat=54&x24=0&debut=0&seo_cat=54&x23=1&debut=0&seo_cat=54&x24=1&debut=0&seo_cat=54&x23=0&debut=0 HTTP/1.1" 200 55790 "-" "Mozilla/5.0 (compatible; SERankingBacklinksBot/1.0; +https://seranking.com/backlinks-crawler)"
185.191.171.7 - - [19/Aug/2026:02:19:48 +0200] "GET /marques.php?debut=0&debut=0&debut=0&debut=0&debut=0&debut=0&debut=0&debut=0&debut=0&seo=24-haut-de-gamme&seo_marq=24&seo_marq=24&seo_marq=24&seo_marq=24&seo_marq=24&seo_marq=24&seo_marq=24&seo_marq=24&seo_marq=24&t49=0&t49=1&t51=1&t53=0&t53=0&t53=1&t54=0&t54=1&t55=1 HTTP/1.1" 200 75341 "-" "Mozilla/5.0 (compatible; SemrushBot/7~bl; +http://www.semrush.com/bot.html)"
185.191.171.7 - - [19/Aug/2026:02:19:48 +0200] "GET /marques.php?debut=0&debut=0&debut=0&debut=0&debut=0&debut=0&debut=0&debut=0&debut=0&seo=24-haut-de-gamme&seo_marq=24&seo_marq=24&seo_marq=24&seo_marq=24&seo_marq=24&seo_marq=24&seo_marq=24&seo_marq=24&seo_marq=24&t49=0&t49=1&t51=1&t53=0&t53=0&t53=1&t54=0&t54=1&t55=1 HTTP/1.1" 200 75345 "-" "Mozilla/5.0 (compatible; SemrushBot/7~bl; +http://www.semrush.com/bot.html)"
144.76.19.75 - - [19/Aug/2026:02:19:49 +0200] "GET /category.php?seo=54-les-3x450-m&seo_cat=54&x23=1&debut=0&seo_cat=54&x23=0&debut=0&seo_cat=54&x23=1&debut=0&seo_cat=54&x23=0&debut=0&seo_cat=54&x23=1&debut=0&seo_cat=54&x23=0&debut=0&seo_cat=54&x24=1&debut=0&seo_cat=54&x23=1&debut=0&seo_cat=54&x24=0&debut=0&seo_cat=54&x24=1&debut=0&seo_cat=54&x23=0&debut=0&seo_cat=54&x24=0&debut=0&seo_cat=54&x23=1&debut=0 HTTP/1.1" 200 55793 "-" "Mozilla/5.0 (compatible; SERankingBacklinksBot/1.0; +https://seranking.com/backlinks-crawler)"
144.76.19.75 - - [19/Aug/2026:02:19:52 +0200] "GET /category.php?seo=54-les-3x450-m&seo_cat=54&x24=1&debut=0&seo_cat=54&x23=1&debut=0&seo_cat=54&x23=0&debut=0&seo_cat=54&x23=1&debut=0&seo_cat=54&x23=0&debut=0&seo_cat=54&x23=1&debut=0&seo_cat=54&x24=0&debut=0&seo_cat=54&x23=0&debut=0&seo_cat=54&x24=1&debut=0&seo_cat=54&x24=0&debut=0&seo_cat=54&x23=1&debut=0&seo_cat=54&x24=1&debut=0&seo_cat=54&x24=0&debut=0 HTTP/1.1" 200 55883 "-" "Mozilla/5.0 (compatible; SERankingBacklinksBot/1.0; +https://seranking.com/backlinks-crawler)"
144.76.19.75 - - [19/Aug/2026:02:19:56 +0200] "GET /category.php?seo=54-les-3x450-m&seo_cat=54&x23=1&debut=0&seo_cat=54&x23=0&debut=0&seo_cat=54&x23=1&debut=0&seo_cat=54&x23=0&debut=0&seo_cat=54&x23=1&debut=0&seo_cat=54&x23=0&debut=0&seo_cat=54&x24=1&debut=0&seo_cat=54&x23=1&debut=0&seo_cat=54&x24=0&debut=0&seo_cat=54&x24=1&debut=0&seo_cat=54&x23=0&debut=0&seo_cat=54&x24=0&debut=0&seo_cat=54&x24=1&debut=0 HTTP/1.1" 200 55790 "-" "Mozilla/5.0 (compatible; SERankingBacklinksBot/1.0; +https://seranking.com/backlinks-crawler)"
85.208.96.209 - - [19/Aug/2026:02:19:57 +0200] "GET /marques.php?debut=0&debut=0&debut=0&debut=0&debut=0&debut=0&debut=0&debut=0&debut=0&debut=0&debut=0&seo=24-haut-de-gamme&seo_marq=24&seo_marq=24&seo_marq=24&seo_marq=24&seo_marq=24&seo_marq=24&seo_marq=24&seo_marq=24&seo_marq=24&seo_marq=24&seo_marq=24&t2=0&t2=1&t4=0&t4=0&t4=1&t51=0&t51=1&t53=0&t53=1&t54=1&t55=1 HTTP/1.1" 200 80101 "-" "Mozilla/5.0 (compatible; SemrushBot/7~bl; +http://www.semrush.com/bot.html)"
85.208.96.209 - - [19/Aug/2026:02:19:57 +0200] "GET /marques.php?debut=0&debut=0&debut=0&debut=0&debut=0&debut=0&debut=0&debut=0&debut=0&debut=0&debut=0&seo=24-haut-de-gamme&seo_marq=24&seo_marq=24&seo_marq=24&seo_marq=24&seo_marq=24&seo_marq=24&seo_marq=24&seo_marq=24&seo_marq=24&seo_marq=24&seo_marq=24&t2=0&t2=1&t4=0&t4=0&t4=1&t51=0&t51=1&t53=0&t53=1&t54=1&t55=1 HTTP/1.1" 200 80101 "-" "Mozilla/5.0 (compatible; SemrushBot/7~bl; +http://www.semrush.com/bot.html)"
144.76.19.75 - - [19/Aug/2026:02:19:59 +0200] "GET /category.php?seo=54-les-3x450-m&seo_cat=54&x24=1&debut=0&seo_cat=54&x23=1&debut=0&seo_cat=54&x23=0&debut=0&seo_cat=54&x23=1&debut=0&seo_cat=54&x23=0&debut=0&seo_cat=54&x23=1&debut=0&seo_cat=54&x24=0&debut=0&seo_cat=54&x23=0&debut=0&seo_cat=54&x24=1&debut=0&seo_cat=54&x24=0&debut=0&seo_cat=54&x24=1&debut=0&seo_cat=54&x23=1&debut=0&seo_cat=54&x23=0&debut=0 HTTP/1.1" 200 55794 "-" "Mozilla/5.0 (compatible; SERankingBacklinksBot/1.0; +https://seranking.com/backlinks-crawler)"
144.76.19.75 - - [19/Aug/2026:02:20:02 +0200] "GET /category.php?seo=54-les-3x450-m&seo_cat=54&x23=1&debut=0&seo_cat=54&x23=0&debut=0&seo_cat=54&x23=1&debut=0&seo_cat=54&x23=0&debut=0&seo_cat=54&x23=1&debut=0&seo_cat=54&x23=0&debut=0&seo_cat=54&x24=1&debut=0&seo_cat=54&x23=1&debut=0&seo_cat=54&x24=0&debut=0&seo_cat=54&x24=1&debut=0&seo_cat=54&x24=0&debut=0&seo_cat=54&x23=0&debut=0&seo_cat=54&x23=1&debut=0 HTTP/1.1" 200 55793 "-" "Mozilla/5.0 (compatible; SERankingBacklinksBot/1.0; +https://seranking.com/backlinks-crawler)"
144.76.19.75 - - [19/Aug/2026:02:20:06 +0200] "GET /category.php?seo=54-les-3x450-m&seo_cat=54&x24=1&debut=0&seo_cat=54&x23=1&debut=0&seo_cat=54&x23=0&debut=0&seo_cat=54&x23=1&debut=0&seo_cat=54&x23=0&debut=0&seo_cat=54&x23=1&debut=0&seo_cat=54&x24=0&debut=0&seo_cat=54&x23=0&debut=0&seo_cat=54&x24=1&debut=0&seo_cat=54&x24=0&debut=0&seo_cat=54&x24=1&debut=0&seo_cat=54&x23=1&debut=0&seo_cat=54&x24=0&debut=0 HTTP/1.1" 200 55825 "-" "Mozilla/5.0 (compatible; SERankingBacklinksBot/1.0; +https://seranking.com/backlinks-crawler)"
144.76.19.75 - - [19/Aug/2026:02:20:09 +0200] "GET /category.php?seo=54-les-3x450-m&seo_cat=54&x23=1&debut=0&seo_cat=54&x23=0&debut=0&seo_cat=54&x23=1&debut=0&seo_cat=54&x23=0&debut=0&seo_cat=54&x23=1&debut=0&seo_cat=54&x23=0&debut=0&seo_cat=54&x24=1&debut=0&seo_cat=54&x23=1&debut=0&seo_cat=54&x24=0&debut=0&seo_cat=54&x24=1&debut=0&seo_cat=54&x24=0&debut=0&seo_cat=54&x23=0&debut=0&seo_cat=54&x24=1&debut=0 HTTP/1.1" 200 55762 "-" "Mozilla/5.0 (compatible; SERankingBacklinksBot/1.0; +https://seranking.com/backlinks-crawler)"
144.76.19.75 - - [19/Aug/2026:02:20:12 +0200] "GET /category.php?seo=54-les-3x450-m&seo_cat=54&x24=1&debut=0&seo_cat=54&x23=1&debut=0&seo_cat=54&x23=0&debut=0&seo_cat=54&x23=1&debut=0&seo_cat=54&x23=0&debut=0&seo_cat=54&x23=1&debut=0&seo_cat=54&x24=0&debut=0&seo_cat=54&x23=0&debut=0&seo_cat=54&x24=1&debut=0&seo_cat=54&x24=0&debut=0&seo_cat=54&x24=1&debut=0&seo_cat=54&x24=0&debut=0&seo_cat=54&x23=1&debut=0 HTTP/1.1" 200 55789 "-" "Mozilla/5.0 (compatible; SERankingBacklinksBot/1.0; +https://seranking.com/backlinks-crawler)"
144.76.19.75 - - [19/Aug/2026:02:20:16 +0200] "GET /category.php?seo=54-les-3x450-m&seo_cat=54&x23=1&debut=0&seo_cat=54&x23=0&debut=0&seo_cat=54&x23=1&debut=0&seo_cat=54&x23=0&debut=0&seo_cat=54&x23=1&debut=0&seo_cat=54&x23=0&debut=0&seo_cat=54&x24=1&debut=0&seo_cat=54&x23=1&debut=0&seo_cat=54&x24=0&debut=0&seo_cat=54&x24=1&debut=0&seo_cat=54&x24=0&debut=0&seo_cat=54&x24=1&debut=0&seo_cat=54&x23=0&debut=0 HTTP/1.1" 200 55884 "-" "Mozilla/5.0 (compatible; SERankingBacklinksBot/1.0; +https://seranking.com/backlinks-crawler)"
144.76.19.75 - - [19/Aug/2026:02:20:19 +0200] "GET /category.php?seo=54-les-3x450-m&seo_cat=54&x24=1&debut=0&seo_cat=54&x23=1&debut=0&seo_cat=54&x23=0&debut=0&seo_cat=54&x23=1&debut=0&seo_cat=54&x23=0&debut=0&seo_cat=54&x23=1&debut=0&seo_cat=54&x24=0&debut=0&seo_cat=54&x23=0&debut=0&seo_cat=54&x24=1&debut=0&seo_cat=54&x24=0&debut=0&seo_cat=54&x24=1&debut=0&seo_cat=54&x24=0&debut=0&seo_cat=54&x24=1&debut=0 HTTP/1.1" 200 55884 "-" "Mozilla/5.0 (compatible; SERankingBacklinksBot/1.0; +https://seranking.com/backlinks-crawler)"
144.76.19.75 - - [19/Aug/2026:02:20:22 +0200] "GET /category.php?seo=54-les-3x450-m&seo_cat=54&x23=1&debut=0&seo_cat=54&x23=0&debut=0&seo_cat=54&x23=1&debut=0&seo_cat=54&x23=0&debut=0&seo_cat=54&x23=1&debut=0&seo_cat=54&x23=0&debut=0&seo_cat=54&x24=1&debut=0&seo_cat=54&x23=1&debut=0&seo_cat=54&x24=0&debut=0&seo_cat=54&x24=1&debut=0&seo_cat=54&x24=0&debut=0&seo_cat=54&x24=1&debut=0&seo_cat=54&x24=0&debut=0 HTTP/1.1" 200 55883 "-" "Mozilla/5.0 (compatible; SERankingBacklinksBot/1.0; +https://seranking.com/backlinks-crawler)"
144.76.19.75 - - [19/Aug/2026:02:20:26 +0200] "GET /category.php?seo=54-les-3x450-m&seo_cat=54&x24=1&debut=0&seo_cat=54&x23=1&debut=0&seo_cat=54&x23=0&debut=0&seo_cat=54&x23=1&debut=0&seo_cat=54&x23=0&debut=0&seo_cat=54&x23=1&debut=0&seo_cat=54&x24=0&debut=0&seo_cat=54&x24=1&debut=0&seo_cat=54&x23=0&debut=0&seo_cat=54&x23=1&debut=0&seo_cat=54&x23=0&debut=0&seo_cat=54&x23=1&debut=0&seo_cat=54&x23=0&debut=0 HTTP/1.1" 200 55884 "-" "Mozilla/5.0 (compatible; SERankingBacklinksBot/1.0; +https://seranking.com/backlinks-crawler)"
185.191.171.8 - - [19/Aug/2026:02:20:28 +0200] "GET /new-products.php?debut=0&debut=0&debut=0&debut=0&debut=0&debut=0&debut=0&debut=0&debut=0&debut=0&debut=0&debut=0&m=11&seo_cat&seo_cat&seo_cat&seo_cat&seo_cat&seo_cat&seo_cat&seo_cat&seo_cat&seo_cat&seo_cat&seo_cat&x21=0&x21=0&x21=1&x22=0&x22=0&x22=0&x22=1&x23=0&x23=1&x24=0&x24=0&x24=1&y=2019 HTTP/1.1" 200 96716 "-" "Mozilla/5.0 (compatible; SemrushBot/7~bl; +http://www.semrush.com/bot.html)"
144.76.19.75 - - [19/Aug/2026:02:20:29 +0200] "GET /category.php?seo=54-les-3x450-m&seo_cat=54&x23=1&debut=0&seo_cat=54&x23=0&debut=0&seo_cat=54&x23=1&debut=0&seo_cat=54&x23=0&debut=0&seo_cat=54&x23=1&debut=0&seo_cat=54&x23=0&debut=0&seo_cat=54&x24=1&debut=0&seo_cat=54&x24=0&debut=0&seo_cat=54&x23=1&debut=0&seo_cat=54&x23=0&debut=0&seo_cat=54&x23=1&debut=0&seo_cat=54&x23=0&debut=0&seo_cat=54&x23=1&debut=0 HTTP/1.1" 200 55893 "-" "Mozilla/5.0 (compatible; SERankingBacklinksBot/1.0; +https://seranking.com/backlinks-crawler)"
185.191.171.5 - - [19/Aug/2026:02:20:30 +0200] "GET /new-products.php?a=10&a=10&a=10&a=10&a=10&b=1&b=1&b=1&b=1&b=1&debut=0&debut=0&debut=0&debut=0&debut=0&debut=0&debut=0&debut=0&debut=0&debut=0&debut=10&histo_track=1&m=03&seo_cat&seo_cat&seo_cat&seo_cat&seo_cat&seo_cat&x21=1&x22=1&x23=0&x23=1&x24=0&x24=1&y=2022 HTTP/1.1" 200 58042 "-" "Mozilla/5.0 (compatible; SemrushBot/7~bl; +http://www.semrush.com/bot.html)"
144.76.19.75 - - [19/Aug/2026:02:20:32 +0200] "GET /category.php?seo=54-les-3x450-m&seo_cat=54&x24=1&debut=0&seo_cat=54&x23=1&debut=0&seo_cat=54&x23=0&debut=0&seo_cat=54&x23=1&debut=0&seo_cat=54&x23=0&debut=0&seo_cat=54&x23=1&debut=0&seo_cat=54&x24=0&debut=0&seo_cat=54&x24=1&debut=0&seo_cat=54&x23=0&debut=0&seo_cat=54&x23=1&debut=0&seo_cat=54&x23=0&debut=0&seo_cat=54&x23=1&debut=0&seo_cat=54&x24=0&debut=0 HTTP/1.1" 200 55789 "-" "Mozilla/5.0 (compatible; SERankingBacklinksBot/1.0; +https://seranking.com/backlinks-crawler)"
85.208.96.195 - - [19/Aug/2026:02:20:35 +0200] "GET /marques.php?debut=0&debut=0&debut=0&debut=0&debut=0&debut=0&debut=0&debut=0&debut=0&debut=0&seo=24-haut-de-gamme&seo_marq=24&seo_marq=24&seo_marq=24&seo_marq=24&seo_marq=24&seo_marq=24&seo_marq=24&seo_marq=24&seo_marq=24&seo_marq=24&t3=0&t3=0&t3=0&t3=0&t3=1&t48=0&t48=1&t51=1&t53=0&t53=1 HTTP/1.1" 200 71357 "-" "Mozilla/5.0 (compatible; SemrushBot/7~bl; +http://www.semrush.com/bot.html)"
144.76.19.75 - - [19/Aug/2026:02:20:35 +0200] "GET /category.php?seo=54-les-3x450-m&seo_cat=54&x23=1&debut=0&seo_cat=54&x23=0&debut=0&seo_cat=54&x23=1&debut=0&seo_cat=54&x23=0&debut=0&seo_cat=54&x23=1&debut=0&seo_cat=54&x23=0&debut=0&seo_cat=54&x24=1&debut=0&seo_cat=54&x24=0&debut=0&seo_cat=54&x23=1&debut=0&seo_cat=54&x23=0&debut=0&seo_cat=54&x23=1&debut=0&seo_cat=54&x23=0&debut=0&seo_cat=54&x24=1&debut=0 HTTP/1.1" 200 55884 "-" "Mozilla/5.0 (compatible; SERankingBacklinksBot/1.0; +https://seranking.com/backlinks-crawler)"
85.208.96.212 - - [19/Aug/2026:02:20:38 +0200] "GET /new-products.php?a=10&b=1&debut=0&debut=0&debut=0&debut=0&debut=0&debut=0&debut=0&debut=0&debut=0&debut=0&debut=10&m=12&seo_cat&seo_cat&seo_cat&seo_cat&seo_cat&seo_cat&seo_cat&seo_cat&seo_cat&seo_cat&x21=1&x23=0&x23=0&x23=0&x23=1&x24=0&x24=0&x24=0&x24=1&x2=1&y=2021 HTTP/1.1" 200 51430 "-" "Mozilla/5.0 (compatible; SemrushBot/7~bl; +http://www.semrush.com/bot.html)"
144.76.19.75 - - [19/Aug/2026:02:20:39 +0200] "GET /category.php?seo=54-les-3x450-m&seo_cat=54&x24=1&debut=0&seo_cat=54&x23=1&debut=0&seo_cat=54&x23=0&debut=0&seo_cat=54&x23=1&debut=0&seo_cat=54&x23=0&debut=0&seo_cat=54&x23=1&debut=0&seo_cat=54&x24=0&debut=0&seo_cat=54&x24=1&debut=0&seo_cat=54&x23=0&debut=0&seo_cat=54&x23=1&debut=0&seo_cat=54&x23=0&debut=0&seo_cat=54&x24=0&debut=0&seo_cat=54&x23=1&debut=0 HTTP/1.1" 200 55789 "-" "Mozilla/5.0 (compatible; SERankingBacklinksBot/1.0; +https://seranking.com/backlinks-crawler)"
144.76.19.75 - - [19/Aug/2026:02:20:42 +0200] "GET /category.php?seo=54-les-3x450-m&seo_cat=54&x23=1&debut=0&seo_cat=54&x23=0&debut=0&seo_cat=54&x23=1&debut=0&seo_cat=54&x23=0&debut=0&seo_cat=54&x23=1&debut=0&seo_cat=54&x23=0&debut=0&seo_cat=54&x24=1&debut=0&seo_cat=54&x24=0&debut=0&seo_cat=54&x23=1&debut=0&seo_cat=54&x23=0&debut=0&seo_cat=54&x23=1&debut=0&seo_cat=54&x24=1&debut=0&seo_cat=54&x23=0&debut=0 HTTP/1.1" 200 55794 "-" "Mozilla/5.0 (compatible; SERankingBacklinksBot/1.0; +https://seranking.com/backlinks-crawler)"
144.76.19.75 - - [19/Aug/2026:02:20:45 +0200] "GET /category.php?seo=54-les-3x450-m&seo_cat=54&x24=1&debut=0&seo_cat=54&x23=1&debut=0&seo_cat=54&x23=0&debut=0&seo_cat=54&x23=1&debut=0&seo_cat=54&x23=0&debut=0&seo_cat=54&x23=1&debut=0&seo_cat=54&x24=0&debut=0&seo_cat=54&x24=1&debut=0&seo_cat=54&x23=0&debut=0&seo_cat=54&x23=1&debut=0&seo_cat=54&x23=0&debut=0&seo_cat=54&x24=0&debut=0&seo_cat=54&x24=1&debut=0 HTTP/1.1" 200 55762 "-" "Mozilla/5.0 (compatible; SERankingBacklinksBot/1.0; +https://seranking.com/backlinks-crawler)"
144.76.19.75 - - [19/Aug/2026:02:20:49 +0200] "GET /category.php?seo=54-les-3x450-m&seo_cat=54&x23=1&debut=0&seo_cat=54&x23=0&debut=0&seo_cat=54&x23=1&debut=0&seo_cat=54&x23=0&debut=0&seo_cat=54&x23=1&debut=0&seo_cat=54&x23=0&debut=0&seo_cat=54&x24=1&debut=0&seo_cat=54&x24=0&debut=0&seo_cat=54&x23=1&debut=0&seo_cat=54&x23=0&debut=0&seo_cat=54&x23=1&debut=0&seo_cat=54&x24=1&debut=0&seo_cat=54&x24=0&debut=0 HTTP/1.1" 200 55825 "-" "Mozilla/5.0 (compatible; SERankingBacklinksBot/1.0; +https://seranking.com/backlinks-crawler)"
144.76.19.75 - - [19/Aug/2026:02:20:52 +0200] "GET /category.php?seo=54-les-3x450-m&seo_cat=54&x24=1&debut=0&seo_cat=54&x23=1&debut=0&seo_cat=54&x23=0&debut=0&seo_cat=54&x23=1&debut=0&seo_cat=54&x23=0&debut=0&seo_cat=54&x23=1&debut=0&seo_cat=54&x24=0&debut=0&seo_cat=54&x24=1&debut=0&seo_cat=54&x23=0&debut=0&seo_cat=54&x23=1&debut=0&seo_cat=54&x24=0&debut=0&seo_cat=54&x23=0&debut=0&seo_cat=54&x23=1&debut=0 HTTP/1.1" 200 55793 "-" "Mozilla/5.0 (compatible; SERankingBacklinksBot/1.0; +https://seranking.com/backlinks-crawler)"
144.76.19.75 - - [19/Aug/2026:02:20:55 +0200] "GET /category.php?seo=54-les-3x450-m&seo_cat=54&x23=1&debut=0&seo_cat=54&x23=0&debut=0&seo_cat=54&x23=1&debut=0&seo_cat=54&x23=0&debut=0&seo_cat=54&x23=1&debut=0&seo_cat=54&x23=0&debut=0&seo_cat=54&x24=1&debut=0&seo_cat=54&x24=0&debut=0&seo_cat=54&x23=1&debut=0&seo_cat=54&x23=0&debut=0&seo_cat=54&x24=1&debut=0&seo_cat=54&x23=1&debut=0&seo_cat=54&x23=0&debut=0 HTTP/1.1" 200 55762 "-" "Mozilla/5.0 (compatible; SERankingBacklinksBot/1.0; +https://seranking.com/backlinks-crawler)"
144.76.19.75 - - [19/Aug/2026:02:20:58 +0200] "GET /category.php?seo=54-les-3x450-m&seo_cat=54&x24=1&debut=0&seo_cat=54&x23=1&debut=0&seo_cat=54&x23=0&debut=0&seo_cat=54&x23=1&debut=0&seo_cat=54&x23=0&debut=0&seo_cat=54&x23=1&debut=0&seo_cat=54&x24=0&debut=0&seo_cat=54&x24=1&debut=0&seo_cat=54&x23=0&debut=0&seo_cat=54&x23=1&debut=0&seo_cat=54&x24=0&debut=0&seo_cat=54&x23=0&debut=0&seo_cat=54&x24=1&debut=0 HTTP/1.1" 200 55884 "-" "Mozilla/5.0 (compatible; SERankingBacklinksBot/1.0; +https://seranking.com/backlinks-crawler)"
144.76.19.75 - - [19/Aug/2026:02:21:02 +0200] "GET /category.php?seo=54-les-3x450-m&seo_cat=54&x23=1&debut=0&seo_cat=54&x23=0&debut=0&seo_cat=54&x23=1&debut=0&seo_cat=54&x23=0&debut=0&seo_cat=54&x23=1&debut=0&seo_cat=54&x23=0&debut=0&seo_cat=54&x24=1&debut=0&seo_cat=54&x24=0&debut=0&seo_cat=54&x23=1&debut=0&seo_cat=54&x23=0&debut=0&seo_cat=54&x24=1&debut=0&seo_cat=54&x23=1&debut=0&seo_cat=54&x24=0&debut=0 HTTP/1.1" 200 55793 "-" "Mozilla/5.0 (compatible; SERankingBacklinksBot/1.0; +https://seranking.com/backlinks-crawler)"
144.76.19.75 - - [19/Aug/2026:02:21:05 +0200] "GET /category.php?seo=54-les-3x450-m&seo_cat=54&x24=1&debut=0&seo_cat=54&x23=1&debut=0&seo_cat=54&x23=0&debut=0&seo_cat=54&x23=1&debut=0&seo_cat=54&x23=0&debut=0&seo_cat=54&x23=1&debut=0&seo_cat=54&x24=0&debut=0&seo_cat=54&x24=1&debut=0&seo_cat=54&x23=0&debut=0&seo_cat=54&x23=1&debut=0&seo_cat=54&x24=0&debut=0&seo_cat=54&x24=1&debut=0&seo_cat=54&x23=0&debut=0 HTTP/1.1" 200 55762 "-" "Mozilla/5.0 (compatible; SERankingBacklinksBot/1.0; +https://seranking.com/backlinks-crawler)"
144.76.19.75 - - [19/Aug/2026:02:21:08 +0200] "GET /category.php?seo=54-les-3x450-m&seo_cat=54&x23=1&debut=0&seo_cat=54&x23=0&debut=0&seo_cat=54&x23=1&debut=0&seo_cat=54&x23=0&debut=0&seo_cat=54&x23=1&debut=0&seo_cat=54&x23=0&debut=0&seo_cat=54&x24=1&debut=0&seo_cat=54&x24=0&debut=0&seo_cat=54&x23=1&debut=0&seo_cat=54&x23=0&debut=0&seo_cat=54&x24=1&debut=0&seo_cat=54&x24=0&debut=0&seo_cat=54&x23=1&debut=0 HTTP/1.1" 200 55893 "-" "Mozilla/5.0 (compatible; SERankingBacklinksBot/1.0; +https://seranking.com/backlinks-crawler)"
144.76.19.75 - - [19/Aug/2026:02:21:12 +0200] "GET /category.php?seo=54-les-3x450-m&seo_cat=54&x24=1&debut=0&seo_cat=54&x23=1&debut=0&seo_cat=54&x23=0&debut=0&seo_cat=54&x23=1&debut=0&seo_cat=54&x23=0&debut=0&seo_cat=54&x23=1&debut=0&seo_cat=54&x24=0&debut=0&seo_cat=54&x24=1&debut=0&seo_cat=54&x23=0&debut=0&seo_cat=54&x23=1&debut=0&seo_cat=54&x24=0&debut=0&seo_cat=54&x24=1&debut=0&seo_cat=54&x24=0&debut=0 HTTP/1.1" 200 55883 "-" "Mozilla/5.0 (compatible; SERankingBacklinksBot/1.0; +https://seranking.com/backlinks-crawler)"
144.76.19.75 - - [19/Aug/2026:02:21:15 +0200] "GET /category.php?seo=54-les-3x450-m&seo_cat=54&x23=1&debut=0&seo_cat=54&x23=0&debut=0&seo_cat=54&x23=1&debut=0&seo_cat=54&x23=0&debut=0&seo_cat=54&x23=1&debut=0&seo_cat=54&x23=0&debut=0&seo_cat=54&x24=1&debut=0&seo_cat=54&x24=0&debut=0&seo_cat=54&x23=1&debut=0&seo_cat=54&x23=0&debut=0&seo_cat=54&x24=1&debut=0&seo_cat=54&x24=0&debut=0&seo_cat=54&x24=1&debut=0 HTTP/1.1" 200 55762 "-" "Mozilla/5.0 (compatible; SERankingBacklinksBot/1.0; +https://seranking.com/backlinks-crawler)"
144.76.19.75 - - [19/Aug/2026:02:21:18 +0200] "GET /category.php?seo=54-les-3x450-m&seo_cat=54&x24=1&debut=0&seo_cat=54&x23=1&debut=0&seo_cat=54&x23=0&debut=0&seo_cat=54&x23=1&debut=0&seo_cat=54&x23=0&debut=0&seo_cat=54&x23=1&debut=0&seo_cat=54&x24=0&debut=0&seo_cat=54&x24=1&debut=0&seo_cat=54&x23=0&debut=0&seo_cat=54&x24=0&debut=0&seo_cat=54&x23=1&debut=0&seo_cat=54&x23=0&debut=0&seo_cat=54&x23=1&debut=0 HTTP/1.1" 200 55893 "-" "Mozilla/5.0 (compatible; SERankingBacklinksBot/1.0; +https://seranking.com/backlinks-crawler)"
144.76.19.75 - - [19/Aug/2026:02:21:22 +0200] "GET /category.php?seo=54-les-3x450-m&seo_cat=54&x23=1&debut=0&seo_cat=54&x23=0&debut=0&seo_cat=54&x23=1&debut=0&seo_cat=54&x23=0&debut=0&seo_cat=54&x23=1&debut=0&seo_cat=54&x23=0&debut=0&seo_cat=54&x24=1&debut=0&seo_cat=54&x24=0&debut=0&seo_cat=54&x23=1&debut=0&seo_cat=54&x24=1&debut=0&seo_cat=54&x23=0&debut=0&seo_cat=54&x23=1&debut=0&seo_cat=54&x23=0&debut=0 HTTP/1.1" 200 55794 "-" "Mozilla/5.0 (compatible; SERankingBacklinksBot/1.0; +https://seranking.com/backlinks-crawler)"
144.76.19.75 - - [19/Aug/2026:02:21:25 +0200] "GET /category.php?seo=54-les-3x450-m&seo_cat=54&x24=1&debut=0&seo_cat=54&x23=1&debut=0&seo_cat=54&x23=0&debut=0&seo_cat=54&x23=1&debut=0&seo_cat=54&x23=0&debut=0&seo_cat=54&x23=1&debut=0&seo_cat=54&x24=0&debut=0&seo_cat=54&x24=1&debut=0&seo_cat=54&x23=0&debut=0&seo_cat=54&x24=0&debut=0&seo_cat=54&x23=1&debut=0&seo_cat=54&x23=0&debut=0&seo_cat=54&x24=1&debut=0 HTTP/1.1" 200 55894 "-" "Mozilla/5.0 (compatible; SERankingBacklinksBot/1.0; +https://seranking.com/backlinks-crawler)"
144.76.19.75 - - [19/Aug/2026:02:21:28 +0200] "GET /category.php?seo=54-les-3x450-m&seo_cat=54&x23=1&debut=0&seo_cat=54&x23=0&debut=0&seo_cat=54&x23=1&debut=0&seo_cat=54&x23=0&debut=0&seo_cat=54&x23=1&debut=0&seo_cat=54&x23=0&debut=0&seo_cat=54&x24=1&debut=0&seo_cat=54&x24=0&debut=0&seo_cat=54&x23=1&debut=0&seo_cat=54&x24=1&debut=0&seo_cat=54&x23=0&debut=0&seo_cat=54&x23=1&debut=0&seo_cat=54&x24=0&debut=0 HTTP/1.1" 200 55789 "-" "Mozilla/5.0 (compatible; SERankingBacklinksBot/1.0; +https://seranking.com/backlinks-crawler)"
144.76.19.75 - - [19/Aug/2026:02:21:31 +0200] "GET /category.php?seo=54-les-3x450-m&seo_cat=54&x24=1&debut=0&seo_cat=54&x23=1&debut=0&seo_cat=54&x23=0&debut=0&seo_cat=54&x23=1&debut=0&seo_cat=54&x23=0&debut=0&seo_cat=54&x23=1&debut=0&seo_cat=54&x24=0&debut=0&seo_cat=54&x24=1&debut=0&seo_cat=54&x23=0&debut=0&seo_cat=54&x24=0&debut=0&seo_cat=54&x23=1&debut=0&seo_cat=54&x24=1&debut=0&seo_cat=54&x23=0&debut=0 HTTP/1.1" 200 55790 "-" "Mozilla/5.0 (compatible; SERankingBacklinksBot/1.0; +https://seranking.com/backlinks-crawler)"
144.76.19.75 - - [19/Aug/2026:02:21:35 +0200] "GET /category.php?seo=54-les-3x450-m&seo_cat=54&x23=1&debut=0&seo_cat=54&x23=0&debut=0&seo_cat=54&x23=1&debut=0&seo_cat=54&x23=0&debut=0&seo_cat=54&x23=1&debut=0&seo_cat=54&x23=0&debut=0&seo_cat=54&x24=1&debut=0&seo_cat=54&x24=0&debut=0&seo_cat=54&x23=1&debut=0&seo_cat=54&x24=1&debut=0&seo_cat=54&x23=0&debut=0&seo_cat=54&x24=0&debut=0&seo_cat=54&x23=1&debut=0 HTTP/1.1" 200 55893 "-" "Mozilla/5.0 (compatible; SERankingBacklinksBot/1.0; +https://seranking.com/backlinks-crawler)"
144.76.19.75 - - [19/Aug/2026:02:21:38 +0200] "GET /category.php?seo=54-les-3x450-m&seo_cat=54&x24=1&debut=0&seo_cat=54&x23=1&debut=0&seo_cat=54&x23=0&debut=0&seo_cat=54&x23=1&debut=0&seo_cat=54&x23=0&debut=0&seo_cat=54&x23=1&debut=0&seo_cat=54&x24=0&debut=0&seo_cat=54&x24=1&debut=0&seo_cat=54&x23=0&debut=0&seo_cat=54&x24=0&debut=0&seo_cat=54&x23=1&debut=0&seo_cat=54&x24=1&debut=0&seo_cat=54&x24=0&debut=0 HTTP/1.1" 200 55825 "-" "Mozilla/5.0 (compatible; SERankingBacklinksBot/1.0; +https://seranking.com/backlinks-crawler)"
144.76.19.75 - - [19/Aug/2026:02:21:41 +0200] "GET /category.php?seo=54-les-3x450-m&seo_cat=54&x23=1&debut=0&seo_cat=54&x23=0&debut=0&seo_cat=54&x23=1&debut=0&seo_cat=54&x23=0&debut=0&seo_cat=54&x23=1&debut=0&seo_cat=54&x23=0&debut=0&seo_cat=54&x24=1&debut=0&seo_cat=54&x24=0&debut=0&seo_cat=54&x23=1&debut=0&seo_cat=54&x24=1&debut=0&seo_cat=54&x23=0&debut=0&seo_cat=54&x24=0&debut=0&seo_cat=54&x24=1&debut=0 HTTP/1.1" 200 55826 "-" "Mozilla/5.0 (compatible; SERankingBacklinksBot/1.0; +https://seranking.com/backlinks-crawler)"
85.208.96.211 - - [19/Aug/2026:02:21:43 +0200] "GET /marques.php?debut=0&debut=0&debut=0&debut=0&debut=0&seo=24-haut-de-gamme&seo_marq=24&seo_marq=24&seo_marq=24&seo_marq=24&seo_marq=24&t3=1&t51=0&t51=0&t51=1&t53=1 HTTP/1.1" 200 70323 "-" "Mozilla/5.0 (compatible; SemrushBot/7~bl; +http://www.semrush.com/bot.html)"
144.76.19.75 - - [19/Aug/2026:02:21:45 +0200] "GET /category.php?seo=54-les-3x450-m&seo_cat=54&x24=1&debut=0&seo_cat=54&x23=1&debut=0&seo_cat=54&x23=0&debut=0&seo_cat=54&x23=1&debut=0&seo_cat=54&x23=0&debut=0&seo_cat=54&x23=1&debut=0&seo_cat=54&x24=0&debut=0&seo_cat=54&x24=1&debut=0&seo_cat=54&x23=0&debut=0&seo_cat=54&x24=0&debut=0&seo_cat=54&x24=1&debut=0&seo_cat=54&x23=1&debut=0&seo_cat=54&x23=0&debut=0 HTTP/1.1" 200 55884 "-" "Mozilla/5.0 (compatible; SERankingBacklinksBot/1.0; +https://seranking.com/backlinks-crawler)"
144.76.19.75 - - [19/Aug/2026:02:21:48 +0200] "GET /category.php?seo=54-les-3x450-m&seo_cat=54&x23=1&debut=0&seo_cat=54&x23=0&debut=0&seo_cat=54&x23=1&debut=0&seo_cat=54&x23=0&debut=0&seo_cat=54&x23=1&debut=0&seo_cat=54&x23=0&debut=0&seo_cat=54&x24=1&debut=0&seo_cat=54&x24=0&debut=0&seo_cat=54&x23=1&debut=0&seo_cat=54&x24=1&debut=0&seo_cat=54&x24=0&debut=0&seo_cat=54&x23=0&debut=0&seo_cat=54&x23=1&debut=0 HTTP/1.1" 200 55761 "-" "Mozilla/5.0 (compatible; SERankingBacklinksBot/1.0; +https://seranking.com/backlinks-crawler)"
144.76.19.75 - - [19/Aug/2026:02:21:51 +0200] "GET /category.php?seo=54-les-3x450-m&seo_cat=54&x24=1&debut=0&seo_cat=54&x23=1&debut=0&seo_cat=54&x23=0&debut=0&seo_cat=54&x23=1&debut=0&seo_cat=54&x23=0&debut=0&seo_cat=54&x23=1&debut=0&seo_cat=54&x24=0&debut=0&seo_cat=54&x24=1&debut=0&seo_cat=54&x23=0&debut=0&seo_cat=54&x24=0&debut=0&seo_cat=54&x24=1&debut=0&seo_cat=54&x23=1&debut=0&seo_cat=54&x24=0&debut=0 HTTP/1.1" 200 55793 "-" "Mozilla/5.0 (compatible; SERankingBacklinksBot/1.0; +https://seranking.com/backlinks-crawler)"
144.76.19.75 - - [19/Aug/2026:02:21:55 +0200] "GET /category.php?seo=54-les-3x450-m&seo_cat=54&x23=1&debut=0&seo_cat=54&x23=0&debut=0&seo_cat=54&x23=1&debut=0&seo_cat=54&x23=0&debut=0&seo_cat=54&x23=1&debut=0&seo_cat=54&x23=0&debut=0&seo_cat=54&x24=1&debut=0&seo_cat=54&x24=0&debut=0&seo_cat=54&x23=1&debut=0&seo_cat=54&x24=1&debut=0&seo_cat=54&x24=0&debut=0&seo_cat=54&x23=0&debut=0&seo_cat=54&x24=1&debut=0 HTTP/1.1" 200 55790 "-" "Mozilla/5.0 (compatible; SERankingBacklinksBot/1.0; +https://seranking.com/backlinks-crawler)"
144.76.19.75 - - [19/Aug/2026:02:21:58 +0200] "GET /category.php?seo=54-les-3x450-m&seo_cat=54&x24=1&debut=0&seo_cat=54&x23=1&debut=0&seo_cat=54&x23=0&debut=0&seo_cat=54&x23=1&debut=0&seo_cat=54&x23=0&debut=0&seo_cat=54&x23=1&debut=0&seo_cat=54&x24=0&debut=0&seo_cat=54&x24=1&debut=0&seo_cat=54&x23=0&debut=0&seo_cat=54&x24=0&debut=0&seo_cat=54&x24=1&debut=0&seo_cat=54&x24=0&debut=0&seo_cat=54&x23=1&debut=0 HTTP/1.1" 200 55883 "-" "Mozilla/5.0 (compatible; SERankingBacklinksBot/1.0; +https://seranking.com/backlinks-crawler)"
85.208.96.212 - - [19/Aug/2026:02:21:59 +0200] "GET /new-products.php?a=10&a=10&a=10&b=1&b=1&b=1&debut=0&debut=0&debut=0&debut=0&debut=0&debut=0&debut=0&debut=0&debut=0&debut=0&debut=0&debut=10&seo_cat&seo_cat&seo_cat&seo_cat&seo_cat&seo_cat&seo_cat&seo_cat&seo_cat&x21=1&x22=1&x24=0&x24=0&x24=1&x2=0&x2=0&x2=0&x2=1 HTTP/1.1" 200 51604 "-" "Mozilla/5.0 (compatible; SemrushBot/7~bl; +http://www.semrush.com/bot.html)"
144.76.19.75 - - [19/Aug/2026:02:22:01 +0200] "GET /category.php?seo=54-les-3x450-m&seo_cat=54&x24=1&debut=0&seo_cat=54&x24=0&debut=0&seo_cat=54&x24=1&debut=0&seo_cat=54&x24=0&debut=0&seo_cat=54&x24=1&debut=0&seo_cat=54&x24=0&debut=0&seo_cat=54&x24=1&debut=0&seo_cat=54&x23=1&debut=0&seo_cat=54&x24=0&debut=0&seo_cat=54&x23=0&debut=0&seo_cat=54&x23=1&debut=0&seo_cat=54&x23=0&debut=0&seo_cat=54&x23=1&debut=0 HTTP/1.1" 200 55825 "-" "Mozilla/5.0 (compatible; SERankingBacklinksBot/1.0; +https://seranking.com/backlinks-crawler)"
169.239.201.83 - - [19/Aug/2026:02:22:02 +0200] "GET / HTTP/1.1" 200 245118 "-" "Mozilla/5.0 (Windows NT 10.0; Win64; x64) AppleWebKit/537.36 (KHTML, like Gecko) Chrome/133.0.0.0 Safari/537.36"
169.239.201.83 - - [19/Aug/2026:02:22:02 +0200] "GET /new-products.php?debut=0&histo_track=1&m=08&x22=1&x23=1&y=2026 HTTP/1.1" 200 68959 "https://www.tonnelles-sud-ouest.fr/" "Mozilla/5.0 (Windows NT 10.0; Win64; x64) AppleWebKit/537.36 (KHTML, like Gecko) Chrome/133.0.0.0 Safari/537.36"
144.76.19.75 - - [19/Aug/2026:02:22:05 +0200] "GET /category.php?seo=54-les-3x450-m&seo_cat=54&x23=1&debut=0&seo_cat=54&x23=0&debut=0&seo_cat=54&x23=1&debut=0&seo_cat=54&x23=0&debut=0&seo_cat=54&x23=1&debut=0&seo_cat=54&x23=0&debut=0&seo_cat=54&x24=1&debut=0&seo_cat=54&x24=0&debut=0&seo_cat=54&x23=1&debut=0&seo_cat=54&x24=1&debut=0&seo_cat=54&x24=0&debut=0&seo_cat=54&x24=1&debut=0&seo_cat=54&x23=0&debut=0 HTTP/1.1" 200 55894 "-" "Mozilla/5.0 (compatible; SERankingBacklinksBot/1.0; +https://seranking.com/backlinks-crawler)"
144.76.19.75 - - [19/Aug/2026:02:22:08 +0200] "GET /category.php?seo=54-les-3x450-m&seo_cat=54&x24=1&debut=0&seo_cat=54&x23=1&debut=0&seo_cat=54&x23=0&debut=0&seo_cat=54&x23=1&debut=0&seo_cat=54&x23=0&debut=0&seo_cat=54&x23=1&debut=0&seo_cat=54&x24=0&debut=0&seo_cat=54&x24=1&debut=0&seo_cat=54&x23=0&debut=0&seo_cat=54&x24=0&debut=0&seo_cat=54&x24=1&debut=0&seo_cat=54&x24=0&debut=0&seo_cat=54&x24=1&debut=0 HTTP/1.1" 200 55762 "-" "Mozilla/5.0 (compatible; SERankingBacklinksBot/1.0; +https://seranking.com/backlinks-crawler)"
85.208.96.212 - - [19/Aug/2026:02:22:11 +0200] "GET /marques.php?debut=0&debut=0&debut=0&debut=0&debut=0&seo=24-haut-de-gamme&seo_marq=24&seo_marq=24&seo_marq=24&seo_marq=24&seo_marq=24&t2=0&t2=0&t2=1&t4=1&t55=1 HTTP/1.1" 200 65878 "-" "Mozilla/5.0 (compatible; SemrushBot/7~bl; +http://www.semrush.com/bot.html)"
144.76.19.75 - - [19/Aug/2026:02:22:11 +0200] "GET /category.php?seo=54-les-3x450-m&seo_cat=54&x23=1&debut=0&seo_cat=54&x23=0&debut=0&seo_cat=54&x23=1&debut=0&seo_cat=54&x23=0&debut=0&seo_cat=54&x23=1&debut=0&seo_cat=54&x23=0&debut=0&seo_cat=54&x24=1&debut=0&seo_cat=54&x24=0&debut=0&seo_cat=54&x23=1&debut=0&seo_cat=54&x24=1&debut=0&seo_cat=54&x24=0&debut=0&seo_cat=54&x24=1&debut=0&seo_cat=54&x24=0&debut=0 HTTP/1.1" 200 55883 "-" "Mozilla/5.0 (compatible; SERankingBacklinksBot/1.0; +https://seranking.com/backlinks-crawler)"
155.94.166.198 - - [19/Aug/2026:02:22:13 +0200] "GET /start_to_top/style.css HTTP/1.1" 200 - "https://www.tonnelles-sud-ouest.fr/new-products.php?debut=0&histo_track=1&m=08&x22=1&x23=1&y=2026" "Mozilla/5.0 (Windows NT 6.1; WOW64) AppleWebKit/537.36 (KHTML, like Gecko) Chrome/42.0.3845.1452 Safari/537.36"
144.76.19.75 - - [19/Aug/2026:02:22:15 +0200] "GET /category.php?seo=54-les-3x450-m&seo_cat=54&x24=1&debut=0&seo_cat=54&x23=1&debut=0&seo_cat=54&x23=0&debut=0&seo_cat=54&x23=1&debut=0&seo_cat=54&x23=0&debut=0&seo_cat=54&x23=1&debut=0&seo_cat=54&x24=0&debut=0&seo_cat=54&x24=1&debut=0&seo_cat=54&x24=0&debut=0&seo_cat=54&x23=0&debut=0&seo_cat=54&x23=1&debut=0&seo_cat=54&x23=0&debut=0&seo_cat=54&x23=1&debut=0 HTTP/1.1" 200 55789 "-" "Mozilla/5.0 (compatible; SERankingBacklinksBot/1.0; +https://seranking.com/backlinks-crawler)"
144.76.19.75 - - [19/Aug/2026:02:22:18 +0200] "GET /category.php?seo=54-les-3x450-m&seo_cat=54&x23=1&debut=0&seo_cat=54&x23=0&debut=0&seo_cat=54&x23=1&debut=0&seo_cat=54&x23=0&debut=0&seo_cat=54&x23=1&debut=0&seo_cat=54&x23=0&debut=0&seo_cat=54&x24=1&debut=0&seo_cat=54&x24=0&debut=0&seo_cat=54&x24=1&debut=0&seo_cat=54&x23=1&debut=0&seo_cat=54&x23=0&debut=0&seo_cat=54&x23=1&debut=0&seo_cat=54&x23=0&debut=0 HTTP/1.1" 200 55762 "-" "Mozilla/5.0 (compatible; SERankingBacklinksBot/1.0; +https://seranking.com/backlinks-crawler)"
144.76.19.75 - - [19/Aug/2026:02:22:21 +0200] "GET /category.php?seo=54-les-3x450-m&seo_cat=54&x24=1&debut=0&seo_cat=54&x23=1&debut=0&seo_cat=54&x23=0&debut=0&seo_cat=54&x23=1&debut=0&seo_cat=54&x23=0&debut=0&seo_cat=54&x23=1&debut=0&seo_cat=54&x24=0&debut=0&seo_cat=54&x24=1&debut=0&seo_cat=54&x24=0&debut=0&seo_cat=54&x23=0&debut=0&seo_cat=54&x23=1&debut=0&seo_cat=54&x23=0&debut=0&seo_cat=54&x24=1&debut=0 HTTP/1.1" 200 55894 "-" "Mozilla/5.0 (compatible; SERankingBacklinksBot/1.0; +https://seranking.com/backlinks-crawler)"
144.76.19.75 - - [19/Aug/2026:02:22:25 +0200] "GET /category.php?seo=54-les-3x450-m&seo_cat=54&x23=1&debut=0&seo_cat=54&x23=0&debut=0&seo_cat=54&x23=1&debut=0&seo_cat=54&x23=0&debut=0&seo_cat=54&x23=1&debut=0&seo_cat=54&x23=0&debut=0&seo_cat=54&x24=1&debut=0&seo_cat=54&x24=0&debut=0&seo_cat=54&x24=1&debut=0&seo_cat=54&x23=1&debut=0&seo_cat=54&x23=0&debut=0&seo_cat=54&x23=1&debut=0&seo_cat=54&x24=0&debut=0 HTTP/1.1" 200 55893 "-" "Mozilla/5.0 (compatible; SERankingBacklinksBot/1.0; +https://seranking.com/backlinks-crawler)"
144.76.19.75 - - [19/Aug/2026:02:22:28 +0200] "GET /category.php?seo=54-les-3x450-m&seo_cat=54&x24=1&debut=0&seo_cat=54&x23=1&debut=0&seo_cat=54&x23=0&debut=0&seo_cat=54&x23=1&debut=0&seo_cat=54&x23=0&debut=0&seo_cat=54&x23=1&debut=0&seo_cat=54&x24=0&debut=0&seo_cat=54&x24=1&debut=0&seo_cat=54&x24=0&debut=0&seo_cat=54&x23=0&debut=0&seo_cat=54&x23=1&debut=0&seo_cat=54&x24=1&debut=0&seo_cat=54&x23=0&debut=0 HTTP/1.1" 200 55884 "-" "Mozilla/5.0 (compatible; SERankingBacklinksBot/1.0; +https://seranking.com/backlinks-crawler)"
185.191.171.15 - - [19/Aug/2026:02:22:29 +0200] "GET /marques.php?debut=0&debut=0&debut=0&debut=0&debut=0&debut=0&debut=0&debut=0&debut=0&debut=0&debut=0&seo=24-haut-de-gamme&seo_marq=24&seo_marq=24&seo_marq=24&seo_marq=24&seo_marq=24&seo_marq=24&seo_marq=24&seo_marq=24&seo_marq=24&seo_marq=24&seo_marq=24&t2=1&t3=0&t3=0&t3=0&t3=1&t49=0&t49=1&t51=1&t53=0&t53=1&t55=1 HTTP/1.1" 200 84254 "-" "Mozilla/5.0 (compatible; SemrushBot/7~bl; +http://www.semrush.com/bot.html)"
144.76.19.75 - - [19/Aug/2026:02:22:31 +0200] "GET /category.php?seo=54-les-3x450-m&seo_cat=54&x23=1&debut=0&seo_cat=54&x23=0&debut=0&seo_cat=54&x23=1&debut=0&seo_cat=54&x23=0&debut=0&seo_cat=54&x23=1&debut=0&seo_cat=54&x23=0&debut=0&seo_cat=54&x24=1&debut=0&seo_cat=54&x24=0&debut=0&seo_cat=54&x24=1&debut=0&seo_cat=54&x23=1&debut=0&seo_cat=54&x23=0&debut=0&seo_cat=54&x24=0&debut=0&seo_cat=54&x23=1&debut=0 HTTP/1.1" 200 55761 "-" "Mozilla/5.0 (compatible; SERankingBacklinksBot/1.0; +https://seranking.com/backlinks-crawler)"
185.191.171.15 - - [19/Aug/2026:02:22:33 +0200] "GET /marques.php?debut=0&debut=0&debut=0&debut=0&debut=0&debut=0&debut=0&debut=0&debut=0&debut=0&debut=0&seo=24-haut-de-gamme&seo_marq=24&seo_marq=24&seo_marq=24&seo_marq=24&seo_marq=24&seo_marq=24&seo_marq=24&seo_marq=24&seo_marq=24&seo_marq=24&seo_marq=24&t2=1&t3=0&t3=0&t3=0&t3=1&t49=0&t49=1&t51=1&t53=0&t53=1&t55=1 HTTP/1.1" 200 84322 "-" "Mozilla/5.0 (compatible; SemrushBot/7~bl; +http://www.semrush.com/bot.html)"
144.76.19.75 - - [19/Aug/2026:02:22:34 +0200] "GET /category.php?seo=54-les-3x450-m&seo_cat=54&x24=1&debut=0&seo_cat=54&x23=1&debut=0&seo_cat=54&x23=0&debut=0&seo_cat=54&x23=1&debut=0&seo_cat=54&x23=0&debut=0&seo_cat=54&x23=1&debut=0&seo_cat=54&x24=0&debut=0&seo_cat=54&x24=1&debut=0&seo_cat=54&x24=0&debut=0&seo_cat=54&x23=0&debut=0&seo_cat=54&x23=1&debut=0&seo_cat=54&x24=1&debut=0&seo_cat=54&x24=0&debut=0 HTTP/1.1" 200 55761 "-" "Mozilla/5.0 (compatible; SERankingBacklinksBot/1.0; +https://seranking.com/backlinks-crawler)"
144.76.19.75 - - [19/Aug/2026:02:22:38 +0200] "GET /category.php?seo=54-les-3x450-m&seo_cat=54&x23=1&debut=0&seo_cat=54&x23=0&debut=0&seo_cat=54&x23=1&debut=0&seo_cat=54&x23=0&debut=0&seo_cat=54&x23=1&debut=0&seo_cat=54&x23=0&debut=0&seo_cat=54&x24=1&debut=0&seo_cat=54&x24=0&debut=0&seo_cat=54&x24=1&debut=0&seo_cat=54&x23=1&debut=0&seo_cat=54&x23=0&debut=0&seo_cat=54&x24=0&debut=0&seo_cat=54&x24=1&debut=0 HTTP/1.1" 200 55894 "-" "Mozilla/5.0 (compatible; SERankingBacklinksBot/1.0; +https://seranking.com/backlinks-crawler)"
144.76.19.75 - - [19/Aug/2026:02:22:41 +0200] "GET /category.php?seo=54-les-3x450-m&seo_cat=54&x24=1&debut=0&seo_cat=54&x23=1&debut=0&seo_cat=54&x23=0&debut=0&seo_cat=54&x23=1&debut=0&seo_cat=54&x23=0&debut=0&seo_cat=54&x23=1&debut=0&seo_cat=54&x24=0&debut=0&seo_cat=54&x24=1&debut=0&seo_cat=54&x24=0&debut=0&seo_cat=54&x23=0&debut=0&seo_cat=54&x24=1&debut=0&seo_cat=54&x23=1&debut=0&seo_cat=54&x23=0&debut=0 HTTP/1.1" 200 55790 "-" "Mozilla/5.0 (compatible; SERankingBacklinksBot/1.0; +https://seranking.com/backlinks-crawler)"
185.191.171.9 - - [19/Aug/2026:02:22:43 +0200] "GET /marques.php?debut=0&debut=0&debut=0&debut=0&debut=0&debut=0&debut=0&debut=0&debut=0&debut=0&debut=0&seo=24-haut-de-gamme&seo_marq=24&seo_marq=24&seo_marq=24&seo_marq=24&seo_marq=24&seo_marq=24&seo_marq=24&seo_marq=24&seo_marq=24&seo_marq=24&seo_marq=24&t2=1&t48=1&t4=0&t4=0&t4=1&t51=1&t53=1&t55=0&t55=0&t55=0&t55=1 HTTP/1.1" 200 80023 "-" "Mozilla/5.0 (compatible; SemrushBot/7~bl; +http://www.semrush.com/bot.html)"
185.191.171.9 - - [19/Aug/2026:02:22:43 +0200] "GET /marques.php?debut=0&debut=0&debut=0&debut=0&debut=0&debut=0&debut=0&debut=0&debut=0&debut=0&debut=0&seo=24-haut-de-gamme&seo_marq=24&seo_marq=24&seo_marq=24&seo_marq=24&seo_marq=24&seo_marq=24&seo_marq=24&seo_marq=24&seo_marq=24&seo_marq=24&seo_marq=24&t2=1&t48=1&t4=0&t4=0&t4=1&t51=1&t53=1&t55=0&t55=0&t55=0&t55=1 HTTP/1.1" 200 80117 "-" "Mozilla/5.0 (compatible; SemrushBot/7~bl; +http://www.semrush.com/bot.html)"
144.76.19.75 - - [19/Aug/2026:02:22:44 +0200] "GET /category.php?seo=54-les-3x450-m&seo_cat=54&x23=1&debut=0&seo_cat=54&x23=0&debut=0&seo_cat=54&x23=1&debut=0&seo_cat=54&x23=0&debut=0&seo_cat=54&x23=1&debut=0&seo_cat=54&x23=0&debut=0&seo_cat=54&x24=1&debut=0&seo_cat=54&x24=0&debut=0&seo_cat=54&x24=1&debut=0&seo_cat=54&x23=1&debut=0&seo_cat=54&x24=0&debut=0&seo_cat=54&x23=0&debut=0&seo_cat=54&x23=1&debut=0 HTTP/1.1" 200 55793 "-" "Mozilla/5.0 (compatible; SERankingBacklinksBot/1.0; +https://seranking.com/backlinks-crawler)"
144.76.19.75 - - [19/Aug/2026:02:22:47 +0200] "GET /category.php?seo=54-les-3x450-m&seo_cat=54&x24=1&debut=0&seo_cat=54&x23=1&debut=0&seo_cat=54&x23=0&debut=0&seo_cat=54&x23=1&debut=0&seo_cat=54&x23=0&debut=0&seo_cat=54&x23=1&debut=0&seo_cat=54&x24=0&debut=0&seo_cat=54&x24=1&debut=0&seo_cat=54&x24=0&debut=0&seo_cat=54&x23=0&debut=0&seo_cat=54&x24=1&debut=0&seo_cat=54&x23=1&debut=0&seo_cat=54&x24=0&debut=0 HTTP/1.1" 200 55761 "-" "Mozilla/5.0 (compatible; SERankingBacklinksBot/1.0; +https://seranking.com/backlinks-crawler)"
185.191.171.13 - - [19/Aug/2026:02:22:50 +0200] "GET /new-products.php?a=10&b=1&debut=0&debut=0&debut=0&debut=0&debut=0&debut=0&debut=10&m=12&seo_cat&seo_cat&seo_cat&seo_cat&seo_cat&seo_cat&x22=0&x22=0&x22=0&x22=1&x23=0&x23=1&y=2020 HTTP/1.1" 200 50911 "-" "Mozilla/5.0 (compatible; SemrushBot/7~bl; +http://www.semrush.com/bot.html)"
