ÿØÿà JFIF ` ` ÿþxØ
| Server IP : 109.234.164.53 / Your IP : 216.73.216.136 Web Server : Apache System : Linux cervelle.o2switch.net 4.18.0-553.32.1.lve.el8.x86_64 #1 SMP Thu Dec 19 13:14:03 UTC 2024 x86_64 User : computer3 ( 1098) PHP Version : 7.1.33 Disable Function : NONE MySQL : OFF | cURL : ON | WGET : ON | Perl : ON | Python : ON | Sudo : OFF | Pkexec : OFF Directory : /home/computer3/access-logs/ |
Upload File : |
144.76.19.75 - - [19/Aug/2026:00:04:26 +0200] "GET /category.php?seo=54-les-3x450-m&seo_cat=54&x24=1&debut=0&histo_track=1&seo_cat=54&x24=0&debut=0&seo_cat=54&x23=1&debut=0&seo_cat=54&x24=1&debut=0&seo_cat=54&x23=0&debut=0&seo_cat=54&x23=1&debut=0&seo_cat=54&x23=0&debut=0&seo_cat=54&x23=1&debut=0&seo_cat=54&x24=0&debut=0&seo_cat=54&x23=0&debut=0&seo_cat=54&x23=1&debut=0&seo_cat=54&x24=1&debut=0 HTTP/1.1" 200 60100 "-" "Mozilla/5.0 (compatible; SERankingBacklinksBot/1.0; +https://seranking.com/backlinks-crawler)"
144.76.19.75 - - [19/Aug/2026:00:04:29 +0200] "GET /category.php?seo=54-les-3x450-m&seo_cat=54&x23=1&debut=0&histo_track=1&seo_cat=54&x23=0&debut=0&seo_cat=54&x24=1&debut=0&seo_cat=54&x24=0&debut=0&seo_cat=54&x23=1&debut=0&seo_cat=54&x24=1&debut=0&seo_cat=54&x24=0&debut=0&seo_cat=54&x23=0&debut=0&seo_cat=54&x24=1&debut=0&seo_cat=54&x23=1&debut=0&seo_cat=54&x23=0&debut=0&seo_cat=54&x24=0&debut=0 HTTP/1.1" 200 60090 "-" "Mozilla/5.0 (compatible; SERankingBacklinksBot/1.0; +https://seranking.com/backlinks-crawler)"
144.76.19.75 - - [19/Aug/2026:00:04:32 +0200] "GET /category.php?seo=54-les-3x450-m&seo_cat=54&x24=1&debut=0&histo_track=1&seo_cat=54&x24=0&debut=0&seo_cat=54&x23=1&debut=0&seo_cat=54&x24=1&debut=0&seo_cat=54&x23=0&debut=0&seo_cat=54&x23=1&debut=0&seo_cat=54&x23=0&debut=0&seo_cat=54&x23=1&debut=0&seo_cat=54&x24=0&debut=0&seo_cat=54&x23=0&debut=0&seo_cat=54&x24=1&debut=0&seo_cat=54&x23=1&debut=0 HTTP/1.1" 200 60090 "-" "Mozilla/5.0 (compatible; SERankingBacklinksBot/1.0; +https://seranking.com/backlinks-crawler)"
85.208.96.206 - - [19/Aug/2026:00:04:34 +0200] "GET /new-products.php?a=10&a=10&a=10&a=10&a=10&a=10&b=1&b=1&b=1&b=1&b=1&b=1&debut=0&debut=0&debut=0&debut=0&debut=0&debut=0&debut=0&debut=0&debut=0&debut=0&debut=0&debut=10&m=11&seo_cat&seo_cat&seo_cat&seo_cat&seo_cat&seo_cat&x23=0&x23=1&x24=0&x24=0&x24=0&x24=1&y=2023 HTTP/1.1" 200 51438 "-" "Mozilla/5.0 (compatible; SemrushBot/7~bl; +http://www.semrush.com/bot.html)"
144.76.19.75 - - [19/Aug/2026:00:04:35 +0200] "GET /category.php?seo=54-les-3x450-m&seo_cat=54&x23=1&debut=0&histo_track=1&seo_cat=54&x23=0&debut=0&seo_cat=54&x24=1&debut=0&seo_cat=54&x24=0&debut=0&seo_cat=54&x23=1&debut=0&seo_cat=54&x24=1&debut=0&seo_cat=54&x24=0&debut=0&seo_cat=54&x23=0&debut=0&seo_cat=54&x24=1&debut=0&seo_cat=54&x23=1&debut=0&seo_cat=54&x24=0&debut=0&seo_cat=54&x23=0&debut=0 HTTP/1.1" 200 60032 "-" "Mozilla/5.0 (compatible; SERankingBacklinksBot/1.0; +https://seranking.com/backlinks-crawler)"
185.191.171.8 - - [19/Aug/2026:00:04:39 +0200] "GET /new-products.php?a=10&a=10&b=1&b=1&debut=0&debut=0&debut=0&debut=0&debut=0&debut=0&debut=0&debut=0&debut=0&debut=0&debut=10&m=12&seo_cat&seo_cat&seo_cat&seo_cat&seo_cat&seo_cat&seo_cat&seo_cat&seo_cat&x22=0&x22=0&x22=0&x22=0&x22=0&x22=0&x22=1&x2=0&x2=1&y=2019 HTTP/1.1" 200 51461 "-" "Mozilla/5.0 (compatible; SemrushBot/7~bl; +http://www.semrush.com/bot.html)"
144.76.19.75 - - [19/Aug/2026:00:04:39 +0200] "GET /category.php?seo=54-les-3x450-m&seo_cat=54&x24=1&debut=0&histo_track=1&seo_cat=54&x24=0&debut=0&seo_cat=54&x23=1&debut=0&seo_cat=54&x24=1&debut=0&seo_cat=54&x23=0&debut=0&seo_cat=54&x23=1&debut=0&seo_cat=54&x23=0&debut=0&seo_cat=54&x23=1&debut=0&seo_cat=54&x24=0&debut=0&seo_cat=54&x23=0&debut=0&seo_cat=54&x24=1&debut=0&seo_cat=54&x24=0&debut=0 HTTP/1.1" 200 60032 "-" "Mozilla/5.0 (compatible; SERankingBacklinksBot/1.0; +https://seranking.com/backlinks-crawler)"
144.76.19.75 - - [19/Aug/2026:00:04:42 +0200] "GET /category.php?seo=54-les-3x450-m&seo_cat=54&x23=1&debut=0&histo_track=1&seo_cat=54&x23=0&debut=0&seo_cat=54&x24=1&debut=0&seo_cat=54&x24=0&debut=0&seo_cat=54&x23=1&debut=0&seo_cat=54&x24=1&debut=0&seo_cat=54&x24=0&debut=0&seo_cat=54&x23=0&debut=0&seo_cat=54&x24=1&debut=0&seo_cat=54&x23=1&debut=0&seo_cat=54&x24=0&debut=0&seo_cat=54&x24=1&debut=0 HTTP/1.1" 200 60100 "-" "Mozilla/5.0 (compatible; SERankingBacklinksBot/1.0; +https://seranking.com/backlinks-crawler)"
185.191.171.3 - - [19/Aug/2026:00:04:43 +0200] "GET /new-products.php?a=10&a=10&a=10&a=10&a=10&a=10&b=1&b=1&b=1&b=1&b=1&b=1&debut=0&debut=0&debut=0&debut=0&debut=0&debut=0&debut=0&debut=0&debut=0&debut=0&debut=0&debut=10&m=11&seo_cat&seo_cat&seo_cat&seo_cat&seo_cat&seo_cat&x21=1&x22=1&x23=0&x23=0&x23=1&x24=1&y=2019 HTTP/1.1" 200 58134 "-" "Mozilla/5.0 (compatible; SemrushBot/7~bl; +http://www.semrush.com/bot.html)"
185.191.171.18 - - [19/Aug/2026:00:04:44 +0200] "GET /new-products.php?a=10&a=10&a=10&a=10&a=10&b=1&b=1&b=1&b=1&b=1&debut=0&debut=0&debut=0&debut=0&debut=0&debut=0&debut=0&debut=0&debut=0&debut=0&debut=0&debut=10&histo_track=1&m=06&seo_cat&seo_cat&seo_cat&seo_cat&seo_cat&seo_cat&seo_cat&x21=1&x22=0&x22=1&x24=0&x24=1&x2=0&x2=1&y=2020 HTTP/1.1" 200 51611 "-" "Mozilla/5.0 (compatible; SemrushBot/7~bl; +http://www.semrush.com/bot.html)"
144.76.19.75 - - [19/Aug/2026:00:04:45 +0200] "GET /category.php?seo=54-les-3x450-m&seo_cat=54&x24=1&debut=0&histo_track=1&seo_cat=54&x24=0&debut=0&seo_cat=54&x23=1&debut=0&seo_cat=54&x24=1&debut=0&seo_cat=54&x23=0&debut=0&seo_cat=54&x23=1&debut=0&seo_cat=54&x23=0&debut=0&seo_cat=54&x23=1&debut=0&seo_cat=54&x24=0&debut=0&seo_cat=54&x24=1&debut=0&seo_cat=54&x23=0&debut=0&seo_cat=54&x23=1&debut=0 HTTP/1.1" 200 60100 "-" "Mozilla/5.0 (compatible; SERankingBacklinksBot/1.0; +https://seranking.com/backlinks-crawler)"
85.208.96.196 - - [19/Aug/2026:00:04:48 +0200] "GET /marques.php?debut=0&debut=0&debut=0&debut=0&debut=0&debut=0&debut=0&debut=0&debut=0&seo=24-haut-de-gamme&seo_marq=24&seo_marq=24&seo_marq=24&seo_marq=24&seo_marq=24&seo_marq=24&seo_marq=24&seo_marq=24&seo_marq=24&t2=0&t2=1&t48=0&t48=0&t48=1&t51=1&t54=0&t54=1&t55=1 HTTP/1.1" 200 75299 "-" "Mozilla/5.0 (compatible; SemrushBot/7~bl; +http://www.semrush.com/bot.html)"
144.76.19.75 - - [19/Aug/2026:00:04:48 +0200] "GET /category.php?seo=54-les-3x450-m&seo_cat=54&x23=1&debut=0&histo_track=1&seo_cat=54&x23=0&debut=0&seo_cat=54&x24=1&debut=0&seo_cat=54&x24=0&debut=0&seo_cat=54&x23=1&debut=0&seo_cat=54&x24=1&debut=0&seo_cat=54&x24=0&debut=0&seo_cat=54&x23=0&debut=0&seo_cat=54&x24=1&debut=0&seo_cat=54&x24=0&debut=0&seo_cat=54&x23=1&debut=0&seo_cat=54&x23=0&debut=0 HTTP/1.1" 200 60100 "-" "Mozilla/5.0 (compatible; SERankingBacklinksBot/1.0; +https://seranking.com/backlinks-crawler)"
144.76.19.75 - - [19/Aug/2026:00:04:52 +0200] "GET /category.php?seo=54-les-3x450-m&seo_cat=54&x24=1&debut=0&histo_track=1&seo_cat=54&x24=0&debut=0&seo_cat=54&x23=1&debut=0&seo_cat=54&x24=1&debut=0&seo_cat=54&x23=0&debut=0&seo_cat=54&x23=1&debut=0&seo_cat=54&x23=0&debut=0&seo_cat=54&x23=1&debut=0&seo_cat=54&x24=0&debut=0&seo_cat=54&x24=1&debut=0&seo_cat=54&x23=0&debut=0&seo_cat=54&x24=0&debut=0 HTTP/1.1" 200 60100 "-" "Mozilla/5.0 (compatible; SERankingBacklinksBot/1.0; +https://seranking.com/backlinks-crawler)"
144.76.19.75 - - [19/Aug/2026:00:04:55 +0200] "GET /category.php?seo=54-les-3x450-m&seo_cat=54&x23=1&debut=0&histo_track=1&seo_cat=54&x23=0&debut=0&seo_cat=54&x24=1&debut=0&seo_cat=54&x24=0&debut=0&seo_cat=54&x23=1&debut=0&seo_cat=54&x24=1&debut=0&seo_cat=54&x24=0&debut=0&seo_cat=54&x23=0&debut=0&seo_cat=54&x24=1&debut=0&seo_cat=54&x24=0&debut=0&seo_cat=54&x23=1&debut=0&seo_cat=54&x24=1&debut=0 HTTP/1.1" 200 60090 "-" "Mozilla/5.0 (compatible; SERankingBacklinksBot/1.0; +https://seranking.com/backlinks-crawler)"
144.76.19.75 - - [19/Aug/2026:00:04:58 +0200] "GET /category.php?seo=54-les-3x450-m&seo_cat=54&x24=1&debut=0&histo_track=1&seo_cat=54&x24=0&debut=0&seo_cat=54&x23=1&debut=0&seo_cat=54&x24=1&debut=0&seo_cat=54&x23=0&debut=0&seo_cat=54&x23=1&debut=0&seo_cat=54&x23=0&debut=0&seo_cat=54&x23=1&debut=0&seo_cat=54&x24=0&debut=0&seo_cat=54&x24=1&debut=0&seo_cat=54&x24=0&debut=0&seo_cat=54&x23=0&debut=0 HTTP/1.1" 200 60100 "-" "Mozilla/5.0 (compatible; SERankingBacklinksBot/1.0; +https://seranking.com/backlinks-crawler)"
185.191.171.12 - - [19/Aug/2026:00:05:01 +0200] "GET /marques.php?debut=0&debut=0&debut=0&debut=0&debut=0&debut=0&debut=0&debut=0&debut=0&debut=0&debut=0&seo=24-haut-de-gamme&seo_marq=24&seo_marq=24&seo_marq=24&seo_marq=24&seo_marq=24&seo_marq=24&seo_marq=24&seo_marq=24&seo_marq=24&seo_marq=24&seo_marq=24&t2=1&t3=1&t48=1&t49=0&t49=0&t49=1&t4=1&t53=1&t54=0&t54=0&t54=1 HTTP/1.1" 200 84368 "-" "Mozilla/5.0 (compatible; SemrushBot/7~bl; +http://www.semrush.com/bot.html)"
144.76.19.75 - - [19/Aug/2026:00:05:02 +0200] "GET /category.php?seo=54-les-3x450-m&seo_cat=54&x23=1&debut=0&histo_track=1&seo_cat=54&x23=0&debut=0&seo_cat=54&x24=1&debut=0&seo_cat=54&x24=0&debut=0&seo_cat=54&x23=1&debut=0&seo_cat=54&x24=1&debut=0&seo_cat=54&x24=0&debut=0&seo_cat=54&x23=0&debut=0&seo_cat=54&x24=1&debut=0&seo_cat=54&x24=0&debut=0&seo_cat=54&x24=1&debut=0&seo_cat=54&x23=1&debut=0 HTTP/1.1" 200 60032 "-" "Mozilla/5.0 (compatible; SERankingBacklinksBot/1.0; +https://seranking.com/backlinks-crawler)"
185.191.171.12 - - [19/Aug/2026:00:05:02 +0200] "GET /marques.php?debut=0&debut=0&debut=0&debut=0&debut=0&debut=0&debut=0&debut=0&debut=0&debut=0&debut=0&seo=24-haut-de-gamme&seo_marq=24&seo_marq=24&seo_marq=24&seo_marq=24&seo_marq=24&seo_marq=24&seo_marq=24&seo_marq=24&seo_marq=24&seo_marq=24&seo_marq=24&t2=1&t3=1&t48=1&t49=0&t49=0&t49=1&t4=1&t53=1&t54=0&t54=0&t54=1 HTTP/1.1" 200 84264 "-" "Mozilla/5.0 (compatible; SemrushBot/7~bl; +http://www.semrush.com/bot.html)"
85.208.96.204 - - [19/Aug/2026:00:05:04 +0200] "GET /marques.php?debut=0&debut=0&debut=0&debut=0&debut=0&debut=0&debut=0&debut=0&debut=0&debut=0&debut=0&seo=24-haut-de-gamme&seo_marq=24&seo_marq=24&seo_marq=24&seo_marq=24&seo_marq=24&seo_marq=24&seo_marq=24&seo_marq=24&seo_marq=24&seo_marq=24&seo_marq=24&t2=1&t3=1&t48=0&t48=0&t48=0&t48=1&t4=1&t53=1&t55=0&t55=0&t55=1 HTTP/1.1" 200 80120 "-" "Mozilla/5.0 (compatible; SemrushBot/7~bl; +http://www.semrush.com/bot.html)"
85.208.96.204 - - [19/Aug/2026:00:05:04 +0200] "GET /marques.php?debut=0&debut=0&debut=0&debut=0&debut=0&debut=0&debut=0&debut=0&debut=0&debut=0&debut=0&seo=24-haut-de-gamme&seo_marq=24&seo_marq=24&seo_marq=24&seo_marq=24&seo_marq=24&seo_marq=24&seo_marq=24&seo_marq=24&seo_marq=24&seo_marq=24&seo_marq=24&t2=1&t3=1&t48=0&t48=0&t48=0&t48=1&t4=1&t53=1&t55=0&t55=0&t55=1 HTTP/1.1" 200 80062 "-" "Mozilla/5.0 (compatible; SemrushBot/7~bl; +http://www.semrush.com/bot.html)"
144.76.19.75 - - [19/Aug/2026:00:05:05 +0200] "GET /category.php?seo=54-les-3x450-m&seo_cat=54&x24=1&debut=0&histo_track=1&seo_cat=54&x24=0&debut=0&seo_cat=54&x23=1&debut=0&seo_cat=54&x24=1&debut=0&seo_cat=54&x23=0&debut=0&seo_cat=54&x23=1&debut=0&seo_cat=54&x23=0&debut=0&seo_cat=54&x23=1&debut=0&seo_cat=54&x24=0&debut=0&seo_cat=54&x24=1&debut=0&seo_cat=54&x24=0&debut=0&seo_cat=54&x24=1&debut=0 HTTP/1.1" 200 60100 "-" "Mozilla/5.0 (compatible; SERankingBacklinksBot/1.0; +https://seranking.com/backlinks-crawler)"
85.208.96.207 - - [19/Aug/2026:00:05:06 +0200] "GET /new-products.php?a=10&b=1&debut=0&debut=0&debut=0&debut=0&debut=0&debut=0&debut=0&debut=0&debut=0&debut=10&m=04&seo_cat&seo_cat&seo_cat&seo_cat&seo_cat&seo_cat&seo_cat&seo_cat&seo_cat&x22=0&x22=0&x22=1&x23=1&x24=0&x24=1&x2=0&x2=0&x2=1&y=2019 HTTP/1.1" 200 57870 "-" "Mozilla/5.0 (compatible; SemrushBot/7~bl; +http://www.semrush.com/bot.html)"
185.191.171.4 - - [19/Aug/2026:00:05:08 +0200] "GET /new-products.php?a=10&a=10&a=10&a=10&a=10&b=1&b=1&b=1&b=1&b=1&debut=0&debut=0&debut=0&debut=0&debut=0&debut=0&debut=0&debut=0&debut=10&histo_track=1&m=02&seo_cat&seo_cat&seo_cat&seo_cat&x21=0&x21=1&x22=0&x22=1&y=2023 HTTP/1.1" 200 51077 "-" "Mozilla/5.0 (compatible; SemrushBot/7~bl; +http://www.semrush.com/bot.html)"
144.76.19.75 - - [19/Aug/2026:00:05:08 +0200] "GET /category.php?seo=54-les-3x450-m&seo_cat=54&x23=1&debut=0&histo_track=1&seo_cat=54&x23=0&debut=0&seo_cat=54&x24=1&debut=0&seo_cat=54&x24=0&debut=0&seo_cat=54&x23=1&debut=0&seo_cat=54&x24=1&debut=0&seo_cat=54&x24=0&debut=0&seo_cat=54&x23=0&debut=0&seo_cat=54&x24=1&debut=0&seo_cat=54&x24=0&debut=0&seo_cat=54&x24=1&debut=0&seo_cat=54&x24=0&debut=0 HTTP/1.1" 200 59968 "-" "Mozilla/5.0 (compatible; SERankingBacklinksBot/1.0; +https://seranking.com/backlinks-crawler)"
144.76.19.75 - - [19/Aug/2026:00:05:12 +0200] "GET /category.php?seo=54-les-3x450-m&seo_cat=54&x24=1&debut=0&histo_track=1&seo_cat=54&x24=0&debut=0&seo_cat=54&x23=1&debut=0&seo_cat=54&x24=1&debut=0&seo_cat=54&x23=0&debut=0&seo_cat=54&x23=1&debut=0&seo_cat=54&x23=0&debut=0&seo_cat=54&x24=0&debut=0&seo_cat=54&x23=1&debut=0&seo_cat=54&x23=0&debut=0&seo_cat=54&x23=1&debut=0&seo_cat=54&x23=0&debut=0 HTTP/1.1" 200 60032 "-" "Mozilla/5.0 (compatible; SERankingBacklinksBot/1.0; +https://seranking.com/backlinks-crawler)"
144.76.19.75 - - [19/Aug/2026:00:05:15 +0200] "GET /category.php?seo=54-les-3x450-m&seo_cat=54&x23=1&debut=0&histo_track=1&seo_cat=54&x23=0&debut=0&seo_cat=54&x24=1&debut=0&seo_cat=54&x24=0&debut=0&seo_cat=54&x23=1&debut=0&seo_cat=54&x24=1&debut=0&seo_cat=54&x24=0&debut=0&seo_cat=54&x24=1&debut=0&seo_cat=54&x23=0&debut=0&seo_cat=54&x23=1&debut=0&seo_cat=54&x23=0&debut=0&seo_cat=54&x23=1&debut=0 HTTP/1.1" 200 60000 "-" "Mozilla/5.0 (compatible; SERankingBacklinksBot/1.0; +https://seranking.com/backlinks-crawler)"
144.76.19.75 - - [19/Aug/2026:00:05:18 +0200] "GET /category.php?seo=54-les-3x450-m&seo_cat=54&x24=1&debut=0&histo_track=1&seo_cat=54&x24=0&debut=0&seo_cat=54&x23=1&debut=0&seo_cat=54&x24=1&debut=0&seo_cat=54&x23=0&debut=0&seo_cat=54&x23=1&debut=0&seo_cat=54&x23=0&debut=0&seo_cat=54&x24=0&debut=0&seo_cat=54&x23=1&debut=0&seo_cat=54&x23=0&debut=0&seo_cat=54&x23=1&debut=0&seo_cat=54&x24=1&debut=0 HTTP/1.1" 200 60000 "-" "Mozilla/5.0 (compatible; SERankingBacklinksBot/1.0; +https://seranking.com/backlinks-crawler)"
185.191.171.12 - - [19/Aug/2026:00:05:21 +0200] "GET /new-products.php?a=10&a=10&a=10&a=10&b=1&b=1&b=1&b=1&debut=0&debut=0&debut=0&debut=0&debut=0&debut=0&debut=0&debut=0&debut=0&debut=0&debut=10&histo_track=1&m=02&seo_cat&seo_cat&seo_cat&seo_cat&seo_cat&seo_cat&seo_cat&x21=0&x21=1&x22=0&x22=1&x24=0&x24=0&x24=1&y=2022 HTTP/1.1" 200 51420 "-" "Mozilla/5.0 (compatible; SemrushBot/7~bl; +http://www.semrush.com/bot.html)"
144.76.19.75 - - [19/Aug/2026:00:05:21 +0200] "GET /category.php?seo=54-les-3x450-m&seo_cat=54&x23=1&debut=0&histo_track=1&seo_cat=54&x23=0&debut=0&seo_cat=54&x24=1&debut=0&seo_cat=54&x24=0&debut=0&seo_cat=54&x23=1&debut=0&seo_cat=54&x24=1&debut=0&seo_cat=54&x24=0&debut=0&seo_cat=54&x24=1&debut=0&seo_cat=54&x23=0&debut=0&seo_cat=54&x23=1&debut=0&seo_cat=54&x23=0&debut=0&seo_cat=54&x24=0&debut=0 HTTP/1.1" 200 60032 "-" "Mozilla/5.0 (compatible; SERankingBacklinksBot/1.0; +https://seranking.com/backlinks-crawler)"
144.76.19.75 - - [19/Aug/2026:00:05:25 +0200] "GET /category.php?seo=54-les-3x450-m&seo_cat=54&x24=1&debut=0&histo_track=1&seo_cat=54&x24=0&debut=0&seo_cat=54&x23=1&debut=0&seo_cat=54&x24=1&debut=0&seo_cat=54&x23=0&debut=0&seo_cat=54&x23=1&debut=0&seo_cat=54&x23=0&debut=0&seo_cat=54&x24=0&debut=0&seo_cat=54&x23=1&debut=0&seo_cat=54&x23=0&debut=0&seo_cat=54&x24=1&debut=0&seo_cat=54&x23=1&debut=0 HTTP/1.1" 200 60090 "-" "Mozilla/5.0 (compatible; SERankingBacklinksBot/1.0; +https://seranking.com/backlinks-crawler)"
144.76.19.75 - - [19/Aug/2026:00:05:28 +0200] "GET /category.php?seo=54-les-3x450-m&seo_cat=54&x23=1&debut=0&histo_track=1&seo_cat=54&x23=0&debut=0&seo_cat=54&x24=1&debut=0&seo_cat=54&x24=0&debut=0&seo_cat=54&x23=1&debut=0&seo_cat=54&x24=1&debut=0&seo_cat=54&x24=0&debut=0&seo_cat=54&x24=1&debut=0&seo_cat=54&x23=0&debut=0&seo_cat=54&x23=1&debut=0&seo_cat=54&x24=0&debut=0&seo_cat=54&x23=0&debut=0 HTTP/1.1" 200 60000 "-" "Mozilla/5.0 (compatible; SERankingBacklinksBot/1.0; +https://seranking.com/backlinks-crawler)"
144.76.19.75 - - [19/Aug/2026:00:05:31 +0200] "GET /category.php?seo=54-les-3x450-m&seo_cat=54&x24=1&debut=0&histo_track=1&seo_cat=54&x24=0&debut=0&seo_cat=54&x23=1&debut=0&seo_cat=54&x24=1&debut=0&seo_cat=54&x23=0&debut=0&seo_cat=54&x23=1&debut=0&seo_cat=54&x23=0&debut=0&seo_cat=54&x24=0&debut=0&seo_cat=54&x23=1&debut=0&seo_cat=54&x23=0&debut=0&seo_cat=54&x24=1&debut=0&seo_cat=54&x24=0&debut=0 HTTP/1.1" 200 60032 "-" "Mozilla/5.0 (compatible; SERankingBacklinksBot/1.0; +https://seranking.com/backlinks-crawler)"
144.76.19.75 - - [19/Aug/2026:00:05:34 +0200] "GET /category.php?seo=54-les-3x450-m&seo_cat=54&x23=1&debut=0&histo_track=1&seo_cat=54&x23=0&debut=0&seo_cat=54&x24=1&debut=0&seo_cat=54&x24=0&debut=0&seo_cat=54&x23=1&debut=0&seo_cat=54&x24=1&debut=0&seo_cat=54&x24=0&debut=0&seo_cat=54&x24=1&debut=0&seo_cat=54&x23=0&debut=0&seo_cat=54&x23=1&debut=0&seo_cat=54&x24=0&debut=0&seo_cat=54&x24=1&debut=0 HTTP/1.1" 200 60032 "-" "Mozilla/5.0 (compatible; SERankingBacklinksBot/1.0; +https://seranking.com/backlinks-crawler)"
144.76.19.75 - - [19/Aug/2026:00:05:38 +0200] "GET /category.php?seo=54-les-3x450-m&seo_cat=54&x24=1&debut=0&histo_track=1&seo_cat=54&x24=0&debut=0&seo_cat=54&x23=1&debut=0&seo_cat=54&x24=1&debut=0&seo_cat=54&x23=0&debut=0&seo_cat=54&x23=1&debut=0&seo_cat=54&x23=0&debut=0&seo_cat=54&x24=0&debut=0&seo_cat=54&x23=1&debut=0&seo_cat=54&x24=1&debut=0&seo_cat=54&x23=0&debut=0&seo_cat=54&x23=1&debut=0 HTTP/1.1" 200 60100 "-" "Mozilla/5.0 (compatible; SERankingBacklinksBot/1.0; +https://seranking.com/backlinks-crawler)"
144.76.19.75 - - [19/Aug/2026:00:05:41 +0200] "GET /category.php?seo=54-les-3x450-m&seo_cat=54&x23=1&debut=0&histo_track=1&seo_cat=54&x23=0&debut=0&seo_cat=54&x24=1&debut=0&seo_cat=54&x24=0&debut=0&seo_cat=54&x23=1&debut=0&seo_cat=54&x24=1&debut=0&seo_cat=54&x24=0&debut=0&seo_cat=54&x24=1&debut=0&seo_cat=54&x23=0&debut=0&seo_cat=54&x24=0&debut=0&seo_cat=54&x23=1&debut=0&seo_cat=54&x23=0&debut=0 HTTP/1.1" 200 60032 "-" "Mozilla/5.0 (compatible; SERankingBacklinksBot/1.0; +https://seranking.com/backlinks-crawler)"
144.76.19.75 - - [19/Aug/2026:00:05:44 +0200] "GET /category.php?seo=54-les-3x450-m&seo_cat=54&x24=1&debut=0&histo_track=1&seo_cat=54&x24=0&debut=0&seo_cat=54&x23=1&debut=0&seo_cat=54&x24=1&debut=0&seo_cat=54&x23=0&debut=0&seo_cat=54&x23=1&debut=0&seo_cat=54&x23=0&debut=0&seo_cat=54&x24=0&debut=0&seo_cat=54&x23=1&debut=0&seo_cat=54&x24=1&debut=0&seo_cat=54&x23=0&debut=0&seo_cat=54&x24=0&debut=0 HTTP/1.1" 200 60032 "-" "Mozilla/5.0 (compatible; SERankingBacklinksBot/1.0; +https://seranking.com/backlinks-crawler)"
185.191.171.11 - - [19/Aug/2026:00:05:47 +0200] "GET /marques.php?debut=0&debut=0&debut=0&debut=0&debut=0&debut=0&debut=0&debut=0&debut=0&seo=24-haut-de-gamme&seo_marq=24&seo_marq=24&seo_marq=24&seo_marq=24&seo_marq=24&seo_marq=24&seo_marq=24&seo_marq=24&seo_marq=24&t2=0&t2=1&t48=0&t48=0&t48=0&t48=0&t48=1&t4=1&t54=1 HTTP/1.1" 200 71183 "-" "Mozilla/5.0 (compatible; SemrushBot/7~bl; +http://www.semrush.com/bot.html)"
144.76.19.75 - - [19/Aug/2026:00:05:48 +0200] "GET /category.php?seo=54-les-3x450-m&seo_cat=54&x23=1&debut=0&histo_track=1&seo_cat=54&x23=0&debut=0&seo_cat=54&x24=1&debut=0&seo_cat=54&x24=0&debut=0&seo_cat=54&x23=1&debut=0&seo_cat=54&x24=1&debut=0&seo_cat=54&x24=0&debut=0&seo_cat=54&x24=1&debut=0&seo_cat=54&x23=0&debut=0&seo_cat=54&x24=0&debut=0&seo_cat=54&x23=1&debut=0&seo_cat=54&x24=1&debut=0 HTTP/1.1" 200 59968 "-" "Mozilla/5.0 (compatible; SERankingBacklinksBot/1.0; +https://seranking.com/backlinks-crawler)"
144.76.19.75 - - [19/Aug/2026:00:05:51 +0200] "GET /category.php?seo=54-les-3x450-m&seo_cat=54&x24=1&debut=0&histo_track=1&seo_cat=54&x24=0&debut=0&seo_cat=54&x23=1&debut=0&seo_cat=54&x24=1&debut=0&seo_cat=54&x23=0&debut=0&seo_cat=54&x23=1&debut=0&seo_cat=54&x23=0&debut=0&seo_cat=54&x24=0&debut=0&seo_cat=54&x23=1&debut=0&seo_cat=54&x24=1&debut=0&seo_cat=54&x24=0&debut=0&seo_cat=54&x23=0&debut=0 HTTP/1.1" 200 60032 "-" "Mozilla/5.0 (compatible; SERankingBacklinksBot/1.0; +https://seranking.com/backlinks-crawler)"
185.191.171.15 - - [19/Aug/2026:00:05:53 +0200] "GET /new-products.php?a=10&a=10&a=10&b=1&b=1&b=1&debut=0&debut=0&debut=0&debut=0&debut=0&debut=0&debut=0&debut=0&debut=0&debut=0&debut=0&debut=10&m=09&seo_cat&seo_cat&seo_cat&seo_cat&seo_cat&seo_cat&seo_cat&seo_cat&seo_cat&x21=0&x21=0&x21=1&x22=0&x22=0&x22=1&x23=1&x24=0&x24=1&y=2020 HTTP/1.1" 200 58328 "-" "Mozilla/5.0 (compatible; SemrushBot/7~bl; +http://www.semrush.com/bot.html)"
144.76.19.75 - - [19/Aug/2026:00:05:54 +0200] "GET /category.php?seo=54-les-3x450-m&seo_cat=54&x23=1&debut=0&histo_track=1&seo_cat=54&x23=0&debut=0&seo_cat=54&x24=1&debut=0&seo_cat=54&x24=0&debut=0&seo_cat=54&x23=1&debut=0&seo_cat=54&x24=1&debut=0&seo_cat=54&x24=0&debut=0&seo_cat=54&x24=1&debut=0&seo_cat=54&x23=0&debut=0&seo_cat=54&x24=0&debut=0&seo_cat=54&x24=1&debut=0&seo_cat=54&x23=1&debut=0 HTTP/1.1" 200 60100 "-" "Mozilla/5.0 (compatible; SERankingBacklinksBot/1.0; +https://seranking.com/backlinks-crawler)"
144.76.19.75 - - [19/Aug/2026:00:05:57 +0200] "GET /category.php?seo=54-les-3x450-m&seo_cat=54&x24=1&debut=0&histo_track=1&seo_cat=54&x24=0&debut=0&seo_cat=54&x23=1&debut=0&seo_cat=54&x24=1&debut=0&seo_cat=54&x23=0&debut=0&seo_cat=54&x23=1&debut=0&seo_cat=54&x23=0&debut=0&seo_cat=54&x24=0&debut=0&seo_cat=54&x23=1&debut=0&seo_cat=54&x24=1&debut=0&seo_cat=54&x24=0&debut=0&seo_cat=54&x24=1&debut=0 HTTP/1.1" 200 59996 "-" "Mozilla/5.0 (compatible; SERankingBacklinksBot/1.0; +https://seranking.com/backlinks-crawler)"
144.76.19.75 - - [19/Aug/2026:00:06:01 +0200] "GET /category.php?seo=54-les-3x450-m&seo_cat=54&x23=1&debut=0&histo_track=1&seo_cat=54&x23=0&debut=0&seo_cat=54&x24=1&debut=0&seo_cat=54&x24=0&debut=0&seo_cat=54&x23=1&debut=0&seo_cat=54&x24=1&debut=0&seo_cat=54&x24=0&debut=0&seo_cat=54&x24=1&debut=0&seo_cat=54&x23=0&debut=0&seo_cat=54&x24=0&debut=0&seo_cat=54&x24=1&debut=0&seo_cat=54&x24=0&debut=0 HTTP/1.1" 200 60032 "-" "Mozilla/5.0 (compatible; SERankingBacklinksBot/1.0; +https://seranking.com/backlinks-crawler)"
144.76.19.75 - - [19/Aug/2026:00:06:04 +0200] "GET /category.php?seo=54-les-3x450-m&seo_cat=54&x24=1&debut=0&histo_track=1&seo_cat=54&x24=0&debut=0&seo_cat=54&x23=1&debut=0&seo_cat=54&x24=1&debut=0&seo_cat=54&x23=0&debut=0&seo_cat=54&x23=1&debut=0&seo_cat=54&x23=0&debut=0&seo_cat=54&x24=0&debut=0&seo_cat=54&x24=1&debut=0&seo_cat=54&x23=1&debut=0&seo_cat=54&x23=0&debut=0&seo_cat=54&x23=1&debut=0 HTTP/1.1" 200 60000 "-" "Mozilla/5.0 (compatible; SERankingBacklinksBot/1.0; +https://seranking.com/backlinks-crawler)"
85.208.96.198 - - [19/Aug/2026:00:06:04 +0200] "GET /new-products.php?a=10&a=10&a=10&a=10&a=10&a=10&b=1&b=1&b=1&b=1&b=1&b=1&debut=0&debut=0&debut=0&debut=0&debut=0&debut=0&debut=0&debut=0&debut=0&debut=0&debut=0&debut=10&m=08&seo_cat&seo_cat&seo_cat&seo_cat&seo_cat&seo_cat&x22=1&x23=0&x23=0&x23=1&x2=0&x2=1&y=2019 HTTP/1.1" 200 51429 "-" "Mozilla/5.0 (compatible; SemrushBot/7~bl; +http://www.semrush.com/bot.html)"
68.33.207.233 - - [19/Aug/2026:00:06:05 +0200] "GET / HTTP/1.1" 200 245146 "-" "Mozilla/5.0 (iPhone; CPU iPhone OS 18_5 like Mac OS X) AppleWebKit/605.1.15 (KHTML, like Gecko) Version/18.5 Mobile/15E148 Safari/604.1"
85.208.96.207 - - [19/Aug/2026:00:06:06 +0200] "GET /new-products.php?a=10&b=1&debut=0&debut=0&debut=0&debut=0&debut=0&debut=0&debut=0&debut=0&debut=0&debut=0&debut=0&debut=10&m=06&seo_cat&seo_cat&seo_cat&seo_cat&seo_cat&seo_cat&seo_cat&seo_cat&seo_cat&seo_cat&seo_cat&x21=0&x21=0&x21=0&x21=0&x21=1&x23=0&x23=0&x23=0&x23=0&x23=1&x24=1&y=2021 HTTP/1.1" 200 51573 "-" "Mozilla/5.0 (compatible; SemrushBot/7~bl; +http://www.semrush.com/bot.html)"
144.76.19.75 - - [19/Aug/2026:00:06:07 +0200] "GET /category.php?seo=54-les-3x450-m&seo_cat=54&x23=1&debut=0&histo_track=1&seo_cat=54&x23=0&debut=0&seo_cat=54&x24=1&debut=0&seo_cat=54&x24=0&debut=0&seo_cat=54&x23=1&debut=0&seo_cat=54&x24=1&debut=0&seo_cat=54&x24=0&debut=0&seo_cat=54&x24=1&debut=0&seo_cat=54&x24=0&debut=0&seo_cat=54&x23=0&debut=0&seo_cat=54&x23=1&debut=0&seo_cat=54&x23=0&debut=0 HTTP/1.1" 200 59968 "-" "Mozilla/5.0 (compatible; SERankingBacklinksBot/1.0; +https://seranking.com/backlinks-crawler)"
68.33.207.233 - - [19/Aug/2026:00:06:07 +0200] "GET /sitemap.php?m=10&y=2010 HTTP/1.1" 200 48106 "https://www.tonnelles-sud-ouest.fr/" "Mozilla/5.0 (iPhone; CPU iPhone OS 18_5 like Mac OS X) AppleWebKit/605.1.15 (KHTML, like Gecko) Version/18.5 Mobile/15E148 Safari/604.1"
85.208.96.204 - - [19/Aug/2026:00:06:08 +0200] "GET /new-products.php?debut=0&debut=0&debut=0&debut=0&debut=0&debut=0&debut=0&debut=0&debut=0&debut=0&debut=0&debut=0&m=05&seo_cat&seo_cat&seo_cat&seo_cat&seo_cat&seo_cat&seo_cat&seo_cat&seo_cat&seo_cat&seo_cat&seo_cat&x22=0&x22=0&x22=0&x22=0&x22=1&x23=0&x23=0&x23=0&x23=0&x23=1&x24=1&x2=1&y=2024 HTTP/1.1" 200 96675 "-" "Mozilla/5.0 (compatible; SemrushBot/7~bl; +http://www.semrush.com/bot.html)"
144.76.19.75 - - [19/Aug/2026:00:06:11 +0200] "GET /category.php?seo=54-les-3x450-m&seo_cat=54&x24=1&debut=0&histo_track=1&seo_cat=54&x24=0&debut=0&seo_cat=54&x23=1&debut=0&seo_cat=54&x24=1&debut=0&seo_cat=54&x23=0&debut=0&seo_cat=54&x23=1&debut=0&seo_cat=54&x23=0&debut=0&seo_cat=54&x24=0&debut=0&seo_cat=54&x24=1&debut=0&seo_cat=54&x23=1&debut=0&seo_cat=54&x23=0&debut=0&seo_cat=54&x24=0&debut=0 HTTP/1.1" 200 60000 "-" "Mozilla/5.0 (compatible; SERankingBacklinksBot/1.0; +https://seranking.com/backlinks-crawler)"
185.191.171.16 - - [19/Aug/2026:00:06:13 +0200] "GET /marques.php?debut=0&debut=0&debut=0&debut=0&debut=0&debut=0&debut=0&debut=0&debut=0&seo=24-haut-de-gamme&seo_marq=24&seo_marq=24&seo_marq=24&seo_marq=24&seo_marq=24&seo_marq=24&seo_marq=24&seo_marq=24&seo_marq=24&t2=0&t2=0&t2=0&t2=1&t49=0&t49=0&t49=0&t49=1&t54=1 HTTP/1.1" 200 66899 "-" "Mozilla/5.0 (compatible; SemrushBot/7~bl; +http://www.semrush.com/bot.html)"
95.175.70.43 - - [19/Aug/2026:00:06:14 +0200] "GET /start_to_top/style.css HTTP/1.1" 200 - "https://www.tonnelles-sud-ouest.fr/sitemap.php?m=10&y=2010" "Mozilla/5.0 (iPhone; CPU iPhone OS 11_0 like Mac OS X) AppleWebKit/537.36 (KHTML, like Gecko) Chrome/50.0.3651.1857 Mobile Safari/537.36"
144.76.19.75 - - [19/Aug/2026:00:06:14 +0200] "GET /category.php?seo=54-les-3x450-m&seo_cat=54&x23=1&debut=0&histo_track=1&seo_cat=54&x23=0&debut=0&seo_cat=54&x24=1&debut=0&seo_cat=54&x24=0&debut=0&seo_cat=54&x23=1&debut=0&seo_cat=54&x24=1&debut=0&seo_cat=54&x24=0&debut=0&seo_cat=54&x24=1&debut=0&seo_cat=54&x24=0&debut=0&seo_cat=54&x23=0&debut=0&seo_cat=54&x23=1&debut=0&seo_cat=54&x24=1&debut=0 HTTP/1.1" 200 59968 "-" "Mozilla/5.0 (compatible; SERankingBacklinksBot/1.0; +https://seranking.com/backlinks-crawler)"
144.76.19.75 - - [19/Aug/2026:00:06:17 +0200] "GET /category.php?seo=54-les-3x450-m&seo_cat=54&x24=1&debut=0&histo_track=1&seo_cat=54&x24=0&debut=0&seo_cat=54&x23=1&debut=0&seo_cat=54&x24=1&debut=0&seo_cat=54&x23=0&debut=0&seo_cat=54&x23=1&debut=0&seo_cat=54&x23=0&debut=0&seo_cat=54&x24=0&debut=0&seo_cat=54&x24=1&debut=0&seo_cat=54&x23=1&debut=0&seo_cat=54&x24=0&debut=0&seo_cat=54&x23=0&debut=0 HTTP/1.1" 200 59996 "-" "Mozilla/5.0 (compatible; SERankingBacklinksBot/1.0; +https://seranking.com/backlinks-crawler)"
144.76.19.75 - - [19/Aug/2026:00:06:21 +0200] "GET /category.php?seo=54-les-3x450-m&seo_cat=54&x23=1&debut=0&histo_track=1&seo_cat=54&x23=0&debut=0&seo_cat=54&x24=1&debut=0&seo_cat=54&x24=0&debut=0&seo_cat=54&x23=1&debut=0&seo_cat=54&x24=1&debut=0&seo_cat=54&x24=0&debut=0&seo_cat=54&x24=1&debut=0&seo_cat=54&x24=0&debut=0&seo_cat=54&x23=0&debut=0&seo_cat=54&x24=1&debut=0&seo_cat=54&x23=1&debut=0 HTTP/1.1" 200 60090 "-" "Mozilla/5.0 (compatible; SERankingBacklinksBot/1.0; +https://seranking.com/backlinks-crawler)"
144.76.19.75 - - [19/Aug/2026:00:06:24 +0200] "GET /category.php?seo=54-les-3x450-m&seo_cat=54&x24=1&debut=0&histo_track=1&seo_cat=54&x24=0&debut=0&seo_cat=54&x23=1&debut=0&seo_cat=54&x24=1&debut=0&seo_cat=54&x23=0&debut=0&seo_cat=54&x23=1&debut=0&seo_cat=54&x23=0&debut=0&seo_cat=54&x24=0&debut=0&seo_cat=54&x24=1&debut=0&seo_cat=54&x23=1&debut=0&seo_cat=54&x24=0&debut=0&seo_cat=54&x24=1&debut=0 HTTP/1.1" 200 60090 "-" "Mozilla/5.0 (compatible; SERankingBacklinksBot/1.0; +https://seranking.com/backlinks-crawler)"
144.76.19.75 - - [19/Aug/2026:00:06:27 +0200] "GET /category.php?seo=54-les-3x450-m&seo_cat=54&x23=1&debut=0&histo_track=1&seo_cat=54&x23=0&debut=0&seo_cat=54&x24=1&debut=0&seo_cat=54&x24=0&debut=0&seo_cat=54&x23=1&debut=0&seo_cat=54&x24=1&debut=0&seo_cat=54&x24=0&debut=0&seo_cat=54&x24=1&debut=0&seo_cat=54&x24=0&debut=0&seo_cat=54&x23=0&debut=0&seo_cat=54&x24=1&debut=0&seo_cat=54&x24=0&debut=0 HTTP/1.1" 200 60100 "-" "Mozilla/5.0 (compatible; SERankingBacklinksBot/1.0; +https://seranking.com/backlinks-crawler)"
144.76.19.75 - - [19/Aug/2026:00:06:31 +0200] "GET /category.php?seo=54-les-3x450-m&seo_cat=54&x24=1&debut=0&histo_track=1&seo_cat=54&x24=0&debut=0&seo_cat=54&x23=1&debut=0&seo_cat=54&x24=1&debut=0&seo_cat=54&x23=0&debut=0&seo_cat=54&x23=1&debut=0&seo_cat=54&x23=0&debut=0&seo_cat=54&x24=0&debut=0&seo_cat=54&x24=1&debut=0&seo_cat=54&x24=0&debut=0&seo_cat=54&x23=1&debut=0&seo_cat=54&x23=0&debut=0 HTTP/1.1" 200 59996 "-" "Mozilla/5.0 (compatible; SERankingBacklinksBot/1.0; +https://seranking.com/backlinks-crawler)"
144.76.19.75 - - [19/Aug/2026:00:06:34 +0200] "GET /category.php?seo=54-les-3x450-m&seo_cat=54&x23=1&debut=0&histo_track=1&seo_cat=54&x23=0&debut=0&seo_cat=54&x24=1&debut=0&seo_cat=54&x24=0&debut=0&seo_cat=54&x23=1&debut=0&seo_cat=54&x24=1&debut=0&seo_cat=54&x24=0&debut=0&seo_cat=54&x24=1&debut=0&seo_cat=54&x24=0&debut=0&seo_cat=54&x24=1&debut=0&seo_cat=54&x23=0&debut=0&seo_cat=54&x23=1&debut=0 HTTP/1.1" 200 59996 "-" "Mozilla/5.0 (compatible; SERankingBacklinksBot/1.0; +https://seranking.com/backlinks-crawler)"
144.76.19.75 - - [19/Aug/2026:00:06:37 +0200] "GET /category.php?seo=54-les-3x450-m&seo_cat=54&x24=1&debut=0&histo_track=1&seo_cat=54&x24=0&debut=0&seo_cat=54&x23=1&debut=0&seo_cat=54&x24=1&debut=0&seo_cat=54&x23=0&debut=0&seo_cat=54&x23=1&debut=0&seo_cat=54&x23=0&debut=0&seo_cat=54&x24=0&debut=0&seo_cat=54&x24=1&debut=0&seo_cat=54&x24=0&debut=0&seo_cat=54&x23=1&debut=0&seo_cat=54&x24=1&debut=0 HTTP/1.1" 200 60090 "-" "Mozilla/5.0 (compatible; SERankingBacklinksBot/1.0; +https://seranking.com/backlinks-crawler)"
144.76.19.75 - - [19/Aug/2026:00:06:40 +0200] "GET /category.php?seo=54-les-3x450-m&seo_cat=54&x23=1&debut=0&histo_track=1&seo_cat=54&x23=0&debut=0&seo_cat=54&x24=1&debut=0&seo_cat=54&x24=0&debut=0&seo_cat=54&x23=1&debut=0&seo_cat=54&x24=1&debut=0&seo_cat=54&x24=0&debut=0&seo_cat=54&x24=1&debut=0&seo_cat=54&x24=0&debut=0&seo_cat=54&x24=1&debut=0&seo_cat=54&x23=0&debut=0&seo_cat=54&x24=0&debut=0 HTTP/1.1" 200 59968 "-" "Mozilla/5.0 (compatible; SERankingBacklinksBot/1.0; +https://seranking.com/backlinks-crawler)"
144.76.19.75 - - [19/Aug/2026:00:06:44 +0200] "GET /category.php?seo=54-les-3x450-m&seo_cat=54&x24=1&debut=0&histo_track=1&seo_cat=54&x24=0&debut=0&seo_cat=54&x23=1&debut=0&seo_cat=54&x24=1&debut=0&seo_cat=54&x23=0&debut=0&seo_cat=54&x23=1&debut=0&seo_cat=54&x23=0&debut=0&seo_cat=54&x24=0&debut=0&seo_cat=54&x24=1&debut=0&seo_cat=54&x24=0&debut=0&seo_cat=54&x24=1&debut=0&seo_cat=54&x23=1&debut=0 HTTP/1.1" 200 60032 "-" "Mozilla/5.0 (compatible; SERankingBacklinksBot/1.0; +https://seranking.com/backlinks-crawler)"
144.76.19.75 - - [19/Aug/2026:00:06:47 +0200] "GET /category.php?seo=54-les-3x450-m&seo_cat=54&x23=1&debut=0&histo_track=1&seo_cat=54&x23=0&debut=0&seo_cat=54&x24=1&debut=0&seo_cat=54&x24=0&debut=0&seo_cat=54&x23=1&debut=0&seo_cat=54&x24=1&debut=0&seo_cat=54&x24=0&debut=0&seo_cat=54&x24=1&debut=0&seo_cat=54&x24=0&debut=0&seo_cat=54&x24=1&debut=0&seo_cat=54&x24=0&debut=0&seo_cat=54&x23=0&debut=0 HTTP/1.1" 200 59968 "-" "Mozilla/5.0 (compatible; SERankingBacklinksBot/1.0; +https://seranking.com/backlinks-crawler)"
144.76.19.75 - - [19/Aug/2026:00:06:50 +0200] "GET /category.php?seo=54-les-3x450-m&seo_cat=54&x24=1&debut=0&histo_track=1&seo_cat=54&x24=0&debut=0&seo_cat=54&x23=1&debut=0&seo_cat=54&x24=1&debut=0&seo_cat=54&x23=0&debut=0&seo_cat=54&x23=1&debut=0&seo_cat=54&x23=0&debut=0&seo_cat=54&x24=0&debut=0&seo_cat=54&x24=1&debut=0&seo_cat=54&x24=0&debut=0&seo_cat=54&x24=1&debut=0&seo_cat=54&x24=0&debut=0 HTTP/1.1" 200 60090 "-" "Mozilla/5.0 (compatible; SERankingBacklinksBot/1.0; +https://seranking.com/backlinks-crawler)"
144.76.19.75 - - [19/Aug/2026:00:06:54 +0200] "GET /category.php?seo=54-les-3x450-m&seo_cat=54&x23=1&debut=0&histo_track=1&seo_cat=54&x23=0&debut=0&seo_cat=54&x24=1&debut=0&seo_cat=54&x24=0&debut=0&seo_cat=54&x23=1&debut=0&seo_cat=54&x24=1&debut=0&seo_cat=54&x24=0&debut=0&seo_cat=54&x24=1&debut=0&seo_cat=54&x24=0&debut=0&seo_cat=54&x24=1&debut=0&seo_cat=54&x24=0&debut=0&seo_cat=54&x24=1&debut=0 HTTP/1.1" 200 60000 "-" "Mozilla/5.0 (compatible; SERankingBacklinksBot/1.0; +https://seranking.com/backlinks-crawler)"
185.191.171.3 - - [19/Aug/2026:00:06:57 +0200] "GET /new-products.php?debut=0&debut=0&debut=0&debut=0&debut=0&debut=0&debut=0&debut=0&debut=0&debut=0&debut=0&m=02&seo_cat&seo_cat&seo_cat&seo_cat&seo_cat&seo_cat&seo_cat&seo_cat&seo_cat&seo_cat&seo_cat&x22=0&x22=0&x22=0&x22=0&x22=1&x23=1&x24=0&x24=1&x2=0&x2=0&x2=1&y=2021 HTTP/1.1" 200 96420 "-" "Mozilla/5.0 (compatible; SemrushBot/7~bl; +http://www.semrush.com/bot.html)"
144.76.19.75 - - [19/Aug/2026:00:06:57 +0200] "GET /category.php?seo=54-les-3x450-m&seo_cat=54&x24=1&debut=0&histo_track=1&seo_cat=54&x24=0&debut=0&seo_cat=54&x23=1&debut=0&seo_cat=54&x24=1&debut=0&seo_cat=54&x23=0&debut=0&seo_cat=54&x23=1&debut=0&seo_cat=54&x24=0&debut=0&seo_cat=54&x23=0&debut=0&seo_cat=54&x23=1&debut=0&seo_cat=54&x23=0&debut=0&seo_cat=54&x23=1&debut=0&seo_cat=54&x23=0&debut=0 HTTP/1.1" 200 59996 "-" "Mozilla/5.0 (compatible; SERankingBacklinksBot/1.0; +https://seranking.com/backlinks-crawler)"
144.76.19.75 - - [19/Aug/2026:00:07:00 +0200] "GET /category.php?seo=54-les-3x450-m&seo_cat=54&x23=1&debut=0&histo_track=1&seo_cat=54&x23=0&debut=0&seo_cat=54&x24=1&debut=0&seo_cat=54&x24=0&debut=0&seo_cat=54&x24=1&debut=0&seo_cat=54&x23=1&debut=0&seo_cat=54&x23=0&debut=0&seo_cat=54&x23=1&debut=0&seo_cat=54&x23=0&debut=0&seo_cat=54&x23=1&debut=0&seo_cat=54&x23=0&debut=0&seo_cat=54&x23=1&debut=0 HTTP/1.1" 200 60100 "-" "Mozilla/5.0 (compatible; SERankingBacklinksBot/1.0; +https://seranking.com/backlinks-crawler)"
144.76.19.75 - - [19/Aug/2026:00:07:04 +0200] "GET /category.php?seo=54-les-3x450-m&seo_cat=54&x24=1&debut=0&histo_track=1&seo_cat=54&x24=0&debut=0&seo_cat=54&x23=1&debut=0&seo_cat=54&x24=1&debut=0&seo_cat=54&x23=0&debut=0&seo_cat=54&x23=1&debut=0&seo_cat=54&x24=0&debut=0&seo_cat=54&x23=0&debut=0&seo_cat=54&x23=1&debut=0&seo_cat=54&x23=0&debut=0&seo_cat=54&x23=1&debut=0&seo_cat=54&x24=1&debut=0 HTTP/1.1" 200 60000 "-" "Mozilla/5.0 (compatible; SERankingBacklinksBot/1.0; +https://seranking.com/backlinks-crawler)"
144.76.19.75 - - [19/Aug/2026:00:07:07 +0200] "GET /category.php?seo=54-les-3x450-m&seo_cat=54&x23=1&debut=0&histo_track=1&seo_cat=54&x23=0&debut=0&seo_cat=54&x24=1&debut=0&seo_cat=54&x24=0&debut=0&seo_cat=54&x24=1&debut=0&seo_cat=54&x23=1&debut=0&seo_cat=54&x23=0&debut=0&seo_cat=54&x23=1&debut=0&seo_cat=54&x23=0&debut=0&seo_cat=54&x23=1&debut=0&seo_cat=54&x23=0&debut=0&seo_cat=54&x24=0&debut=0 HTTP/1.1" 200 59996 "-" "Mozilla/5.0 (compatible; SERankingBacklinksBot/1.0; +https://seranking.com/backlinks-crawler)"
85.208.96.201 - - [19/Aug/2026:00:07:07 +0200] "GET /new-products.php?a=10&b=1&debut=0&debut=0&debut=0&debut=0&debut=0&debut=0&debut=0&debut=0&debut=0&debut=0&debut=10&m=04&seo_cat&seo_cat&seo_cat&seo_cat&seo_cat&seo_cat&seo_cat&seo_cat&seo_cat&seo_cat&x22=0&x22=0&x22=0&x22=0&x22=1&x24=0&x24=0&x24=1&x2=0&x2=1&y=2021 HTTP/1.1" 200 51510 "-" "Mozilla/5.0 (compatible; SemrushBot/7~bl; +http://www.semrush.com/bot.html)"
144.76.19.75 - - [19/Aug/2026:00:07:10 +0200] "GET /category.php?seo=54-les-3x450-m&seo_cat=54&x24=1&debut=0&histo_track=1&seo_cat=54&x24=0&debut=0&seo_cat=54&x23=1&debut=0&seo_cat=54&x24=1&debut=0&seo_cat=54&x23=0&debut=0&seo_cat=54&x23=1&debut=0&seo_cat=54&x24=0&debut=0&seo_cat=54&x23=0&debut=0&seo_cat=54&x23=1&debut=0&seo_cat=54&x23=0&debut=0&seo_cat=54&x24=1&debut=0&seo_cat=54&x23=1&debut=0 HTTP/1.1" 200 59996 "-" "Mozilla/5.0 (compatible; SERankingBacklinksBot/1.0; +https://seranking.com/backlinks-crawler)"
144.76.19.75 - - [19/Aug/2026:00:07:13 +0200] "GET /category.php?seo=54-les-3x450-m&seo_cat=54&x23=1&debut=0&histo_track=1&seo_cat=54&x23=0&debut=0&seo_cat=54&x24=1&debut=0&seo_cat=54&x24=0&debut=0&seo_cat=54&x24=1&debut=0&seo_cat=54&x23=1&debut=0&seo_cat=54&x23=0&debut=0&seo_cat=54&x23=1&debut=0&seo_cat=54&x23=0&debut=0&seo_cat=54&x23=1&debut=0&seo_cat=54&x24=0&debut=0&seo_cat=54&x23=0&debut=0 HTTP/1.1" 200 60000 "-" "Mozilla/5.0 (compatible; SERankingBacklinksBot/1.0; +https://seranking.com/backlinks-crawler)"
144.76.19.75 - - [19/Aug/2026:00:07:17 +0200] "GET /category.php?seo=54-les-3x450-m&seo_cat=54&x24=1&debut=0&histo_track=1&seo_cat=54&x24=0&debut=0&seo_cat=54&x23=1&debut=0&seo_cat=54&x24=1&debut=0&seo_cat=54&x23=0&debut=0&seo_cat=54&x23=1&debut=0&seo_cat=54&x24=0&debut=0&seo_cat=54&x23=0&debut=0&seo_cat=54&x23=1&debut=0&seo_cat=54&x23=0&debut=0&seo_cat=54&x24=1&debut=0&seo_cat=54&x24=0&debut=0 HTTP/1.1" 200 60090 "-" "Mozilla/5.0 (compatible; SERankingBacklinksBot/1.0; +https://seranking.com/backlinks-crawler)"
144.76.19.75 - - [19/Aug/2026:00:07:20 +0200] "GET /category.php?seo=54-les-3x450-m&seo_cat=54&x23=1&debut=0&histo_track=1&seo_cat=54&x23=0&debut=0&seo_cat=54&x24=1&debut=0&seo_cat=54&x24=0&debut=0&seo_cat=54&x24=1&debut=0&seo_cat=54&x23=1&debut=0&seo_cat=54&x23=0&debut=0&seo_cat=54&x23=1&debut=0&seo_cat=54&x23=0&debut=0&seo_cat=54&x23=1&debut=0&seo_cat=54&x24=0&debut=0&seo_cat=54&x24=1&debut=0 HTTP/1.1" 200 60090 "-" "Mozilla/5.0 (compatible; SERankingBacklinksBot/1.0; +https://seranking.com/backlinks-crawler)"
144.76.19.75 - - [19/Aug/2026:00:07:23 +0200] "GET /category.php?seo=54-les-3x450-m&seo_cat=54&x24=1&debut=0&histo_track=1&seo_cat=54&x24=0&debut=0&seo_cat=54&x23=1&debut=0&seo_cat=54&x24=1&debut=0&seo_cat=54&x23=0&debut=0&seo_cat=54&x23=1&debut=0&seo_cat=54&x24=0&debut=0&seo_cat=54&x23=0&debut=0&seo_cat=54&x23=1&debut=0&seo_cat=54&x24=1&debut=0&seo_cat=54&x23=0&debut=0&seo_cat=54&x23=1&debut=0 HTTP/1.1" 200 59968 "-" "Mozilla/5.0 (compatible; SERankingBacklinksBot/1.0; +https://seranking.com/backlinks-crawler)"
144.76.19.75 - - [19/Aug/2026:00:07:27 +0200] "GET /category.php?seo=54-les-3x450-m&seo_cat=54&x23=1&debut=0&histo_track=1&seo_cat=54&x23=0&debut=0&seo_cat=54&x24=1&debut=0&seo_cat=54&x24=0&debut=0&seo_cat=54&x24=1&debut=0&seo_cat=54&x23=1&debut=0&seo_cat=54&x23=0&debut=0&seo_cat=54&x23=1&debut=0&seo_cat=54&x23=0&debut=0&seo_cat=54&x24=0&debut=0&seo_cat=54&x23=1&debut=0&seo_cat=54&x23=0&debut=0 HTTP/1.1" 200 59996 "-" "Mozilla/5.0 (compatible; SERankingBacklinksBot/1.0; +https://seranking.com/backlinks-crawler)"
144.76.19.75 - - [19/Aug/2026:00:07:30 +0200] "GET /category.php?seo=54-les-3x450-m&seo_cat=54&x24=1&debut=0&histo_track=1&seo_cat=54&x24=0&debut=0&seo_cat=54&x23=1&debut=0&seo_cat=54&x24=1&debut=0&seo_cat=54&x23=0&debut=0&seo_cat=54&x23=1&debut=0&seo_cat=54&x24=0&debut=0&seo_cat=54&x23=0&debut=0&seo_cat=54&x23=1&debut=0&seo_cat=54&x24=1&debut=0&seo_cat=54&x23=0&debut=0&seo_cat=54&x24=0&debut=0 HTTP/1.1" 200 60090 "-" "Mozilla/5.0 (compatible; SERankingBacklinksBot/1.0; +https://seranking.com/backlinks-crawler)"
144.76.19.75 - - [19/Aug/2026:00:07:33 +0200] "GET /category.php?seo=54-les-3x450-m&seo_cat=54&x23=1&debut=0&histo_track=1&seo_cat=54&x23=0&debut=0&seo_cat=54&x24=1&debut=0&seo_cat=54&x24=0&debut=0&seo_cat=54&x24=1&debut=0&seo_cat=54&x23=1&debut=0&seo_cat=54&x23=0&debut=0&seo_cat=54&x23=1&debut=0&seo_cat=54&x23=0&debut=0&seo_cat=54&x24=0&debut=0&seo_cat=54&x23=1&debut=0&seo_cat=54&x24=1&debut=0 HTTP/1.1" 200 60032 "-" "Mozilla/5.0 (compatible; SERankingBacklinksBot/1.0; +https://seranking.com/backlinks-crawler)"
144.76.19.75 - - [19/Aug/2026:00:07:37 +0200] "GET /category.php?seo=54-les-3x450-m&seo_cat=54&x24=1&debut=0&histo_track=1&seo_cat=54&x24=0&debut=0&seo_cat=54&x23=1&debut=0&seo_cat=54&x24=1&debut=0&seo_cat=54&x23=0&debut=0&seo_cat=54&x23=1&debut=0&seo_cat=54&x24=0&debut=0&seo_cat=54&x23=0&debut=0&seo_cat=54&x23=1&debut=0&seo_cat=54&x24=1&debut=0&seo_cat=54&x24=0&debut=0&seo_cat=54&x23=0&debut=0 HTTP/1.1" 200 60032 "-" "Mozilla/5.0 (compatible; SERankingBacklinksBot/1.0; +https://seranking.com/backlinks-crawler)"
144.76.19.75 - - [19/Aug/2026:00:07:40 +0200] "GET /category.php?seo=54-les-3x450-m&seo_cat=54&x23=1&debut=0&histo_track=1&seo_cat=54&x23=0&debut=0&seo_cat=54&x24=1&debut=0&seo_cat=54&x24=0&debut=0&seo_cat=54&x24=1&debut=0&seo_cat=54&x23=1&debut=0&seo_cat=54&x23=0&debut=0&seo_cat=54&x23=1&debut=0&seo_cat=54&x23=0&debut=0&seo_cat=54&x24=0&debut=0&seo_cat=54&x24=1&debut=0&seo_cat=54&x23=1&debut=0 HTTP/1.1" 200 59996 "-" "Mozilla/5.0 (compatible; SERankingBacklinksBot/1.0; +https://seranking.com/backlinks-crawler)"
144.76.19.75 - - [19/Aug/2026:00:07:43 +0200] "GET /category.php?seo=54-les-3x450-m&seo_cat=54&x24=1&debut=0&histo_track=1&seo_cat=54&x24=0&debut=0&seo_cat=54&x23=1&debut=0&seo_cat=54&x24=1&debut=0&seo_cat=54&x23=0&debut=0&seo_cat=54&x23=1&debut=0&seo_cat=54&x24=0&debut=0&seo_cat=54&x23=0&debut=0&seo_cat=54&x23=1&debut=0&seo_cat=54&x24=1&debut=0&seo_cat=54&x24=0&debut=0&seo_cat=54&x24=1&debut=0 HTTP/1.1" 200 60032 "-" "Mozilla/5.0 (compatible; SERankingBacklinksBot/1.0; +https://seranking.com/backlinks-crawler)"
144.76.19.75 - - [19/Aug/2026:00:07:47 +0200] "GET /category.php?seo=54-les-3x450-m&seo_cat=54&x23=1&debut=0&histo_track=1&seo_cat=54&x23=0&debut=0&seo_cat=54&x24=1&debut=0&seo_cat=54&x24=0&debut=0&seo_cat=54&x24=1&debut=0&seo_cat=54&x23=1&debut=0&seo_cat=54&x23=0&debut=0&seo_cat=54&x23=1&debut=0&seo_cat=54&x23=0&debut=0&seo_cat=54&x24=0&debut=0&seo_cat=54&x24=1&debut=0&seo_cat=54&x24=0&debut=0 HTTP/1.1" 200 59996 "-" "Mozilla/5.0 (compatible; SERankingBacklinksBot/1.0; +https://seranking.com/backlinks-crawler)"
144.76.19.75 - - [19/Aug/2026:00:07:50 +0200] "GET /category.php?seo=54-les-3x450-m&seo_cat=54&x24=1&debut=0&histo_track=1&seo_cat=54&x24=0&debut=0&seo_cat=54&x23=1&debut=0&seo_cat=54&x24=1&debut=0&seo_cat=54&x23=0&debut=0&seo_cat=54&x23=1&debut=0&seo_cat=54&x24=0&debut=0&seo_cat=54&x23=0&debut=0&seo_cat=54&x24=1&debut=0&seo_cat=54&x23=1&debut=0&seo_cat=54&x23=0&debut=0&seo_cat=54&x23=1&debut=0 HTTP/1.1" 200 60090 "-" "Mozilla/5.0 (compatible; SERankingBacklinksBot/1.0; +https://seranking.com/backlinks-crawler)"
144.76.19.75 - - [19/Aug/2026:00:07:53 +0200] "GET /category.php?seo=54-les-3x450-m&seo_cat=54&x23=1&debut=0&histo_track=1&seo_cat=54&x23=0&debut=0&seo_cat=54&x24=1&debut=0&seo_cat=54&x24=0&debut=0&seo_cat=54&x24=1&debut=0&seo_cat=54&x23=1&debut=0&seo_cat=54&x23=0&debut=0&seo_cat=54&x23=1&debut=0&seo_cat=54&x24=0&debut=0&seo_cat=54&x23=0&debut=0&seo_cat=54&x23=1&debut=0&seo_cat=54&x23=0&debut=0 HTTP/1.1" 200 60090 "-" "Mozilla/5.0 (compatible; SERankingBacklinksBot/1.0; +https://seranking.com/backlinks-crawler)"
144.76.19.75 - - [19/Aug/2026:00:07:57 +0200] "GET /category.php?seo=54-les-3x450-m&seo_cat=54&x24=1&debut=0&histo_track=1&seo_cat=54&x24=0&debut=0&seo_cat=54&x23=1&debut=0&seo_cat=54&x24=1&debut=0&seo_cat=54&x23=0&debut=0&seo_cat=54&x23=1&debut=0&seo_cat=54&x24=0&debut=0&seo_cat=54&x23=0&debut=0&seo_cat=54&x24=1&debut=0&seo_cat=54&x23=1&debut=0&seo_cat=54&x23=0&debut=0&seo_cat=54&x24=0&debut=0 HTTP/1.1" 200 59996 "-" "Mozilla/5.0 (compatible; SERankingBacklinksBot/1.0; +https://seranking.com/backlinks-crawler)"
144.76.19.75 - - [19/Aug/2026:00:08:00 +0200] "GET /category.php?seo=54-les-3x450-m&seo_cat=54&x23=1&debut=0&histo_track=1&seo_cat=54&x23=0&debut=0&seo_cat=54&x24=1&debut=0&seo_cat=54&x24=0&debut=0&seo_cat=54&x24=1&debut=0&seo_cat=54&x23=1&debut=0&seo_cat=54&x23=0&debut=0&seo_cat=54&x23=1&debut=0&seo_cat=54&x24=0&debut=0&seo_cat=54&x23=0&debut=0&seo_cat=54&x23=1&debut=0&seo_cat=54&x24=1&debut=0 HTTP/1.1" 200 60100 "-" "Mozilla/5.0 (compatible; SERankingBacklinksBot/1.0; +https://seranking.com/backlinks-crawler)"
144.76.19.75 - - [19/Aug/2026:00:08:03 +0200] "GET /category.php?seo=54-les-3x450-m&seo_cat=54&x24=1&debut=0&histo_track=1&seo_cat=54&x24=0&debut=0&seo_cat=54&x23=1&debut=0&seo_cat=54&x24=1&debut=0&seo_cat=54&x23=0&debut=0&seo_cat=54&x23=1&debut=0&seo_cat=54&x24=0&debut=0&seo_cat=54&x23=0&debut=0&seo_cat=54&x24=1&debut=0&seo_cat=54&x23=1&debut=0&seo_cat=54&x24=0&debut=0&seo_cat=54&x23=0&debut=0 HTTP/1.1" 200 60032 "-" "Mozilla/5.0 (compatible; SERankingBacklinksBot/1.0; +https://seranking.com/backlinks-crawler)"
144.76.19.75 - - [19/Aug/2026:00:08:07 +0200] "GET /category.php?seo=54-les-3x450-m&seo_cat=54&x23=1&debut=0&histo_track=1&seo_cat=54&x23=0&debut=0&seo_cat=54&x24=1&debut=0&seo_cat=54&x24=0&debut=0&seo_cat=54&x24=1&debut=0&seo_cat=54&x23=1&debut=0&seo_cat=54&x23=0&debut=0&seo_cat=54&x23=1&debut=0&seo_cat=54&x24=0&debut=0&seo_cat=54&x23=0&debut=0&seo_cat=54&x24=1&debut=0&seo_cat=54&x23=1&debut=0 HTTP/1.1" 200 60000 "-" "Mozilla/5.0 (compatible; SERankingBacklinksBot/1.0; +https://seranking.com/backlinks-crawler)"
144.76.19.75 - - [19/Aug/2026:00:08:10 +0200] "GET /category.php?seo=54-les-3x450-m&seo_cat=54&x24=1&debut=0&histo_track=1&seo_cat=54&x24=0&debut=0&seo_cat=54&x23=1&debut=0&seo_cat=54&x24=1&debut=0&seo_cat=54&x23=0&debut=0&seo_cat=54&x23=1&debut=0&seo_cat=54&x24=0&debut=0&seo_cat=54&x23=0&debut=0&seo_cat=54&x24=1&debut=0&seo_cat=54&x23=1&debut=0&seo_cat=54&x24=0&debut=0&seo_cat=54&x24=1&debut=0 HTTP/1.1" 200 59968 "-" "Mozilla/5.0 (compatible; SERankingBacklinksBot/1.0; +https://seranking.com/backlinks-crawler)"
144.76.19.75 - - [19/Aug/2026:00:08:13 +0200] "GET /category.php?seo=54-les-3x450-m&seo_cat=54&x23=1&debut=0&histo_track=1&seo_cat=54&x23=0&debut=0&seo_cat=54&x24=1&debut=0&seo_cat=54&x24=0&debut=0&seo_cat=54&x24=1&debut=0&seo_cat=54&x23=1&debut=0&seo_cat=54&x23=0&debut=0&seo_cat=54&x23=1&debut=0&seo_cat=54&x24=0&debut=0&seo_cat=54&x23=0&debut=0&seo_cat=54&x24=1&debut=0&seo_cat=54&x24=0&debut=0 HTTP/1.1" 200 59996 "-" "Mozilla/5.0 (compatible; SERankingBacklinksBot/1.0; +https://seranking.com/backlinks-crawler)"
144.76.19.75 - - [19/Aug/2026:00:08:17 +0200] "GET /category.php?seo=54-les-3x450-m&seo_cat=54&x24=1&debut=0&histo_track=1&seo_cat=54&x24=0&debut=0&seo_cat=54&x23=1&debut=0&seo_cat=54&x24=1&debut=0&seo_cat=54&x23=0&debut=0&seo_cat=54&x23=1&debut=0&seo_cat=54&x24=0&debut=0&seo_cat=54&x23=0&debut=0&seo_cat=54&x24=1&debut=0&seo_cat=54&x24=0&debut=0&seo_cat=54&x23=1&debut=0&seo_cat=54&x23=0&debut=0 HTTP/1.1" 200 59996 "-" "Mozilla/5.0 (compatible; SERankingBacklinksBot/1.0; +https://seranking.com/backlinks-crawler)"
144.76.19.75 - - [19/Aug/2026:00:08:20 +0200] "GET /category.php?seo=54-les-3x450-m&seo_cat=54&x23=1&debut=0&histo_track=1&seo_cat=54&x23=0&debut=0&seo_cat=54&x24=1&debut=0&seo_cat=54&x24=0&debut=0&seo_cat=54&x24=1&debut=0&seo_cat=54&x23=1&debut=0&seo_cat=54&x23=0&debut=0&seo_cat=54&x23=1&debut=0&seo_cat=54&x24=0&debut=0&seo_cat=54&x24=1&debut=0&seo_cat=54&x23=0&debut=0&seo_cat=54&x23=1&debut=0 HTTP/1.1" 200 60090 "-" "Mozilla/5.0 (compatible; SERankingBacklinksBot/1.0; +https://seranking.com/backlinks-crawler)"
144.76.19.75 - - [19/Aug/2026:00:08:23 +0200] "GET /category.php?seo=54-les-3x450-m&seo_cat=54&x24=1&debut=0&histo_track=1&seo_cat=54&x24=0&debut=0&seo_cat=54&x23=1&debut=0&seo_cat=54&x24=1&debut=0&seo_cat=54&x23=0&debut=0&seo_cat=54&x23=1&debut=0&seo_cat=54&x24=0&debut=0&seo_cat=54&x23=0&debut=0&seo_cat=54&x24=1&debut=0&seo_cat=54&x24=0&debut=0&seo_cat=54&x23=1&debut=0&seo_cat=54&x24=1&debut=0 HTTP/1.1" 200 59996 "-" "Mozilla/5.0 (compatible; SERankingBacklinksBot/1.0; +https://seranking.com/backlinks-crawler)"
144.76.19.75 - - [19/Aug/2026:00:08:27 +0200] "GET /category.php?seo=54-les-3x450-m&seo_cat=54&x23=1&debut=0&histo_track=1&seo_cat=54&x23=0&debut=0&seo_cat=54&x24=1&debut=0&seo_cat=54&x24=0&debut=0&seo_cat=54&x24=1&debut=0&seo_cat=54&x23=1&debut=0&seo_cat=54&x23=0&debut=0&seo_cat=54&x23=1&debut=0&seo_cat=54&x24=0&debut=0&seo_cat=54&x24=1&debut=0&seo_cat=54&x23=0&debut=0&seo_cat=54&x24=0&debut=0 HTTP/1.1" 200 60100 "-" "Mozilla/5.0 (compatible; SERankingBacklinksBot/1.0; +https://seranking.com/backlinks-crawler)"
185.191.171.11 - - [19/Aug/2026:00:08:27 +0200] "GET /new-products.php?a=10&b=1&debut=0&debut=0&debut=0&debut=0&debut=0&debut=0&debut=0&debut=0&debut=0&debut=10&m=02&seo_cat&seo_cat&seo_cat&seo_cat&seo_cat&seo_cat&seo_cat&seo_cat&seo_cat&x21=0&x21=1&x22=0&x22=0&x22=0&x22=0&x22=0&x22=1&x24=1&y=2022 HTTP/1.1" 200 51305 "-" "Mozilla/5.0 (compatible; SemrushBot/7~bl; +http://www.semrush.com/bot.html)"
85.208.96.199 - - [19/Aug/2026:00:08:29 +0200] "GET /new-products.php?a=10&a=10&a=10&a=10&a=10&a=10&b=1&b=1&b=1&b=1&b=1&b=1&debut=0&debut=0&debut=0&debut=0&debut=0&debut=0&debut=0&debut=0&debut=0&debut=0&debut=0&debut=0&debut=10&m=10&seo_cat&seo_cat&seo_cat&seo_cat&seo_cat&seo_cat&seo_cat&x21=0&x21=0&x21=1&x23=1&x24=1&x2=0&x2=1&y=2021 HTTP/1.1" 200 51516 "-" "Mozilla/5.0 (compatible; SemrushBot/7~bl; +http://www.semrush.com/bot.html)"
144.76.19.75 - - [19/Aug/2026:00:08:30 +0200] "GET /category.php?seo=54-les-3x450-m&seo_cat=54&x24=1&debut=0&histo_track=1&seo_cat=54&x24=0&debut=0&seo_cat=54&x23=1&debut=0&seo_cat=54&x24=1&debut=0&seo_cat=54&x23=0&debut=0&seo_cat=54&x23=1&debut=0&seo_cat=54&x24=0&debut=0&seo_cat=54&x23=0&debut=0&seo_cat=54&x24=1&debut=0&seo_cat=54&x24=0&debut=0&seo_cat=54&x24=1&debut=0&seo_cat=54&x23=1&debut=0 HTTP/1.1" 200 59996 "-" "Mozilla/5.0 (compatible; SERankingBacklinksBot/1.0; +https://seranking.com/backlinks-crawler)"
185.191.171.14 - - [19/Aug/2026:00:08:33 +0200] "GET /new-products.php?a=10&a=10&a=10&b=1&b=1&b=1&debut=0&debut=0&debut=0&debut=0&debut=0&debut=0&debut=0&debut=0&debut=0&debut=10&m=05&seo_cat&seo_cat&seo_cat&seo_cat&seo_cat&seo_cat&seo_cat&x21=0&x21=0&x21=1&x22=0&x22=0&x22=1&x24=1&y=2021 HTTP/1.1" 200 51274 "-" "Mozilla/5.0 (compatible; SemrushBot/7~bl; +http://www.semrush.com/bot.html)"
