144.76.19.75 - - [19/Aug/2026:02:47:59 +0200] "GET /category.php?seo=54-les-3x450-m&seo_cat=54&x23=1&debut=0&seo_cat=54&x23=0&debut=0&seo_cat=54&x23=1&debut=0&seo_cat=54&x23=0&debut=0&seo_cat=54&x24=1&debut=0&seo_cat=54&x23=1&debut=0&seo_cat=54&x24=0&debut=0&seo_cat=54&x23=0&debut=0&seo_cat=54&x24=1&debut=0&seo_cat=54&x23=1&debut=0&seo_cat=54&x24=0&debut=0&seo_cat=54&x24=1&debut=0&seo_cat=54&x23=0&debut=0 HTTP/1.1" 200 55790 "-" "Mozilla/5.0 (compatible; SERankingBacklinksBot/1.0; +https://seranking.com/backlinks-crawler)"
85.208.96.193 - - [19/Aug/2026:02:48:00 +0200] "GET /marques.php?debut=0&debut=0&debut=0&debut=0&debut=0&debut=0&debut=0&debut=0&debut=0&seo=24-haut-de-gamme&seo_marq=24&seo_marq=24&seo_marq=24&seo_marq=24&seo_marq=24&seo_marq=24&seo_marq=24&seo_marq=24&seo_marq=24&t2=1&t48=0&t48=1&t49=0&t49=1&t53=1&t55=0&t55=0&t55=1 HTTP/1.1" 200 75314 "-" "Mozilla/5.0 (compatible; SemrushBot/7~bl; +http://www.semrush.com/bot.html)"
144.76.19.75 - - [19/Aug/2026:02:48:02 +0200] "GET /category.php?seo=54-les-3x450-m&seo_cat=54&x24=1&debut=0&seo_cat=54&x23=1&debut=0&seo_cat=54&x23=0&debut=0&seo_cat=54&x23=1&debut=0&seo_cat=54&x24=0&debut=0&seo_cat=54&x23=0&debut=0&seo_cat=54&x24=1&debut=0&seo_cat=54&x23=1&debut=0&seo_cat=54&x24=0&debut=0&seo_cat=54&x23=0&debut=0&seo_cat=54&x24=1&debut=0&seo_cat=54&x24=0&debut=0&seo_cat=54&x24=1&debut=0 HTTP/1.1" 200 55884 "-" "Mozilla/5.0 (compatible; SERankingBacklinksBot/1.0; +https://seranking.com/backlinks-crawler)"
85.208.96.201 - - [19/Aug/2026:02:48:03 +0200] "GET /marques.php?debut=0&debut=0&debut=0&debut=0&debut=0&debut=0&debut=0&debut=0&debut=0&debut=0&histo_track=1&seo=24-haut-de-gamme&seo_marq=24&seo_marq=24&seo_marq=24&seo_marq=24&seo_marq=24&seo_marq=24&seo_marq=24&seo_marq=24&seo_marq=24&seo_marq=24&t3=0&t3=0&t3=1&t49=0&t49=1&t4=0&t4=1&t53=1&t54=0&t54=1 HTTP/1.1" 200 80038 "-" "Mozilla/5.0 (compatible; SemrushBot/7~bl; +http://www.semrush.com/bot.html)"
85.208.96.201 - - [19/Aug/2026:02:48:03 +0200] "GET /marques.php?debut=0&debut=0&debut=0&debut=0&debut=0&debut=0&debut=0&debut=0&debut=0&debut=0&histo_track=1&seo=24-haut-de-gamme&seo_marq=24&seo_marq=24&seo_marq=24&seo_marq=24&seo_marq=24&seo_marq=24&seo_marq=24&seo_marq=24&seo_marq=24&seo_marq=24&t3=0&t3=0&t3=1&t49=0&t49=1&t4=0&t4=1&t53=1&t54=0&t54=1 HTTP/1.1" 200 79906 "-" "Mozilla/5.0 (compatible; SemrushBot/7~bl; +http://www.semrush.com/bot.html)"
85.208.96.194 - - [19/Aug/2026:02:48:05 +0200] "GET /new-products.php?a=10&a=10&a=10&a=10&a=10&a=10&b=1&b=1&b=1&b=1&b=1&b=1&debut=0&debut=0&debut=0&debut=0&debut=0&debut=0&debut=0&debut=0&debut=0&debut=0&debut=10&m=07&seo_cat&seo_cat&seo_cat&seo_cat&seo_cat&x21=0&x21=0&x21=0&x21=1&x2=1&y=2020 HTTP/1.1" 200 51337 "-" "Mozilla/5.0 (compatible; SemrushBot/7~bl; +http://www.semrush.com/bot.html)"
144.76.19.75 - - [19/Aug/2026:02:48:06 +0200] "GET /category.php?seo=54-les-3x450-m&seo_cat=54&x23=1&debut=0&seo_cat=54&x23=0&debut=0&seo_cat=54&x23=1&debut=0&seo_cat=54&x23=0&debut=0&seo_cat=54&x24=1&debut=0&seo_cat=54&x23=1&debut=0&seo_cat=54&x24=0&debut=0&seo_cat=54&x23=0&debut=0&seo_cat=54&x24=1&debut=0&seo_cat=54&x23=1&debut=0&seo_cat=54&x24=0&debut=0&seo_cat=54&x24=1&debut=0&seo_cat=54&x24=0&debut=0 HTTP/1.1" 200 55883 "-" "Mozilla/5.0 (compatible; SERankingBacklinksBot/1.0; +https://seranking.com/backlinks-crawler)"
144.76.19.75 - - [19/Aug/2026:02:48:09 +0200] "GET /category.php?seo=54-les-3x450-m&seo_cat=54&x24=1&debut=0&seo_cat=54&x23=1&debut=0&seo_cat=54&x23=0&debut=0&seo_cat=54&x23=1&debut=0&seo_cat=54&x24=0&debut=0&seo_cat=54&x23=0&debut=0&seo_cat=54&x24=1&debut=0&seo_cat=54&x23=1&debut=0&seo_cat=54&x24=0&debut=0&seo_cat=54&x24=1&debut=0&seo_cat=54&x23=0&debut=0&seo_cat=54&x23=1&debut=0&seo_cat=54&x23=0&debut=0 HTTP/1.1" 200 55794 "-" "Mozilla/5.0 (compatible; SERankingBacklinksBot/1.0; +https://seranking.com/backlinks-crawler)"
144.76.19.75 - - [19/Aug/2026:02:48:12 +0200] "GET /category.php?seo=54-les-3x450-m&seo_cat=54&x23=1&debut=0&seo_cat=54&x23=0&debut=0&seo_cat=54&x23=1&debut=0&seo_cat=54&x23=0&debut=0&seo_cat=54&x24=1&debut=0&seo_cat=54&x23=1&debut=0&seo_cat=54&x24=0&debut=0&seo_cat=54&x23=0&debut=0&seo_cat=54&x24=1&debut=0&seo_cat=54&x24=0&debut=0&seo_cat=54&x23=1&debut=0&seo_cat=54&x23=0&debut=0&seo_cat=54&x23=1&debut=0 HTTP/1.1" 200 55883 "-" "Mozilla/5.0 (compatible; SERankingBacklinksBot/1.0; +https://seranking.com/backlinks-crawler)"
144.76.19.75 - - [19/Aug/2026:02:48:16 +0200] "GET /category.php?seo=54-les-3x450-m&seo_cat=54&x24=1&debut=0&seo_cat=54&x23=1&debut=0&seo_cat=54&x23=0&debut=0&seo_cat=54&x23=1&debut=0&seo_cat=54&x24=0&debut=0&seo_cat=54&x23=0&debut=0&seo_cat=54&x24=1&debut=0&seo_cat=54&x23=1&debut=0&seo_cat=54&x24=0&debut=0&seo_cat=54&x24=1&debut=0&seo_cat=54&x23=0&debut=0&seo_cat=54&x23=1&debut=0&seo_cat=54&x24=0&debut=0 HTTP/1.1" 200 55789 "-" "Mozilla/5.0 (compatible; SERankingBacklinksBot/1.0; +https://seranking.com/backlinks-crawler)"
144.76.19.75 - - [19/Aug/2026:02:48:19 +0200] "GET /category.php?seo=54-les-3x450-m&seo_cat=54&x23=1&debut=0&seo_cat=54&x23=0&debut=0&seo_cat=54&x23=1&debut=0&seo_cat=54&x23=0&debut=0&seo_cat=54&x24=1&debut=0&seo_cat=54&x23=1&debut=0&seo_cat=54&x24=0&debut=0&seo_cat=54&x23=0&debut=0&seo_cat=54&x24=1&debut=0&seo_cat=54&x24=0&debut=0&seo_cat=54&x23=1&debut=0&seo_cat=54&x23=0&debut=0&seo_cat=54&x24=1&debut=0 HTTP/1.1" 200 55762 "-" "Mozilla/5.0 (compatible; SERankingBacklinksBot/1.0; +https://seranking.com/backlinks-crawler)"
185.191.171.9 - - [19/Aug/2026:02:48:19 +0200] "GET /new-products.php?a=10&b=1&debut=0&debut=0&debut=0&debut=0&debut=0&debut=0&debut=10&m=03&seo_cat&seo_cat&seo_cat&seo_cat&seo_cat&seo_cat&x21=1&x22=0&x22=0&x22=1&x24=0&x24=1&y=2023 HTTP/1.1" 200 50842 "-" "Mozilla/5.0 (compatible; SemrushBot/7~bl; +http://www.semrush.com/bot.html)"
144.76.19.75 - - [19/Aug/2026:02:48:22 +0200] "GET /category.php?seo=54-les-3x450-m&seo_cat=54&x24=1&debut=0&seo_cat=54&x23=1&debut=0&seo_cat=54&x23=0&debut=0&seo_cat=54&x23=1&debut=0&seo_cat=54&x24=0&debut=0&seo_cat=54&x23=0&debut=0&seo_cat=54&x24=1&debut=0&seo_cat=54&x23=1&debut=0&seo_cat=54&x24=0&debut=0&seo_cat=54&x24=1&debut=0&seo_cat=54&x23=0&debut=0&seo_cat=54&x24=0&debut=0&seo_cat=54&x23=1&debut=0 HTTP/1.1" 200 55793 "-" "Mozilla/5.0 (compatible; SERankingBacklinksBot/1.0; +https://seranking.com/backlinks-crawler)"
85.208.96.204 - - [19/Aug/2026:02:48:24 +0200] "GET /robots.txt HTTP/1.1" 200 89 "-" "Mozilla/5.0 (compatible; SemrushBot/7~bl; +http://www.semrush.com/bot.html)"
185.191.171.11 - - [19/Aug/2026:02:48:24 +0200] "GET /new-products.php?a=10&b=1&debut=0&debut=0&debut=0&debut=0&debut=0&debut=0&debut=0&debut=0&debut=0&debut=0&debut=10&histo_track=1&m=04&seo_cat&seo_cat&seo_cat&seo_cat&seo_cat&seo_cat&seo_cat&seo_cat&seo_cat&seo_cat&x21=0&x21=0&x21=0&x21=0&x21=0&x21=0&x21=1&x22=1&x23=1&x2=1&y=2020 HTTP/1.1" 200 51615 "-" "Mozilla/5.0 (compatible; SemrushBot/7~bl; +http://www.semrush.com/bot.html)"
144.76.19.75 - - [19/Aug/2026:02:48:26 +0200] "GET /category.php?seo=54-les-3x450-m&seo_cat=54&x23=1&debut=0&seo_cat=54&x23=0&debut=0&seo_cat=54&x23=1&debut=0&seo_cat=54&x23=0&debut=0&seo_cat=54&x24=1&debut=0&seo_cat=54&x23=1&debut=0&seo_cat=54&x24=0&debut=0&seo_cat=54&x23=0&debut=0&seo_cat=54&x24=1&debut=0&seo_cat=54&x24=0&debut=0&seo_cat=54&x23=1&debut=0&seo_cat=54&x24=1&debut=0&seo_cat=54&x23=0&debut=0 HTTP/1.1" 200 55762 "-" "Mozilla/5.0 (compatible; SERankingBacklinksBot/1.0; +https://seranking.com/backlinks-crawler)"
144.76.19.75 - - [19/Aug/2026:02:48:29 +0200] "GET /category.php?seo=54-les-3x450-m&seo_cat=54&x24=1&debut=0&seo_cat=54&x23=1&debut=0&seo_cat=54&x23=0&debut=0&seo_cat=54&x23=1&debut=0&seo_cat=54&x24=0&debut=0&seo_cat=54&x23=0&debut=0&seo_cat=54&x24=1&debut=0&seo_cat=54&x23=1&debut=0&seo_cat=54&x24=0&debut=0&seo_cat=54&x24=1&debut=0&seo_cat=54&x23=0&debut=0&seo_cat=54&x24=0&debut=0&seo_cat=54&x24=1&debut=0 HTTP/1.1" 200 55794 "-" "Mozilla/5.0 (compatible; SERankingBacklinksBot/1.0; +https://seranking.com/backlinks-crawler)"
144.76.19.75 - - [19/Aug/2026:02:48:33 +0200] "GET /category.php?seo=54-les-3x450-m&seo_cat=54&x23=1&debut=0&seo_cat=54&x23=0&debut=0&seo_cat=54&x23=1&debut=0&seo_cat=54&x23=0&debut=0&seo_cat=54&x24=1&debut=0&seo_cat=54&x23=1&debut=0&seo_cat=54&x24=0&debut=0&seo_cat=54&x23=0&debut=0&seo_cat=54&x24=1&debut=0&seo_cat=54&x24=0&debut=0&seo_cat=54&x23=1&debut=0&seo_cat=54&x24=1&debut=0&seo_cat=54&x24=0&debut=0 HTTP/1.1" 200 55825 "-" "Mozilla/5.0 (compatible; SERankingBacklinksBot/1.0; +https://seranking.com/backlinks-crawler)"
144.76.19.75 - - [19/Aug/2026:02:48:36 +0200] "GET /category.php?seo=54-les-3x450-m&seo_cat=54&x24=1&debut=0&seo_cat=54&x23=1&debut=0&seo_cat=54&x23=0&debut=0&seo_cat=54&x23=1&debut=0&seo_cat=54&x24=0&debut=0&seo_cat=54&x23=0&debut=0&seo_cat=54&x24=1&debut=0&seo_cat=54&x23=1&debut=0&seo_cat=54&x24=0&debut=0&seo_cat=54&x24=1&debut=0&seo_cat=54&x24=0&debut=0&seo_cat=54&x23=0&debut=0&seo_cat=54&x23=1&debut=0 HTTP/1.1" 200 55893 "-" "Mozilla/5.0 (compatible; SERankingBacklinksBot/1.0; +https://seranking.com/backlinks-crawler)"
144.76.19.75 - - [19/Aug/2026:02:48:39 +0200] "GET /category.php?seo=54-les-3x450-m&seo_cat=54&x23=1&debut=0&seo_cat=54&x23=0&debut=0&seo_cat=54&x23=1&debut=0&seo_cat=54&x23=0&debut=0&seo_cat=54&x24=1&debut=0&seo_cat=54&x23=1&debut=0&seo_cat=54&x24=0&debut=0&seo_cat=54&x23=0&debut=0&seo_cat=54&x24=1&debut=0&seo_cat=54&x24=0&debut=0&seo_cat=54&x24=1&debut=0&seo_cat=54&x23=1&debut=0&seo_cat=54&x23=0&debut=0 HTTP/1.1" 200 55884 "-" "Mozilla/5.0 (compatible; SERankingBacklinksBot/1.0; +https://seranking.com/backlinks-crawler)"
144.76.19.75 - - [19/Aug/2026:02:48:43 +0200] "GET /category.php?seo=54-les-3x450-m&seo_cat=54&x24=1&debut=0&seo_cat=54&x23=1&debut=0&seo_cat=54&x23=0&debut=0&seo_cat=54&x23=1&debut=0&seo_cat=54&x24=0&debut=0&seo_cat=54&x23=0&debut=0&seo_cat=54&x24=1&debut=0&seo_cat=54&x23=1&debut=0&seo_cat=54&x24=0&debut=0&seo_cat=54&x24=1&debut=0&seo_cat=54&x24=0&debut=0&seo_cat=54&x23=0&debut=0&seo_cat=54&x24=1&debut=0 HTTP/1.1" 200 55794 "-" "Mozilla/5.0 (compatible; SERankingBacklinksBot/1.0; +https://seranking.com/backlinks-crawler)"
185.191.171.18 - - [19/Aug/2026:02:48:45 +0200] "GET /new-products.php?a=10&a=10&b=1&b=1&debut=0&debut=0&debut=0&debut=0&debut=0&debut=0&debut=0&debut=0&debut=0&debut=0&debut=10&m=07&seo_cat&seo_cat&seo_cat&seo_cat&seo_cat&seo_cat&seo_cat&seo_cat&seo_cat&x21=1&x22=0&x22=0&x22=1&x23=1&x24=0&x24=0&x24=1&x2=1&y=2022 HTTP/1.1" 200 58077 "-" "Mozilla/5.0 (compatible; SemrushBot/7~bl; +http://www.semrush.com/bot.html)"
144.76.19.75 - - [19/Aug/2026:02:48:46 +0200] "GET /category.php?seo=54-les-3x450-m&seo_cat=54&x23=1&debut=0&seo_cat=54&x23=0&debut=0&seo_cat=54&x23=1&debut=0&seo_cat=54&x23=0&debut=0&seo_cat=54&x24=1&debut=0&seo_cat=54&x23=1&debut=0&seo_cat=54&x24=0&debut=0&seo_cat=54&x23=0&debut=0&seo_cat=54&x24=1&debut=0&seo_cat=54&x24=0&debut=0&seo_cat=54&x24=1&debut=0&seo_cat=54&x23=1&debut=0&seo_cat=54&x24=0&debut=0 HTTP/1.1" 200 55761 "-" "Mozilla/5.0 (compatible; SERankingBacklinksBot/1.0; +https://seranking.com/backlinks-crawler)"
185.191.171.6 - - [19/Aug/2026:02:48:47 +0200] "GET /new-products.php?debut=0&debut=0&debut=0&debut=0&debut=0&debut=0&debut=0&debut=0&debut=0&debut=0&m=05&seo_cat&seo_cat&seo_cat&seo_cat&seo_cat&seo_cat&seo_cat&seo_cat&seo_cat&seo_cat&x21=0&x21=0&x21=0&x21=0&x21=1&x23=1&x24=0&x24=0&x24=0&x24=1&y=2023 HTTP/1.1" 200 91127 "-" "Mozilla/5.0 (compatible; SemrushBot/7~bl; +http://www.semrush.com/bot.html)"
144.76.19.75 - - [19/Aug/2026:02:48:49 +0200] "GET /category.php?seo=54-les-3x450-m&seo_cat=54&x24=1&debut=0&seo_cat=54&x23=1&debut=0&seo_cat=54&x23=0&debut=0&seo_cat=54&x23=1&debut=0&seo_cat=54&x24=0&debut=0&seo_cat=54&x23=0&debut=0&seo_cat=54&x24=1&debut=0&seo_cat=54&x23=1&debut=0&seo_cat=54&x24=0&debut=0&seo_cat=54&x24=1&debut=0&seo_cat=54&x24=0&debut=0&seo_cat=54&x24=1&debut=0&seo_cat=54&x23=0&debut=0 HTTP/1.1" 200 55826 "-" "Mozilla/5.0 (compatible; SERankingBacklinksBot/1.0; +https://seranking.com/backlinks-crawler)"
144.76.19.75 - - [19/Aug/2026:02:48:53 +0200] "GET /category.php?seo=54-les-3x450-m&seo_cat=54&x23=1&debut=0&seo_cat=54&x23=0&debut=0&seo_cat=54&x23=1&debut=0&seo_cat=54&x23=0&debut=0&seo_cat=54&x24=1&debut=0&seo_cat=54&x23=1&debut=0&seo_cat=54&x24=0&debut=0&seo_cat=54&x23=0&debut=0&seo_cat=54&x24=1&debut=0&seo_cat=54&x24=0&debut=0&seo_cat=54&x24=1&debut=0&seo_cat=54&x24=0&debut=0&seo_cat=54&x23=1&debut=0 HTTP/1.1" 200 55825 "-" "Mozilla/5.0 (compatible; SERankingBacklinksBot/1.0; +https://seranking.com/backlinks-crawler)"
144.76.19.75 - - [19/Aug/2026:02:48:56 +0200] "GET /category.php?seo=54-les-3x450-m&seo_cat=54&x24=1&debut=0&seo_cat=54&x23=1&debut=0&seo_cat=54&x23=0&debut=0&seo_cat=54&x23=1&debut=0&seo_cat=54&x24=0&debut=0&seo_cat=54&x23=0&debut=0&seo_cat=54&x24=1&debut=0&seo_cat=54&x23=1&debut=0&seo_cat=54&x24=0&debut=0&seo_cat=54&x24=1&debut=0&seo_cat=54&x24=0&debut=0&seo_cat=54&x24=1&debut=0&seo_cat=54&x24=0&debut=0 HTTP/1.1" 200 55883 "-" "Mozilla/5.0 (compatible; SERankingBacklinksBot/1.0; +https://seranking.com/backlinks-crawler)"
144.76.19.75 - - [19/Aug/2026:02:49:00 +0200] "GET /category.php?seo=54-les-3x450-m&seo_cat=54&x23=1&debut=0&seo_cat=54&x23=0&debut=0&seo_cat=54&x23=1&debut=0&seo_cat=54&x23=0&debut=0&seo_cat=54&x24=1&debut=0&seo_cat=54&x23=1&debut=0&seo_cat=54&x24=0&debut=0&seo_cat=54&x23=0&debut=0&seo_cat=54&x24=1&debut=0&seo_cat=54&x24=0&debut=0&seo_cat=54&x24=1&debut=0&seo_cat=54&x24=0&debut=0&seo_cat=54&x24=1&debut=0 HTTP/1.1" 200 55790 "-" "Mozilla/5.0 (compatible; SERankingBacklinksBot/1.0; +https://seranking.com/backlinks-crawler)"
144.76.19.75 - - [19/Aug/2026:02:49:03 +0200] "GET /category.php?seo=54-les-3x450-m&seo_cat=54&x24=1&debut=0&seo_cat=54&x23=1&debut=0&seo_cat=54&x23=0&debut=0&seo_cat=54&x23=1&debut=0&seo_cat=54&x24=0&debut=0&seo_cat=54&x23=0&debut=0&seo_cat=54&x24=1&debut=0&seo_cat=54&x24=0&debut=0&seo_cat=54&x23=1&debut=0&seo_cat=54&x23=0&debut=0&seo_cat=54&x23=1&debut=0&seo_cat=54&x23=0&debut=0&seo_cat=54&x23=1&debut=0 HTTP/1.1" 200 55825 "-" "Mozilla/5.0 (compatible; SERankingBacklinksBot/1.0; +https://seranking.com/backlinks-crawler)"
185.191.171.5 - - [19/Aug/2026:02:49:05 +0200] "GET /new-products.php?a=10&a=10&b=1&b=1&debut=0&debut=0&debut=0&debut=0&debut=0&debut=0&debut=0&debut=0&debut=0&debut=10&m=02&seo_cat&seo_cat&seo_cat&seo_cat&seo_cat&seo_cat&seo_cat&seo_cat&x21=0&x21=0&x21=0&x21=1&x22=1&x23=0&x23=1&x24=1&y=2020 HTTP/1.1" 200 57885 "-" "Mozilla/5.0 (compatible; SemrushBot/7~bl; +http://www.semrush.com/bot.html)"
144.76.19.75 - - [19/Aug/2026:02:49:06 +0200] "GET /category.php?seo=54-les-3x450-m&seo_cat=54&x23=1&debut=0&seo_cat=54&x23=0&debut=0&seo_cat=54&x23=1&debut=0&seo_cat=54&x23=0&debut=0&seo_cat=54&x24=1&debut=0&seo_cat=54&x23=1&debut=0&seo_cat=54&x24=0&debut=0&seo_cat=54&x24=1&debut=0&seo_cat=54&x23=0&debut=0&seo_cat=54&x23=1&debut=0&seo_cat=54&x23=0&debut=0&seo_cat=54&x23=1&debut=0&seo_cat=54&x23=0&debut=0 HTTP/1.1" 200 55790 "-" "Mozilla/5.0 (compatible; SERankingBacklinksBot/1.0; +https://seranking.com/backlinks-crawler)"
85.208.96.212 - - [19/Aug/2026:02:49:06 +0200] "GET /new-products.php?a=10&a=10&a=10&b=1&b=1&b=1&debut=0&debut=0&debut=0&debut=0&debut=0&debut=0&debut=0&debut=0&debut=0&debut=10&m=11&seo_cat&seo_cat&seo_cat&seo_cat&seo_cat&seo_cat&seo_cat&x21=1&x22=0&x22=1&x23=1&x24=0&x24=1&x2=1&y=2019 HTTP/1.1" 200 57864 "-" "Mozilla/5.0 (compatible; SemrushBot/7~bl; +http://www.semrush.com/bot.html)"
185.191.171.16 - - [19/Aug/2026:02:49:09 +0200] "GET /new-products.php?a=10&b=1&debut=0&debut=0&debut=0&debut=0&debut=0&debut=0&debut=0&debut=0&debut=10&m=11&seo_cat&seo_cat&seo_cat&seo_cat&seo_cat&seo_cat&seo_cat&seo_cat&x21=0&x21=0&x21=1&x22=1&x23=0&x23=1&x24=0&x24=1&y=2021 HTTP/1.1" 200 57833 "-" "Mozilla/5.0 (compatible; SemrushBot/7~bl; +http://www.semrush.com/bot.html)"
144.76.19.75 - - [19/Aug/2026:02:49:10 +0200] "GET /category.php?seo=54-les-3x450-m&seo_cat=54&x24=1&debut=0&seo_cat=54&x23=1&debut=0&seo_cat=54&x23=0&debut=0&seo_cat=54&x23=1&debut=0&seo_cat=54&x24=0&debut=0&seo_cat=54&x23=0&debut=0&seo_cat=54&x24=1&debut=0&seo_cat=54&x24=0&debut=0&seo_cat=54&x23=1&debut=0&seo_cat=54&x23=0&debut=0&seo_cat=54&x23=1&debut=0&seo_cat=54&x23=0&debut=0&seo_cat=54&x24=1&debut=0 HTTP/1.1" 200 55762 "-" "Mozilla/5.0 (compatible; SERankingBacklinksBot/1.0; +https://seranking.com/backlinks-crawler)"
144.76.19.75 - - [19/Aug/2026:02:49:13 +0200] "GET /category.php?seo=54-les-3x450-m&seo_cat=54&x23=1&debut=0&seo_cat=54&x23=0&debut=0&seo_cat=54&x23=1&debut=0&seo_cat=54&x23=0&debut=0&seo_cat=54&x24=1&debut=0&seo_cat=54&x23=1&debut=0&seo_cat=54&x24=0&debut=0&seo_cat=54&x24=1&debut=0&seo_cat=54&x23=0&debut=0&seo_cat=54&x23=1&debut=0&seo_cat=54&x23=0&debut=0&seo_cat=54&x23=1&debut=0&seo_cat=54&x24=0&debut=0 HTTP/1.1" 200 55793 "-" "Mozilla/5.0 (compatible; SERankingBacklinksBot/1.0; +https://seranking.com/backlinks-crawler)"
144.76.19.75 - - [19/Aug/2026:02:49:16 +0200] "GET /category.php?seo=54-les-3x450-m&seo_cat=54&x24=1&debut=0&seo_cat=54&x23=1&debut=0&seo_cat=54&x23=0&debut=0&seo_cat=54&x23=1&debut=0&seo_cat=54&x24=0&debut=0&seo_cat=54&x23=0&debut=0&seo_cat=54&x24=1&debut=0&seo_cat=54&x24=0&debut=0&seo_cat=54&x23=1&debut=0&seo_cat=54&x23=0&debut=0&seo_cat=54&x23=1&debut=0&seo_cat=54&x24=1&debut=0&seo_cat=54&x23=0&debut=0 HTTP/1.1" 200 55826 "-" "Mozilla/5.0 (compatible; SERankingBacklinksBot/1.0; +https://seranking.com/backlinks-crawler)"
144.76.19.75 - - [19/Aug/2026:02:49:19 +0200] "GET /category.php?seo=54-les-3x450-m&seo_cat=54&x23=1&debut=0&seo_cat=54&x23=0&debut=0&seo_cat=54&x23=1&debut=0&seo_cat=54&x23=0&debut=0&seo_cat=54&x24=1&debut=0&seo_cat=54&x23=1&debut=0&seo_cat=54&x24=0&debut=0&seo_cat=54&x24=1&debut=0&seo_cat=54&x23=0&debut=0&seo_cat=54&x23=1&debut=0&seo_cat=54&x23=0&debut=0&seo_cat=54&x24=0&debut=0&seo_cat=54&x23=1&debut=0 HTTP/1.1" 200 55789 "-" "Mozilla/5.0 (compatible; SERankingBacklinksBot/1.0; +https://seranking.com/backlinks-crawler)"
144.76.19.75 - - [19/Aug/2026:02:49:23 +0200] "GET /category.php?seo=54-les-3x450-m&seo_cat=54&x24=1&debut=0&seo_cat=54&x23=1&debut=0&seo_cat=54&x23=0&debut=0&seo_cat=54&x23=1&debut=0&seo_cat=54&x24=0&debut=0&seo_cat=54&x23=0&debut=0&seo_cat=54&x24=1&debut=0&seo_cat=54&x24=0&debut=0&seo_cat=54&x23=1&debut=0&seo_cat=54&x23=0&debut=0&seo_cat=54&x23=1&debut=0&seo_cat=54&x24=1&debut=0&seo_cat=54&x24=0&debut=0 HTTP/1.1" 200 55893 "-" "Mozilla/5.0 (compatible; SERankingBacklinksBot/1.0; +https://seranking.com/backlinks-crawler)"
144.76.19.75 - - [19/Aug/2026:02:49:26 +0200] "GET /category.php?seo=54-les-3x450-m&seo_cat=54&x23=1&debut=0&seo_cat=54&x23=0&debut=0&seo_cat=54&x23=1&debut=0&seo_cat=54&x23=0&debut=0&seo_cat=54&x24=1&debut=0&seo_cat=54&x23=1&debut=0&seo_cat=54&x24=0&debut=0&seo_cat=54&x24=1&debut=0&seo_cat=54&x23=0&debut=0&seo_cat=54&x23=1&debut=0&seo_cat=54&x23=0&debut=0&seo_cat=54&x24=0&debut=0&seo_cat=54&x24=1&debut=0 HTTP/1.1" 200 55762 "-" "Mozilla/5.0 (compatible; SERankingBacklinksBot/1.0; +https://seranking.com/backlinks-crawler)"
144.76.19.75 - - [19/Aug/2026:02:49:29 +0200] "GET /category.php?seo=54-les-3x450-m&seo_cat=54&x24=1&debut=0&seo_cat=54&x23=1&debut=0&seo_cat=54&x23=0&debut=0&seo_cat=54&x23=1&debut=0&seo_cat=54&x24=0&debut=0&seo_cat=54&x23=0&debut=0&seo_cat=54&x24=1&debut=0&seo_cat=54&x24=0&debut=0&seo_cat=54&x23=1&debut=0&seo_cat=54&x23=0&debut=0&seo_cat=54&x24=1&debut=0&seo_cat=54&x23=1&debut=0&seo_cat=54&x23=0&debut=0 HTTP/1.1" 200 55894 "-" "Mozilla/5.0 (compatible; SERankingBacklinksBot/1.0; +https://seranking.com/backlinks-crawler)"
144.76.19.75 - - [19/Aug/2026:02:49:33 +0200] "GET /category.php?seo=54-les-3x450-m&seo_cat=54&x24=1&debut=0&seo_cat=54&x24=0&debut=0&seo_cat=54&x24=1&debut=0&seo_cat=54&x24=0&debut=0&seo_cat=54&x24=1&debut=0&seo_cat=54&x24=0&debut=0&seo_cat=54&x24=1&debut=0&seo_cat=54&x23=1&debut=0&seo_cat=54&x24=0&debut=0&seo_cat=54&x23=0&debut=0&seo_cat=54&x23=1&debut=0&seo_cat=54&x24=1&debut=0&seo_cat=54&x24=0&debut=0 HTTP/1.1" 200 55883 "-" "Mozilla/5.0 (compatible; SERankingBacklinksBot/1.0; +https://seranking.com/backlinks-crawler)"
144.76.19.75 - - [19/Aug/2026:02:49:36 +0200] "GET /category.php?seo=54-les-3x450-m&seo_cat=54&x23=1&debut=0&seo_cat=54&x23=0&debut=0&seo_cat=54&x23=1&debut=0&seo_cat=54&x23=0&debut=0&seo_cat=54&x24=1&debut=0&seo_cat=54&x23=1&debut=0&seo_cat=54&x24=0&debut=0&seo_cat=54&x24=1&debut=0&seo_cat=54&x23=0&debut=0&seo_cat=54&x23=1&debut=0&seo_cat=54&x24=0&debut=0&seo_cat=54&x23=0&debut=0&seo_cat=54&x23=1&debut=0 HTTP/1.1" 200 55789 "-" "Mozilla/5.0 (compatible; SERankingBacklinksBot/1.0; +https://seranking.com/backlinks-crawler)"
144.76.19.75 - - [19/Aug/2026:02:49:40 +0200] "GET /category.php?seo=54-les-3x450-m&seo_cat=54&x24=1&debut=0&seo_cat=54&x23=1&debut=0&seo_cat=54&x23=0&debut=0&seo_cat=54&x23=1&debut=0&seo_cat=54&x24=0&debut=0&seo_cat=54&x23=0&debut=0&seo_cat=54&x24=1&debut=0&seo_cat=54&x24=0&debut=0&seo_cat=54&x23=1&debut=0&seo_cat=54&x23=0&debut=0&seo_cat=54&x24=1&debut=0&seo_cat=54&x23=1&debut=0&seo_cat=54&x24=0&debut=0 HTTP/1.1" 200 55883 "-" "Mozilla/5.0 (compatible; SERankingBacklinksBot/1.0; +https://seranking.com/backlinks-crawler)"
144.76.19.75 - - [19/Aug/2026:02:49:43 +0200] "GET /category.php?seo=54-les-3x450-m&seo_cat=54&x23=1&debut=0&seo_cat=54&x23=0&debut=0&seo_cat=54&x23=1&debut=0&seo_cat=54&x23=0&debut=0&seo_cat=54&x24=1&debut=0&seo_cat=54&x23=1&debut=0&seo_cat=54&x24=0&debut=0&seo_cat=54&x24=1&debut=0&seo_cat=54&x23=0&debut=0&seo_cat=54&x23=1&debut=0&seo_cat=54&x24=0&debut=0&seo_cat=54&x23=0&debut=0&seo_cat=54&x24=1&debut=0 HTTP/1.1" 200 55894 "-" "Mozilla/5.0 (compatible; SERankingBacklinksBot/1.0; +https://seranking.com/backlinks-crawler)"
144.76.19.75 - - [19/Aug/2026:02:49:46 +0200] "GET /category.php?seo=54-les-3x450-m&seo_cat=54&x24=1&debut=0&seo_cat=54&x23=1&debut=0&seo_cat=54&x23=0&debut=0&seo_cat=54&x23=1&debut=0&seo_cat=54&x24=0&debut=0&seo_cat=54&x23=0&debut=0&seo_cat=54&x24=1&debut=0&seo_cat=54&x24=0&debut=0&seo_cat=54&x23=1&debut=0&seo_cat=54&x23=0&debut=0&seo_cat=54&x24=1&debut=0&seo_cat=54&x24=0&debut=0&seo_cat=54&x23=1&debut=0 HTTP/1.1" 200 55893 "-" "Mozilla/5.0 (compatible; SERankingBacklinksBot/1.0; +https://seranking.com/backlinks-crawler)"
144.76.19.75 - - [19/Aug/2026:02:49:49 +0200] "GET /category.php?seo=54-les-3x450-m&seo_cat=54&x23=1&debut=0&seo_cat=54&x23=0&debut=0&seo_cat=54&x23=1&debut=0&seo_cat=54&x23=0&debut=0&seo_cat=54&x24=1&debut=0&seo_cat=54&x23=1&debut=0&seo_cat=54&x24=0&debut=0&seo_cat=54&x24=1&debut=0&seo_cat=54&x23=0&debut=0&seo_cat=54&x23=1&debut=0&seo_cat=54&x24=0&debut=0&seo_cat=54&x24=1&debut=0&seo_cat=54&x23=0&debut=0 HTTP/1.1" 200 55762 "-" "Mozilla/5.0 (compatible; SERankingBacklinksBot/1.0; +https://seranking.com/backlinks-crawler)"
144.76.19.75 - - [19/Aug/2026:02:49:53 +0200] "GET /category.php?seo=54-les-3x450-m&seo_cat=54&x24=1&debut=0&seo_cat=54&x23=1&debut=0&seo_cat=54&x23=0&debut=0&seo_cat=54&x23=1&debut=0&seo_cat=54&x24=0&debut=0&seo_cat=54&x23=0&debut=0&seo_cat=54&x24=1&debut=0&seo_cat=54&x24=0&debut=0&seo_cat=54&x23=1&debut=0&seo_cat=54&x23=0&debut=0&seo_cat=54&x24=1&debut=0&seo_cat=54&x24=0&debut=0&seo_cat=54&x24=1&debut=0 HTTP/1.1" 200 55894 "-" "Mozilla/5.0 (compatible; SERankingBacklinksBot/1.0; +https://seranking.com/backlinks-crawler)"
144.76.19.75 - - [19/Aug/2026:02:49:56 +0200] "GET /category.php?seo=54-les-3x450-m&seo_cat=54&x23=1&debut=0&seo_cat=54&x23=0&debut=0&seo_cat=54&x23=1&debut=0&seo_cat=54&x23=0&debut=0&seo_cat=54&x24=1&debut=0&seo_cat=54&x23=1&debut=0&seo_cat=54&x24=0&debut=0&seo_cat=54&x24=1&debut=0&seo_cat=54&x23=0&debut=0&seo_cat=54&x23=1&debut=0&seo_cat=54&x24=0&debut=0&seo_cat=54&x24=1&debut=0&seo_cat=54&x24=0&debut=0 HTTP/1.1" 200 55893 "-" "Mozilla/5.0 (compatible; SERankingBacklinksBot/1.0; +https://seranking.com/backlinks-crawler)"
144.76.19.75 - - [19/Aug/2026:02:49:59 +0200] "GET /category.php?seo=54-les-3x450-m&seo_cat=54&x24=1&debut=0&seo_cat=54&x23=1&debut=0&seo_cat=54&x23=0&debut=0&seo_cat=54&x23=1&debut=0&seo_cat=54&x24=0&debut=0&seo_cat=54&x23=0&debut=0&seo_cat=54&x24=1&debut=0&seo_cat=54&x24=0&debut=0&seo_cat=54&x23=1&debut=0&seo_cat=54&x24=1&debut=0&seo_cat=54&x23=0&debut=0&seo_cat=54&x23=1&debut=0&seo_cat=54&x23=0&debut=0 HTTP/1.1" 200 55826 "-" "Mozilla/5.0 (compatible; SERankingBacklinksBot/1.0; +https://seranking.com/backlinks-crawler)"
144.76.19.75 - - [19/Aug/2026:02:50:02 +0200] "GET /category.php?seo=54-les-3x450-m&seo_cat=54&x23=1&debut=0&seo_cat=54&x23=0&debut=0&seo_cat=54&x23=1&debut=0&seo_cat=54&x23=0&debut=0&seo_cat=54&x24=1&debut=0&seo_cat=54&x23=1&debut=0&seo_cat=54&x24=0&debut=0&seo_cat=54&x24=1&debut=0&seo_cat=54&x23=0&debut=0&seo_cat=54&x24=0&debut=0&seo_cat=54&x23=1&debut=0&seo_cat=54&x23=0&debut=0&seo_cat=54&x23=1&debut=0 HTTP/1.1" 200 55883 "-" "Mozilla/5.0 (compatible; SERankingBacklinksBot/1.0; +https://seranking.com/backlinks-crawler)"
144.76.19.75 - - [19/Aug/2026:02:50:05 +0200] "GET /category.php?seo=54-les-3x450-m&seo_cat=54&x24=1&debut=0&seo_cat=54&x23=1&debut=0&seo_cat=54&x23=0&debut=0&seo_cat=54&x23=1&debut=0&seo_cat=54&x24=0&debut=0&seo_cat=54&x23=0&debut=0&seo_cat=54&x24=1&debut=0&seo_cat=54&x24=0&debut=0&seo_cat=54&x23=1&debut=0&seo_cat=54&x24=1&debut=0&seo_cat=54&x23=0&debut=0&seo_cat=54&x23=1&debut=0&seo_cat=54&x24=0&debut=0 HTTP/1.1" 200 55789 "-" "Mozilla/5.0 (compatible; SERankingBacklinksBot/1.0; +https://seranking.com/backlinks-crawler)"
169.239.201.83 - - [19/Aug/2026:02:50:05 +0200] "GET /new-products.php?a=10&b=1&debut=0&histo_track=1&m=11&x2=1&x24=1&y=2023 HTTP/1.1" 200 85565 "http://www.baidu.fr/" "Mozilla/5.0 (Windows NT 10.0; Win64; x64) AppleWebKit/537.36 (KHTML, like Gecko) Chrome/133.0.0.0 Safari/537.36"
85.208.96.196 - - [19/Aug/2026:02:50:07 +0200] "GET /category.php?debut=0&debut=0&debut=0&seo=48-les-personnalisations&seo_cat=48&seo_cat=48&seo_cat=48&x24=0&x24=1&x2=1 HTTP/1.1" 200 55290 "-" "Mozilla/5.0 (compatible; SemrushBot/7~bl; +http://www.semrush.com/bot.html)"
144.76.19.75 - - [19/Aug/2026:02:50:09 +0200] "GET /category.php?seo=54-les-3x450-m&seo_cat=54&x23=1&debut=0&seo_cat=54&x23=0&debut=0&seo_cat=54&x23=1&debut=0&seo_cat=54&x23=0&debut=0&seo_cat=54&x24=1&debut=0&seo_cat=54&x23=1&debut=0&seo_cat=54&x24=0&debut=0&seo_cat=54&x24=1&debut=0&seo_cat=54&x23=0&debut=0&seo_cat=54&x24=0&debut=0&seo_cat=54&x23=1&debut=0&seo_cat=54&x23=0&debut=0&seo_cat=54&x24=1&debut=0 HTTP/1.1" 200 55894 "-" "Mozilla/5.0 (compatible; SERankingBacklinksBot/1.0; +https://seranking.com/backlinks-crawler)"
86.105.104.53 - - [19/Aug/2026:02:50:10 +0200] "GET /start_to_top/style.css HTTP/1.1" 200 - "https://www.tonnelles-sud-ouest.fr/new-products.php?a=10&b=1&debut=0&histo_track=1&m=11&x2=1&x24=1&y=2023" "Mozilla/5.0 (Windows NT 6.1; WOW64) AppleWebKit/537.36 (KHTML, like Gecko) Chrome/52.0.7954.1622 Safari/537.36"
144.76.19.75 - - [19/Aug/2026:02:50:12 +0200] "GET /category.php?seo=54-les-3x450-m&seo_cat=54&x24=1&debut=0&seo_cat=54&x23=1&debut=0&seo_cat=54&x23=0&debut=0&seo_cat=54&x23=1&debut=0&seo_cat=54&x24=0&debut=0&seo_cat=54&x23=0&debut=0&seo_cat=54&x24=1&debut=0&seo_cat=54&x24=0&debut=0&seo_cat=54&x23=1&debut=0&seo_cat=54&x24=1&debut=0&seo_cat=54&x23=0&debut=0&seo_cat=54&x24=0&debut=0&seo_cat=54&x23=1&debut=0 HTTP/1.1" 200 55893 "-" "Mozilla/5.0 (compatible; SERankingBacklinksBot/1.0; +https://seranking.com/backlinks-crawler)"
144.76.19.75 - - [19/Aug/2026:02:50:15 +0200] "GET /category.php?seo=54-les-3x450-m&seo_cat=54&x23=1&debut=0&seo_cat=54&x23=0&debut=0&seo_cat=54&x23=1&debut=0&seo_cat=54&x23=0&debut=0&seo_cat=54&x24=1&debut=0&seo_cat=54&x23=1&debut=0&seo_cat=54&x24=0&debut=0&seo_cat=54&x24=1&debut=0&seo_cat=54&x23=0&debut=0&seo_cat=54&x24=0&debut=0&seo_cat=54&x23=1&debut=0&seo_cat=54&x24=1&debut=0&seo_cat=54&x23=0&debut=0 HTTP/1.1" 200 55790 "-" "Mozilla/5.0 (compatible; SERankingBacklinksBot/1.0; +https://seranking.com/backlinks-crawler)"
144.76.19.75 - - [19/Aug/2026:02:50:19 +0200] "GET /category.php?seo=54-les-3x450-m&seo_cat=54&x24=1&debut=0&seo_cat=54&x23=1&debut=0&seo_cat=54&x23=0&debut=0&seo_cat=54&x23=1&debut=0&seo_cat=54&x24=0&debut=0&seo_cat=54&x23=0&debut=0&seo_cat=54&x24=1&debut=0&seo_cat=54&x24=0&debut=0&seo_cat=54&x23=1&debut=0&seo_cat=54&x24=1&debut=0&seo_cat=54&x23=0&debut=0&seo_cat=54&x24=0&debut=0&seo_cat=54&x24=1&debut=0 HTTP/1.1" 200 55884 "-" "Mozilla/5.0 (compatible; SERankingBacklinksBot/1.0; +https://seranking.com/backlinks-crawler)"
144.76.19.75 - - [19/Aug/2026:02:50:22 +0200] "GET /category.php?seo=54-les-3x450-m&seo_cat=54&x23=1&debut=0&seo_cat=54&x23=0&debut=0&seo_cat=54&x23=1&debut=0&seo_cat=54&x23=0&debut=0&seo_cat=54&x24=1&debut=0&seo_cat=54&x23=1&debut=0&seo_cat=54&x24=0&debut=0&seo_cat=54&x24=1&debut=0&seo_cat=54&x23=0&debut=0&seo_cat=54&x24=0&debut=0&seo_cat=54&x23=1&debut=0&seo_cat=54&x24=1&debut=0&seo_cat=54&x24=0&debut=0 HTTP/1.1" 200 55761 "-" "Mozilla/5.0 (compatible; SERankingBacklinksBot/1.0; +https://seranking.com/backlinks-crawler)"
185.191.171.5 - - [19/Aug/2026:02:50:23 +0200] "GET /new-products.php?a=10&b=1&debut=0&debut=0&debut=0&debut=0&debut=0&debut=0&debut=0&debut=0&debut=10&seo_cat&seo_cat&seo_cat&seo_cat&seo_cat&seo_cat&seo_cat&seo_cat&x21=1&x23=1&x2=0&x2=0&x2=0&x2=0&x2=0&x2=1 HTTP/1.1" 200 51130 "-" "Mozilla/5.0 (compatible; SemrushBot/7~bl; +http://www.semrush.com/bot.html)"
144.76.19.75 - - [19/Aug/2026:02:50:25 +0200] "GET /category.php?seo=54-les-3x450-m&seo_cat=54&x24=1&debut=0&seo_cat=54&x23=1&debut=0&seo_cat=54&x23=0&debut=0&seo_cat=54&x23=1&debut=0&seo_cat=54&x24=0&debut=0&seo_cat=54&x23=0&debut=0&seo_cat=54&x24=1&debut=0&seo_cat=54&x24=0&debut=0&seo_cat=54&x23=1&debut=0&seo_cat=54&x24=1&debut=0&seo_cat=54&x24=0&debut=0&seo_cat=54&x23=0&debut=0&seo_cat=54&x23=1&debut=0 HTTP/1.1" 200 55883 "-" "Mozilla/5.0 (compatible; SERankingBacklinksBot/1.0; +https://seranking.com/backlinks-crawler)"
144.76.19.75 - - [19/Aug/2026:02:50:29 +0200] "GET /category.php?seo=54-les-3x450-m&seo_cat=54&x23=1&debut=0&seo_cat=54&x23=0&debut=0&seo_cat=54&x23=1&debut=0&seo_cat=54&x23=0&debut=0&seo_cat=54&x24=1&debut=0&seo_cat=54&x23=1&debut=0&seo_cat=54&x24=0&debut=0&seo_cat=54&x24=1&debut=0&seo_cat=54&x23=0&debut=0&seo_cat=54&x24=0&debut=0&seo_cat=54&x24=1&debut=0&seo_cat=54&x23=1&debut=0&seo_cat=54&x23=0&debut=0 HTTP/1.1" 200 55790 "-" "Mozilla/5.0 (compatible; SERankingBacklinksBot/1.0; +https://seranking.com/backlinks-crawler)"
144.76.19.75 - - [19/Aug/2026:02:50:32 +0200] "GET /category.php?seo=54-les-3x450-m&seo_cat=54&x24=1&debut=0&seo_cat=54&x23=1&debut=0&seo_cat=54&x23=0&debut=0&seo_cat=54&x23=1&debut=0&seo_cat=54&x24=0&debut=0&seo_cat=54&x23=0&debut=0&seo_cat=54&x24=1&debut=0&seo_cat=54&x24=0&debut=0&seo_cat=54&x23=1&debut=0&seo_cat=54&x24=1&debut=0&seo_cat=54&x24=0&debut=0&seo_cat=54&x23=0&debut=0&seo_cat=54&x24=1&debut=0 HTTP/1.1" 200 55790 "-" "Mozilla/5.0 (compatible; SERankingBacklinksBot/1.0; +https://seranking.com/backlinks-crawler)"
144.76.19.75 - - [19/Aug/2026:02:50:35 +0200] "GET /category.php?seo=54-les-3x450-m&seo_cat=54&x23=1&debut=0&seo_cat=54&x23=0&debut=0&seo_cat=54&x23=1&debut=0&seo_cat=54&x23=0&debut=0&seo_cat=54&x24=1&debut=0&seo_cat=54&x23=1&debut=0&seo_cat=54&x24=0&debut=0&seo_cat=54&x24=1&debut=0&seo_cat=54&x23=0&debut=0&seo_cat=54&x24=0&debut=0&seo_cat=54&x24=1&debut=0&seo_cat=54&x23=1&debut=0&seo_cat=54&x24=0&debut=0 HTTP/1.1" 200 55825 "-" "Mozilla/5.0 (compatible; SERankingBacklinksBot/1.0; +https://seranking.com/backlinks-crawler)"
144.76.19.75 - - [19/Aug/2026:02:50:39 +0200] "GET /category.php?seo=54-les-3x450-m&seo_cat=54&x24=1&debut=0&seo_cat=54&x23=1&debut=0&seo_cat=54&x23=0&debut=0&seo_cat=54&x23=1&debut=0&seo_cat=54&x24=0&debut=0&seo_cat=54&x23=0&debut=0&seo_cat=54&x24=1&debut=0&seo_cat=54&x24=0&debut=0&seo_cat=54&x23=1&debut=0&seo_cat=54&x24=1&debut=0&seo_cat=54&x24=0&debut=0&seo_cat=54&x24=1&debut=0&seo_cat=54&x23=0&debut=0 HTTP/1.1" 200 55790 "-" "Mozilla/5.0 (compatible; SERankingBacklinksBot/1.0; +https://seranking.com/backlinks-crawler)"
144.76.19.75 - - [19/Aug/2026:02:50:42 +0200] "GET /category.php?seo=54-les-3x450-m&seo_cat=54&x23=1&debut=0&seo_cat=54&x23=0&debut=0&seo_cat=54&x23=1&debut=0&seo_cat=54&x23=0&debut=0&seo_cat=54&x24=1&debut=0&seo_cat=54&x23=1&debut=0&seo_cat=54&x24=0&debut=0&seo_cat=54&x24=1&debut=0&seo_cat=54&x23=0&debut=0&seo_cat=54&x24=0&debut=0&seo_cat=54&x24=1&debut=0&seo_cat=54&x24=0&debut=0&seo_cat=54&x23=1&debut=0 HTTP/1.1" 200 55793 "-" "Mozilla/5.0 (compatible; SERankingBacklinksBot/1.0; +https://seranking.com/backlinks-crawler)"
144.76.19.75 - - [19/Aug/2026:02:50:45 +0200] "GET /category.php?seo=54-les-3x450-m&seo_cat=54&x24=1&debut=0&seo_cat=54&x23=1&debut=0&seo_cat=54&x23=0&debut=0&seo_cat=54&x23=1&debut=0&seo_cat=54&x24=0&debut=0&seo_cat=54&x23=0&debut=0&seo_cat=54&x24=1&debut=0&seo_cat=54&x24=0&debut=0&seo_cat=54&x23=1&debut=0&seo_cat=54&x24=1&debut=0&seo_cat=54&x24=0&debut=0&seo_cat=54&x24=1&debut=0&seo_cat=54&x24=0&debut=0 HTTP/1.1" 200 55893 "-" "Mozilla/5.0 (compatible; SERankingBacklinksBot/1.0; +https://seranking.com/backlinks-crawler)"
85.208.96.202 - - [19/Aug/2026:02:50:48 +0200] "GET /new-products.php?a=10&a=10&a=10&b=1&b=1&b=1&debut=0&debut=0&debut=0&debut=0&debut=0&debut=0&debut=0&debut=0&debut=0&debut=0&debut=0&debut=10&m=04&seo_cat&seo_cat&seo_cat&seo_cat&seo_cat&seo_cat&seo_cat&seo_cat&seo_cat&x21=0&x21=1&x22=0&x22=0&x22=0&x22=0&x22=1&x2=0&x2=1&y=2020 HTTP/1.1" 200 51462 "-" "Mozilla/5.0 (compatible; SemrushBot/7~bl; +http://www.semrush.com/bot.html)"
144.76.19.75 - - [19/Aug/2026:02:50:49 +0200] "GET /category.php?seo=54-les-3x450-m&seo_cat=54&x23=1&debut=0&seo_cat=54&x23=0&debut=0&seo_cat=54&x23=1&debut=0&seo_cat=54&x23=0&debut=0&seo_cat=54&x24=1&debut=0&seo_cat=54&x23=1&debut=0&seo_cat=54&x24=0&debut=0&seo_cat=54&x24=1&debut=0&seo_cat=54&x23=0&debut=0&seo_cat=54&x24=0&debut=0&seo_cat=54&x24=1&debut=0&seo_cat=54&x24=0&debut=0&seo_cat=54&x24=1&debut=0 HTTP/1.1" 200 55884 "-" "Mozilla/5.0 (compatible; SERankingBacklinksBot/1.0; +https://seranking.com/backlinks-crawler)"
185.191.171.7 - - [19/Aug/2026:02:50:50 +0200] "GET /marques.php?debut=0&debut=0&debut=0&debut=0&debut=0&debut=0&debut=0&debut=0&debut=0&debut=0&seo=24-haut-de-gamme&seo_marq=24&seo_marq=24&seo_marq=24&seo_marq=24&seo_marq=24&seo_marq=24&seo_marq=24&seo_marq=24&seo_marq=24&seo_marq=24&t2=1&t48=0&t48=1&t4=0&t4=0&t4=0&t4=0&t4=1&t53=0&t53=1 HTTP/1.1" 200 71327 "-" "Mozilla/5.0 (compatible; SemrushBot/7~bl; +http://www.semrush.com/bot.html)"
144.76.19.75 - - [19/Aug/2026:02:50:52 +0200] "GET /category.php?seo=54-les-3x450-m&seo_cat=54&x24=1&debut=0&seo_cat=54&x23=1&debut=0&seo_cat=54&x23=0&debut=0&seo_cat=54&x23=1&debut=0&seo_cat=54&x24=0&debut=0&seo_cat=54&x23=0&debut=0&seo_cat=54&x24=1&debut=0&seo_cat=54&x24=0&debut=0&seo_cat=54&x24=1&debut=0&seo_cat=54&x23=1&debut=0&seo_cat=54&x23=0&debut=0&seo_cat=54&x23=1&debut=0&seo_cat=54&x23=0&debut=0 HTTP/1.1" 200 55884 "-" "Mozilla/5.0 (compatible; SERankingBacklinksBot/1.0; +https://seranking.com/backlinks-crawler)"
144.76.19.75 - - [19/Aug/2026:02:50:55 +0200] "GET /category.php?seo=54-les-3x450-m&seo_cat=54&x23=1&debut=0&seo_cat=54&x23=0&debut=0&seo_cat=54&x23=1&debut=0&seo_cat=54&x23=0&debut=0&seo_cat=54&x24=1&debut=0&seo_cat=54&x23=1&debut=0&seo_cat=54&x24=0&debut=0&seo_cat=54&x24=1&debut=0&seo_cat=54&x24=0&debut=0&seo_cat=54&x23=0&debut=0&seo_cat=54&x23=1&debut=0&seo_cat=54&x23=0&debut=0&seo_cat=54&x23=1&debut=0 HTTP/1.1" 200 55761 "-" "Mozilla/5.0 (compatible; SERankingBacklinksBot/1.0; +https://seranking.com/backlinks-crawler)"
144.76.19.75 - - [19/Aug/2026:02:50:58 +0200] "GET /category.php?seo=54-les-3x450-m&seo_cat=54&x24=1&debut=0&seo_cat=54&x23=1&debut=0&seo_cat=54&x23=0&debut=0&seo_cat=54&x23=1&debut=0&seo_cat=54&x24=0&debut=0&seo_cat=54&x23=0&debut=0&seo_cat=54&x24=1&debut=0&seo_cat=54&x24=0&debut=0&seo_cat=54&x24=1&debut=0&seo_cat=54&x23=1&debut=0&seo_cat=54&x23=0&debut=0&seo_cat=54&x23=1&debut=0&seo_cat=54&x24=0&debut=0 HTTP/1.1" 200 55883 "-" "Mozilla/5.0 (compatible; SERankingBacklinksBot/1.0; +https://seranking.com/backlinks-crawler)"
144.76.19.75 - - [19/Aug/2026:02:51:02 +0200] "GET /category.php?seo=54-les-3x450-m&seo_cat=54&x23=1&debut=0&seo_cat=54&x23=0&debut=0&seo_cat=54&x23=1&debut=0&seo_cat=54&x23=0&debut=0&seo_cat=54&x24=1&debut=0&seo_cat=54&x23=1&debut=0&seo_cat=54&x24=0&debut=0&seo_cat=54&x24=1&debut=0&seo_cat=54&x24=0&debut=0&seo_cat=54&x23=0&debut=0&seo_cat=54&x23=1&debut=0&seo_cat=54&x23=0&debut=0&seo_cat=54&x24=1&debut=0 HTTP/1.1" 200 55884 "-" "Mozilla/5.0 (compatible; SERankingBacklinksBot/1.0; +https://seranking.com/backlinks-crawler)"
144.76.19.75 - - [19/Aug/2026:02:51:05 +0200] "GET /category.php?seo=54-les-3x450-m&seo_cat=54&x24=1&debut=0&seo_cat=54&x23=1&debut=0&seo_cat=54&x23=0&debut=0&seo_cat=54&x23=1&debut=0&seo_cat=54&x24=0&debut=0&seo_cat=54&x23=0&debut=0&seo_cat=54&x24=1&debut=0&seo_cat=54&x24=0&debut=0&seo_cat=54&x24=1&debut=0&seo_cat=54&x23=1&debut=0&seo_cat=54&x23=0&debut=0&seo_cat=54&x24=0&debut=0&seo_cat=54&x23=1&debut=0 HTTP/1.1" 200 55761 "-" "Mozilla/5.0 (compatible; SERankingBacklinksBot/1.0; +https://seranking.com/backlinks-crawler)"
144.76.19.75 - - [19/Aug/2026:02:51:08 +0200] "GET /category.php?seo=54-les-3x450-m&seo_cat=54&x23=1&debut=0&seo_cat=54&x23=0&debut=0&seo_cat=54&x23=1&debut=0&seo_cat=54&x23=0&debut=0&seo_cat=54&x24=1&debut=0&seo_cat=54&x23=1&debut=0&seo_cat=54&x24=0&debut=0&seo_cat=54&x24=1&debut=0&seo_cat=54&x24=0&debut=0&seo_cat=54&x23=0&debut=0&seo_cat=54&x23=1&debut=0&seo_cat=54&x24=1&debut=0&seo_cat=54&x23=0&debut=0 HTTP/1.1" 200 55762 "-" "Mozilla/5.0 (compatible; SERankingBacklinksBot/1.0; +https://seranking.com/backlinks-crawler)"
144.76.19.75 - - [19/Aug/2026:02:51:12 +0200] "GET /category.php?seo=54-les-3x450-m&seo_cat=54&x24=1&debut=0&seo_cat=54&x23=1&debut=0&seo_cat=54&x23=0&debut=0&seo_cat=54&x23=1&debut=0&seo_cat=54&x24=0&debut=0&seo_cat=54&x23=0&debut=0&seo_cat=54&x24=1&debut=0&seo_cat=54&x24=0&debut=0&seo_cat=54&x24=1&debut=0&seo_cat=54&x23=1&debut=0&seo_cat=54&x23=0&debut=0&seo_cat=54&x24=0&debut=0&seo_cat=54&x24=1&debut=0 HTTP/1.1" 200 55794 "-" "Mozilla/5.0 (compatible; SERankingBacklinksBot/1.0; +https://seranking.com/backlinks-crawler)"
144.76.19.75 - - [19/Aug/2026:02:51:15 +0200] "GET /category.php?seo=54-les-3x450-m&seo_cat=54&x23=1&debut=0&seo_cat=54&x23=0&debut=0&seo_cat=54&x23=1&debut=0&seo_cat=54&x23=0&debut=0&seo_cat=54&x24=1&debut=0&seo_cat=54&x23=1&debut=0&seo_cat=54&x24=0&debut=0&seo_cat=54&x24=1&debut=0&seo_cat=54&x24=0&debut=0&seo_cat=54&x23=0&debut=0&seo_cat=54&x23=1&debut=0&seo_cat=54&x24=1&debut=0&seo_cat=54&x24=0&debut=0 HTTP/1.1" 200 55825 "-" "Mozilla/5.0 (compatible; SERankingBacklinksBot/1.0; +https://seranking.com/backlinks-crawler)"
216.244.66.229 - - [19/Aug/2026:02:51:17 +0200] "GET /new-products.php?m=04&y=2025&seo_cat=&x24=1&debut=0 HTTP/1.1" 200 85503 "-" "Mozilla/5.0 (compatible; DotBot/1.2; +https://opensiteexplorer.org/dotbot; help@moz.com)"
144.76.19.75 - - [19/Aug/2026:02:51:18 +0200] "GET /category.php?seo=54-les-3x450-m&seo_cat=54&x24=1&debut=0&seo_cat=54&x23=1&debut=0&seo_cat=54&x23=0&debut=0&seo_cat=54&x23=1&debut=0&seo_cat=54&x24=0&debut=0&seo_cat=54&x23=0&debut=0&seo_cat=54&x24=1&debut=0&seo_cat=54&x24=0&debut=0&seo_cat=54&x24=1&debut=0&seo_cat=54&x23=1&debut=0&seo_cat=54&x24=0&debut=0&seo_cat=54&x23=0&debut=0&seo_cat=54&x23=1&debut=0 HTTP/1.1" 200 55893 "-" "Mozilla/5.0 (compatible; SERankingBacklinksBot/1.0; +https://seranking.com/backlinks-crawler)"
144.76.19.75 - - [19/Aug/2026:02:51:22 +0200] "GET /category.php?seo=54-les-3x450-m&seo_cat=54&x23=1&debut=0&seo_cat=54&x23=0&debut=0&seo_cat=54&x23=1&debut=0&seo_cat=54&x23=0&debut=0&seo_cat=54&x24=1&debut=0&seo_cat=54&x23=1&debut=0&seo_cat=54&x24=0&debut=0&seo_cat=54&x24=1&debut=0&seo_cat=54&x24=0&debut=0&seo_cat=54&x23=0&debut=0&seo_cat=54&x24=1&debut=0&seo_cat=54&x23=1&debut=0&seo_cat=54&x23=0&debut=0 HTTP/1.1" 200 55762 "-" "Mozilla/5.0 (compatible; SERankingBacklinksBot/1.0; +https://seranking.com/backlinks-crawler)"
144.76.19.75 - - [19/Aug/2026:02:51:25 +0200] "GET /category.php?seo=54-les-3x450-m&seo_cat=54&x24=1&debut=0&seo_cat=54&x23=1&debut=0&seo_cat=54&x23=0&debut=0&seo_cat=54&x23=1&debut=0&seo_cat=54&x24=0&debut=0&seo_cat=54&x23=0&debut=0&seo_cat=54&x24=1&debut=0&seo_cat=54&x24=0&debut=0&seo_cat=54&x24=1&debut=0&seo_cat=54&x23=1&debut=0&seo_cat=54&x24=0&debut=0&seo_cat=54&x23=0&debut=0&seo_cat=54&x24=1&debut=0 HTTP/1.1" 200 55794 "-" "Mozilla/5.0 (compatible; SERankingBacklinksBot/1.0; +https://seranking.com/backlinks-crawler)"
185.191.171.5 - - [19/Aug/2026:02:51:28 +0200] "GET /new-products.php?a=10&a=10&a=10&a=10&b=1&b=1&b=1&b=1&debut=0&debut=0&debut=0&debut=0&debut=0&debut=0&debut=0&debut=0&debut=0&debut=0&debut=0&debut=10&histo_track=1&m=03&seo_cat&seo_cat&seo_cat&seo_cat&seo_cat&seo_cat&seo_cat&seo_cat&x22=0&x22=0&x22=0&x22=1&x23=1&x24=1&x2=0&x2=1&y=2023 HTTP/1.1" 200 58268 "-" "Mozilla/5.0 (compatible; SemrushBot/7~bl; +http://www.semrush.com/bot.html)"
144.76.19.75 - - [19/Aug/2026:02:51:28 +0200] "GET /category.php?seo=54-les-3x450-m&seo_cat=54&x23=1&debut=0&seo_cat=54&x23=0&debut=0&seo_cat=54&x23=1&debut=0&seo_cat=54&x23=0&debut=0&seo_cat=54&x24=1&debut=0&seo_cat=54&x23=1&debut=0&seo_cat=54&x24=0&debut=0&seo_cat=54&x24=1&debut=0&seo_cat=54&x24=0&debut=0&seo_cat=54&x23=0&debut=0&seo_cat=54&x24=1&debut=0&seo_cat=54&x23=1&debut=0&seo_cat=54&x24=0&debut=0 HTTP/1.1" 200 55883 "-" "Mozilla/5.0 (compatible; SERankingBacklinksBot/1.0; +https://seranking.com/backlinks-crawler)"
85.208.96.207 - - [19/Aug/2026:02:51:30 +0200] "GET /new-products.php?a=10&a=10&a=10&a=10&a=10&a=10&a=10&b=1&b=1&b=1&b=1&b=1&b=1&b=1&debut=0&debut=0&debut=0&debut=0&debut=0&debut=0&debut=0&debut=0&debut=0&debut=0&debut=0&debut=10&m=10&seo_cat&seo_cat&seo_cat&seo_cat&seo_cat&x21=1&x22=0&x22=0&x22=1&x2=1&y=2020 HTTP/1.1" 200 51398 "-" "Mozilla/5.0 (compatible; SemrushBot/7~bl; +http://www.semrush.com/bot.html)"
144.76.19.75 - - [19/Aug/2026:02:51:32 +0200] "GET /category.php?seo=54-les-3x450-m&seo_cat=54&x24=1&debut=0&seo_cat=54&x23=1&debut=0&seo_cat=54&x23=0&debut=0&seo_cat=54&x23=1&debut=0&seo_cat=54&x24=0&debut=0&seo_cat=54&x23=0&debut=0&seo_cat=54&x24=1&debut=0&seo_cat=54&x24=0&debut=0&seo_cat=54&x24=1&debut=0&seo_cat=54&x23=1&debut=0&seo_cat=54&x24=0&debut=0&seo_cat=54&x24=1&debut=0&seo_cat=54&x23=0&debut=0 HTTP/1.1" 200 55794 "-" "Mozilla/5.0 (compatible; SERankingBacklinksBot/1.0; +https://seranking.com/backlinks-crawler)"
144.76.19.75 - - [19/Aug/2026:02:51:35 +0200] "GET /category.php?seo=54-les-3x450-m&seo_cat=54&x23=1&debut=0&seo_cat=54&x23=0&debut=0&seo_cat=54&x23=1&debut=0&seo_cat=54&x23=0&debut=0&seo_cat=54&x24=1&debut=0&seo_cat=54&x23=1&debut=0&seo_cat=54&x24=0&debut=0&seo_cat=54&x24=1&debut=0&seo_cat=54&x24=0&debut=0&seo_cat=54&x23=0&debut=0&seo_cat=54&x24=1&debut=0&seo_cat=54&x24=0&debut=0&seo_cat=54&x23=1&debut=0 HTTP/1.1" 200 55789 "-" "Mozilla/5.0 (compatible; SERankingBacklinksBot/1.0; +https://seranking.com/backlinks-crawler)"
144.76.19.75 - - [19/Aug/2026:02:51:38 +0200] "GET /category.php?seo=54-les-3x450-m&seo_cat=54&x24=1&debut=0&seo_cat=54&x23=1&debut=0&seo_cat=54&x23=0&debut=0&seo_cat=54&x23=1&debut=0&seo_cat=54&x24=0&debut=0&seo_cat=54&x23=0&debut=0&seo_cat=54&x24=1&debut=0&seo_cat=54&x24=0&debut=0&seo_cat=54&x24=1&debut=0&seo_cat=54&x23=1&debut=0&seo_cat=54&x24=0&debut=0&seo_cat=54&x24=1&debut=0&seo_cat=54&x24=0&debut=0 HTTP/1.1" 200 55883 "-" "Mozilla/5.0 (compatible; SERankingBacklinksBot/1.0; +https://seranking.com/backlinks-crawler)"
144.76.19.75 - - [19/Aug/2026:02:51:41 +0200] "GET /category.php?seo=54-les-3x450-m&seo_cat=54&x23=1&debut=0&seo_cat=54&x23=0&debut=0&seo_cat=54&x23=1&debut=0&seo_cat=54&x23=0&debut=0&seo_cat=54&x24=1&debut=0&seo_cat=54&x23=1&debut=0&seo_cat=54&x24=0&debut=0&seo_cat=54&x24=1&debut=0&seo_cat=54&x24=0&debut=0&seo_cat=54&x23=0&debut=0&seo_cat=54&x24=1&debut=0&seo_cat=54&x24=0&debut=0&seo_cat=54&x24=1&debut=0 HTTP/1.1" 200 55894 "-" "Mozilla/5.0 (compatible; SERankingBacklinksBot/1.0; +https://seranking.com/backlinks-crawler)"
144.76.19.75 - - [19/Aug/2026:02:51:45 +0200] "GET /category.php?seo=54-les-3x450-m&seo_cat=54&x24=1&debut=0&seo_cat=54&x23=1&debut=0&seo_cat=54&x23=0&debut=0&seo_cat=54&x23=1&debut=0&seo_cat=54&x24=0&debut=0&seo_cat=54&x23=0&debut=0&seo_cat=54&x24=1&debut=0&seo_cat=54&x24=0&debut=0&seo_cat=54&x24=1&debut=0&seo_cat=54&x24=0&debut=0&seo_cat=54&x23=1&debut=0&seo_cat=54&x23=0&debut=0&seo_cat=54&x23=1&debut=0 HTTP/1.1" 200 55883 "-" "Mozilla/5.0 (compatible; SERankingBacklinksBot/1.0; +https://seranking.com/backlinks-crawler)"
85.208.96.208 - - [19/Aug/2026:02:51:45 +0200] "GET /marques.php?debut=0&debut=0&debut=0&debut=0&debut=0&debut=0&debut=0&debut=0&histo_track=1&seo=24-haut-de-gamme&seo_marq=24&seo_marq=24&seo_marq=24&seo_marq=24&seo_marq=24&seo_marq=24&seo_marq=24&seo_marq=24&t2=1&t3=0&t3=0&t3=0&t3=1&t48=1&t4=1&t53=1 HTTP/1.1" 200 75318 "-" "Mozilla/5.0 (compatible; SemrushBot/7~bl; +http://www.semrush.com/bot.html)"
144.76.19.75 - - [19/Aug/2026:02:51:48 +0200] "GET /category.php?seo=54-les-3x450-m&seo_cat=54&x23=1&debut=0&seo_cat=54&x23=0&debut=0&seo_cat=54&x23=1&debut=0&seo_cat=54&x23=0&debut=0&seo_cat=54&x24=1&debut=0&seo_cat=54&x23=1&debut=0&seo_cat=54&x24=0&debut=0&seo_cat=54&x24=1&debut=0&seo_cat=54&x24=0&debut=0&seo_cat=54&x24=1&debut=0&seo_cat=54&x23=0&debut=0&seo_cat=54&x23=1&debut=0&seo_cat=54&x23=0&debut=0 HTTP/1.1" 200 55794 "-" "Mozilla/5.0 (compatible; SERankingBacklinksBot/1.0; +https://seranking.com/backlinks-crawler)"
85.208.96.196 - - [19/Aug/2026:02:51:48 +0200] "GET /new-products.php?a=10&a=10&a=10&a=10&b=1&b=1&b=1&b=1&debut=0&debut=0&debut=0&debut=0&debut=0&debut=0&debut=0&debut=10&m=03&seo_cat&seo_cat&seo_cat&seo_cat&x22=1&x23=1&x24=0&x24=1&y=2023 HTTP/1.1" 200 57500 "-" "Mozilla/5.0 (compatible; SemrushBot/7~bl; +http://www.semrush.com/bot.html)"
185.191.171.8 - - [19/Aug/2026:02:51:50 +0200] "GET /marques.php?debut=0&debut=0&debut=0&debut=0&debut=0&debut=0&debut=0&debut=0&debut=0&seo=24-haut-de-gamme&seo_marq=24&seo_marq=24&seo_marq=24&seo_marq=24&seo_marq=24&seo_marq=24&seo_marq=24&seo_marq=24&seo_marq=24&t49=0&t49=1&t4=0&t4=0&t4=1&t54=0&t54=0&t54=1&t55=1 HTTP/1.1" 200 71102 "-" "Mozilla/5.0 (compatible; SemrushBot/7~bl; +http://www.semrush.com/bot.html)"
144.76.19.75 - - [19/Aug/2026:02:51:51 +0200] "GET /category.php?seo=54-les-3x450-m&seo_cat=54&x24=1&debut=0&seo_cat=54&x23=1&debut=0&seo_cat=54&x23=0&debut=0&seo_cat=54&x23=1&debut=0&seo_cat=54&x24=0&debut=0&seo_cat=54&x23=0&debut=0&seo_cat=54&x24=1&debut=0&seo_cat=54&x24=0&debut=0&seo_cat=54&x24=1&debut=0&seo_cat=54&x24=0&debut=0&seo_cat=54&x23=1&debut=0&seo_cat=54&x23=0&debut=0&seo_cat=54&x24=1&debut=0 HTTP/1.1" 200 55794 "-" "Mozilla/5.0 (compatible; SERankingBacklinksBot/1.0; +https://seranking.com/backlinks-crawler)"
85.208.96.199 - - [19/Aug/2026:02:51:52 +0200] "GET /marques.php?debut=0&debut=0&debut=0&debut=0&debut=0&debut=0&debut=0&debut=0&histo_track=1&seo=24-haut-de-gamme&seo_marq=24&seo_marq=24&seo_marq=24&seo_marq=24&seo_marq=24&seo_marq=24&seo_marq=24&seo_marq=24&t3=0&t3=0&t3=1&t4=0&t4=1&t54=0&t54=0&t54=1 HTTP/1.1" 200 71086 "-" "Mozilla/5.0 (compatible; SemrushBot/7~bl; +http://www.semrush.com/bot.html)"
144.76.19.75 - - [19/Aug/2026:02:51:55 +0200] "GET /category.php?seo=54-les-3x450-m&seo_cat=54&x23=1&debut=0&seo_cat=54&x23=0&debut=0&seo_cat=54&x23=1&debut=0&seo_cat=54&x23=0&debut=0&seo_cat=54&x24=1&debut=0&seo_cat=54&x23=1&debut=0&seo_cat=54&x24=0&debut=0&seo_cat=54&x24=1&debut=0&seo_cat=54&x24=0&debut=0&seo_cat=54&x24=1&debut=0&seo_cat=54&x23=0&debut=0&seo_cat=54&x23=1&debut=0&seo_cat=54&x24=0&debut=0 HTTP/1.1" 200 55761 "-" "Mozilla/5.0 (compatible; SERankingBacklinksBot/1.0; +https://seranking.com/backlinks-crawler)"
144.76.19.75 - - [19/Aug/2026:02:51:58 +0200] "GET /category.php?seo=54-les-3x450-m&seo_cat=54&x24=1&debut=0&seo_cat=54&x23=1&debut=0&seo_cat=54&x23=0&debut=0&seo_cat=54&x23=1&debut=0&seo_cat=54&x24=0&debut=0&seo_cat=54&x23=0&debut=0&seo_cat=54&x24=1&debut=0&seo_cat=54&x24=0&debut=0&seo_cat=54&x24=1&debut=0&seo_cat=54&x24=0&debut=0&seo_cat=54&x23=1&debut=0&seo_cat=54&x24=1&debut=0&seo_cat=54&x23=0&debut=0 HTTP/1.1" 200 55826 "-" "Mozilla/5.0 (compatible; SERankingBacklinksBot/1.0; +https://seranking.com/backlinks-crawler)"
185.191.171.2 - - [19/Aug/2026:02:51:59 +0200] "GET /marques.php?debut=0&debut=0&debut=0&debut=0&debut=0&debut=0&debut=0&debut=0&debut=0&debut=0&seo=24-haut-de-gamme&seo_marq=24&seo_marq=24&seo_marq=24&seo_marq=24&seo_marq=24&seo_marq=24&seo_marq=24&seo_marq=24&seo_marq=24&seo_marq=24&t48=0&t48=1&t4=1&t51=0&t51=0&t51=1&t53=0&t53=0&t53=0&t53=1 HTTP/1.1" 200 71375 "-" "Mozilla/5.0 (compatible; SemrushBot/7~bl; +http://www.semrush.com/bot.html)"
144.76.19.75 - - [19/Aug/2026:02:52:01 +0200] "GET /category.php?seo=54-les-3x450-m&seo_cat=54&x23=1&debut=0&seo_cat=54&x23=0&debut=0&seo_cat=54&x23=1&debut=0&seo_cat=54&x23=0&debut=0&seo_cat=54&x24=1&debut=0&seo_cat=54&x23=1&debut=0&seo_cat=54&x24=0&debut=0&seo_cat=54&x24=1&debut=0&seo_cat=54&x24=0&debut=0&seo_cat=54&x24=1&debut=0&seo_cat=54&x23=0&debut=0&seo_cat=54&x24=0&debut=0&seo_cat=54&x23=1&debut=0 HTTP/1.1" 200 55893 "-" "Mozilla/5.0 (compatible; SERankingBacklinksBot/1.0; +https://seranking.com/backlinks-crawler)"
144.76.19.75 - - [19/Aug/2026:02:52:04 +0200] "GET /category.php?seo=54-les-3x450-m&seo_cat=54&x24=1&debut=0&seo_cat=54&x23=1&debut=0&seo_cat=54&x23=0&debut=0&seo_cat=54&x23=1&debut=0&seo_cat=54&x24=0&debut=0&seo_cat=54&x23=0&debut=0&seo_cat=54&x24=1&debut=0&seo_cat=54&x24=0&debut=0&seo_cat=54&x24=1&debut=0&seo_cat=54&x24=0&debut=0&seo_cat=54&x23=1&debut=0&seo_cat=54&x24=1&debut=0&seo_cat=54&x24=0&debut=0 HTTP/1.1" 200 55761 "-" "Mozilla/5.0 (compatible; SERankingBacklinksBot/1.0; +https://seranking.com/backlinks-crawler)"
