144.76.19.75 - - [19/Aug/2026:00:29:42 +0200] "GET /category.php?seo=54-les-3x450-m&seo_cat=54&x23=1&debut=0&histo_track=1&seo_cat=54&x24=1&debut=0&seo_cat=54&x23=0&debut=0&seo_cat=54&x23=1&debut=0&seo_cat=54&x23=0&debut=0&seo_cat=54&x24=0&debut=0&seo_cat=54&x23=1&debut=0&seo_cat=54&x23=0&debut=0&seo_cat=54&x24=1&debut=0&seo_cat=54&x24=0&debut=0&seo_cat=54&x23=1&debut=0&seo_cat=54&x24=1&debut=0 HTTP/1.1" 200 60090 "-" "Mozilla/5.0 (compatible; SERankingBacklinksBot/1.0; +https://seranking.com/backlinks-crawler)"
185.191.171.2 - - [19/Aug/2026:00:29:43 +0200] "GET /new-products.php?a=10&a=10&a=10&b=1&b=1&b=1&debut=0&debut=0&debut=0&debut=0&debut=0&debut=0&debut=10&seo_cat&seo_cat&seo_cat&seo_cat&x21=0&x21=1&x22=1&x23=1 HTTP/1.1" 200 50730 "-" "Mozilla/5.0 (compatible; SemrushBot/7~bl; +http://www.semrush.com/bot.html)"
144.76.19.75 - - [19/Aug/2026:00:29:45 +0200] "GET /category.php?seo=54-les-3x450-m&seo_cat=54&x24=1&debut=0&histo_track=1&seo_cat=54&x24=0&debut=0&seo_cat=54&x23=1&debut=0&seo_cat=54&x24=1&debut=0&seo_cat=54&x24=0&debut=0&seo_cat=54&x24=1&debut=0&seo_cat=54&x24=0&debut=0&seo_cat=54&x23=0&debut=0&seo_cat=54&x24=1&debut=0&seo_cat=54&x24=0&debut=0&seo_cat=54&x24=1&debut=0&seo_cat=54&x23=1&debut=0 HTTP/1.1" 200 59968 "-" "Mozilla/5.0 (compatible; SERankingBacklinksBot/1.0; +https://seranking.com/backlinks-crawler)"
85.208.96.196 - - [19/Aug/2026:00:29:46 +0200] "GET /marques.php?debut=0&debut=0&debut=0&debut=0&debut=0&debut=0&debut=0&debut=0&debut=0&seo=24-haut-de-gamme&seo_marq=24&seo_marq=24&seo_marq=24&seo_marq=24&seo_marq=24&seo_marq=24&seo_marq=24&seo_marq=24&seo_marq=24&t2=1&t3=0&t3=1&t48=1&t53=0&t53=1&t54=0&t54=0&t54=1 HTTP/1.1" 200 75303 "-" "Mozilla/5.0 (compatible; SemrushBot/7~bl; +http://www.semrush.com/bot.html)"
144.76.19.75 - - [19/Aug/2026:00:29:49 +0200] "GET /category.php?seo=54-les-3x450-m&seo_cat=54&x23=1&debut=0&histo_track=1&seo_cat=54&x24=1&debut=0&seo_cat=54&x23=0&debut=0&seo_cat=54&x23=1&debut=0&seo_cat=54&x23=0&debut=0&seo_cat=54&x24=0&debut=0&seo_cat=54&x23=1&debut=0&seo_cat=54&x23=0&debut=0&seo_cat=54&x24=1&debut=0&seo_cat=54&x24=0&debut=0&seo_cat=54&x24=1&debut=0&seo_cat=54&x23=1&debut=0 HTTP/1.1" 200 59996 "-" "Mozilla/5.0 (compatible; SERankingBacklinksBot/1.0; +https://seranking.com/backlinks-crawler)"
185.191.171.10 - - [19/Aug/2026:00:29:51 +0200] "GET /marques.php?debut=0&debut=0&debut=0&debut=0&debut=0&debut=0&debut=0&debut=0&debut=0&debut=0&histo_track=1&seo=24-haut-de-gamme&seo_marq=24&seo_marq=24&seo_marq=24&seo_marq=24&seo_marq=24&seo_marq=24&seo_marq=24&seo_marq=24&seo_marq=24&seo_marq=24&t2=0&t2=1&t49=0&t49=0&t49=0&t49=0&t49=1&t51=0&t51=0&t51=1 HTTP/1.1" 200 67229 "-" "Mozilla/5.0 (compatible; SemrushBot/7~bl; +http://www.semrush.com/bot.html)"
144.76.19.75 - - [19/Aug/2026:00:29:52 +0200] "GET /category.php?seo=54-les-3x450-m&seo_cat=54&x24=1&debut=0&histo_track=1&seo_cat=54&x24=0&debut=0&seo_cat=54&x23=1&debut=0&seo_cat=54&x24=1&debut=0&seo_cat=54&x24=0&debut=0&seo_cat=54&x24=1&debut=0&seo_cat=54&x24=0&debut=0&seo_cat=54&x23=0&debut=0&seo_cat=54&x24=1&debut=0&seo_cat=54&x24=0&debut=0&seo_cat=54&x24=1&debut=0&seo_cat=54&x24=0&debut=0 HTTP/1.1" 200 59996 "-" "Mozilla/5.0 (compatible; SERankingBacklinksBot/1.0; +https://seranking.com/backlinks-crawler)"
144.76.19.75 - - [19/Aug/2026:00:29:55 +0200] "GET /category.php?seo=54-les-3x450-m&seo_cat=54&x23=1&debut=0&histo_track=1&seo_cat=54&x24=1&debut=0&seo_cat=54&x23=0&debut=0&seo_cat=54&x23=1&debut=0&seo_cat=54&x23=0&debut=0&seo_cat=54&x24=0&debut=0&seo_cat=54&x23=1&debut=0&seo_cat=54&x23=0&debut=0&seo_cat=54&x24=1&debut=0&seo_cat=54&x24=0&debut=0&seo_cat=54&x24=1&debut=0&seo_cat=54&x24=0&debut=0 HTTP/1.1" 200 60090 "-" "Mozilla/5.0 (compatible; SERankingBacklinksBot/1.0; +https://seranking.com/backlinks-crawler)"
144.76.19.75 - - [19/Aug/2026:00:29:59 +0200] "GET /category.php?seo=54-les-3x450-m&seo_cat=54&x24=1&debut=0&histo_track=1&seo_cat=54&x24=0&debut=0&seo_cat=54&x23=1&debut=0&seo_cat=54&x24=1&debut=0&seo_cat=54&x24=0&debut=0&seo_cat=54&x24=1&debut=0&seo_cat=54&x24=0&debut=0&seo_cat=54&x24=1&debut=0&seo_cat=54&x23=0&debut=0&seo_cat=54&x23=1&debut=0&seo_cat=54&x23=0&debut=0&seo_cat=54&x23=1&debut=0 HTTP/1.1" 200 60100 "-" "Mozilla/5.0 (compatible; SERankingBacklinksBot/1.0; +https://seranking.com/backlinks-crawler)"
92.171.100.209 - - [19/Aug/2026:00:29:59 +0200] "GET /produit-28-tonnelles-3x3-premier-prix?m=09&y=2026 HTTP/1.1" 200 46990 "https://www.google.fr/" "Mozilla/5.0 (Linux; Android 13; SM-G770F) AppleWebKit/537.36 (KHTML, like Gecko) Chrome/120.0.6099.280 Mobile Safari/537.36 OPR/80.6.4244.78244"
185.191.171.12 - - [19/Aug/2026:00:30:01 +0200] "GET /new-products.php?a=10&a=10&a=10&a=10&a=10&a=10&b=1&b=1&b=1&b=1&b=1&b=1&debut=0&debut=0&debut=0&debut=0&debut=0&debut=0&debut=0&debut=0&debut=0&debut=0&debut=0&debut=10&m=03&seo_cat&seo_cat&seo_cat&seo_cat&seo_cat&seo_cat&x22=1&x23=0&x23=0&x23=0&x23=1&x2=1&y=2021 HTTP/1.1" 200 51394 "-" "Mozilla/5.0 (compatible; SemrushBot/7~bl; +http://www.semrush.com/bot.html)"
144.76.19.75 - - [19/Aug/2026:00:30:02 +0200] "GET /category.php?seo=54-les-3x450-m&seo_cat=54&x23=1&debut=0&histo_track=1&seo_cat=54&x24=1&debut=0&seo_cat=54&x23=0&debut=0&seo_cat=54&x23=1&debut=0&seo_cat=54&x23=0&debut=0&seo_cat=54&x24=0&debut=0&seo_cat=54&x23=1&debut=0&seo_cat=54&x24=1&debut=0&seo_cat=54&x23=0&debut=0&seo_cat=54&x23=1&debut=0&seo_cat=54&x23=0&debut=0&seo_cat=54&x23=1&debut=0 HTTP/1.1" 200 59968 "-" "Mozilla/5.0 (compatible; SERankingBacklinksBot/1.0; +https://seranking.com/backlinks-crawler)"
140.174.114.236 - - [19/Aug/2026:00:30:04 +0200] "GET /start_to_top/style.css HTTP/1.1" 200 - "https://www.tonnelles-sud-ouest.fr/produit-28-tonnelles-3x3-premier-prix?m=09&y=2026" "Mozilla/5.0 (Linux; Android 8.0; Pixel 2 Build/OPD3.170816.012) AppleWebKit/537.36 (KHTML, like Gecko) Chrome/42.0.3107.1208 Mobile Safari/537.36"
144.76.19.75 - - [19/Aug/2026:00:30:05 +0200] "GET /category.php?seo=54-les-3x450-m&seo_cat=54&x24=1&debut=0&histo_track=1&seo_cat=54&x24=0&debut=0&seo_cat=54&x23=1&debut=0&seo_cat=54&x24=1&debut=0&seo_cat=54&x24=0&debut=0&seo_cat=54&x24=1&debut=0&seo_cat=54&x24=0&debut=0&seo_cat=54&x24=1&debut=0&seo_cat=54&x23=0&debut=0&seo_cat=54&x23=1&debut=0&seo_cat=54&x23=0&debut=0&seo_cat=54&x24=0&debut=0 HTTP/1.1" 200 60032 "-" "Mozilla/5.0 (compatible; SERankingBacklinksBot/1.0; +https://seranking.com/backlinks-crawler)"
92.171.100.209 - - [19/Aug/2026:00:30:07 +0200] "GET /events.php?m=12&y=2034 HTTP/1.1" 200 51078 "https://www.yahoo.fr/" "Mozilla/5.0 (Linux; Android 13; SM-G770F) AppleWebKit/537.36 (KHTML, like Gecko) Chrome/120.0.6099.280 Mobile Safari/537.36 OPR/80.6.4244.78244"
144.76.19.75 - - [19/Aug/2026:00:30:08 +0200] "GET /category.php?seo=54-les-3x450-m&seo_cat=54&x23=1&debut=0&histo_track=1&seo_cat=54&x24=1&debut=0&seo_cat=54&x23=0&debut=0&seo_cat=54&x23=1&debut=0&seo_cat=54&x23=0&debut=0&seo_cat=54&x24=0&debut=0&seo_cat=54&x23=1&debut=0&seo_cat=54&x24=1&debut=0&seo_cat=54&x23=0&debut=0&seo_cat=54&x23=1&debut=0&seo_cat=54&x23=0&debut=0&seo_cat=54&x24=0&debut=0 HTTP/1.1" 200 59968 "-" "Mozilla/5.0 (compatible; SERankingBacklinksBot/1.0; +https://seranking.com/backlinks-crawler)"
144.76.19.75 - - [19/Aug/2026:00:30:12 +0200] "GET /category.php?seo=54-les-3x450-m&seo_cat=54&x24=1&debut=0&histo_track=1&seo_cat=54&x24=0&debut=0&seo_cat=54&x23=1&debut=0&seo_cat=54&x24=1&debut=0&seo_cat=54&x24=0&debut=0&seo_cat=54&x24=1&debut=0&seo_cat=54&x24=0&debut=0&seo_cat=54&x24=1&debut=0&seo_cat=54&x23=0&debut=0&seo_cat=54&x23=1&debut=0&seo_cat=54&x24=0&debut=0&seo_cat=54&x23=0&debut=0 HTTP/1.1" 200 59996 "-" "Mozilla/5.0 (compatible; SERankingBacklinksBot/1.0; +https://seranking.com/backlinks-crawler)"
85.208.96.209 - - [19/Aug/2026:00:30:13 +0200] "GET /new-products.php?a=10&a=10&b=1&b=1&debut=0&debut=0&debut=0&debut=0&debut=0&debut=0&debut=0&debut=0&debut=0&debut=0&debut=10&m=04&seo_cat&seo_cat&seo_cat&seo_cat&seo_cat&seo_cat&seo_cat&seo_cat&seo_cat&x21=0&x21=1&x22=0&x22=0&x22=1&x23=0&x23=1&x24=1&x2=1&y=2019 HTTP/1.1" 200 58072 "-" "Mozilla/5.0 (compatible; SemrushBot/7~bl; +http://www.semrush.com/bot.html)"
144.76.19.75 - - [19/Aug/2026:00:30:15 +0200] "GET /category.php?seo=54-les-3x450-m&seo_cat=54&x23=1&debut=0&histo_track=1&seo_cat=54&x24=1&debut=0&seo_cat=54&x23=0&debut=0&seo_cat=54&x23=1&debut=0&seo_cat=54&x23=0&debut=0&seo_cat=54&x24=0&debut=0&seo_cat=54&x23=1&debut=0&seo_cat=54&x24=1&debut=0&seo_cat=54&x23=0&debut=0&seo_cat=54&x23=1&debut=0&seo_cat=54&x24=0&debut=0&seo_cat=54&x23=0&debut=0 HTTP/1.1" 200 60032 "-" "Mozilla/5.0 (compatible; SERankingBacklinksBot/1.0; +https://seranking.com/backlinks-crawler)"
185.191.171.1 - - [19/Aug/2026:00:30:15 +0200] "GET /new-products.php?debut=0&debut=0&debut=0&debut=0&debut=0&debut=0&debut=0&debut=0&debut=0&debut=0&seo_cat&seo_cat&seo_cat&seo_cat&seo_cat&seo_cat&seo_cat&seo_cat&seo_cat&seo_cat&x22=1&x23=1&x24=0&x24=0&x24=0&x24=0&x24=0&x24=0&x24=1&x2=1 HTTP/1.1" 200 96278 "-" "Mozilla/5.0 (compatible; SemrushBot/7~bl; +http://www.semrush.com/bot.html)"
144.76.19.75 - - [19/Aug/2026:00:30:18 +0200] "GET /category.php?seo=54-les-3x450-m&seo_cat=54&x24=1&debut=0&histo_track=1&seo_cat=54&x24=0&debut=0&seo_cat=54&x23=1&debut=0&seo_cat=54&x24=1&debut=0&seo_cat=54&x24=0&debut=0&seo_cat=54&x24=1&debut=0&seo_cat=54&x24=0&debut=0&seo_cat=54&x24=1&debut=0&seo_cat=54&x23=0&debut=0&seo_cat=54&x23=1&debut=0&seo_cat=54&x24=0&debut=0&seo_cat=54&x24=1&debut=0 HTTP/1.1" 200 60032 "-" "Mozilla/5.0 (compatible; SERankingBacklinksBot/1.0; +https://seranking.com/backlinks-crawler)"
144.76.19.75 - - [19/Aug/2026:00:30:21 +0200] "GET /category.php?seo=54-les-3x450-m&seo_cat=54&x23=1&debut=0&histo_track=1&seo_cat=54&x24=1&debut=0&seo_cat=54&x23=0&debut=0&seo_cat=54&x23=1&debut=0&seo_cat=54&x23=0&debut=0&seo_cat=54&x24=0&debut=0&seo_cat=54&x23=1&debut=0&seo_cat=54&x24=1&debut=0&seo_cat=54&x23=0&debut=0&seo_cat=54&x23=1&debut=0&seo_cat=54&x24=0&debut=0&seo_cat=54&x24=1&debut=0 HTTP/1.1" 200 60100 "-" "Mozilla/5.0 (compatible; SERankingBacklinksBot/1.0; +https://seranking.com/backlinks-crawler)"
85.208.96.200 - - [19/Aug/2026:00:30:24 +0200] "GET /marques.php?debut=0&debut=0&debut=0&debut=0&debut=0&debut=0&debut=0&debut=0&debut=0&seo=24-haut-de-gamme&seo_marq=24&seo_marq=24&seo_marq=24&seo_marq=24&seo_marq=24&seo_marq=24&seo_marq=24&seo_marq=24&seo_marq=24&t2=0&t2=0&t2=1&t3=1&t48=0&t48=0&t48=1&t55=0&t55=1 HTTP/1.1" 200 71150 "-" "Mozilla/5.0 (compatible; SemrushBot/7~bl; +http://www.semrush.com/bot.html)"
144.76.19.75 - - [19/Aug/2026:00:30:25 +0200] "GET /category.php?seo=54-les-3x450-m&seo_cat=54&x24=1&debut=0&histo_track=1&seo_cat=54&x24=0&debut=0&seo_cat=54&x23=1&debut=0&seo_cat=54&x24=1&debut=0&seo_cat=54&x24=0&debut=0&seo_cat=54&x24=1&debut=0&seo_cat=54&x24=0&debut=0&seo_cat=54&x24=1&debut=0&seo_cat=54&x23=0&debut=0&seo_cat=54&x24=0&debut=0&seo_cat=54&x23=1&debut=0&seo_cat=54&x23=0&debut=0 HTTP/1.1" 200 60090 "-" "Mozilla/5.0 (compatible; SERankingBacklinksBot/1.0; +https://seranking.com/backlinks-crawler)"
144.76.19.75 - - [19/Aug/2026:00:30:28 +0200] "GET /category.php?seo=54-les-3x450-m&seo_cat=54&x23=1&debut=0&histo_track=1&seo_cat=54&x24=1&debut=0&seo_cat=54&x23=0&debut=0&seo_cat=54&x23=1&debut=0&seo_cat=54&x23=0&debut=0&seo_cat=54&x24=0&debut=0&seo_cat=54&x23=1&debut=0&seo_cat=54&x24=1&debut=0&seo_cat=54&x23=0&debut=0&seo_cat=54&x24=0&debut=0&seo_cat=54&x23=1&debut=0&seo_cat=54&x23=0&debut=0 HTTP/1.1" 200 59968 "-" "Mozilla/5.0 (compatible; SERankingBacklinksBot/1.0; +https://seranking.com/backlinks-crawler)"
144.76.19.75 - - [19/Aug/2026:00:30:31 +0200] "GET /category.php?seo=54-les-3x450-m&seo_cat=54&x24=1&debut=0&histo_track=1&seo_cat=54&x24=0&debut=0&seo_cat=54&x23=1&debut=0&seo_cat=54&x24=1&debut=0&seo_cat=54&x24=0&debut=0&seo_cat=54&x24=1&debut=0&seo_cat=54&x24=0&debut=0&seo_cat=54&x24=1&debut=0&seo_cat=54&x23=0&debut=0&seo_cat=54&x24=0&debut=0&seo_cat=54&x23=1&debut=0&seo_cat=54&x24=1&debut=0 HTTP/1.1" 200 60090 "-" "Mozilla/5.0 (compatible; SERankingBacklinksBot/1.0; +https://seranking.com/backlinks-crawler)"
185.191.171.1 - - [19/Aug/2026:00:30:34 +0200] "GET /new-products.php?debut=0&debut=0&debut=0&debut=0&debut=0&debut=0&debut=0&debut=0&debut=0&debut=0&m=10&seo_cat&seo_cat&seo_cat&seo_cat&seo_cat&seo_cat&seo_cat&seo_cat&seo_cat&seo_cat&x21=0&x21=1&x22=0&x22=1&x23=1&x24=0&x24=0&x24=0&x24=1&x2=1&y=2020 HTTP/1.1" 200 96311 "-" "Mozilla/5.0 (compatible; SemrushBot/7~bl; +http://www.semrush.com/bot.html)"
144.76.19.75 - - [19/Aug/2026:00:30:35 +0200] "GET /category.php?seo=54-les-3x450-m&seo_cat=54&x23=1&debut=0&histo_track=1&seo_cat=54&x24=1&debut=0&seo_cat=54&x23=0&debut=0&seo_cat=54&x23=1&debut=0&seo_cat=54&x23=0&debut=0&seo_cat=54&x24=0&debut=0&seo_cat=54&x23=1&debut=0&seo_cat=54&x24=1&debut=0&seo_cat=54&x23=0&debut=0&seo_cat=54&x24=0&debut=0&seo_cat=54&x23=1&debut=0&seo_cat=54&x24=1&debut=0 HTTP/1.1" 200 60000 "-" "Mozilla/5.0 (compatible; SERankingBacklinksBot/1.0; +https://seranking.com/backlinks-crawler)"
144.76.19.75 - - [19/Aug/2026:00:30:38 +0200] "GET /category.php?seo=54-les-3x450-m&seo_cat=54&x24=1&debut=0&histo_track=1&seo_cat=54&x24=0&debut=0&seo_cat=54&x23=1&debut=0&seo_cat=54&x24=1&debut=0&seo_cat=54&x24=0&debut=0&seo_cat=54&x24=1&debut=0&seo_cat=54&x24=0&debut=0&seo_cat=54&x24=1&debut=0&seo_cat=54&x23=0&debut=0&seo_cat=54&x24=0&debut=0&seo_cat=54&x24=1&debut=0&seo_cat=54&x23=1&debut=0 HTTP/1.1" 200 60032 "-" "Mozilla/5.0 (compatible; SERankingBacklinksBot/1.0; +https://seranking.com/backlinks-crawler)"
144.76.19.75 - - [19/Aug/2026:00:30:41 +0200] "GET /category.php?seo=54-les-3x450-m&seo_cat=54&x23=1&debut=0&histo_track=1&seo_cat=54&x24=1&debut=0&seo_cat=54&x23=0&debut=0&seo_cat=54&x23=1&debut=0&seo_cat=54&x23=0&debut=0&seo_cat=54&x24=0&debut=0&seo_cat=54&x23=1&debut=0&seo_cat=54&x24=1&debut=0&seo_cat=54&x23=0&debut=0&seo_cat=54&x24=0&debut=0&seo_cat=54&x24=1&debut=0&seo_cat=54&x23=1&debut=0 HTTP/1.1" 200 60000 "-" "Mozilla/5.0 (compatible; SERankingBacklinksBot/1.0; +https://seranking.com/backlinks-crawler)"
85.208.96.198 - - [19/Aug/2026:00:30:42 +0200] "GET /new-products.php?a=10&b=1&debut=0&debut=0&debut=0&debut=0&debut=0&debut=0&debut=0&debut=0&debut=0&debut=0&debut=10&histo_track=1&m=10&seo_cat&seo_cat&seo_cat&seo_cat&seo_cat&seo_cat&seo_cat&seo_cat&seo_cat&seo_cat&x21=0&x21=1&x22=0&x22=0&x22=0&x22=1&x23=0&x23=0&x23=1&x24=1&y=2020 HTTP/1.1" 200 58347 "-" "Mozilla/5.0 (compatible; SemrushBot/7~bl; +http://www.semrush.com/bot.html)"
144.76.19.75 - - [19/Aug/2026:00:30:45 +0200] "GET /category.php?seo=54-les-3x450-m&seo_cat=54&x24=1&debut=0&histo_track=1&seo_cat=54&x24=0&debut=0&seo_cat=54&x23=1&debut=0&seo_cat=54&x24=1&debut=0&seo_cat=54&x24=0&debut=0&seo_cat=54&x24=1&debut=0&seo_cat=54&x24=0&debut=0&seo_cat=54&x24=1&debut=0&seo_cat=54&x23=0&debut=0&seo_cat=54&x24=0&debut=0&seo_cat=54&x24=1&debut=0&seo_cat=54&x24=0&debut=0 HTTP/1.1" 200 59968 "-" "Mozilla/5.0 (compatible; SERankingBacklinksBot/1.0; +https://seranking.com/backlinks-crawler)"
144.76.19.75 - - [19/Aug/2026:00:30:48 +0200] "GET /category.php?seo=54-les-3x450-m&seo_cat=54&x23=1&debut=0&histo_track=1&seo_cat=54&x24=1&debut=0&seo_cat=54&x23=0&debut=0&seo_cat=54&x23=1&debut=0&seo_cat=54&x23=0&debut=0&seo_cat=54&x24=0&debut=0&seo_cat=54&x23=1&debut=0&seo_cat=54&x24=1&debut=0&seo_cat=54&x23=0&debut=0&seo_cat=54&x24=0&debut=0&seo_cat=54&x24=1&debut=0&seo_cat=54&x24=0&debut=0 HTTP/1.1" 200 60090 "-" "Mozilla/5.0 (compatible; SERankingBacklinksBot/1.0; +https://seranking.com/backlinks-crawler)"
144.76.19.75 - - [19/Aug/2026:00:30:51 +0200] "GET /category.php?seo=54-les-3x450-m&seo_cat=54&x24=1&debut=0&histo_track=1&seo_cat=54&x24=0&debut=0&seo_cat=54&x23=1&debut=0&seo_cat=54&x24=1&debut=0&seo_cat=54&x24=0&debut=0&seo_cat=54&x24=1&debut=0&seo_cat=54&x24=0&debut=0&seo_cat=54&x24=1&debut=0&seo_cat=54&x24=0&debut=0&seo_cat=54&x23=0&debut=0&seo_cat=54&x23=1&debut=0&seo_cat=54&x23=0&debut=0 HTTP/1.1" 200 60032 "-" "Mozilla/5.0 (compatible; SERankingBacklinksBot/1.0; +https://seranking.com/backlinks-crawler)"
144.76.19.75 - - [19/Aug/2026:00:30:55 +0200] "GET /category.php?seo=54-les-3x450-m&seo_cat=54&x23=1&debut=0&histo_track=1&seo_cat=54&x24=1&debut=0&seo_cat=54&x23=0&debut=0&seo_cat=54&x23=1&debut=0&seo_cat=54&x23=0&debut=0&seo_cat=54&x24=0&debut=0&seo_cat=54&x23=1&debut=0&seo_cat=54&x24=1&debut=0&seo_cat=54&x24=0&debut=0&seo_cat=54&x23=0&debut=0&seo_cat=54&x23=1&debut=0&seo_cat=54&x23=0&debut=0 HTTP/1.1" 200 60090 "-" "Mozilla/5.0 (compatible; SERankingBacklinksBot/1.0; +https://seranking.com/backlinks-crawler)"
144.76.19.75 - - [19/Aug/2026:00:30:58 +0200] "GET /category.php?seo=54-les-3x450-m&seo_cat=54&x24=1&debut=0&histo_track=1&seo_cat=54&x24=0&debut=0&seo_cat=54&x23=1&debut=0&seo_cat=54&x24=1&debut=0&seo_cat=54&x24=0&debut=0&seo_cat=54&x24=1&debut=0&seo_cat=54&x24=0&debut=0&seo_cat=54&x24=1&debut=0&seo_cat=54&x24=0&debut=0&seo_cat=54&x23=0&debut=0&seo_cat=54&x23=1&debut=0&seo_cat=54&x24=1&debut=0 HTTP/1.1" 200 59996 "-" "Mozilla/5.0 (compatible; SERankingBacklinksBot/1.0; +https://seranking.com/backlinks-crawler)"
144.76.19.75 - - [19/Aug/2026:00:31:01 +0200] "GET /category.php?seo=54-les-3x450-m&seo_cat=54&x23=1&debut=0&histo_track=1&seo_cat=54&x24=1&debut=0&seo_cat=54&x23=0&debut=0&seo_cat=54&x23=1&debut=0&seo_cat=54&x23=0&debut=0&seo_cat=54&x24=0&debut=0&seo_cat=54&x23=1&debut=0&seo_cat=54&x24=1&debut=0&seo_cat=54&x24=0&debut=0&seo_cat=54&x23=0&debut=0&seo_cat=54&x23=1&debut=0&seo_cat=54&x24=1&debut=0 HTTP/1.1" 200 60000 "-" "Mozilla/5.0 (compatible; SERankingBacklinksBot/1.0; +https://seranking.com/backlinks-crawler)"
144.76.19.75 - - [19/Aug/2026:00:31:04 +0200] "GET /category.php?seo=54-les-3x450-m&seo_cat=54&x24=1&debut=0&histo_track=1&seo_cat=54&x24=0&debut=0&seo_cat=54&x23=1&debut=0&seo_cat=54&x24=1&debut=0&seo_cat=54&x24=0&debut=0&seo_cat=54&x24=1&debut=0&seo_cat=54&x24=0&debut=0&seo_cat=54&x24=1&debut=0&seo_cat=54&x24=0&debut=0&seo_cat=54&x23=0&debut=0&seo_cat=54&x24=1&debut=0&seo_cat=54&x23=1&debut=0 HTTP/1.1" 200 60000 "-" "Mozilla/5.0 (compatible; SERankingBacklinksBot/1.0; +https://seranking.com/backlinks-crawler)"
144.76.19.75 - - [19/Aug/2026:00:31:08 +0200] "GET /category.php?seo=54-les-3x450-m&seo_cat=54&x23=1&debut=0&histo_track=1&seo_cat=54&x24=1&debut=0&seo_cat=54&x23=0&debut=0&seo_cat=54&x23=1&debut=0&seo_cat=54&x23=0&debut=0&seo_cat=54&x24=0&debut=0&seo_cat=54&x23=1&debut=0&seo_cat=54&x24=1&debut=0&seo_cat=54&x24=0&debut=0&seo_cat=54&x23=0&debut=0&seo_cat=54&x24=1&debut=0&seo_cat=54&x23=1&debut=0 HTTP/1.1" 200 60100 "-" "Mozilla/5.0 (compatible; SERankingBacklinksBot/1.0; +https://seranking.com/backlinks-crawler)"
144.76.19.75 - - [19/Aug/2026:00:31:11 +0200] "GET /category.php?seo=54-les-3x450-m&seo_cat=54&x24=1&debut=0&histo_track=1&seo_cat=54&x24=0&debut=0&seo_cat=54&x23=1&debut=0&seo_cat=54&x24=1&debut=0&seo_cat=54&x24=0&debut=0&seo_cat=54&x24=1&debut=0&seo_cat=54&x24=0&debut=0&seo_cat=54&x24=1&debut=0&seo_cat=54&x24=0&debut=0&seo_cat=54&x23=0&debut=0&seo_cat=54&x24=1&debut=0&seo_cat=54&x24=0&debut=0 HTTP/1.1" 200 59996 "-" "Mozilla/5.0 (compatible; SERankingBacklinksBot/1.0; +https://seranking.com/backlinks-crawler)"
144.76.19.75 - - [19/Aug/2026:00:31:14 +0200] "GET /category.php?seo=54-les-3x450-m&seo_cat=54&x23=1&debut=0&histo_track=1&seo_cat=54&x24=1&debut=0&seo_cat=54&x23=0&debut=0&seo_cat=54&x23=1&debut=0&seo_cat=54&x23=0&debut=0&seo_cat=54&x24=0&debut=0&seo_cat=54&x23=1&debut=0&seo_cat=54&x24=1&debut=0&seo_cat=54&x24=0&debut=0&seo_cat=54&x23=0&debut=0&seo_cat=54&x24=1&debut=0&seo_cat=54&x24=0&debut=0 HTTP/1.1" 200 60100 "-" "Mozilla/5.0 (compatible; SERankingBacklinksBot/1.0; +https://seranking.com/backlinks-crawler)"
144.76.19.75 - - [19/Aug/2026:00:31:18 +0200] "GET /category.php?seo=54-les-3x450-m&seo_cat=54&x24=1&debut=0&histo_track=1&seo_cat=54&x24=0&debut=0&seo_cat=54&x23=1&debut=0&seo_cat=54&x24=1&debut=0&seo_cat=54&x24=0&debut=0&seo_cat=54&x24=1&debut=0&seo_cat=54&x24=0&debut=0&seo_cat=54&x24=1&debut=0&seo_cat=54&x24=0&debut=0&seo_cat=54&x24=1&debut=0&seo_cat=54&x23=0&debut=0&seo_cat=54&x23=1&debut=0 HTTP/1.1" 200 60032 "-" "Mozilla/5.0 (compatible; SERankingBacklinksBot/1.0; +https://seranking.com/backlinks-crawler)"
144.76.19.75 - - [19/Aug/2026:00:31:21 +0200] "GET /category.php?seo=54-les-3x450-m&seo_cat=54&x23=1&debut=0&histo_track=1&seo_cat=54&x24=1&debut=0&seo_cat=54&x23=0&debut=0&seo_cat=54&x23=1&debut=0&seo_cat=54&x23=0&debut=0&seo_cat=54&x24=0&debut=0&seo_cat=54&x23=1&debut=0&seo_cat=54&x24=1&debut=0&seo_cat=54&x24=0&debut=0&seo_cat=54&x24=1&debut=0&seo_cat=54&x23=0&debut=0&seo_cat=54&x23=1&debut=0 HTTP/1.1" 200 60000 "-" "Mozilla/5.0 (compatible; SERankingBacklinksBot/1.0; +https://seranking.com/backlinks-crawler)"
144.76.19.75 - - [19/Aug/2026:00:31:24 +0200] "GET /category.php?seo=54-les-3x450-m&seo_cat=54&x24=1&debut=0&histo_track=1&seo_cat=54&x24=0&debut=0&seo_cat=54&x23=1&debut=0&seo_cat=54&x24=1&debut=0&seo_cat=54&x24=0&debut=0&seo_cat=54&x24=1&debut=0&seo_cat=54&x24=0&debut=0&seo_cat=54&x24=1&debut=0&seo_cat=54&x24=0&debut=0&seo_cat=54&x24=1&debut=0&seo_cat=54&x23=0&debut=0&seo_cat=54&x24=0&debut=0 HTTP/1.1" 200 59996 "-" "Mozilla/5.0 (compatible; SERankingBacklinksBot/1.0; +https://seranking.com/backlinks-crawler)"
144.76.19.75 - - [19/Aug/2026:00:31:28 +0200] "GET /category.php?seo=54-les-3x450-m&seo_cat=54&x23=1&debut=0&histo_track=1&seo_cat=54&x24=1&debut=0&seo_cat=54&x23=0&debut=0&seo_cat=54&x23=1&debut=0&seo_cat=54&x23=0&debut=0&seo_cat=54&x24=0&debut=0&seo_cat=54&x23=1&debut=0&seo_cat=54&x24=1&debut=0&seo_cat=54&x24=0&debut=0&seo_cat=54&x24=1&debut=0&seo_cat=54&x23=0&debut=0&seo_cat=54&x24=0&debut=0 HTTP/1.1" 200 60090 "-" "Mozilla/5.0 (compatible; SERankingBacklinksBot/1.0; +https://seranking.com/backlinks-crawler)"
144.76.19.75 - - [19/Aug/2026:00:31:31 +0200] "GET /category.php?seo=54-les-3x450-m&seo_cat=54&x24=1&debut=0&histo_track=1&seo_cat=54&x24=0&debut=0&seo_cat=54&x23=1&debut=0&seo_cat=54&x24=1&debut=0&seo_cat=54&x24=0&debut=0&seo_cat=54&x24=1&debut=0&seo_cat=54&x24=0&debut=0&seo_cat=54&x24=1&debut=0&seo_cat=54&x24=0&debut=0&seo_cat=54&x24=1&debut=0&seo_cat=54&x24=0&debut=0&seo_cat=54&x23=0&debut=0 HTTP/1.1" 200 60032 "-" "Mozilla/5.0 (compatible; SERankingBacklinksBot/1.0; +https://seranking.com/backlinks-crawler)"
185.191.171.5 - - [19/Aug/2026:00:31:32 +0200] "GET /new-products.php?a=10&b=1&debut=0&debut=0&debut=0&debut=0&debut=0&debut=0&debut=0&debut=0&debut=0&debut=0&debut=0&debut=10&histo_track=1&m=05&seo_cat&seo_cat&seo_cat&seo_cat&seo_cat&seo_cat&seo_cat&seo_cat&seo_cat&seo_cat&seo_cat&x21=0&x21=0&x21=1&x22=1&x23=1&x24=1&x2=0&x2=0&x2=0&x2=0&x2=1&y=2021 HTTP/1.1" 200 58475 "-" "Mozilla/5.0 (compatible; SemrushBot/7~bl; +http://www.semrush.com/bot.html)"
144.76.19.75 - - [19/Aug/2026:00:31:34 +0200] "GET /category.php?seo=54-les-3x450-m&seo_cat=54&x23=1&debut=0&histo_track=1&seo_cat=54&x24=1&debut=0&seo_cat=54&x23=0&debut=0&seo_cat=54&x23=1&debut=0&seo_cat=54&x23=0&debut=0&seo_cat=54&x24=0&debut=0&seo_cat=54&x23=1&debut=0&seo_cat=54&x24=1&debut=0&seo_cat=54&x24=0&debut=0&seo_cat=54&x24=1&debut=0&seo_cat=54&x24=0&debut=0&seo_cat=54&x23=0&debut=0 HTTP/1.1" 200 60090 "-" "Mozilla/5.0 (compatible; SERankingBacklinksBot/1.0; +https://seranking.com/backlinks-crawler)"
144.76.19.75 - - [19/Aug/2026:00:31:37 +0200] "GET /category.php?seo=54-les-3x450-m&seo_cat=54&x24=1&debut=0&histo_track=1&seo_cat=54&x24=0&debut=0&seo_cat=54&x23=1&debut=0&seo_cat=54&x24=1&debut=0&seo_cat=54&x24=0&debut=0&seo_cat=54&x24=1&debut=0&seo_cat=54&x24=0&debut=0&seo_cat=54&x24=1&debut=0&seo_cat=54&x24=0&debut=0&seo_cat=54&x24=1&debut=0&seo_cat=54&x24=0&debut=0&seo_cat=54&x24=1&debut=0 HTTP/1.1" 200 60000 "-" "Mozilla/5.0 (compatible; SERankingBacklinksBot/1.0; +https://seranking.com/backlinks-crawler)"
144.76.19.75 - - [19/Aug/2026:00:31:41 +0200] "GET /category.php?seo=54-les-3x450-m&seo_cat=54&x23=1&debut=0&histo_track=1&seo_cat=54&x24=1&debut=0&seo_cat=54&x23=0&debut=0&seo_cat=54&x23=1&debut=0&seo_cat=54&x23=0&debut=0&seo_cat=54&x24=0&debut=0&seo_cat=54&x23=1&debut=0&seo_cat=54&x24=1&debut=0&seo_cat=54&x24=0&debut=0&seo_cat=54&x24=1&debut=0&seo_cat=54&x24=0&debut=0&seo_cat=54&x24=1&debut=0 HTTP/1.1" 200 60090 "-" "Mozilla/5.0 (compatible; SERankingBacklinksBot/1.0; +https://seranking.com/backlinks-crawler)"
144.76.19.75 - - [19/Aug/2026:00:31:44 +0200] "GET /category.php?seo=54-les-3x450-m&seo_cat=54&x24=1&debut=0&histo_track=1&seo_cat=54&x24=0&debut=0&seo_cat=54&x24=1&debut=0&seo_cat=54&x23=1&debut=0&seo_cat=54&x23=0&debut=0&seo_cat=54&x23=1&debut=0&seo_cat=54&x23=0&debut=0&seo_cat=54&x23=1&debut=0&seo_cat=54&x23=0&debut=0&seo_cat=54&x23=1&debut=0&seo_cat=54&x23=0&debut=0&seo_cat=54&x23=1&debut=0 HTTP/1.1" 200 60000 "-" "Mozilla/5.0 (compatible; SERankingBacklinksBot/1.0; +https://seranking.com/backlinks-crawler)"
144.76.19.75 - - [19/Aug/2026:00:31:47 +0200] "GET /category.php?seo=54-les-3x450-m&seo_cat=54&x23=1&debut=0&histo_track=1&seo_cat=54&x24=1&debut=0&seo_cat=54&x23=0&debut=0&seo_cat=54&x23=1&debut=0&seo_cat=54&x23=0&debut=0&seo_cat=54&x24=0&debut=0&seo_cat=54&x24=1&debut=0&seo_cat=54&x23=1&debut=0&seo_cat=54&x23=0&debut=0&seo_cat=54&x23=1&debut=0&seo_cat=54&x23=0&debut=0&seo_cat=54&x23=1&debut=0 HTTP/1.1" 200 60000 "-" "Mozilla/5.0 (compatible; SERankingBacklinksBot/1.0; +https://seranking.com/backlinks-crawler)"
144.76.19.75 - - [19/Aug/2026:00:31:51 +0200] "GET /category.php?seo=54-les-3x450-m&seo_cat=54&x24=1&debut=0&histo_track=1&seo_cat=54&x24=0&debut=0&seo_cat=54&x24=1&debut=0&seo_cat=54&x23=1&debut=0&seo_cat=54&x23=0&debut=0&seo_cat=54&x23=1&debut=0&seo_cat=54&x23=0&debut=0&seo_cat=54&x23=1&debut=0&seo_cat=54&x23=0&debut=0&seo_cat=54&x23=1&debut=0&seo_cat=54&x23=0&debut=0&seo_cat=54&x24=0&debut=0 HTTP/1.1" 200 60100 "-" "Mozilla/5.0 (compatible; SERankingBacklinksBot/1.0; +https://seranking.com/backlinks-crawler)"
85.208.96.210 - - [19/Aug/2026:00:31:52 +0200] "GET /new-products.php?a=10&b=1&debut=0&debut=0&debut=0&debut=0&debut=0&debut=0&debut=0&debut=0&debut=0&debut=10&m=04&seo_cat&seo_cat&seo_cat&seo_cat&seo_cat&seo_cat&seo_cat&seo_cat&seo_cat&x21=0&x21=1&x23=0&x23=0&x23=0&x23=0&x23=0&x23=1&x24=1&y=2023 HTTP/1.1" 200 51302 "-" "Mozilla/5.0 (compatible; SemrushBot/7~bl; +http://www.semrush.com/bot.html)"
144.76.19.75 - - [19/Aug/2026:00:31:54 +0200] "GET /category.php?seo=54-les-3x450-m&seo_cat=54&x23=1&debut=0&histo_track=1&seo_cat=54&x24=1&debut=0&seo_cat=54&x23=0&debut=0&seo_cat=54&x23=1&debut=0&seo_cat=54&x23=0&debut=0&seo_cat=54&x24=0&debut=0&seo_cat=54&x24=1&debut=0&seo_cat=54&x23=1&debut=0&seo_cat=54&x23=0&debut=0&seo_cat=54&x23=1&debut=0&seo_cat=54&x23=0&debut=0&seo_cat=54&x24=0&debut=0 HTTP/1.1" 200 60090 "-" "Mozilla/5.0 (compatible; SERankingBacklinksBot/1.0; +https://seranking.com/backlinks-crawler)"
144.76.19.75 - - [19/Aug/2026:00:31:57 +0200] "GET /category.php?seo=54-les-3x450-m&seo_cat=54&x24=1&debut=0&histo_track=1&seo_cat=54&x24=0&debut=0&seo_cat=54&x24=1&debut=0&seo_cat=54&x23=1&debut=0&seo_cat=54&x23=0&debut=0&seo_cat=54&x23=1&debut=0&seo_cat=54&x23=0&debut=0&seo_cat=54&x23=1&debut=0&seo_cat=54&x23=0&debut=0&seo_cat=54&x23=1&debut=0&seo_cat=54&x24=0&debut=0&seo_cat=54&x23=0&debut=0 HTTP/1.1" 200 60100 "-" "Mozilla/5.0 (compatible; SERankingBacklinksBot/1.0; +https://seranking.com/backlinks-crawler)"
144.76.19.75 - - [19/Aug/2026:00:32:01 +0200] "GET /category.php?seo=54-les-3x450-m&seo_cat=54&x23=1&debut=0&histo_track=1&seo_cat=54&x24=1&debut=0&seo_cat=54&x23=0&debut=0&seo_cat=54&x23=1&debut=0&seo_cat=54&x23=0&debut=0&seo_cat=54&x24=0&debut=0&seo_cat=54&x24=1&debut=0&seo_cat=54&x23=1&debut=0&seo_cat=54&x23=0&debut=0&seo_cat=54&x23=1&debut=0&seo_cat=54&x24=0&debut=0&seo_cat=54&x23=0&debut=0 HTTP/1.1" 200 60090 "-" "Mozilla/5.0 (compatible; SERankingBacklinksBot/1.0; +https://seranking.com/backlinks-crawler)"
144.76.19.75 - - [19/Aug/2026:00:32:04 +0200] "GET /category.php?seo=54-les-3x450-m&seo_cat=54&x24=1&debut=0&histo_track=1&seo_cat=54&x24=0&debut=0&seo_cat=54&x24=1&debut=0&seo_cat=54&x23=1&debut=0&seo_cat=54&x23=0&debut=0&seo_cat=54&x23=1&debut=0&seo_cat=54&x23=0&debut=0&seo_cat=54&x23=1&debut=0&seo_cat=54&x23=0&debut=0&seo_cat=54&x23=1&debut=0&seo_cat=54&x24=0&debut=0&seo_cat=54&x24=1&debut=0 HTTP/1.1" 200 60090 "-" "Mozilla/5.0 (compatible; SERankingBacklinksBot/1.0; +https://seranking.com/backlinks-crawler)"
144.76.19.75 - - [19/Aug/2026:00:32:07 +0200] "GET /category.php?seo=54-les-3x450-m&seo_cat=54&x23=1&debut=0&histo_track=1&seo_cat=54&x24=1&debut=0&seo_cat=54&x23=0&debut=0&seo_cat=54&x23=1&debut=0&seo_cat=54&x23=0&debut=0&seo_cat=54&x24=0&debut=0&seo_cat=54&x24=1&debut=0&seo_cat=54&x23=1&debut=0&seo_cat=54&x23=0&debut=0&seo_cat=54&x23=1&debut=0&seo_cat=54&x24=0&debut=0&seo_cat=54&x24=1&debut=0 HTTP/1.1" 200 60032 "-" "Mozilla/5.0 (compatible; SERankingBacklinksBot/1.0; +https://seranking.com/backlinks-crawler)"
144.76.19.75 - - [19/Aug/2026:00:32:11 +0200] "GET /category.php?seo=54-les-3x450-m&seo_cat=54&x24=1&debut=0&histo_track=1&seo_cat=54&x24=0&debut=0&seo_cat=54&x24=1&debut=0&seo_cat=54&x23=1&debut=0&seo_cat=54&x23=0&debut=0&seo_cat=54&x23=1&debut=0&seo_cat=54&x23=0&debut=0&seo_cat=54&x23=1&debut=0&seo_cat=54&x23=0&debut=0&seo_cat=54&x24=0&debut=0&seo_cat=54&x23=1&debut=0&seo_cat=54&x23=0&debut=0 HTTP/1.1" 200 60090 "-" "Mozilla/5.0 (compatible; SERankingBacklinksBot/1.0; +https://seranking.com/backlinks-crawler)"
144.76.19.75 - - [19/Aug/2026:00:32:14 +0200] "GET /category.php?seo=54-les-3x450-m&seo_cat=54&x23=1&debut=0&histo_track=1&seo_cat=54&x24=1&debut=0&seo_cat=54&x23=0&debut=0&seo_cat=54&x23=1&debut=0&seo_cat=54&x23=0&debut=0&seo_cat=54&x24=0&debut=0&seo_cat=54&x24=1&debut=0&seo_cat=54&x23=1&debut=0&seo_cat=54&x23=0&debut=0&seo_cat=54&x24=0&debut=0&seo_cat=54&x23=1&debut=0&seo_cat=54&x23=0&debut=0 HTTP/1.1" 200 60000 "-" "Mozilla/5.0 (compatible; SERankingBacklinksBot/1.0; +https://seranking.com/backlinks-crawler)"
144.76.19.75 - - [19/Aug/2026:00:32:17 +0200] "GET /category.php?seo=54-les-3x450-m&seo_cat=54&x24=1&debut=0&histo_track=1&seo_cat=54&x24=0&debut=0&seo_cat=54&x24=1&debut=0&seo_cat=54&x23=1&debut=0&seo_cat=54&x23=0&debut=0&seo_cat=54&x23=1&debut=0&seo_cat=54&x23=0&debut=0&seo_cat=54&x23=1&debut=0&seo_cat=54&x23=0&debut=0&seo_cat=54&x24=0&debut=0&seo_cat=54&x23=1&debut=0&seo_cat=54&x24=1&debut=0 HTTP/1.1" 200 60100 "-" "Mozilla/5.0 (compatible; SERankingBacklinksBot/1.0; +https://seranking.com/backlinks-crawler)"
144.76.19.75 - - [19/Aug/2026:00:32:20 +0200] "GET /category.php?seo=54-les-3x450-m&seo_cat=54&x23=1&debut=0&histo_track=1&seo_cat=54&x24=1&debut=0&seo_cat=54&x23=0&debut=0&seo_cat=54&x23=1&debut=0&seo_cat=54&x23=0&debut=0&seo_cat=54&x24=0&debut=0&seo_cat=54&x24=1&debut=0&seo_cat=54&x23=1&debut=0&seo_cat=54&x23=0&debut=0&seo_cat=54&x24=0&debut=0&seo_cat=54&x23=1&debut=0&seo_cat=54&x24=1&debut=0 HTTP/1.1" 200 60100 "-" "Mozilla/5.0 (compatible; SERankingBacklinksBot/1.0; +https://seranking.com/backlinks-crawler)"
144.76.19.75 - - [19/Aug/2026:00:32:24 +0200] "GET /category.php?seo=54-les-3x450-m&seo_cat=54&x24=1&debut=0&histo_track=1&seo_cat=54&x24=0&debut=0&seo_cat=54&x24=1&debut=0&seo_cat=54&x23=1&debut=0&seo_cat=54&x23=0&debut=0&seo_cat=54&x23=1&debut=0&seo_cat=54&x23=0&debut=0&seo_cat=54&x23=1&debut=0&seo_cat=54&x23=0&debut=0&seo_cat=54&x24=0&debut=0&seo_cat=54&x24=1&debut=0&seo_cat=54&x23=1&debut=0 HTTP/1.1" 200 60000 "-" "Mozilla/5.0 (compatible; SERankingBacklinksBot/1.0; +https://seranking.com/backlinks-crawler)"
144.76.19.75 - - [19/Aug/2026:00:32:27 +0200] "GET /category.php?seo=54-les-3x450-m&seo_cat=54&x23=1&debut=0&histo_track=1&seo_cat=54&x24=1&debut=0&seo_cat=54&x23=0&debut=0&seo_cat=54&x23=1&debut=0&seo_cat=54&x23=0&debut=0&seo_cat=54&x24=0&debut=0&seo_cat=54&x24=1&debut=0&seo_cat=54&x23=1&debut=0&seo_cat=54&x23=0&debut=0&seo_cat=54&x24=0&debut=0&seo_cat=54&x24=1&debut=0&seo_cat=54&x23=1&debut=0 HTTP/1.1" 200 59968 "-" "Mozilla/5.0 (compatible; SERankingBacklinksBot/1.0; +https://seranking.com/backlinks-crawler)"
144.76.19.75 - - [19/Aug/2026:00:32:30 +0200] "GET /category.php?seo=54-les-3x450-m&seo_cat=54&x24=1&debut=0&histo_track=1&seo_cat=54&x24=0&debut=0&seo_cat=54&x24=1&debut=0&seo_cat=54&x23=1&debut=0&seo_cat=54&x23=0&debut=0&seo_cat=54&x23=1&debut=0&seo_cat=54&x23=0&debut=0&seo_cat=54&x23=1&debut=0&seo_cat=54&x23=0&debut=0&seo_cat=54&x24=0&debut=0&seo_cat=54&x24=1&debut=0&seo_cat=54&x24=0&debut=0 HTTP/1.1" 200 60090 "-" "Mozilla/5.0 (compatible; SERankingBacklinksBot/1.0; +https://seranking.com/backlinks-crawler)"
144.76.19.75 - - [19/Aug/2026:00:32:33 +0200] "GET /category.php?seo=54-les-3x450-m&seo_cat=54&x23=1&debut=0&histo_track=1&seo_cat=54&x24=1&debut=0&seo_cat=54&x23=0&debut=0&seo_cat=54&x23=1&debut=0&seo_cat=54&x23=0&debut=0&seo_cat=54&x24=0&debut=0&seo_cat=54&x24=1&debut=0&seo_cat=54&x23=1&debut=0&seo_cat=54&x23=0&debut=0&seo_cat=54&x24=0&debut=0&seo_cat=54&x24=1&debut=0&seo_cat=54&x24=0&debut=0 HTTP/1.1" 200 60100 "-" "Mozilla/5.0 (compatible; SERankingBacklinksBot/1.0; +https://seranking.com/backlinks-crawler)"
144.76.19.75 - - [19/Aug/2026:00:32:37 +0200] "GET /category.php?seo=54-les-3x450-m&seo_cat=54&x24=1&debut=0&histo_track=1&seo_cat=54&x24=0&debut=0&seo_cat=54&x24=1&debut=0&seo_cat=54&x23=1&debut=0&seo_cat=54&x23=0&debut=0&seo_cat=54&x23=1&debut=0&seo_cat=54&x23=0&debut=0&seo_cat=54&x23=1&debut=0&seo_cat=54&x24=0&debut=0&seo_cat=54&x23=0&debut=0&seo_cat=54&x23=1&debut=0&seo_cat=54&x23=0&debut=0 HTTP/1.1" 200 59968 "-" "Mozilla/5.0 (compatible; SERankingBacklinksBot/1.0; +https://seranking.com/backlinks-crawler)"
144.76.19.75 - - [19/Aug/2026:00:32:40 +0200] "GET /category.php?seo=54-les-3x450-m&seo_cat=54&x23=1&debut=0&histo_track=1&seo_cat=54&x24=1&debut=0&seo_cat=54&x23=0&debut=0&seo_cat=54&x23=1&debut=0&seo_cat=54&x23=0&debut=0&seo_cat=54&x24=0&debut=0&seo_cat=54&x24=1&debut=0&seo_cat=54&x23=1&debut=0&seo_cat=54&x24=0&debut=0&seo_cat=54&x23=0&debut=0&seo_cat=54&x23=1&debut=0&seo_cat=54&x23=0&debut=0 HTTP/1.1" 200 60090 "-" "Mozilla/5.0 (compatible; SERankingBacklinksBot/1.0; +https://seranking.com/backlinks-crawler)"
144.76.19.75 - - [19/Aug/2026:00:32:43 +0200] "GET /category.php?seo=54-les-3x450-m&seo_cat=54&x24=1&debut=0&histo_track=1&seo_cat=54&x24=0&debut=0&seo_cat=54&x24=1&debut=0&seo_cat=54&x23=1&debut=0&seo_cat=54&x23=0&debut=0&seo_cat=54&x23=1&debut=0&seo_cat=54&x23=0&debut=0&seo_cat=54&x23=1&debut=0&seo_cat=54&x24=0&debut=0&seo_cat=54&x23=0&debut=0&seo_cat=54&x23=1&debut=0&seo_cat=54&x24=1&debut=0 HTTP/1.1" 200 60032 "-" "Mozilla/5.0 (compatible; SERankingBacklinksBot/1.0; +https://seranking.com/backlinks-crawler)"
144.76.19.75 - - [19/Aug/2026:00:32:47 +0200] "GET /category.php?seo=54-les-3x450-m&seo_cat=54&x23=1&debut=0&histo_track=1&seo_cat=54&x24=1&debut=0&seo_cat=54&x23=0&debut=0&seo_cat=54&x23=1&debut=0&seo_cat=54&x23=0&debut=0&seo_cat=54&x24=0&debut=0&seo_cat=54&x24=1&debut=0&seo_cat=54&x23=1&debut=0&seo_cat=54&x24=0&debut=0&seo_cat=54&x23=0&debut=0&seo_cat=54&x23=1&debut=0&seo_cat=54&x24=1&debut=0 HTTP/1.1" 200 59968 "-" "Mozilla/5.0 (compatible; SERankingBacklinksBot/1.0; +https://seranking.com/backlinks-crawler)"
144.76.19.75 - - [19/Aug/2026:00:32:50 +0200] "GET /category.php?seo=54-les-3x450-m&seo_cat=54&x24=1&debut=0&histo_track=1&seo_cat=54&x24=0&debut=0&seo_cat=54&x24=1&debut=0&seo_cat=54&x23=1&debut=0&seo_cat=54&x23=0&debut=0&seo_cat=54&x23=1&debut=0&seo_cat=54&x23=0&debut=0&seo_cat=54&x23=1&debut=0&seo_cat=54&x24=0&debut=0&seo_cat=54&x23=0&debut=0&seo_cat=54&x24=1&debut=0&seo_cat=54&x23=1&debut=0 HTTP/1.1" 200 60032 "-" "Mozilla/5.0 (compatible; SERankingBacklinksBot/1.0; +https://seranking.com/backlinks-crawler)"
144.76.19.75 - - [19/Aug/2026:00:32:54 +0200] "GET /category.php?seo=54-les-3x450-m&seo_cat=54&x23=1&debut=0&histo_track=1&seo_cat=54&x24=1&debut=0&seo_cat=54&x23=0&debut=0&seo_cat=54&x23=1&debut=0&seo_cat=54&x23=0&debut=0&seo_cat=54&x24=0&debut=0&seo_cat=54&x24=1&debut=0&seo_cat=54&x23=1&debut=0&seo_cat=54&x24=0&debut=0&seo_cat=54&x23=0&debut=0&seo_cat=54&x24=1&debut=0&seo_cat=54&x23=1&debut=0 HTTP/1.1" 200 59996 "-" "Mozilla/5.0 (compatible; SERankingBacklinksBot/1.0; +https://seranking.com/backlinks-crawler)"
185.191.171.13 - - [19/Aug/2026:00:32:54 +0200] "GET /new-products.php?a=10&b=1&debut=0&debut=0&debut=0&debut=0&debut=0&debut=0&debut=0&debut=0&debut=0&debut=0&debut=0&debut=10&histo_track=1&m=05&seo_cat&seo_cat&seo_cat&seo_cat&seo_cat&seo_cat&seo_cat&seo_cat&seo_cat&seo_cat&seo_cat&x21=0&x21=0&x21=0&x21=1&x22=0&x22=0&x22=1&x23=1&x24=1&x2=0&x2=1&y=2021 HTTP/1.1" 200 58606 "-" "Mozilla/5.0 (compatible; SemrushBot/7~bl; +http://www.semrush.com/bot.html)"
144.76.19.75 - - [19/Aug/2026:00:32:57 +0200] "GET /category.php?seo=54-les-3x450-m&seo_cat=54&x24=1&debut=0&histo_track=1&seo_cat=54&x24=0&debut=0&seo_cat=54&x24=1&debut=0&seo_cat=54&x23=1&debut=0&seo_cat=54&x23=0&debut=0&seo_cat=54&x23=1&debut=0&seo_cat=54&x23=0&debut=0&seo_cat=54&x23=1&debut=0&seo_cat=54&x24=0&debut=0&seo_cat=54&x23=0&debut=0&seo_cat=54&x24=1&debut=0&seo_cat=54&x24=0&debut=0 HTTP/1.1" 200 59968 "-" "Mozilla/5.0 (compatible; SERankingBacklinksBot/1.0; +https://seranking.com/backlinks-crawler)"
144.76.19.75 - - [19/Aug/2026:00:33:00 +0200] "GET /category.php?seo=54-les-3x450-m&seo_cat=54&x23=1&debut=0&histo_track=1&seo_cat=54&x24=1&debut=0&seo_cat=54&x23=0&debut=0&seo_cat=54&x23=1&debut=0&seo_cat=54&x23=0&debut=0&seo_cat=54&x24=0&debut=0&seo_cat=54&x24=1&debut=0&seo_cat=54&x23=1&debut=0&seo_cat=54&x24=0&debut=0&seo_cat=54&x23=0&debut=0&seo_cat=54&x24=1&debut=0&seo_cat=54&x24=0&debut=0 HTTP/1.1" 200 60100 "-" "Mozilla/5.0 (compatible; SERankingBacklinksBot/1.0; +https://seranking.com/backlinks-crawler)"
144.76.19.75 - - [19/Aug/2026:00:33:04 +0200] "GET /category.php?seo=54-les-3x450-m&seo_cat=54&x24=1&debut=0&histo_track=1&seo_cat=54&x24=0&debut=0&seo_cat=54&x24=1&debut=0&seo_cat=54&x23=1&debut=0&seo_cat=54&x23=0&debut=0&seo_cat=54&x23=1&debut=0&seo_cat=54&x23=0&debut=0&seo_cat=54&x23=1&debut=0&seo_cat=54&x24=0&debut=0&seo_cat=54&x24=1&debut=0&seo_cat=54&x23=0&debut=0&seo_cat=54&x23=1&debut=0 HTTP/1.1" 200 59996 "-" "Mozilla/5.0 (compatible; SERankingBacklinksBot/1.0; +https://seranking.com/backlinks-crawler)"
144.76.19.75 - - [19/Aug/2026:00:33:07 +0200] "GET /category.php?seo=54-les-3x450-m&seo_cat=54&x23=1&debut=0&histo_track=1&seo_cat=54&x24=1&debut=0&seo_cat=54&x23=0&debut=0&seo_cat=54&x23=1&debut=0&seo_cat=54&x23=0&debut=0&seo_cat=54&x24=0&debut=0&seo_cat=54&x24=1&debut=0&seo_cat=54&x23=1&debut=0&seo_cat=54&x24=0&debut=0&seo_cat=54&x24=1&debut=0&seo_cat=54&x23=0&debut=0&seo_cat=54&x23=1&debut=0 HTTP/1.1" 200 60000 "-" "Mozilla/5.0 (compatible; SERankingBacklinksBot/1.0; +https://seranking.com/backlinks-crawler)"
185.191.171.2 - - [19/Aug/2026:00:33:08 +0200] "GET /new-products.php?a=10&a=10&a=10&b=1&b=1&b=1&debut=0&debut=0&debut=0&debut=0&debut=0&debut=0&debut=0&debut=0&debut=0&debut=0&debut=10&histo_track=1&m=08&seo_cat&seo_cat&seo_cat&seo_cat&seo_cat&seo_cat&seo_cat&seo_cat&x21=0&x21=1&x22=0&x22=0&x22=0&x22=1&x2=0&x2=1&y=2023 HTTP/1.1" 200 51536 "-" "Mozilla/5.0 (compatible; SemrushBot/7~bl; +http://www.semrush.com/bot.html)"
144.76.19.75 - - [19/Aug/2026:00:33:10 +0200] "GET /category.php?seo=54-les-3x450-m&seo_cat=54&x24=1&debut=0&histo_track=1&seo_cat=54&x24=0&debut=0&seo_cat=54&x24=1&debut=0&seo_cat=54&x23=1&debut=0&seo_cat=54&x23=0&debut=0&seo_cat=54&x23=1&debut=0&seo_cat=54&x23=0&debut=0&seo_cat=54&x23=1&debut=0&seo_cat=54&x24=0&debut=0&seo_cat=54&x24=1&debut=0&seo_cat=54&x23=0&debut=0&seo_cat=54&x24=0&debut=0 HTTP/1.1" 200 60032 "-" "Mozilla/5.0 (compatible; SERankingBacklinksBot/1.0; +https://seranking.com/backlinks-crawler)"
85.208.96.212 - - [19/Aug/2026:00:33:10 +0200] "GET /marques.php?debut=0&debut=0&debut=0&debut=0&debut=0&debut=0&debut=0&debut=0&seo=24-haut-de-gamme&seo_marq=24&seo_marq=24&seo_marq=24&seo_marq=24&seo_marq=24&seo_marq=24&seo_marq=24&seo_marq=24&t2=1&t3=1&t53=0&t53=0&t53=1&t55=0&t55=0&t55=1 HTTP/1.1" 200 75122 "-" "Mozilla/5.0 (compatible; SemrushBot/7~bl; +http://www.semrush.com/bot.html)"
85.208.96.204 - - [19/Aug/2026:00:33:13 +0200] "GET /new-products.php?a=10&a=10&a=10&a=10&b=1&b=1&b=1&b=1&debut=0&debut=0&debut=0&debut=0&debut=0&debut=0&debut=0&debut=0&debut=0&debut=0&debut=0&debut=10&m=06&seo_cat&seo_cat&seo_cat&seo_cat&seo_cat&seo_cat&seo_cat&seo_cat&x21=1&x22=0&x22=1&x23=0&x23=0&x23=0&x23=1&x24=1&y=2022 HTTP/1.1" 200 58220 "-" "Mozilla/5.0 (compatible; SemrushBot/7~bl; +http://www.semrush.com/bot.html)"
144.76.19.75 - - [19/Aug/2026:00:33:13 +0200] "GET /category.php?seo=54-les-3x450-m&seo_cat=54&x23=1&debut=0&histo_track=1&seo_cat=54&x24=1&debut=0&seo_cat=54&x23=0&debut=0&seo_cat=54&x23=1&debut=0&seo_cat=54&x23=0&debut=0&seo_cat=54&x24=0&debut=0&seo_cat=54&x24=1&debut=0&seo_cat=54&x23=1&debut=0&seo_cat=54&x24=0&debut=0&seo_cat=54&x24=1&debut=0&seo_cat=54&x23=0&debut=0&seo_cat=54&x24=0&debut=0 HTTP/1.1" 200 59996 "-" "Mozilla/5.0 (compatible; SERankingBacklinksBot/1.0; +https://seranking.com/backlinks-crawler)"
144.76.19.75 - - [19/Aug/2026:00:33:17 +0200] "GET /category.php?seo=54-les-3x450-m&seo_cat=54&x24=1&debut=0&histo_track=1&seo_cat=54&x24=0&debut=0&seo_cat=54&x24=1&debut=0&seo_cat=54&x23=1&debut=0&seo_cat=54&x23=0&debut=0&seo_cat=54&x23=1&debut=0&seo_cat=54&x23=0&debut=0&seo_cat=54&x23=1&debut=0&seo_cat=54&x24=0&debut=0&seo_cat=54&x24=1&debut=0&seo_cat=54&x24=0&debut=0&seo_cat=54&x23=0&debut=0 HTTP/1.1" 200 60090 "-" "Mozilla/5.0 (compatible; SERankingBacklinksBot/1.0; +https://seranking.com/backlinks-crawler)"
85.208.96.197 - - [19/Aug/2026:00:33:20 +0200] "GET /new-products.php?a=10&a=10&a=10&b=1&b=1&b=1&debut=0&debut=0&debut=0&debut=0&debut=0&debut=0&debut=0&debut=0&debut=0&debut=0&debut=0&debut=0&debut=10&seo_cat&seo_cat&seo_cat&seo_cat&seo_cat&seo_cat&seo_cat&seo_cat&seo_cat&seo_cat&x21=1&x2=0&x2=0&x2=0&x2=0&x2=0&x2=0&x2=0&x2=0&x2=1 HTTP/1.1" 200 51713 "-" "Mozilla/5.0 (compatible; SemrushBot/7~bl; +http://www.semrush.com/bot.html)"
144.76.19.75 - - [19/Aug/2026:00:33:20 +0200] "GET /category.php?seo=54-les-3x450-m&seo_cat=54&x23=1&debut=0&histo_track=1&seo_cat=54&x24=1&debut=0&seo_cat=54&x23=0&debut=0&seo_cat=54&x23=1&debut=0&seo_cat=54&x23=0&debut=0&seo_cat=54&x24=0&debut=0&seo_cat=54&x24=1&debut=0&seo_cat=54&x23=1&debut=0&seo_cat=54&x24=0&debut=0&seo_cat=54&x24=1&debut=0&seo_cat=54&x24=0&debut=0&seo_cat=54&x23=0&debut=0 HTTP/1.1" 200 60032 "-" "Mozilla/5.0 (compatible; SERankingBacklinksBot/1.0; +https://seranking.com/backlinks-crawler)"
144.76.19.75 - - [19/Aug/2026:00:33:23 +0200] "GET /category.php?seo=54-les-3x450-m&seo_cat=54&x24=1&debut=0&histo_track=1&seo_cat=54&x24=0&debut=0&seo_cat=54&x24=1&debut=0&seo_cat=54&x23=1&debut=0&seo_cat=54&x23=0&debut=0&seo_cat=54&x23=1&debut=0&seo_cat=54&x23=0&debut=0&seo_cat=54&x23=1&debut=0&seo_cat=54&x24=0&debut=0&seo_cat=54&x24=1&debut=0&seo_cat=54&x24=0&debut=0&seo_cat=54&x24=1&debut=0 HTTP/1.1" 200 59996 "-" "Mozilla/5.0 (compatible; SERankingBacklinksBot/1.0; +https://seranking.com/backlinks-crawler)"
144.76.19.75 - - [19/Aug/2026:00:33:27 +0200] "GET /category.php?seo=54-les-3x450-m&seo_cat=54&x23=1&debut=0&histo_track=1&seo_cat=54&x24=1&debut=0&seo_cat=54&x23=0&debut=0&seo_cat=54&x23=1&debut=0&seo_cat=54&x23=0&debut=0&seo_cat=54&x24=0&debut=0&seo_cat=54&x24=1&debut=0&seo_cat=54&x23=1&debut=0&seo_cat=54&x24=0&debut=0&seo_cat=54&x24=1&debut=0&seo_cat=54&x24=0&debut=0&seo_cat=54&x24=1&debut=0 HTTP/1.1" 200 60090 "-" "Mozilla/5.0 (compatible; SERankingBacklinksBot/1.0; +https://seranking.com/backlinks-crawler)"
185.191.171.15 - - [19/Aug/2026:00:33:30 +0200] "GET /new-products.php?debut=0&debut=0&debut=0&debut=0&debut=0&debut=0&debut=0&debut=0&debut=0&debut=0&debut=0&debut=0&m=04&seo_cat&seo_cat&seo_cat&seo_cat&seo_cat&seo_cat&seo_cat&seo_cat&seo_cat&seo_cat&seo_cat&seo_cat&x21=0&x21=0&x21=0&x21=0&x21=1&x22=0&x22=0&x22=1&x23=0&x23=1&x24=1&x2=1&y=2024 HTTP/1.1" 200 96674 "-" "Mozilla/5.0 (compatible; SemrushBot/7~bl; +http://www.semrush.com/bot.html)"
144.76.19.75 - - [19/Aug/2026:00:33:30 +0200] "GET /category.php?seo=54-les-3x450-m&seo_cat=54&x24=1&debut=0&histo_track=1&seo_cat=54&x24=0&debut=0&seo_cat=54&x24=1&debut=0&seo_cat=54&x23=1&debut=0&seo_cat=54&x23=0&debut=0&seo_cat=54&x23=1&debut=0&seo_cat=54&x23=0&debut=0&seo_cat=54&x24=0&debut=0&seo_cat=54&x23=1&debut=0&seo_cat=54&x23=0&debut=0&seo_cat=54&x23=1&debut=0&seo_cat=54&x23=0&debut=0 HTTP/1.1" 200 59968 "-" "Mozilla/5.0 (compatible; SERankingBacklinksBot/1.0; +https://seranking.com/backlinks-crawler)"
185.191.171.16 - - [19/Aug/2026:00:33:32 +0200] "GET /new-products.php?a=10&a=10&a=10&a=10&a=10&b=1&b=1&b=1&b=1&b=1&debut=0&debut=0&debut=0&debut=0&debut=0&debut=0&debut=0&debut=0&debut=0&debut=0&debut=0&debut=10&m=12&seo_cat&seo_cat&seo_cat&seo_cat&seo_cat&seo_cat&seo_cat&x21=1&x22=0&x22=0&x22=0&x22=0&x22=1&x2=1&y=2020 HTTP/1.1" 200 51412 "-" "Mozilla/5.0 (compatible; SemrushBot/7~bl; +http://www.semrush.com/bot.html)"
144.76.19.75 - - [19/Aug/2026:00:33:33 +0200] "GET /category.php?seo=54-les-3x450-m&seo_cat=54&x23=1&debut=0&histo_track=1&seo_cat=54&x24=1&debut=0&seo_cat=54&x23=0&debut=0&seo_cat=54&x23=1&debut=0&seo_cat=54&x23=0&debut=0&seo_cat=54&x24=0&debut=0&seo_cat=54&x24=1&debut=0&seo_cat=54&x24=0&debut=0&seo_cat=54&x23=1&debut=0&seo_cat=54&x23=0&debut=0&seo_cat=54&x23=1&debut=0&seo_cat=54&x23=0&debut=0 HTTP/1.1" 200 59968 "-" "Mozilla/5.0 (compatible; SERankingBacklinksBot/1.0; +https://seranking.com/backlinks-crawler)"
185.191.171.13 - - [19/Aug/2026:00:33:34 +0200] "GET /new-products.php?a=10&b=1&debut=0&debut=0&debut=0&debut=0&debut=0&debut=0&debut=0&debut=0&debut=0&debut=10&m=07&seo_cat&seo_cat&seo_cat&seo_cat&seo_cat&seo_cat&seo_cat&seo_cat&seo_cat&x21=0&x21=0&x21=1&x22=1&x23=0&x23=1&x24=0&x24=1&x2=1&y=2023 HTTP/1.1" 200 58029 "-" "Mozilla/5.0 (compatible; SemrushBot/7~bl; +http://www.semrush.com/bot.html)"
144.76.19.75 - - [19/Aug/2026:00:33:37 +0200] "GET /category.php?seo=54-les-3x450-m&seo_cat=54&x24=1&debut=0&histo_track=1&seo_cat=54&x24=0&debut=0&seo_cat=54&x24=1&debut=0&seo_cat=54&x23=1&debut=0&seo_cat=54&x23=0&debut=0&seo_cat=54&x23=1&debut=0&seo_cat=54&x23=0&debut=0&seo_cat=54&x24=0&debut=0&seo_cat=54&x23=1&debut=0&seo_cat=54&x23=0&debut=0&seo_cat=54&x23=1&debut=0&seo_cat=54&x24=1&debut=0 HTTP/1.1" 200 60090 "-" "Mozilla/5.0 (compatible; SERankingBacklinksBot/1.0; +https://seranking.com/backlinks-crawler)"
85.208.96.210 - - [19/Aug/2026:00:33:37 +0200] "GET /new-products.php?a=10&a=10&b=1&b=1&debut=0&debut=0&debut=0&debut=0&debut=0&debut=0&debut=0&debut=0&debut=0&debut=10&histo_track=1&m=09&seo_cat&seo_cat&seo_cat&seo_cat&seo_cat&seo_cat&seo_cat&seo_cat&x22=0&x22=1&x23=1&x24=0&x24=0&x24=0&x24=0&x24=1&y=2022 HTTP/1.1" 200 57982 "-" "Mozilla/5.0 (compatible; SemrushBot/7~bl; +http://www.semrush.com/bot.html)"
85.208.96.203 - - [19/Aug/2026:00:33:39 +0200] "GET /new-products.php?a=10&a=10&a=10&a=10&a=10&a=10&b=1&b=1&b=1&b=1&b=1&b=1&debut=0&debut=0&debut=0&debut=0&debut=0&debut=0&debut=0&debut=0&debut=0&debut=0&debut=0&debut=10&seo_cat&seo_cat&seo_cat&seo_cat&seo_cat&seo_cat&x22=1&x23=1&x24=1&x2=0&x2=0&x2=1 HTTP/1.1" 200 58073 "-" "Mozilla/5.0 (compatible; SemrushBot/7~bl; +http://www.semrush.com/bot.html)"
144.76.19.75 - - [19/Aug/2026:00:33:40 +0200] "GET /category.php?seo=54-les-3x450-m&seo_cat=54&x23=1&debut=0&histo_track=1&seo_cat=54&x24=1&debut=0&seo_cat=54&x23=0&debut=0&seo_cat=54&x23=1&debut=0&seo_cat=54&x23=0&debut=0&seo_cat=54&x24=0&debut=0&seo_cat=54&x24=1&debut=0&seo_cat=54&x24=0&debut=0&seo_cat=54&x23=1&debut=0&seo_cat=54&x23=0&debut=0&seo_cat=54&x23=1&debut=0&seo_cat=54&x24=1&debut=0 HTTP/1.1" 200 59996 "-" "Mozilla/5.0 (compatible; SERankingBacklinksBot/1.0; +https://seranking.com/backlinks-crawler)"
144.76.19.75 - - [19/Aug/2026:00:33:43 +0200] "GET /category.php?seo=54-les-3x450-m&seo_cat=54&x24=1&debut=0&histo_track=1&seo_cat=54&x24=0&debut=0&seo_cat=54&x24=1&debut=0&seo_cat=54&x23=1&debut=0&seo_cat=54&x23=0&debut=0&seo_cat=54&x23=1&debut=0&seo_cat=54&x23=0&debut=0&seo_cat=54&x24=0&debut=0&seo_cat=54&x23=1&debut=0&seo_cat=54&x23=0&debut=0&seo_cat=54&x24=1&debut=0&seo_cat=54&x23=1&debut=0 HTTP/1.1" 200 60000 "-" "Mozilla/5.0 (compatible; SERankingBacklinksBot/1.0; +https://seranking.com/backlinks-crawler)"
185.191.171.13 - - [19/Aug/2026:00:33:45 +0200] "GET /marques.php?debut=0&debut=0&debut=0&debut=0&debut=0&debut=0&debut=0&debut=0&debut=0&seo=24-haut-de-gamme&seo_marq=24&seo_marq=24&seo_marq=24&seo_marq=24&seo_marq=24&seo_marq=24&seo_marq=24&seo_marq=24&seo_marq=24&t3=0&t3=1&t4=0&t4=0&t4=0&t4=0&t4=1&t55=0&t55=1 HTTP/1.1" 200 71066 "-" "Mozilla/5.0 (compatible; SemrushBot/7~bl; +http://www.semrush.com/bot.html)"
144.76.19.75 - - [19/Aug/2026:00:33:46 +0200] "GET /category.php?seo=54-les-3x450-m&seo_cat=54&x23=1&debut=0&histo_track=1&seo_cat=54&x24=1&debut=0&seo_cat=54&x23=0&debut=0&seo_cat=54&x23=1&debut=0&seo_cat=54&x23=0&debut=0&seo_cat=54&x24=0&debut=0&seo_cat=54&x24=1&debut=0&seo_cat=54&x24=0&debut=0&seo_cat=54&x23=1&debut=0&seo_cat=54&x23=0&debut=0&seo_cat=54&x24=1&debut=0&seo_cat=54&x23=1&debut=0 HTTP/1.1" 200 59968 "-" "Mozilla/5.0 (compatible; SERankingBacklinksBot/1.0; +https://seranking.com/backlinks-crawler)"
85.208.96.203 - - [19/Aug/2026:00:33:47 +0200] "GET /marques.php?debut=0&debut=0&debut=0&debut=0&debut=0&debut=0&debut=0&debut=0&debut=0&debut=0&debut=0&seo=24-haut-de-gamme&seo_marq=24&seo_marq=24&seo_marq=24&seo_marq=24&seo_marq=24&seo_marq=24&seo_marq=24&seo_marq=24&seo_marq=24&seo_marq=24&seo_marq=24&t2=0&t2=0&t2=1&t3=1&t48=0&t48=1&t49=0&t49=1&t53=0&t53=1&t54=1 HTTP/1.1" 200 80112 "-" "Mozilla/5.0 (compatible; SemrushBot/7~bl; +http://www.semrush.com/bot.html)"
144.76.19.75 - - [19/Aug/2026:00:33:50 +0200] "GET /category.php?seo=54-les-3x450-m&seo_cat=54&x24=1&debut=0&histo_track=1&seo_cat=54&x24=0&debut=0&seo_cat=54&x24=1&debut=0&seo_cat=54&x23=1&debut=0&seo_cat=54&x23=0&debut=0&seo_cat=54&x23=1&debut=0&seo_cat=54&x23=0&debut=0&seo_cat=54&x24=0&debut=0&seo_cat=54&x23=1&debut=0&seo_cat=54&x23=0&debut=0&seo_cat=54&x24=1&debut=0&seo_cat=54&x24=0&debut=0 HTTP/1.1" 200 60000 "-" "Mozilla/5.0 (compatible; SERankingBacklinksBot/1.0; +https://seranking.com/backlinks-crawler)"
