85.208.96.195 - - [15/Jun/2026:05:28:15 +0200] "GET /new-products.php?a=12&a=12&b=1&b=1&debut=0&debut=0&debut=384&debut=384&debut=60&debut=84&histo_track=1&m=01&y=2021 HTTP/1.1" 200 132425 "-" "Mozilla/5.0 (compatible; SemrushBot/7~bl; +http://www.semrush.com/bot.html)"
85.208.96.206 - - [15/Jun/2026:05:28:17 +0200] "GET /new-products.php?a=12&b=1&debut=0&debut=24&debut=396&m=11&seo_cat&x20=1&y=2022 HTTP/1.1" 200 74415 "-" "Mozilla/5.0 (compatible; SemrushBot/7~bl; +http://www.semrush.com/bot.html)"
185.191.171.9 - - [15/Jun/2026:05:28:19 +0200] "GET /new-products.php?a=12&a=12&b=1&b=1&debut=0&debut=0&debut=12&debut=72&m=04&seo_cat&seo_cat&x20=1&x23=1&y=2018 HTTP/1.1" 200 74695 "-" "Mozilla/5.0 (compatible; SemrushBot/7~bl; +http://www.semrush.com/bot.html)"
185.191.171.16 - - [15/Jun/2026:05:28:22 +0200] "GET /new-products.php?a=12&a=12&a=12&a=12&b=1&b=1&b=1&b=1&debut=0&debut=36&debut=36&debut=48&debut=96&m=06&y=2022 HTTP/1.1" 200 130964 "-" "Mozilla/5.0 (compatible; SemrushBot/7~bl; +http://www.semrush.com/bot.html)"
185.191.171.5 - - [15/Jun/2026:05:28:29 +0200] "GET /new-products.php?a=12&a=12&a=12&a=12&b=1&b=1&b=1&b=1&debut=132&debut=132&debut=60&debut=96&m=11&y=2020 HTTP/1.1" 200 130891 "-" "Mozilla/5.0 (compatible; SemrushBot/7~bl; +http://www.semrush.com/bot.html)"
185.191.171.13 - - [15/Jun/2026:05:28:37 +0200] "GET /new-products.php?a=12&b=1&debut=0&debut=0&debut=372&debut=396&debut=60&histo_track=1&m=11&seo_cat&x24=1&y=2017 HTTP/1.1" 200 74639 "-" "Mozilla/5.0 (compatible; SemrushBot/7~bl; +http://www.semrush.com/bot.html)"
85.208.96.194 - - [15/Jun/2026:05:29:16 +0200] "GET /new-products.php?a=12&a=12&a=12&b=1&b=1&b=1&debut=0&debut=0&debut=132&debut=132&debut=84&m=11&y=2025 HTTP/1.1" 200 132073 "-" "Mozilla/5.0 (compatible; SemrushBot/7~bl; +http://www.semrush.com/bot.html)"
185.191.171.4 - - [15/Jun/2026:05:29:47 +0200] "GET /new-products.php?a=12&a=12&b=1&b=1&debut=0&debut=396&debut=72&debut=84&m=10&seo_cat&x26=1&y=2019 HTTP/1.1" 200 74543 "-" "Mozilla/5.0 (compatible; SemrushBot/7~bl; +http://www.semrush.com/bot.html)"
85.208.96.194 - - [15/Jun/2026:05:29:51 +0200] "GET /new-products.php?a=12&a=12&b=1&b=1&debut=24&debut=384&debut=384&debut=396&debut=432&debut=48&histo_track=1&m=10&y=2022 HTTP/1.1" 200 130905 "-" "Mozilla/5.0 (compatible; SemrushBot/7~bl; +http://www.semrush.com/bot.html)"
51.195.244.22 - - [15/Jun/2026:05:29:57 +0200] "GET /?m=10&y=2038 HTTP/1.1" 200 212169 "-" "Mozilla/5.0 (compatible; AhrefsBot/7.0; +http://ahrefs.com/robot/)"
185.191.171.1 - - [15/Jun/2026:05:30:04 +0200] "GET /new-products.php?a=12&a=12&b=1&b=1&debut=0&debut=0&debut=120&debut=84&m=12&seo_cat&seo_cat&x20=1&x26=1&y=2023 HTTP/1.1" 200 74642 "-" "Mozilla/5.0 (compatible; SemrushBot/7~bl; +http://www.semrush.com/bot.html)"
185.191.171.10 - - [15/Jun/2026:05:30:11 +0200] "GET /new-products.php?a=12&a=12&b=1&b=1&debut=0&debut=396&debut=72&debut=96&histo_track=1&m=12&seo_cat&x21=1&y=2019 HTTP/1.1" 200 74722 "-" "Mozilla/5.0 (compatible; SemrushBot/7~bl; +http://www.semrush.com/bot.html)"
85.208.96.202 - - [15/Jun/2026:05:30:29 +0200] "GET /new-products.php?a=12&a=12&b=1&b=1&debut=0&debut=0&debut=0&debut=24&m=05&seo_cat&seo_cat&x21=1&x24=1&y=2019 HTTP/1.1" 200 128097 "-" "Mozilla/5.0 (compatible; SemrushBot/7~bl; +http://www.semrush.com/bot.html)"
185.191.171.13 - - [15/Jun/2026:05:30:44 +0200] "GET /new-products.php?a=12&b=1&debut=0&debut=396&debut=48&m=05&seo_cat&x21=1&y=2023 HTTP/1.1" 200 74413 "-" "Mozilla/5.0 (compatible; SemrushBot/7~bl; +http://www.semrush.com/bot.html)"
85.208.96.200 - - [15/Jun/2026:05:30:49 +0200] "GET /new-products.php?a=12&a=12&b=1&b=1&debut=120&debut=396&debut=396&debut=396&debut=396&debut=432&debut=72&m=10&y=2021 HTTP/1.1" 200 129507 "-" "Mozilla/5.0 (compatible; SemrushBot/7~bl; +http://www.semrush.com/bot.html)"
185.191.171.11 - - [15/Jun/2026:05:30:52 +0200] "GET /new-products.php?a=12&a=12&b=1&b=1&debut=36&debut=372&debut=396&debut=72&m=03&y=2024 HTTP/1.1" 200 128729 "-" "Mozilla/5.0 (compatible; SemrushBot/7~bl; +http://www.semrush.com/bot.html)"
85.208.96.202 - - [15/Jun/2026:05:30:57 +0200] "GET /new-products.php?a=12&a=12&a=12&b=1&b=1&b=1&debut=24&debut=372&debut=408&debut=432&debut=60&debut=84&histo_track=1 HTTP/1.1" 200 132446 "-" "Mozilla/5.0 (compatible; SemrushBot/7~bl; +http://www.semrush.com/bot.html)"
185.191.171.8 - - [15/Jun/2026:05:31:06 +0200] "GET /new-products.php?a=12&a=12&b=1&b=1&debut=0&debut=36&debut=372&debut=396&debut=408&debut=408&debut=72&m=03&y=2023 HTTP/1.1" 200 129429 "-" "Mozilla/5.0 (compatible; SemrushBot/7~bl; +http://www.semrush.com/bot.html)"
185.191.171.7 - - [15/Jun/2026:05:31:28 +0200] "GET /new-products.php?a=12&a=12&b=1&b=1&debut=0&debut=48&debut=60&m=09&seo_cat&x24=1&y=2017 HTTP/1.1" 200 74472 "-" "Mozilla/5.0 (compatible; SemrushBot/7~bl; +http://www.semrush.com/bot.html)"
66.249.65.73 - - [15/Jun/2026:05:31:30 +0200] "GET /produit-157-cranberries-bio-100g HTTP/1.1" 200 162839 "-" "Mozilla/5.0 (Linux; Android 6.0.1; Nexus 5X Build/MMB29P) AppleWebKit/537.36 (KHTML, like Gecko) Chrome/148.0.7778.96 Mobile Safari/537.36 (compatible; Googlebot/2.1; +http://www.google.com/bot.html)"
85.208.96.207 - - [15/Jun/2026:05:31:58 +0200] "GET /new-products.php?a=12&a=12&b=1&b=1&debut=0&debut=0&debut=108&debut=384&debut=396&debut=396&debut=72&m=09&y=2021 HTTP/1.1" 200 129406 "-" "Mozilla/5.0 (compatible; SemrushBot/7~bl; +http://www.semrush.com/bot.html)"
185.191.171.6 - - [15/Jun/2026:05:32:16 +0200] "GET /new-products.php?a=12&a=12&a=12&a=12&b=1&b=1&b=1&b=1&debut=12&debut=24&debut=48&debut=72&m=10&y=2019 HTTP/1.1" 200 129132 "-" "Mozilla/5.0 (compatible; SemrushBot/7~bl; +http://www.semrush.com/bot.html)"
85.208.96.199 - - [15/Jun/2026:05:32:18 +0200] "GET /new-products.php?a=12&a=12&b=1&b=1&debut=0&debut=372&debut=372&debut=396&debut=396&debut=48&debut=84&seo_cat&x24=1 HTTP/1.1" 200 74690 "-" "Mozilla/5.0 (compatible; SemrushBot/7~bl; +http://www.semrush.com/bot.html)"
85.208.96.197 - - [15/Jun/2026:05:32:22 +0200] "GET /new-products.php?a=12&a=12&b=1&b=1&debut=0&debut=372&debut=372&debut=396&debut=396&debut=48&debut=60&m=02&y=2018 HTTP/1.1" 200 130162 "-" "Mozilla/5.0 (compatible; SemrushBot/7~bl; +http://www.semrush.com/bot.html)"
85.208.96.204 - - [15/Jun/2026:05:32:40 +0200] "GET /new-products.php?a=12&b=1&debut=0&debut=0&debut=0&debut=0&debut=0&debut=384&debut=408&debut=432&debut=72&seo_cat&x21=1 HTTP/1.1" 200 74718 "-" "Mozilla/5.0 (compatible; SemrushBot/7~bl; +http://www.semrush.com/bot.html)"
198.244.226.55 - - [15/Jun/2026:05:32:50 +0200] "GET /?m=03&y=2038 HTTP/1.1" 200 212670 "-" "Mozilla/5.0 (compatible; AhrefsBot/7.0; +http://ahrefs.com/robot/)"
185.191.171.4 - - [15/Jun/2026:05:32:57 +0200] "GET /new-products.php?a=12&a=12&a=12&a=12&b=1&b=1&b=1&b=1&debut=0&debut=36&debut=48&debut=84&debut=96&m=03&y=2024 HTTP/1.1" 200 131003 "-" "Mozilla/5.0 (compatible; SemrushBot/7~bl; +http://www.semrush.com/bot.html)"
85.208.96.211 - - [15/Jun/2026:05:33:07 +0200] "GET /new-products.php?a=12&a=12&b=1&b=1&debut=0&debut=0&debut=396&debut=396&debut=60&debut=96&histo_track=1&m=08&y=2020 HTTP/1.1" 200 131232 "-" "Mozilla/5.0 (compatible; SemrushBot/7~bl; +http://www.semrush.com/bot.html)"
85.208.96.212 - - [15/Jun/2026:05:33:21 +0200] "GET /new-products.php?a=12&a=12&b=1&b=1&debut=0&debut=384&debut=396&debut=396&debut=48&debut=72&histo_track=1&m=10&y=2019 HTTP/1.1" 200 129532 "-" "Mozilla/5.0 (compatible; SemrushBot/7~bl; +http://www.semrush.com/bot.html)"
185.191.171.10 - - [15/Jun/2026:05:33:39 +0200] "GET /new-products.php?a=12&a=12&a=12&b=1&b=1&b=1&debut=0&debut=36&debut=420&debut=72&debut=96&histo_track=1&m=07&y=2020 HTTP/1.1" 200 131156 "-" "Mozilla/5.0 (compatible; SemrushBot/7~bl; +http://www.semrush.com/bot.html)"
85.208.96.195 - - [15/Jun/2026:05:34:03 +0200] "GET /new-products.php?a=12&a=12&b=1&b=1&debut=0&debut=0&debut=0&debut=0&debut=396&debut=432&debut=60&debut=72&m=11&y=2020 HTTP/1.1" 200 129603 "-" "Mozilla/5.0 (compatible; SemrushBot/7~bl; +http://www.semrush.com/bot.html)"
85.208.96.212 - - [15/Jun/2026:05:34:32 +0200] "GET /new-products.php?a=12&a=12&b=1&b=1&debut=0&debut=0&debut=396&debut=396&debut=408&debut=408&debut=408&debut=84&debut=96 HTTP/1.1" 200 131277 "-" "Mozilla/5.0 (compatible; SemrushBot/7~bl; +http://www.semrush.com/bot.html)"
185.191.171.10 - - [15/Jun/2026:05:34:37 +0200] "GET /new-products.php?a=12&b=1&debut=0&debut=0&debut=0&debut=0&debut=0&debut=396&debut=432&debut=60&m=02&y=2020 HTTP/1.1" 200 130015 "-" "Mozilla/5.0 (compatible; SemrushBot/7~bl; +http://www.semrush.com/bot.html)"
185.191.171.13 - - [15/Jun/2026:05:34:49 +0200] "GET /new-products.php?a=12&b=1&debut=0&debut=0&debut=396&debut=396&debut=408&debut=84&m=09&seo_cat&x21=1&y=2020 HTTP/1.1" 200 74612 "-" "Mozilla/5.0 (compatible; SemrushBot/7~bl; +http://www.semrush.com/bot.html)"
185.191.171.11 - - [15/Jun/2026:05:34:52 +0200] "GET /new-products.php?a=12&a=12&b=1&b=1&debut=0&debut=396&debut=396&debut=396&debut=84&debut=96&m=03&seo_cat&x20=1&y=2021 HTTP/1.1" 200 74680 "-" "Mozilla/5.0 (compatible; SemrushBot/7~bl; +http://www.semrush.com/bot.html)"
185.191.171.8 - - [15/Jun/2026:05:35:00 +0200] "GET /new-products.php?a=12&a=12&b=1&b=1&debut=0&debut=24&debut=372&debut=396&debut=396&debut=48&m=11&y=2025 HTTP/1.1" 200 130419 "-" "Mozilla/5.0 (compatible; SemrushBot/7~bl; +http://www.semrush.com/bot.html)"
185.191.171.18 - - [15/Jun/2026:05:35:03 +0200] "GET /new-products.php?a=12&b=1&debut=0&debut=0&debut=0&debut=0&debut=12&debut=408&histo_track=1&m=08&seo_cat&x26=1&y=2021 HTTP/1.1" 200 74759 "-" "Mozilla/5.0 (compatible; SemrushBot/7~bl; +http://www.semrush.com/bot.html)"
185.191.171.16 - - [15/Jun/2026:05:35:09 +0200] "GET /new-products.php?a=12&a=12&b=1&b=1&debut=0&debut=0&debut=372&debut=372&debut=384&debut=48&debut=60&m=09&y=2018 HTTP/1.1" 200 130113 "-" "Mozilla/5.0 (compatible; SemrushBot/7~bl; +http://www.semrush.com/bot.html)"
51.195.215.81 - - [15/Jun/2026:05:35:23 +0200] "GET /?m=01&y=2001 HTTP/1.1" 200 212377 "-" "Mozilla/5.0 (compatible; AhrefsBot/7.0; +http://ahrefs.com/robot/)"
185.191.171.8 - - [15/Jun/2026:05:35:27 +0200] "GET /new-products.php?a=12&a=12&b=1&b=1&debut=0&debut=0&debut=36&debut=372&debut=372&debut=384&debut=60&m=10&y=2023 HTTP/1.1" 200 130187 "-" "Mozilla/5.0 (compatible; SemrushBot/7~bl; +http://www.semrush.com/bot.html)"
185.191.171.6 - - [15/Jun/2026:05:35:30 +0200] "GET /new-products.php?a=12&a=12&b=1&b=1&debut=0&debut=0&debut=72&debut=84&m=12&seo_cat&x24=1&y=2022 HTTP/1.1" 200 74537 "-" "Mozilla/5.0 (compatible; SemrushBot/7~bl; +http://www.semrush.com/bot.html)"
185.191.171.13 - - [15/Jun/2026:05:36:19 +0200] "GET /new-products.php?a=12&a=12&b=1&b=1&debut=0&debut=0&debut=24&debut=396&debut=444&debut=48&seo_cat&seo_cat&x24=1&x26=1 HTTP/1.1" 200 119447 "-" "Mozilla/5.0 (compatible; SemrushBot/7~bl; +http://www.semrush.com/bot.html)"
66.249.65.74 - - [15/Jun/2026:05:36:21 +0200] "GET /uploadfiles/products/15892127620SM.jpg HTTP/1.1" 200 1624484 "-" "Googlebot-Image/1.0"
185.191.171.3 - - [15/Jun/2026:05:36:22 +0200] "GET /new-products.php?a=12&a=12&b=1&b=1&debut=0&debut=108&debut=384&debut=396&debut=396&debut=84&histo_track=1&m=10&y=2023 HTTP/1.1" 200 132509 "-" "Mozilla/5.0 (compatible; SemrushBot/7~bl; +http://www.semrush.com/bot.html)"
185.191.171.12 - - [15/Jun/2026:05:36:25 +0200] "GET /new-products.php?a=12&a=12&b=1&b=1&debut=0&debut=0&debut=0&debut=0&debut=0&debut=396&debut=84&debut=96&m=10&y=2020 HTTP/1.1" 200 131156 "-" "Mozilla/5.0 (compatible; SemrushBot/7~bl; +http://www.semrush.com/bot.html)"
185.191.171.11 - - [15/Jun/2026:05:36:29 +0200] "GET /new-products.php?a=12&b=1&debut=0&debut=0&debut=0&debut=60&seo_cat&seo_cat&x20=1&x24=1 HTTP/1.1" 200 74494 "-" "Mozilla/5.0 (compatible; SemrushBot/7~bl; +http://www.semrush.com/bot.html)"
170.168.29.115 - - [15/Jun/2026:05:36:33 +0200] "GET /new-products.php?m=09&y=2023&debut=24&a=12&b=1&x23=1&debut=0&debut=36&a=12&b=1&debut=24&a=12&b=1 HTTP/1.1" 200 128330 "-" "Mozilla/5.0 (Windows NT 10.0; Win64; x64) AppleWebKit/537.36 (KHTML, like Gecko) Chrome/131.0.0.0 Safari/537.36 Edg/131.0.0.0"
185.191.171.17 - - [15/Jun/2026:05:36:47 +0200] "GET /new-products.php?a=12&a=12&b=1&b=1&debut=0&debut=0&debut=24&debut=36&debut=372&seo_cat&x21=1 HTTP/1.1" 200 74536 "-" "Mozilla/5.0 (compatible; SemrushBot/7~bl; +http://www.semrush.com/bot.html)"
188.239.48.148 - - [15/Jun/2026:05:36:49 +0200] "GET /produit-197-sel-fin-marin-gris-de-guerande-100g?m=02&y=2026 HTTP/1.1" 200 152641 "https://www.vracandbio.com/produit-197-sel-fin-marin-gris-de-guerande-100g?m=02&y=2026" "Mozilla/5.0 (Macintosh; Intel Mac OS X 10_15_7) AppleWebKit/537.36 (KHTML, like Gecko) Chrome/120.0.0.0 Safari/537.36"
85.208.96.198 - - [15/Jun/2026:05:36:58 +0200] "GET /new-products.php?a=12&a=12&a=12&b=1&b=1&b=1&debut=0&debut=48&debut=72&debut=96&m=02&y=2024 HTTP/1.1" 200 130395 "-" "Mozilla/5.0 (compatible; SemrushBot/7~bl; +http://www.semrush.com/bot.html)"
185.191.171.12 - - [15/Jun/2026:05:37:17 +0200] "GET /category.php?debut=0&seo=94-bicarbonate-co&seo_cat=94&x26=1 HTTP/1.1" 200 108832 "-" "Mozilla/5.0 (compatible; SemrushBot/7~bl; +http://www.semrush.com/bot.html)"
185.191.171.9 - - [15/Jun/2026:05:37:24 +0200] "GET /new-products.php?a=12&a=12&b=1&b=1&debut=0&debut=24&debut=396&debut=408&debut=432&debut=48&histo_track=1&m=10&y=2020 HTTP/1.1" 200 130771 "-" "Mozilla/5.0 (compatible; SemrushBot/7~bl; +http://www.semrush.com/bot.html)"
185.191.171.14 - - [15/Jun/2026:05:37:50 +0200] "GET /new-products.php?a=12&a=12&b=1&b=1&debut=0&debut=12&debut=372&debut=396&debut=72&m=05&seo_cat&x23=1&y=2023 HTTP/1.1" 200 74609 "-" "Mozilla/5.0 (compatible; SemrushBot/7~bl; +http://www.semrush.com/bot.html)"
85.208.96.197 - - [15/Jun/2026:05:38:19 +0200] "GET /new-products.php?a=12&a=12&a=12&b=1&b=1&b=1&debut=0&debut=0&debut=36&debut=36&debut=396&debut=48&m=03&y=2023 HTTP/1.1" 200 130568 "-" "Mozilla/5.0 (compatible; SemrushBot/7~bl; +http://www.semrush.com/bot.html)"
85.208.96.196 - - [15/Jun/2026:05:38:22 +0200] "GET /new-products.php?a=12&a=12&b=1&b=1&debut=0&debut=0&debut=0&debut=0&debut=24&debut=372&debut=396&debut=60&m=03&y=2022 HTTP/1.1" 200 130261 "-" "Mozilla/5.0 (compatible; SemrushBot/7~bl; +http://www.semrush.com/bot.html)"
85.208.96.198 - - [15/Jun/2026:05:38:42 +0200] "GET /new-products.php?a=12&a=12&b=1&b=1&debut=0&debut=0&debut=60&debut=84&m=06&seo_cat&x20=1&y=2022 HTTP/1.1" 200 74523 "-" "Mozilla/5.0 (compatible; SemrushBot/7~bl; +http://www.semrush.com/bot.html)"
85.208.96.201 - - [15/Jun/2026:05:38:48 +0200] "GET /new-products.php?a=12&b=1&debut=0&debut=0&debut=0&debut=0&debut=324&debut=396&histo_track=1&m=12&seo_cat&x21=1&y=2024 HTTP/1.1" 200 74771 "-" "Mozilla/5.0 (compatible; SemrushBot/7~bl; +http://www.semrush.com/bot.html)"
85.208.96.210 - - [15/Jun/2026:05:38:50 +0200] "GET /new-products.php?debut=0&debut=0&debut=0&debut=396&m=01&seo_cat&seo_cat&seo_cat&x21=0&x21=1&x23=1&y=2018 HTTP/1.1" 200 74599 "-" "Mozilla/5.0 (compatible; SemrushBot/7~bl; +http://www.semrush.com/bot.html)"
85.208.96.207 - - [15/Jun/2026:05:38:57 +0200] "GET /new-products.php?a=12&a=12&b=1&b=1&debut=0&debut=0&debut=0&debut=0&debut=24&debut=72&m=09&seo_cat&x24=1&y=2022 HTTP/1.1" 200 74640 "-" "Mozilla/5.0 (compatible; SemrushBot/7~bl; +http://www.semrush.com/bot.html)"
185.191.171.1 - - [15/Jun/2026:05:39:09 +0200] "GET /new-products.php?debut=0&debut=0&debut=0&debut=408&histo_track=1&m=01&seo_cat&seo_cat&seo_cat&x21=0&x21=1&x26=1&y=2021 HTTP/1.1" 200 74697 "-" "Mozilla/5.0 (compatible; SemrushBot/7~bl; +http://www.semrush.com/bot.html)"
85.208.96.199 - - [15/Jun/2026:05:39:18 +0200] "GET /new-products.php?a=12&b=1&debut=0&debut=372&debut=396&debut=396&debut=396&debut=396&debut=396&debut=432&debut=60&m=07&y=2021 HTTP/1.1" 200 130464 "-" "Mozilla/5.0 (compatible; SemrushBot/7~bl; +http://www.semrush.com/bot.html)"
85.208.96.202 - - [15/Jun/2026:05:39:30 +0200] "GET /new-products.php?a=12&a=12&a=12&b=1&b=1&b=1&debut=0&debut=0&debut=36&debut=372&debut=48&debut=84&seo_cat&x21=1 HTTP/1.1" 200 74662 "-" "Mozilla/5.0 (compatible; SemrushBot/7~bl; +http://www.semrush.com/bot.html)"
5.77.133.191 - - [15/Jun/2026:05:39:41 +0200] "GET /blog HTTP/1.1" 200 78164 "-" "Mozilla/5.0 (Linux; Android 6.0; Nexus 5 Build/MRA58N) AppleWebKit/537.36 (KHTML, like Gecko) Chrome/53.0.8752.1353 Mobile Safari/537.36"
151.241.239.129 - - [15/Jun/2026:05:39:44 +0200] "GET /templates/shop/css/style.css HTTP/1.1" 200 12038 "https://www.vracandbio.com/blog" "Mozilla/5.0 (Linux; Android 6.0; Nexus 5 Build/MRA58N) AppleWebKit/537.36 (KHTML, like Gecko) Chrome/53.0.8752.1353 Mobile Safari/537.36"
151.241.239.129 - - [15/Jun/2026:05:39:44 +0200] "GET /start_to_top/style.css HTTP/1.1" 200 - "https://www.vracandbio.com/blog" "Mozilla/5.0 (Linux; Android 6.0; Nexus 5 Build/MRA58N) AppleWebKit/537.36 (KHTML, like Gecko) Chrome/53.0.8752.1353 Mobile Safari/537.36"
151.241.239.129 - - [15/Jun/2026:05:39:44 +0200] "GET /js/js.cookie.min.js HTTP/1.1" 200 - "https://www.vracandbio.com/blog" "Mozilla/5.0 (Linux; Android 6.0; Nexus 5 Build/MRA58N) AppleWebKit/537.36 (KHTML, like Gecko) Chrome/53.0.8752.1353 Mobile Safari/537.36"
151.241.239.129 - - [15/Jun/2026:05:39:44 +0200] "GET /includes/stats.php?ref= HTTP/1.1" 200 - "https://www.vracandbio.com/blog" "Mozilla/5.0 (Linux; Android 6.0; Nexus 5 Build/MRA58N) AppleWebKit/537.36 (KHTML, like Gecko) Chrome/53.0.8752.1353 Mobile Safari/537.36"
151.241.239.129 - - [15/Jun/2026:05:39:44 +0200] "GET /templates/shop/js/script.js HTTP/1.1" 200 - "https://www.vracandbio.com/blog" "Mozilla/5.0 (Linux; Android 6.0; Nexus 5 Build/MRA58N) AppleWebKit/537.36 (KHTML, like Gecko) Chrome/53.0.8752.1353 Mobile Safari/537.36"
151.241.239.129 - - [15/Jun/2026:05:39:45 +0200] "GET /templates/shop/images/downArrow.png HTTP/1.1" 404 212714 "https://www.vracandbio.com/templates/shop/css/style.css" "Mozilla/5.0 (Linux; Android 6.0; Nexus 5 Build/MRA58N) AppleWebKit/537.36 (KHTML, like Gecko) Chrome/53.0.8752.1353 Mobile Safari/537.36"
185.191.171.1 - - [15/Jun/2026:05:39:51 +0200] "GET /new-products.php?debut=0&debut=0&debut=0&debut=396&histo_track=1&m=09&seo_cat&seo_cat&seo_cat&x23=1&x26=0&x26=1&y=2022 HTTP/1.1" 200 74696 "-" "Mozilla/5.0 (compatible; SemrushBot/7~bl; +http://www.semrush.com/bot.html)"
185.191.171.10 - - [15/Jun/2026:05:40:19 +0200] "GET /new-products.php?a=12&a=12&a=12&b=1&b=1&b=1&debut=24&debut=336&debut=348&debut=396&histo_track=1&m=11&y=2022 HTTP/1.1" 200 74625 "-" "Mozilla/5.0 (compatible; SemrushBot/7~bl; +http://www.semrush.com/bot.html)"
185.191.171.2 - - [15/Jun/2026:05:40:22 +0200] "GET /new-products.php?a=12&a=12&b=1&b=1&debut=0&debut=24&debut=372&debut=396&debut=396&debut=396&debut=48&seo_cat&x26=1 HTTP/1.1" 200 74690 "-" "Mozilla/5.0 (compatible; SemrushBot/7~bl; +http://www.semrush.com/bot.html)"
66.249.65.73 - - [15/Jun/2026:05:40:28 +0200] "GET /uploadfiles/products/mini/15838765300PPN.jpg HTTP/1.1" 200 21276 "-" "Googlebot-Image/1.0"
185.191.171.3 - - [15/Jun/2026:05:40:29 +0200] "GET /new-products.php?a=12&a=12&b=1&b=1&debut=0&debut=12&debut=384&debut=384&debut=396&debut=72&m=01&seo_cat&x24=1&y=2020 HTTP/1.1" 200 74683 "-" "Mozilla/5.0 (compatible; SemrushBot/7~bl; +http://www.semrush.com/bot.html)"
185.191.171.7 - - [15/Jun/2026:05:40:38 +0200] "GET /new-products.php?a=12&b=1&debut=0&debut=0&debut=0&debut=384&debut=384&debut=60&histo_track=1&m=08&seo_cat&x24=1&y=2023 HTTP/1.1" 200 74700 "-" "Mozilla/5.0 (compatible; SemrushBot/7~bl; +http://www.semrush.com/bot.html)"
66.249.65.72 - - [15/Jun/2026:05:41:00 +0200] "GET /produit-240-thym-bio-25g?m=12&y=2024 HTTP/1.1" 200 182776 "-" "Mozilla/5.0 (compatible; Googlebot/2.1; +http://www.google.com/bot.html)"
85.208.96.195 - - [15/Jun/2026:05:41:10 +0200] "GET /new-products.php?a=12&b=1&debut=0&debut=0&debut=372&debut=396&m=09&seo_cat&seo_cat&x24=0&x24=1&y=2024 HTTP/1.1" 200 74650 "-" "Mozilla/5.0 (compatible; SemrushBot/7~bl; +http://www.semrush.com/bot.html)"
185.191.171.17 - - [15/Jun/2026:05:41:17 +0200] "GET /new-products.php?a=12&a=12&a=12&b=1&b=1&b=1&debut=0&debut=108&debut=396&debut=72&debut=84&histo_track=1&m=11&y=2025 HTTP/1.1" 200 132396 "-" "Mozilla/5.0 (compatible; SemrushBot/7~bl; +http://www.semrush.com/bot.html)"
185.191.171.7 - - [15/Jun/2026:05:41:34 +0200] "GET /new-products.php?a=12&a=12&a=12&b=1&b=1&b=1&debut=0&debut=72&debut=72&debut=96&m=02&seo_cat&x24=1&y=2020 HTTP/1.1" 200 74600 "-" "Mozilla/5.0 (compatible; SemrushBot/7~bl; +http://www.semrush.com/bot.html)"
85.208.96.212 - - [15/Jun/2026:05:41:55 +0200] "GET /new-products.php?a=12&a=12&b=1&b=1&debut=0&debut=36&debut=384&debut=396&debut=48&histo_track=1&m=09&y=2024 HTTP/1.1" 200 130604 "-" "Mozilla/5.0 (compatible; SemrushBot/7~bl; +http://www.semrush.com/bot.html)"
66.249.65.74 - - [15/Jun/2026:05:42:05 +0200] "GET /uploadfiles/products/mini/17064599160IMG_20240128_173355.jpg HTTP/1.1" 200 24579 "-" "Googlebot-Image/1.0"
185.191.171.4 - - [15/Jun/2026:05:42:19 +0200] "GET /new-products.php?a=12&b=1&debut=0&debut=396&debut=408&debut=408&debut=408&debut=408&debut=408&debut=408&debut=60&m=09&y=2021 HTTP/1.1" 200 130506 "-" "Mozilla/5.0 (compatible; SemrushBot/7~bl; +http://www.semrush.com/bot.html)"
185.191.171.17 - - [15/Jun/2026:05:42:36 +0200] "GET /new-products.php?a=12&b=1&debut=0&debut=0&debut=0&debut=24&debut=408&m=04&seo_cat&seo_cat&x26=0&x26=1&y=2021 HTTP/1.1" 200 74622 "-" "Mozilla/5.0 (compatible; SemrushBot/7~bl; +http://www.semrush.com/bot.html)"
185.191.171.9 - - [15/Jun/2026:05:42:45 +0200] "GET /new-products.php?a=12&a=12&b=1&b=1&debut=0&debut=0&debut=0&debut=0&debut=324&debut=372&debut=384&m=10&y=2021 HTTP/1.1" 200 74627 "-" "Mozilla/5.0 (compatible; SemrushBot/7~bl; +http://www.semrush.com/bot.html)"
185.191.171.5 - - [15/Jun/2026:05:42:51 +0200] "GET /robots.txt HTTP/1.1" 200 89 "-" "Mozilla/5.0 (compatible; SemrushBot/7~bl; +http://www.semrush.com/bot.html)"
185.191.171.13 - - [15/Jun/2026:05:42:54 +0200] "GET /new-products.php?a=12&a=12&b=1&b=1&debut=12&debut=372&debut=384&debut=396&debut=48&histo_track=1&m=10&y=2023 HTTP/1.1" 200 130655 "-" "Mozilla/5.0 (compatible; SemrushBot/7~bl; +http://www.semrush.com/bot.html)"
85.208.96.210 - - [15/Jun/2026:05:43:08 +0200] "GET /new-products.php?a=12&b=1&debut=0&debut=0&debut=396&debut=408&debut=432&debut=72&m=09&seo_cat&x23=1&y=2021 HTTP/1.1" 200 74612 "-" "Mozilla/5.0 (compatible; SemrushBot/7~bl; +http://www.semrush.com/bot.html)"
85.208.96.208 - - [15/Jun/2026:05:43:10 +0200] "GET /new-products.php?a=12&a=12&b=1&b=1&debut=0&debut=0&debut=12&debut=72&m=05&seo_cat&seo_cat&x20=1&x23=1&y=2019 HTTP/1.1" 200 74623 "-" "Mozilla/5.0 (compatible; SemrushBot/7~bl; +http://www.semrush.com/bot.html)"
85.208.96.195 - - [15/Jun/2026:05:43:12 +0200] "GET /new-products.php?a=12&a=12&a=12&b=1&b=1&b=1&debut=372&debut=408&debut=48&debut=84&debut=96&histo_track=1&m=05&y=2023 HTTP/1.1" 200 131040 "-" "Mozilla/5.0 (compatible; SemrushBot/7~bl; +http://www.semrush.com/bot.html)"
85.208.96.205 - - [15/Jun/2026:05:43:34 +0200] "GET /new-products.php?a=12&a=12&b=1&b=1&debut=0&debut=0&debut=24&debut=60&m=11&seo_cat&seo_cat&x20=1&x26=1&y=2017 HTTP/1.1" 200 74625 "-" "Mozilla/5.0 (compatible; SemrushBot/7~bl; +http://www.semrush.com/bot.html)"
185.191.171.6 - - [15/Jun/2026:05:43:36 +0200] "GET /new-products.php?a=12&b=1&debut=0&debut=0&debut=0&debut=0&debut=0&debut=84&m=03&seo_cat&seo_cat&x21=0&x21=1&y=2017 HTTP/1.1" 200 74666 "-" "Mozilla/5.0 (compatible; SemrushBot/7~bl; +http://www.semrush.com/bot.html)"
185.191.171.14 - - [15/Jun/2026:05:44:09 +0200] "GET /new-products.php?a=12&a=12&b=1&b=1&debut=0&debut=0&debut=0&debut=0&debut=36&debut=396&debut=48&m=09&y=2024 HTTP/1.1" 200 130604 "-" "Mozilla/5.0 (compatible; SemrushBot/7~bl; +http://www.semrush.com/bot.html)"
185.191.171.17 - - [15/Jun/2026:05:44:27 +0200] "GET /new-products.php?a=12&a=12&b=1&b=1&debut=0&debut=0&debut=36&debut=396&m=12&seo_cat&x20=1&y=2023 HTTP/1.1" 200 74544 "-" "Mozilla/5.0 (compatible; SemrushBot/7~bl; +http://www.semrush.com/bot.html)"
85.208.96.204 - - [15/Jun/2026:05:45:02 +0200] "GET /new-products.php?a=12&b=1&debut=0&debut=0&debut=0&debut=348&debut=396&m=11&seo_cat&seo_cat&x20=0&x20=1&y=2025 HTTP/1.1" 200 74632 "-" "Mozilla/5.0 (compatible; SemrushBot/7~bl; +http://www.semrush.com/bot.html)"
185.191.171.14 - - [15/Jun/2026:05:45:05 +0200] "GET /new-products.php?a=12&a=12&b=1&b=1&debut=36&debut=432&debut=432&debut=432&debut=432&debut=48&histo_track=1&m=03&y=2022 HTTP/1.1" 200 130829 "-" "Mozilla/5.0 (compatible; SemrushBot/7~bl; +http://www.semrush.com/bot.html)"
157.55.39.194 - - [15/Jun/2026:05:45:11 +0200] "GET /produit-71-bicarbonate-de-soude-1-kg HTTP/1.1" 200 113372 "-" "Mozilla/5.0 AppleWebKit/537.36 (KHTML, like Gecko; compatible; bingbot/2.0; +http://www.bing.com/bingbot.htm) Chrome/116.0.1938.76 Safari/537.36"
185.191.171.6 - - [15/Jun/2026:05:45:17 +0200] "GET /new-products.php?a=12&b=1&debut=0&debut=0&debut=0&debut=0&debut=384&debut=84&histo_track=1&m=01&seo_cat&x24=1&y=2021 HTTP/1.1" 200 74683 "-" "Mozilla/5.0 (compatible; SemrushBot/7~bl; +http://www.semrush.com/bot.html)"
41.83.93.182 - - [15/Jun/2026:05:45:32 +0200] "GET /produit-329-recharge-brosse-vaisselle-fibres-d-agave?m=05&y=2026 HTTP/1.1" 200 101120 "-" "Mozilla/5.0 (Windows NT 10.0; Win64; x64) AppleWebKit/537.36 (KHTML, like Gecko) Chrome/106.0.0.0 Safari/537.36 Agency/97.8.8247.48"
85.208.96.198 - - [15/Jun/2026:05:45:54 +0200] "GET /new-products.php?a=12&a=12&b=1&b=1&debut=0&debut=372&debut=48&debut=60&histo_track=1&m=03&y=2021 HTTP/1.1" 200 129761 "-" "Mozilla/5.0 (compatible; SemrushBot/7~bl; +http://www.semrush.com/bot.html)"
185.191.171.13 - - [15/Jun/2026:05:46:00 +0200] "GET /new-products.php?a=12&b=1&debut=0&debut=372&debut=384&debut=384&debut=396&debut=396&debut=396&debut=396&debut=48&m=04&y=2020 HTTP/1.1" 200 130966 "-" "Mozilla/5.0 (compatible; SemrushBot/7~bl; +http://www.semrush.com/bot.html)"
185.191.171.9 - - [15/Jun/2026:05:46:02 +0200] "GET /new-products.php?a=12&b=1&debut=0&debut=0&debut=348&debut=396&m=07&seo_cat&seo_cat&x21=1&x23=1&y=2017 HTTP/1.1" 200 74651 "-" "Mozilla/5.0 (compatible; SemrushBot/7~bl; +http://www.semrush.com/bot.html)"
66.249.65.73 - - [15/Jun/2026:05:46:11 +0200] "GET /uploadfiles/products/mini/15640598260legende-d-afrique%20(2).png HTTP/1.1" 200 213429 "-" "Googlebot-Image/1.0"
185.191.171.16 - - [15/Jun/2026:05:46:18 +0200] "GET /new-products.php?a=12&a=12&a=12&b=1&b=1&b=1&debut=0&debut=0&debut=0&debut=0&debut=24&debut=84&m=04&y=2021 HTTP/1.1" 200 132131 "-" "Mozilla/5.0 (compatible; SemrushBot/7~bl; +http://www.semrush.com/bot.html)"
185.191.171.7 - - [15/Jun/2026:05:46:20 +0200] "GET /new-products.php?a=12&a=12&a=12&a=12&b=1&b=1&b=1&b=1&debut=0&debut=120&debut=132&debut=24&debut=84 HTTP/1.1" 200 131982 "-" "Mozilla/5.0 (compatible; SemrushBot/7~bl; +http://www.semrush.com/bot.html)"
185.191.171.7 - - [15/Jun/2026:05:46:55 +0200] "GET /new-products.php?a=12&a=12&a=12&a=12&a=12&b=1&b=1&b=1&b=1&b=1&debut=108&debut=108&debut=120&debut=48&debut=84 HTTP/1.1" 200 132257 "-" "Mozilla/5.0 (compatible; SemrushBot/7~bl; +http://www.semrush.com/bot.html)"
66.249.65.73 - - [15/Jun/2026:05:47:00 +0200] "GET /uploadfiles/products/mini/15321127430savon-a-froid-lait-de-brebis-570x570.jpg HTTP/1.1" 200 12728 "-" "Googlebot-Image/1.0"
85.208.96.201 - - [15/Jun/2026:05:47:03 +0200] "GET /new-products.php?a=12&a=12&a=12&b=1&b=1&b=1&debut=24&debut=396&debut=432&debut=48&debut=96&histo_track=1&m=12&y=2022 HTTP/1.1" 200 131214 "-" "Mozilla/5.0 (compatible; SemrushBot/7~bl; +http://www.semrush.com/bot.html)"
185.191.171.11 - - [15/Jun/2026:05:47:06 +0200] "GET /new-products.php?a=12&b=1&debut=0&debut=0&debut=312&debut=396&histo_track=1&m=12&seo_cat&seo_cat&x26=0&x26=1&y=2019 HTTP/1.1" 200 74757 "-" "Mozilla/5.0 (compatible; SemrushBot/7~bl; +http://www.semrush.com/bot.html)"
185.191.171.14 - - [15/Jun/2026:05:47:29 +0200] "GET /new-products.php?a=12&a=12&b=1&b=1&debut=0&debut=0&debut=0&debut=0&debut=36&debut=72&m=10&seo_cat&x21=1&y=2025 HTTP/1.1" 200 74641 "-" "Mozilla/5.0 (compatible; SemrushBot/7~bl; +http://www.semrush.com/bot.html)"
185.191.171.13 - - [15/Jun/2026:05:47:35 +0200] "GET /new-products.php?a=12&a=12&b=1&b=1&debut=0&debut=312&debut=36&debut=372&seo_cat&x20=1 HTTP/1.1" 200 74487 "-" "Mozilla/5.0 (compatible; SemrushBot/7~bl; +http://www.semrush.com/bot.html)"
185.191.171.8 - - [15/Jun/2026:05:47:39 +0200] "GET /new-products.php?a=12&a=12&b=1&b=1&debut=0&debut=0&debut=12&debut=384&debut=396&debut=60&histo_track=1&m=10&y=2024 HTTP/1.1" 200 130322 "-" "Mozilla/5.0 (compatible; SemrushBot/7~bl; +http://www.semrush.com/bot.html)"
66.249.65.73 - - [15/Jun/2026:05:48:13 +0200] "GET /uploadfiles/products/mini/16366415400defis-nature-super-pouvoirs-des-plantes.jpg HTTP/1.1" 200 18718 "-" "Googlebot-Image/1.0"
185.191.171.13 - - [15/Jun/2026:05:48:21 +0200] "GET /new-products.php?a=12&a=12&b=1&b=1&debut=0&debut=12&debut=372&debut=372&debut=372&debut=372&debut=396&debut=72&histo_track=1 HTTP/1.1" 200 129726 "-" "Mozilla/5.0 (compatible; SemrushBot/7~bl; +http://www.semrush.com/bot.html)"
185.191.171.2 - - [15/Jun/2026:05:48:27 +0200] "GET /new-products.php?a=12&b=1&debut=0&debut=0&debut=12&histo_track=1&m=10&seo_cat&seo_cat&x23=0&x23=1&y=2021 HTTP/1.1" 200 128274 "-" "Mozilla/5.0 (compatible; SemrushBot/7~bl; +http://www.semrush.com/bot.html)"
185.191.171.1 - - [15/Jun/2026:05:48:29 +0200] "GET /new-products.php?a=12&a=12&a=12&b=1&b=1&b=1&debut=0&debut=108&debut=72&debut=84&m=09&seo_cat&x20=1&y=2022 HTTP/1.1" 200 74605 "-" "Mozilla/5.0 (compatible; SemrushBot/7~bl; +http://www.semrush.com/bot.html)"
85.208.96.205 - - [15/Jun/2026:05:48:53 +0200] "GET /new-products.php?a=12&a=12&a=12&b=1&b=1&b=1&debut=0&debut=0&debut=24&debut=372&debut=384&debut=408&debut=48&debut=60 HTTP/1.1" 200 130285 "-" "Mozilla/5.0 (compatible; SemrushBot/7~bl; +http://www.semrush.com/bot.html)"
185.191.171.3 - - [15/Jun/2026:05:49:10 +0200] "GET /new-products.php?a=12&a=12&b=1&b=1&debut=0&debut=312&debut=324&debut=396&m=05&seo_cat&x23=1&y=2023 HTTP/1.1" 200 74553 "-" "Mozilla/5.0 (compatible; SemrushBot/7~bl; +http://www.semrush.com/bot.html)"
85.208.96.197 - - [15/Jun/2026:05:49:16 +0200] "GET /new-products.php?a=12&a=12&a=12&a=12&b=1&b=1&b=1&b=1&debut=0&debut=24&debut=36&debut=60&debut=72&m=11&y=2017 HTTP/1.1" 200 129303 "-" "Mozilla/5.0 (compatible; SemrushBot/7~bl; +http://www.semrush.com/bot.html)"
185.191.171.17 - - [15/Jun/2026:05:49:50 +0200] "GET /new-products.php?a=12&b=1&debut=0&debut=396&debut=396&debut=408&debut=432&debut=432&debut=432&debut=432&debut=84&m=11&y=2020 HTTP/1.1" 200 132682 "-" "Mozilla/5.0 (compatible; SemrushBot/7~bl; +http://www.semrush.com/bot.html)"
85.208.96.200 - - [15/Jun/2026:05:49:54 +0200] "GET /new-products.php?a=12&a=12&b=1&b=1&debut=0&debut=0&debut=336&debut=384&debut=396&histo_track=1&m=11&y=2021 HTTP/1.1" 200 74611 "-" "Mozilla/5.0 (compatible; SemrushBot/7~bl; +http://www.semrush.com/bot.html)"
185.191.171.2 - - [15/Jun/2026:05:50:12 +0200] "GET /new-products.php?debut=0&debut=0&debut=0&debut=396&histo_track=1&m=12&seo_cat&seo_cat&seo_cat&x21=1&x24=1&x26=1&y=2018 HTTP/1.1" 200 74778 "-" "Mozilla/5.0 (compatible; SemrushBot/7~bl; +http://www.semrush.com/bot.html)"
85.208.96.199 - - [15/Jun/2026:05:50:15 +0200] "GET /new-products.php?a=12&a=12&a=12&b=1&b=1&b=1&debut=0&debut=0&debut=324&debut=36&debut=396&m=11&y=2025 HTTP/1.1" 200 74569 "-" "Mozilla/5.0 (compatible; SemrushBot/7~bl; +http://www.semrush.com/bot.html)"
66.249.65.73 - - [15/Jun/2026:05:50:17 +0200] "GET /uploadfiles/products/mini/15645811600noixbr%C3%A9.jpg HTTP/1.1" 200 17206 "-" "Googlebot-Image/1.0"
85.208.96.200 - - [15/Jun/2026:05:50:19 +0200] "GET /new-products.php?a=12&a=12&b=1&b=1&debut=0&debut=120&debut=384&debut=384&debut=384&debut=396&debut=72&m=10&y=2022 HTTP/1.1" 200 129503 "-" "Mozilla/5.0 (compatible; SemrushBot/7~bl; +http://www.semrush.com/bot.html)"
185.191.171.2 - - [15/Jun/2026:05:50:46 +0200] "GET /new-products.php?a=12&a=12&b=1&b=1&debut=384&debut=384&debut=396&debut=396&debut=48&debut=96&histo_track=1&m=02&y=2019 HTTP/1.1" 200 131254 "-" "Mozilla/5.0 (compatible; SemrushBot/7~bl; +http://www.semrush.com/bot.html)"
66.249.65.74 - - [15/Jun/2026:05:51:00 +0200] "GET /produit-240-thym-bio-25g?m=06&y=2025 HTTP/1.1" 200 179049 "-" "Mozilla/5.0 (compatible; Googlebot/2.1; +http://www.google.com/bot.html)"
85.208.96.204 - - [15/Jun/2026:05:51:02 +0200] "GET /new-products.php?debut=0&debut=0&debut=0&debut=396&histo_track=1&m=01&seo_cat&seo_cat&seo_cat&x20=0&x20=1&x26=1&y=2023 HTTP/1.1" 200 74770 "-" "Mozilla/5.0 (compatible; SemrushBot/7~bl; +http://www.semrush.com/bot.html)"
185.191.171.6 - - [15/Jun/2026:05:51:08 +0200] "GET /new-products.php?a=12&a=12&b=1&b=1&debut=0&debut=24&debut=372&debut=396&histo_track=1&m=07&seo_cat&x23=1&y=2018 HTTP/1.1" 200 74721 "-" "Mozilla/5.0 (compatible; SemrushBot/7~bl; +http://www.semrush.com/bot.html)"
85.208.96.211 - - [15/Jun/2026:05:51:31 +0200] "GET /new-products.php?a=12&b=1&debut=0&debut=0&debut=432&debut=60&m=07&seo_cat&seo_cat&x21=1&x23=1&y=2022 HTTP/1.1" 200 127793 "-" "Mozilla/5.0 (compatible; SemrushBot/7~bl; +http://www.semrush.com/bot.html)"
185.191.171.9 - - [15/Jun/2026:05:51:35 +0200] "GET /new-products.php?a=12&b=1&debut=0&debut=0&debut=0&debut=0&debut=84&histo_track=1&m=10&seo_cat&x23=1&y=2019 HTTP/1.1" 200 74613 "-" "Mozilla/5.0 (compatible; SemrushBot/7~bl; +http://www.semrush.com/bot.html)"
185.191.171.7 - - [15/Jun/2026:05:51:39 +0200] "GET /new-products.php?a=12&a=12&a=12&b=1&b=1&b=1&debut=0&debut=108&debut=396&debut=48&debut=84&m=04&y=2017 HTTP/1.1" 200 132031 "-" "Mozilla/5.0 (compatible; SemrushBot/7~bl; +http://www.semrush.com/bot.html)"
85.208.96.212 - - [15/Jun/2026:05:51:49 +0200] "GET /new-products.php?a=12&a=12&a=12&b=1&b=1&b=1&debut=12&debut=36&debut=372&debut=396&debut=72&m=11&y=2019 HTTP/1.1" 200 129153 "-" "Mozilla/5.0 (compatible; SemrushBot/7~bl; +http://www.semrush.com/bot.html)"
185.191.171.7 - - [15/Jun/2026:05:51:51 +0200] "GET /new-products.php?a=12&a=12&b=1&b=1&debut=396&debut=396&debut=396&debut=396&debut=432&debut=48&debut=96&m=08&y=2021 HTTP/1.1" 200 131070 "-" "Mozilla/5.0 (compatible; SemrushBot/7~bl; +http://www.semrush.com/bot.html)"
186.182.88.243 - - [15/Jun/2026:05:52:07 +0200] "GET /produit-202-lentilles-vertes-bio-500g?m=11&y=2025 HTTP/1.1" 200 141312 "-" "Mozilla/5.0 (Macintosh; Intel Mac OS X 10_13_6) AppleWebKit/537.36 (KHTML, like Gecko) Chrome/95.0.4638.69 Safari/537.36"
66.249.90.105 - - [15/Jun/2026:05:52:14 +0200] "GET /produit-255-couscous-blanc-bio-500g?m=01&y=2025 HTTP/1.1" 200 159996 "-" "Mozilla/5.0 (X11; Linux x86_64) AppleWebKit/537.36 (KHTML, like Gecko) Chrome/148.0.7778.96 Safari/537.36"
66.249.90.104 - - [15/Jun/2026:05:52:15 +0200] "GET /templates/shop/css/animate.min.css HTTP/1.1" 200 55844 "https://www.vracandbio.com/produit-255-couscous-blanc-bio-500g?m=01&y=2025" "Mozilla/5.0 (X11; Linux x86_64) AppleWebKit/537.36 (KHTML, like Gecko) Chrome/148.0.7778.96 Safari/537.36"
66.249.90.106 - - [15/Jun/2026:05:52:16 +0200] "GET /templates/shop/bootstrap/css/bootstrap.min2.css HTTP/1.1" 200 85843 "https://www.vracandbio.com/produit-255-couscous-blanc-bio-500g?m=01&y=2025" "Mozilla/5.0 (X11; Linux x86_64) AppleWebKit/537.36 (KHTML, like Gecko) Chrome/148.0.7778.96 Safari/537.36"
66.249.90.105 - - [15/Jun/2026:05:52:16 +0200] "GET /templates/shop/css/font-awesome/css/font-awesome.css HTTP/1.1" 200 28747 "https://www.vracandbio.com/produit-255-couscous-blanc-bio-500g?m=01&y=2025" "Mozilla/5.0 (X11; Linux x86_64) AppleWebKit/537.36 (KHTML, like Gecko) Chrome/148.0.7778.96 Safari/537.36"
66.249.90.105 - - [15/Jun/2026:05:52:16 +0200] "GET /templates/shop/css/font-awesome/css/font-awesome.min.css HTTP/1.1" 200 19431 "https://www.vracandbio.com/produit-255-couscous-blanc-bio-500g?m=01&y=2025" "Mozilla/5.0 (X11; Linux x86_64) AppleWebKit/537.36 (KHTML, like Gecko) Chrome/148.0.7778.96 Safari/537.36"
66.249.90.106 - - [15/Jun/2026:05:52:16 +0200] "GET /templates/shop/bootstrap/css/bootstrap.min.css HTTP/1.1" 200 106945 "https://www.vracandbio.com/produit-255-couscous-blanc-bio-500g?m=01&y=2025" "Mozilla/5.0 (X11; Linux x86_64) AppleWebKit/537.36 (KHTML, like Gecko) Chrome/148.0.7778.96 Safari/537.36"
66.249.90.104 - - [15/Jun/2026:05:52:17 +0200] "GET /templates/shop/js/jquery.bxslider.js HTTP/1.1" 200 50573 "https://www.vracandbio.com/produit-255-couscous-blanc-bio-500g?m=01&y=2025" "Mozilla/5.0 (X11; Linux x86_64) AppleWebKit/537.36 (KHTML, like Gecko) Chrome/148.0.7778.96 Safari/537.36"
66.249.90.106 - - [15/Jun/2026:05:52:18 +0200] "GET /templates/shop/css/style.css HTTP/1.1" 200 12038 "https://www.vracandbio.com/produit-255-couscous-blanc-bio-500g?m=01&y=2025" "Mozilla/5.0 (X11; Linux x86_64) AppleWebKit/537.36 (KHTML, like Gecko) Chrome/148.0.7778.96 Safari/537.36"
66.249.90.105 - - [15/Jun/2026:05:52:18 +0200] "GET /templates/shop/css/default.advanced.css HTTP/1.1" 200 1652 "https://www.vracandbio.com/produit-255-couscous-blanc-bio-500g?m=01&y=2025" "Mozilla/5.0 (X11; Linux x86_64) AppleWebKit/537.36 (KHTML, like Gecko) Chrome/148.0.7778.96 Safari/537.36"
66.249.90.105 - - [15/Jun/2026:05:52:19 +0200] "GET /templates/shop/css/jquery.bxslider.css HTTP/1.1" 200 3867 "https://www.vracandbio.com/produit-255-couscous-blanc-bio-500g?m=01&y=2025" "Mozilla/5.0 (X11; Linux x86_64) AppleWebKit/537.36 (KHTML, like Gecko) Chrome/148.0.7778.96 Safari/537.36"
66.249.90.104 - - [15/Jun/2026:05:52:19 +0200] "GET /templates/shop/jssor/jssor.css HTTP/1.1" 200 5585 "https://www.vracandbio.com/produit-255-couscous-blanc-bio-500g?m=01&y=2025" "Mozilla/5.0 (X11; Linux x86_64) AppleWebKit/537.36 (KHTML, like Gecko) Chrome/148.0.7778.96 Safari/537.36"
66.249.90.104 - - [15/Jun/2026:05:52:20 +0200] "GET /includes/stats.php?ref= HTTP/1.1" 200 - "https://www.vracandbio.com/produit-255-couscous-blanc-bio-500g?m=01&y=2025" "Mozilla/5.0 (X11; Linux x86_64) AppleWebKit/537.36 (KHTML, like Gecko) Chrome/148.0.7778.96 Safari/537.36"
66.249.90.104 - - [15/Jun/2026:05:52:20 +0200] "GET /templates/shop/css/global.php HTTP/1.1" 200 26242 "https://www.vracandbio.com/produit-255-couscous-blanc-bio-500g?m=01&y=2025" "Mozilla/5.0 (X11; Linux x86_64) AppleWebKit/537.36 (KHTML, like Gecko) Chrome/148.0.7778.96 Safari/537.36"
66.249.90.105 - - [15/Jun/2026:05:52:21 +0200] "GET /templates/shop/css/global_end.css HTTP/1.1" 200 1106 "https://www.vracandbio.com/produit-255-couscous-blanc-bio-500g?m=01&y=2025" "Mozilla/5.0 (X11; Linux x86_64) AppleWebKit/537.36 (KHTML, like Gecko) Chrome/148.0.7778.96 Safari/537.36"
66.249.90.104 - - [15/Jun/2026:05:52:21 +0200] "GET /templates/shop/css/global_cookies_css.php HTTP/1.1" 200 31 "https://www.vracandbio.com/produit-255-couscous-blanc-bio-500g?m=01&y=2025" "Mozilla/5.0 (X11; Linux x86_64) AppleWebKit/537.36 (KHTML, like Gecko) Chrome/148.0.7778.96 Safari/537.36"
66.249.90.105 - - [15/Jun/2026:05:52:22 +0200] "GET /templates/shop/css/helper.css HTTP/1.1" 200 4957 "https://www.vracandbio.com/produit-255-couscous-blanc-bio-500g?m=01&y=2025" "Mozilla/5.0 (X11; Linux x86_64) AppleWebKit/537.36 (KHTML, like Gecko) Chrome/148.0.7778.96 Safari/537.36"
66.249.90.104 - - [15/Jun/2026:05:52:22 +0200] "GET /templates/shop/css/jssocials-theme-minima.css HTTP/1.1" 200 4308 "https://www.vracandbio.com/produit-255-couscous-blanc-bio-500g?m=01&y=2025" "Mozilla/5.0 (X11; Linux x86_64) AppleWebKit/537.36 (KHTML, like Gecko) Chrome/148.0.7778.96 Safari/537.36"
66.249.90.104 - - [15/Jun/2026:05:52:23 +0200] "GET /templates/shop/css/lightbox.css HTTP/1.1" 200 3875 "https://www.vracandbio.com/produit-255-couscous-blanc-bio-500g?m=01&y=2025" "Mozilla/5.0 (X11; Linux x86_64) AppleWebKit/537.36 (KHTML, like Gecko) Chrome/148.0.7778.96 Safari/537.36"
66.249.90.104 - - [15/Jun/2026:05:52:23 +0200] "GET /start_to_top/modernizr.js HTTP/1.1" 200 51364 "https://www.vracandbio.com/produit-255-couscous-blanc-bio-500g?m=01&y=2025" "Mozilla/5.0 (X11; Linux x86_64) AppleWebKit/537.36 (KHTML, like Gecko) Chrome/148.0.7778.96 Safari/537.36"
66.249.90.104 - - [15/Jun/2026:05:52:24 +0200] "GET /js/js.cookie.min.js HTTP/1.1" 200 - "https://www.vracandbio.com/produit-255-couscous-blanc-bio-500g?m=01&y=2025" "Mozilla/5.0 (X11; Linux x86_64) AppleWebKit/537.36 (KHTML, like Gecko) Chrome/148.0.7778.96 Safari/537.36"
66.249.90.104 - - [15/Jun/2026:05:52:25 +0200] "GET /templates/shop/css/jssocials.css HTTP/1.1" 200 1327 "https://www.vracandbio.com/produit-255-couscous-blanc-bio-500g?m=01&y=2025" "Mozilla/5.0 (X11; Linux x86_64) AppleWebKit/537.36 (KHTML, like Gecko) Chrome/148.0.7778.96 Safari/537.36"
66.249.90.104 - - [15/Jun/2026:05:52:25 +0200] "GET /templates/shop/bootstrap/css/bootstrap-responsive.min.css HTTP/1.1" 200 19072 "https://www.vracandbio.com/produit-255-couscous-blanc-bio-500g?m=01&y=2025" "Mozilla/5.0 (X11; Linux x86_64) AppleWebKit/537.36 (KHTML, like Gecko) Chrome/148.0.7778.96 Safari/537.36"
66.249.90.104 - - [15/Jun/2026:05:52:26 +0200] "GET /templates/shop/css/dropdown.linear.columnar.css HTTP/1.1" 200 800 "https://www.vracandbio.com/produit-255-couscous-blanc-bio-500g?m=01&y=2025" "Mozilla/5.0 (X11; Linux x86_64) AppleWebKit/537.36 (KHTML, like Gecko) Chrome/148.0.7778.96 Safari/537.36"
66.249.90.104 - - [15/Jun/2026:05:52:26 +0200] "GET /start_to_top/style.css HTTP/1.1" 200 - "https://www.vracandbio.com/produit-255-couscous-blanc-bio-500g?m=01&y=2025" "Mozilla/5.0 (X11; Linux x86_64) AppleWebKit/537.36 (KHTML, like Gecko) Chrome/148.0.7778.96 Safari/537.36"
66.249.90.104 - - [15/Jun/2026:05:52:27 +0200] "GET /templates/shop/img/15844333790logo_vrac_and_bio.png HTTP/1.1" 200 28253 "https://www.vracandbio.com/produit-255-couscous-blanc-bio-500g?m=01&y=2025" "Mozilla/5.0 (X11; Linux x86_64) AppleWebKit/537.36 (KHTML, like Gecko) Chrome/148.0.7778.96 Safari/537.36"
66.249.90.104 - - [15/Jun/2026:05:52:28 +0200] "GET /templates/shop/img/add_cart_hover.png HTTP/1.1" 200 6598 "https://www.vracandbio.com/produit-255-couscous-blanc-bio-500g?m=01&y=2025" "Mozilla/5.0 (X11; Linux x86_64) AppleWebKit/537.36 (KHTML, like Gecko) Chrome/148.0.7778.96 Safari/537.36"
66.249.90.104 - - [15/Jun/2026:05:52:28 +0200] "GET /templates/shop/img/back_hover.png HTTP/1.1" 200 6257 "https://www.vracandbio.com/produit-255-couscous-blanc-bio-500g?m=01&y=2025" "Mozilla/5.0 (X11; Linux x86_64) AppleWebKit/537.36 (KHTML, like Gecko) Chrome/148.0.7778.96 Safari/537.36"
66.249.90.104 - - [15/Jun/2026:05:52:29 +0200] "GET /templates/shop/bootstrap/js/bootstrap.min.js HTTP/1.1" 200 28631 "https://www.vracandbio.com/produit-255-couscous-blanc-bio-500g?m=01&y=2025" "Mozilla/5.0 (X11; Linux x86_64) AppleWebKit/537.36 (KHTML, like Gecko) Chrome/148.0.7778.96 Safari/537.36"
66.249.90.104 - - [15/Jun/2026:05:52:29 +0200] "GET /templates/shop/js/holder.js HTTP/1.1" 200 10517 "https://www.vracandbio.com/produit-255-couscous-blanc-bio-500g?m=01&y=2025" "Mozilla/5.0 (X11; Linux x86_64) AppleWebKit/537.36 (KHTML, like Gecko) Chrome/148.0.7778.96 Safari/537.36"
66.249.90.104 - - [15/Jun/2026:05:52:30 +0200] "GET /templates/shop/js/script.js HTTP/1.1" 200 - "https://www.vracandbio.com/produit-255-couscous-blanc-bio-500g?m=01&y=2025" "Mozilla/5.0 (X11; Linux x86_64) AppleWebKit/537.36 (KHTML, like Gecko) Chrome/148.0.7778.96 Safari/537.36"
66.249.90.104 - - [15/Jun/2026:05:52:30 +0200] "GET /templates/shop/js/verif.js HTTP/1.1" 200 5312 "https://www.vracandbio.com/produit-255-couscous-blanc-bio-500g?m=01&y=2025" "Mozilla/5.0 (X11; Linux x86_64) AppleWebKit/537.36 (KHTML, like Gecko) Chrome/148.0.7778.96 Safari/537.36"
66.249.90.104 - - [15/Jun/2026:05:52:31 +0200] "GET /templates/shop/js/menu.js HTTP/1.1" 200 1268 "https://www.vracandbio.com/produit-255-couscous-blanc-bio-500g?m=01&y=2025" "Mozilla/5.0 (X11; Linux x86_64) AppleWebKit/537.36 (KHTML, like Gecko) Chrome/148.0.7778.96 Safari/537.36"
66.249.90.104 - - [15/Jun/2026:05:52:31 +0200] "GET /templates/shop/js/lightbox.js HTTP/1.1" 200 14936 "https://www.vracandbio.com/produit-255-couscous-blanc-bio-500g?m=01&y=2025" "Mozilla/5.0 (X11; Linux x86_64) AppleWebKit/537.36 (KHTML, like Gecko) Chrome/148.0.7778.96 Safari/537.36"
66.249.90.104 - - [15/Jun/2026:05:52:32 +0200] "GET /templates/shop/js/jssocials.js HTTP/1.1" 200 13101 "https://www.vracandbio.com/produit-255-couscous-blanc-bio-500g?m=01&y=2025" "Mozilla/5.0 (X11; Linux x86_64) AppleWebKit/537.36 (KHTML, like Gecko) Chrome/148.0.7778.96 Safari/537.36"
66.249.90.104 - - [15/Jun/2026:05:52:32 +0200] "GET /templates/shop/js/jquery.bootstrap-autohidingnavbar.js HTTP/1.1" 200 5863 "https://www.vracandbio.com/produit-255-couscous-blanc-bio-500g?m=01&y=2025" "Mozilla/5.0 (X11; Linux x86_64) AppleWebKit/537.36 (KHTML, like Gecko) Chrome/148.0.7778.96 Safari/537.36"
66.249.90.104 - - [15/Jun/2026:05:52:32 +0200] "GET /start_to_top/main.js HTTP/1.1" 200 879 "https://www.vracandbio.com/produit-255-couscous-blanc-bio-500g?m=01&y=2025" "Mozilla/5.0 (X11; Linux x86_64) AppleWebKit/537.36 (KHTML, like Gecko) Chrome/148.0.7778.96 Safari/537.36"
66.249.90.104 - - [15/Jun/2026:05:52:33 +0200] "GET /ad_cookie_marmiton/mes_donnees.js HTTP/1.1" 200 13112 "https://www.vracandbio.com/produit-255-couscous-blanc-bio-500g?m=01&y=2025" "Mozilla/5.0 (X11; Linux x86_64) AppleWebKit/537.36 (KHTML, like Gecko) Chrome/148.0.7778.96 Safari/537.36"
66.249.90.104 - - [15/Jun/2026:05:52:33 +0200] "GET /templates/shop/img/Ete_header.png HTTP/1.1" 200 245153 "https://www.vracandbio.com/produit-255-couscous-blanc-bio-500g?m=01&y=2025" "Mozilla/5.0 (X11; Linux x86_64) AppleWebKit/537.36 (KHTML, like Gecko) Chrome/148.0.7778.96 Safari/537.36"
66.249.90.104 - - [15/Jun/2026:05:52:34 +0200] "GET /templates/shop/img/cart_hover.png HTTP/1.1" 200 6395 "https://www.vracandbio.com/produit-255-couscous-blanc-bio-500g?m=01&y=2025" "Mozilla/5.0 (X11; Linux x86_64) AppleWebKit/537.36 (KHTML, like Gecko) Chrome/148.0.7778.96 Safari/537.36"
66.249.90.104 - - [15/Jun/2026:05:52:34 +0200] "GET /templates/shop/img/empty_cart_hover.png HTTP/1.1" 200 5916 "https://www.vracandbio.com/produit-255-couscous-blanc-bio-500g?m=01&y=2025" "Mozilla/5.0 (X11; Linux x86_64) AppleWebKit/537.36 (KHTML, like Gecko) Chrome/148.0.7778.96 Safari/537.36"
66.249.90.104 - - [15/Jun/2026:05:52:35 +0200] "GET /templates/shop/img/go_search_hover.png HTTP/1.1" 200 3420 "https://www.vracandbio.com/produit-255-couscous-blanc-bio-500g?m=01&y=2025" "Mozilla/5.0 (X11; Linux x86_64) AppleWebKit/537.36 (KHTML, like Gecko) Chrome/148.0.7778.96 Safari/537.36"
66.249.90.104 - - [15/Jun/2026:05:52:35 +0200] "GET /templates/shop/img/poursuivre_hover.png HTTP/1.1" 200 5941 "https://www.vracandbio.com/produit-255-couscous-blanc-bio-500g?m=01&y=2025" "Mozilla/5.0 (X11; Linux x86_64) AppleWebKit/537.36 (KHTML, like Gecko) Chrome/148.0.7778.96 Safari/537.36"
66.249.90.104 - - [15/Jun/2026:05:52:35 +0200] "GET /templates/shop/img/retour_liste_hover.png HTTP/1.1" 200 1494 "https://www.vracandbio.com/produit-255-couscous-blanc-bio-500g?m=01&y=2025" "Mozilla/5.0 (X11; Linux x86_64) AppleWebKit/537.36 (KHTML, like Gecko) Chrome/148.0.7778.96 Safari/537.36"
66.249.90.104 - - [15/Jun/2026:05:52:36 +0200] "GET /templates/shop/img/valid_cart_hover.png HTTP/1.1" 200 6567 "https://www.vracandbio.com/produit-255-couscous-blanc-bio-500g?m=01&y=2025" "Mozilla/5.0 (X11; Linux x86_64) AppleWebKit/537.36 (KHTML, like Gecko) Chrome/148.0.7778.96 Safari/537.36"
85.208.96.207 - - [15/Jun/2026:05:52:36 +0200] "GET /new-products.php?a=12&a=12&b=1&b=1&debut=0&debut=108&debut=396&debut=432&debut=432&debut=60&histo_track=1&m=04&y=2022 HTTP/1.1" 200 130284 "-" "Mozilla/5.0 (compatible; SemrushBot/7~bl; +http://www.semrush.com/bot.html)"
66.249.90.104 - - [15/Jun/2026:05:52:36 +0200] "GET /templates/shop/img/view_product_hover.png HTTP/1.1" 200 18983 "https://www.vracandbio.com/produit-255-couscous-blanc-bio-500g?m=01&y=2025" "Mozilla/5.0 (X11; Linux x86_64) AppleWebKit/537.36 (KHTML, like Gecko) Chrome/148.0.7778.96 Safari/537.36"
66.249.90.104 - - [15/Jun/2026:05:52:37 +0200] "GET /templates/shop/img/icon-menu.png HTTP/1.1" 200 177 "https://www.vracandbio.com/produit-255-couscous-blanc-bio-500g?m=01&y=2025" "Mozilla/5.0 (X11; Linux x86_64) AppleWebKit/537.36 (KHTML, like Gecko) Chrome/148.0.7778.96 Safari/537.36"
66.249.90.104 - - [15/Jun/2026:05:52:37 +0200] "GET /uploadfiles/slide1_internal/0l_actualite_de_vrac_and_bio.png HTTP/1.1" 200 17959 "https://www.vracandbio.com/produit-255-couscous-blanc-bio-500g?m=01&y=2025" "Mozilla/5.0 (X11; Linux x86_64) AppleWebKit/537.36 (KHTML, like Gecko) Chrome/148.0.7778.96 Safari/537.36"
66.249.90.104 - - [15/Jun/2026:05:52:37 +0200] "GET /uploadfiles/slide1_internal/0les_infos_de_vrac_and_bio.png HTTP/1.1" 200 19769 "https://www.vracandbio.com/produit-255-couscous-blanc-bio-500g?m=01&y=2025" "Mozilla/5.0 (X11; Linux x86_64) AppleWebKit/537.36 (KHTML, like Gecko) Chrome/148.0.7778.96 Safari/537.36"
66.249.90.104 - - [15/Jun/2026:05:52:38 +0200] "GET /uploadfiles/products/15644063300couscous%20bl%C3%A9.jpg HTTP/1.1" 200 407816 "https://www.vracandbio.com/produit-255-couscous-blanc-bio-500g?m=01&y=2025" "Mozilla/5.0 (X11; Linux x86_64) AppleWebKit/537.36 (KHTML, like Gecko) Chrome/148.0.7778.96 Safari/537.36"
66.249.90.104 - - [15/Jun/2026:05:52:38 +0200] "GET /templates/shop/img/dispo.png HTTP/1.1" 200 3031 "https://www.vracandbio.com/produit-255-couscous-blanc-bio-500g?m=01&y=2025" "Mozilla/5.0 (X11; Linux x86_64) AppleWebKit/537.36 (KHTML, like Gecko) Chrome/148.0.7778.96 Safari/537.36"
66.249.90.104 - - [15/Jun/2026:05:52:39 +0200] "GET /templates/shop/img/poursuivre.png HTTP/1.1" 200 5937 "https://www.vracandbio.com/produit-255-couscous-blanc-bio-500g?m=01&y=2025" "Mozilla/5.0 (X11; Linux x86_64) AppleWebKit/537.36 (KHTML, like Gecko) Chrome/148.0.7778.96 Safari/537.36"
185.191.171.15 - - [15/Jun/2026:05:52:39 +0200] "GET /new-products.php?a=12&b=1&debut=0&debut=0&debut=372&debut=384&debut=396&debut=396&debut=396&debut=60&m=01&y=2019 HTTP/1.1" 200 130164 "-" "Mozilla/5.0 (compatible; SemrushBot/7~bl; +http://www.semrush.com/bot.html)"
