85.208.96.210 - - [15/Jun/2026:00:40:55 +0200] "GET /new-products.php?a=12&a=12&a=12&b=1&b=1&b=1&debut=0&debut=0&debut=312&debut=312&debut=36&debut=396&m=02&y=2021 HTTP/1.1" 200 74566 "-" "Mozilla/5.0 (compatible; SemrushBot/7~bl; +http://www.semrush.com/bot.html)"
85.208.96.205 - - [15/Jun/2026:00:41:04 +0200] "GET /new-products.php?a=12&a=12&b=1&b=1&debut=384&debut=384&debut=384&debut=396&debut=396&debut=48&debut=60&m=07&y=2020 HTTP/1.1" 200 130214 "-" "Mozilla/5.0 (compatible; SemrushBot/7~bl; +http://www.semrush.com/bot.html)"
85.208.96.206 - - [15/Jun/2026:00:41:08 +0200] "GET /new-products.php?a=12&a=12&a=12&b=1&b=1&b=1&debut=0&debut=0&debut=60&debut=84&debut=96&m=04&y=2018 HTTP/1.1" 200 130788 "-" "Mozilla/5.0 (compatible; SemrushBot/7~bl; +http://www.semrush.com/bot.html)"
185.191.171.7 - - [15/Jun/2026:00:41:27 +0200] "GET /new-products.php?a=12&b=1&debut=0&debut=384&debut=384&debut=48&m=12&seo_cat&x20=1&y=2018 HTTP/1.1" 200 74568 "-" "Mozilla/5.0 (compatible; SemrushBot/7~bl; +http://www.semrush.com/bot.html)"
85.208.96.199 - - [15/Jun/2026:00:41:37 +0200] "GET /new-products.php?a=12&a=12&b=1&b=1&debut=0&debut=0&debut=348&debut=36&debut=396&m=05&y=2025 HTTP/1.1" 200 74504 "-" "Mozilla/5.0 (compatible; SemrushBot/7~bl; +http://www.semrush.com/bot.html)"
185.191.171.7 - - [15/Jun/2026:00:42:19 +0200] "GET /new-products.php?a=12&a=12&a=12&b=1&b=1&b=1&debut=0&debut=0&debut=12&debut=372&debut=48&debut=84&seo_cat&x24=1 HTTP/1.1" 200 74662 "-" "Mozilla/5.0 (compatible; SemrushBot/7~bl; +http://www.semrush.com/bot.html)"
185.191.171.12 - - [15/Jun/2026:00:42:22 +0200] "GET /new-products.php?a=12&a=12&b=1&b=1&debut=0&debut=372&debut=372&debut=372&debut=396&debut=396&debut=84&debut=96&histo_track=1 HTTP/1.1" 200 131391 "-" "Mozilla/5.0 (compatible; SemrushBot/7~bl; +http://www.semrush.com/bot.html)"
185.191.171.9 - - [15/Jun/2026:00:42:27 +0200] "GET /new-products.php?a=12&a=12&b=1&b=1&debut=0&debut=324&debut=372&debut=396&histo_track=1&m=05&y=2022 HTTP/1.1" 200 74626 "-" "Mozilla/5.0 (compatible; SemrushBot/7~bl; +http://www.semrush.com/bot.html)"
66.249.65.73 - - [15/Jun/2026:00:42:32 +0200] "GET /produit-90-acide-citrique-1-kg HTTP/1.1" 200 128017 "-" "Mozilla/5.0 (Linux; Android 6.0.1; Nexus 5X Build/MMB29P) AppleWebKit/537.36 (KHTML, like Gecko) Chrome/148.0.7778.96 Mobile Safari/537.36 (compatible; Googlebot/2.1; +http://www.google.com/bot.html)"
185.191.171.12 - - [15/Jun/2026:00:42:34 +0200] "GET /new-products.php?a=12&a=12&a=12&b=1&b=1&b=1&debut=0&debut=0&debut=24&debut=432&debut=48&debut=84&m=12&y=2022 HTTP/1.1" 200 132283 "-" "Mozilla/5.0 (compatible; SemrushBot/7~bl; +http://www.semrush.com/bot.html)"
85.208.96.204 - - [15/Jun/2026:00:42:40 +0200] "GET /new-products.php?a=12&a=12&b=1&b=1&debut=0&debut=36&debut=372&debut=372&debut=432&debut=48&m=03&y=2022 HTTP/1.1" 200 130369 "-" "Mozilla/5.0 (compatible; SemrushBot/7~bl; +http://www.semrush.com/bot.html)"
185.191.171.11 - - [15/Jun/2026:00:42:44 +0200] "GET /new-products.php?a=12&b=1&debut=0&debut=0&debut=0&debut=0&debut=0&debut=0&debut=0&debut=0&debut=48&m=01&y=2021 HTTP/1.1" 200 130572 "-" "Mozilla/5.0 (compatible; SemrushBot/7~bl; +http://www.semrush.com/bot.html)"
85.208.96.210 - - [15/Jun/2026:00:42:47 +0200] "GET /new-products.php?debut=0&debut=0&debut=0&debut=384&histo_track=1&m=03&seo_cat&seo_cat&x21=1&x23=1&y=2023 HTTP/1.1" 200 74596 "-" "Mozilla/5.0 (compatible; SemrushBot/7~bl; +http://www.semrush.com/bot.html)"
85.208.96.210 - - [15/Jun/2026:00:43:01 +0200] "GET /new-products.php?a=12&a=12&a=12&b=1&b=1&b=1&debut=0&debut=108&debut=60&debut=84&m=03&seo_cat&x26=1&y=2018 HTTP/1.1" 200 74603 "-" "Mozilla/5.0 (compatible; SemrushBot/7~bl; +http://www.semrush.com/bot.html)"
185.191.171.14 - - [15/Jun/2026:00:43:27 +0200] "GET /new-products.php?a=12&a=12&b=1&b=1&debut=0&debut=0&debut=0&debut=0&debut=36&debut=84&m=04&seo_cat&x26=1&y=2019 HTTP/1.1" 200 74636 "-" "Mozilla/5.0 (compatible; SemrushBot/7~bl; +http://www.semrush.com/bot.html)"
85.208.96.211 - - [15/Jun/2026:00:43:30 +0200] "GET /new-products.php?a=12&a=12&a=12&b=1&b=1&b=1&debut=0&debut=132&debut=60&debut=96&m=02&seo_cat&x23=1&y=2021 HTTP/1.1" 200 74531 "-" "Mozilla/5.0 (compatible; SemrushBot/7~bl; +http://www.semrush.com/bot.html)"
185.191.171.8 - - [15/Jun/2026:00:43:59 +0200] "GET /new-products.php?a=12&a=12&b=1&b=1&debut=12&debut=372&debut=372&debut=372&debut=60&m=02&y=2019 HTTP/1.1" 200 129712 "-" "Mozilla/5.0 (compatible; SemrushBot/7~bl; +http://www.semrush.com/bot.html)"
185.191.171.2 - - [15/Jun/2026:00:44:01 +0200] "GET /new-products.php?a=12&a=12&a=12&b=1&b=1&b=1&debut=0&debut=0&debut=24&debut=372&debut=48&debut=96&m=08&y=2022 HTTP/1.1" 200 131009 "-" "Mozilla/5.0 (compatible; SemrushBot/7~bl; +http://www.semrush.com/bot.html)"
185.191.171.8 - - [15/Jun/2026:00:44:36 +0200] "GET /new-products.php?a=12&a=12&a=12&a=12&b=1&b=1&b=1&b=1&debut=108&debut=144&debut=84&debut=96&m=01&y=2021 HTTP/1.1" 200 130856 "-" "Mozilla/5.0 (compatible; SemrushBot/7~bl; +http://www.semrush.com/bot.html)"
34.16.232.87 - - [15/Jun/2026:00:44:49 +0200] "GET /uploadfiles/products/15639759600IMG_20190220_133308_resized_20190724_124039994(2).jpg HTTP/1.1" 404 212450 "-" "Mozilla/5.0 AppleWebKit/537.36 (KHTML, like Gecko; compatible; ReyilBot/0.1"
85.208.96.195 - - [15/Jun/2026:00:44:56 +0200] "GET /new-products.php?a=12&a=12&b=1&b=1&debut=0&debut=0&debut=108&debut=360&debut=372&debut=372&debut=372&debut=60 HTTP/1.1" 200 130110 "-" "Mozilla/5.0 (compatible; SemrushBot/7~bl; +http://www.semrush.com/bot.html)"
85.208.96.193 - - [15/Jun/2026:00:45:01 +0200] "GET /new-products.php?a=12&a=12&b=1&b=1&debut=384&debut=384&debut=384&debut=408&debut=444&debut=60&debut=84&m=01&y=2022 HTTP/1.1" 200 132498 "-" "Mozilla/5.0 (compatible; SemrushBot/7~bl; +http://www.semrush.com/bot.html)"
185.191.171.6 - - [15/Jun/2026:00:45:06 +0200] "GET /new-products.php?a=12&a=12&b=1&b=1&debut=0&debut=0&debut=24&debut=60&m=10&seo_cat&seo_cat&x26=0&x26=1&y=2023 HTTP/1.1" 200 74700 "-" "Mozilla/5.0 (compatible; SemrushBot/7~bl; +http://www.semrush.com/bot.html)"
85.208.96.198 - - [15/Jun/2026:00:45:11 +0200] "GET /new-products.php?a=12&b=1&debut=0&debut=0&debut=0&debut=0&debut=12&debut=396&m=11&seo_cat&seo_cat&x20=1&x24=1&y=2025 HTTP/1.1" 200 74681 "-" "Mozilla/5.0 (compatible; SemrushBot/7~bl; +http://www.semrush.com/bot.html)"
85.208.96.206 - - [15/Jun/2026:00:45:28 +0200] "GET /new-products.php?a=12&b=1&debut=0&debut=0&debut=0&debut=408&debut=84&m=03&seo_cat&seo_cat&x21=1&x24=1&y=2023 HTTP/1.1" 200 74624 "-" "Mozilla/5.0 (compatible; SemrushBot/7~bl; +http://www.semrush.com/bot.html)"
185.191.171.7 - - [15/Jun/2026:00:45:57 +0200] "GET /robots.txt HTTP/1.1" 200 89 "-" "Mozilla/5.0 (compatible; SemrushBot/7~bl; +http://www.semrush.com/bot.html)"
85.208.96.199 - - [15/Jun/2026:00:45:58 +0200] "GET /new-products.php?a=12&b=1&debut=0&debut=0&debut=396&debut=396&debut=60&m=11&seo_cat&seo_cat&x20=1&x21=1&y=2025 HTTP/1.1" 200 74639 "-" "Mozilla/5.0 (compatible; SemrushBot/7~bl; +http://www.semrush.com/bot.html)"
185.191.171.7 - - [15/Jun/2026:00:46:17 +0200] "GET /new-products.php?a=12&a=12&b=1&b=1&debut=0&debut=0&debut=372&debut=384&debut=384&debut=72&debut=96&m=03&y=2018 HTTP/1.1" 200 131053 "-" "Mozilla/5.0 (compatible; SemrushBot/7~bl; +http://www.semrush.com/bot.html)"
85.208.96.205 - - [15/Jun/2026:00:46:27 +0200] "GET /new-products.php?a=12&a=12&a=12&a=12&b=1&b=1&b=1&b=1&debut=120&debut=144&debut=60&debut=96&m=05&y=2022 HTTP/1.1" 200 130925 "-" "Mozilla/5.0 (compatible; SemrushBot/7~bl; +http://www.semrush.com/bot.html)"
185.191.171.7 - - [15/Jun/2026:00:46:38 +0200] "GET /new-products.php?a=12&a=12&a=12&a=12&b=1&b=1&b=1&b=1&debut=144&debut=60&debut=84&debut=96&m=06&y=2025 HTTP/1.1" 200 130898 "-" "Mozilla/5.0 (compatible; SemrushBot/7~bl; +http://www.semrush.com/bot.html)"
85.208.96.211 - - [15/Jun/2026:00:46:41 +0200] "GET /new-products.php?a=12&b=1&debut=0&debut=0&debut=0&debut=384&debut=396&m=04&seo_cat&x26=1&y=2021 HTTP/1.1" 200 74531 "-" "Mozilla/5.0 (compatible; SemrushBot/7~bl; +http://www.semrush.com/bot.html)"
85.208.96.202 - - [15/Jun/2026:00:46:46 +0200] "GET /new-products.php?a=12&a=12&b=1&b=1&debut=108&debut=384&debut=396&debut=408&debut=408&debut=444&debut=60&m=09&y=2021 HTTP/1.1" 200 130238 "-" "Mozilla/5.0 (compatible; SemrushBot/7~bl; +http://www.semrush.com/bot.html)"
85.208.96.193 - - [15/Jun/2026:00:46:52 +0200] "GET /new-products.php?a=12&a=12&b=1&b=1&debut=0&debut=108&debut=396&debut=432&debut=84&m=12&seo_cat&x20=1&y=2020 HTTP/1.1" 200 74628 "-" "Mozilla/5.0 (compatible; SemrushBot/7~bl; +http://www.semrush.com/bot.html)"
85.208.96.204 - - [15/Jun/2026:00:47:00 +0200] "GET /new-products.php?a=12&a=12&b=1&b=1&debut=0&debut=300&debut=360&debut=372&m=12&seo_cat&x23=1&y=2023 HTTP/1.1" 200 74565 "-" "Mozilla/5.0 (compatible; SemrushBot/7~bl; +http://www.semrush.com/bot.html)"
185.191.171.5 - - [15/Jun/2026:00:47:23 +0200] "GET /new-products.php?a=12&a=12&a=12&b=1&b=1&b=1&debut=24&debut=372&debut=396&debut=60&debut=84&histo_track=1&m=07&y=2022 HTTP/1.1" 200 132475 "-" "Mozilla/5.0 (compatible; SemrushBot/7~bl; +http://www.semrush.com/bot.html)"
185.191.171.4 - - [15/Jun/2026:00:47:38 +0200] "GET /new-products.php?a=12&a=12&b=1&b=1&debut=0&debut=0&debut=0&debut=108&debut=372&debut=396&debut=60&m=06&y=2024 HTTP/1.1" 200 130083 "-" "Mozilla/5.0 (compatible; SemrushBot/7~bl; +http://www.semrush.com/bot.html)"
185.191.171.5 - - [15/Jun/2026:00:47:47 +0200] "GET /new-products.php?a=12&a=12&a=12&b=1&b=1&b=1&debut=36&debut=36&debut=396&debut=396&debut=48&m=11&y=2025 HTTP/1.1" 200 130370 "-" "Mozilla/5.0 (compatible; SemrushBot/7~bl; +http://www.semrush.com/bot.html)"
85.208.96.196 - - [15/Jun/2026:00:48:00 +0200] "GET /new-products.php?a=12&a=12&b=1&b=1&debut=0&debut=0&debut=372&debut=48&debut=96&histo_track=1&seo_cat&x20=1 HTTP/1.1" 200 74634 "-" "Mozilla/5.0 (compatible; SemrushBot/7~bl; +http://www.semrush.com/bot.html)"
85.208.96.208 - - [15/Jun/2026:00:48:08 +0200] "GET /new-products.php?a=12&a=12&a=12&a=12&b=1&b=1&b=1&b=1&debut=120&debut=120&debut=132&debut=84&m=02&y=2023 HTTP/1.1" 200 132148 "-" "Mozilla/5.0 (compatible; SemrushBot/7~bl; +http://www.semrush.com/bot.html)"
85.208.96.203 - - [15/Jun/2026:00:48:10 +0200] "GET /new-products.php?a=12&a=12&b=1&b=1&debut=0&debut=0&debut=0&debut=0&debut=12&debut=384&debut=384&debut=48&m=01&y=2020 HTTP/1.1" 200 130722 "-" "Mozilla/5.0 (compatible; SemrushBot/7~bl; +http://www.semrush.com/bot.html)"
85.208.96.196 - - [15/Jun/2026:00:48:57 +0200] "GET /new-products.php?a=12&a=12&b=1&b=1&debut=0&debut=384&debut=396&debut=408&debut=72&debut=84&histo_track=1&m=05&y=2020 HTTP/1.1" 200 132471 "-" "Mozilla/5.0 (compatible; SemrushBot/7~bl; +http://www.semrush.com/bot.html)"
85.208.96.197 - - [15/Jun/2026:00:49:04 +0200] "GET /new-products.php?a=12&a=12&b=1&b=1&debut=0&debut=24&debut=384&debut=396&debut=396&debut=408&debut=60&seo_cat&x23=1 HTTP/1.1" 200 98896 "-" "Mozilla/5.0 (compatible; SemrushBot/7~bl; +http://www.semrush.com/bot.html)"
185.191.171.8 - - [15/Jun/2026:00:49:15 +0200] "GET /new-products.php?a=12&a=12&b=1&b=1&debut=0&debut=36&debut=396&debut=396&debut=432&debut=432&debut=48&m=09&y=2022 HTTP/1.1" 200 130621 "-" "Mozilla/5.0 (compatible; SemrushBot/7~bl; +http://www.semrush.com/bot.html)"
85.208.96.211 - - [15/Jun/2026:00:49:23 +0200] "GET /new-products.php?a=12&b=1&debut=0&debut=396&debut=396&debut=396&debut=408&debut=408&debut=60&m=08&seo_cat&x24=1&y=2021 HTTP/1.1" 200 74773 "-" "Mozilla/5.0 (compatible; SemrushBot/7~bl; +http://www.semrush.com/bot.html)"
185.191.171.2 - - [15/Jun/2026:00:49:25 +0200] "GET /new-products.php?a=12&b=1&debut=0&debut=0&debut=0&debut=0&debut=0&debut=0&debut=0&debut=72&histo_track=1&m=01&y=2020 HTTP/1.1" 200 129505 "-" "Mozilla/5.0 (compatible; SemrushBot/7~bl; +http://www.semrush.com/bot.html)"
185.191.171.11 - - [15/Jun/2026:00:50:19 +0200] "GET /new-products.php?a=12&a=12&b=1&b=1&debut=0&debut=0&debut=12&debut=396&debut=396&debut=72&histo_track=1&m=05&y=2018 HTTP/1.1" 200 129451 "-" "Mozilla/5.0 (compatible; SemrushBot/7~bl; +http://www.semrush.com/bot.html)"
85.208.96.209 - - [15/Jun/2026:00:50:27 +0200] "GET /new-products.php?a=12&a=12&b=1&b=1&debut=0&debut=372&debut=372&debut=396&debut=408&debut=48&debut=60&m=08&y=2022 HTTP/1.1" 200 130167 "-" "Mozilla/5.0 (compatible; SemrushBot/7~bl; +http://www.semrush.com/bot.html)"
185.191.171.16 - - [15/Jun/2026:00:50:43 +0200] "GET /new-products.php?a=12&a=12&b=1&b=1&debut=0&debut=0&debut=108&debut=372&debut=396&debut=60&histo_track=1&m=09&y=2022 HTTP/1.1" 200 130238 "-" "Mozilla/5.0 (compatible; SemrushBot/7~bl; +http://www.semrush.com/bot.html)"
185.191.171.14 - - [15/Jun/2026:00:50:48 +0200] "GET /new-products.php?debut=0&debut=0&debut=0&debut=384&histo_track=1&m=11&seo_cat&seo_cat&seo_cat&x20=1&x21=1&x24=1&y=2022 HTTP/1.1" 200 74695 "-" "Mozilla/5.0 (compatible; SemrushBot/7~bl; +http://www.semrush.com/bot.html)"
185.191.171.11 - - [15/Jun/2026:00:50:56 +0200] "GET /new-products.php?a=12&a=12&b=1&b=1&debut=384&debut=384&debut=384&debut=432&debut=72&debut=84&histo_track=1&m=01&y=2021 HTTP/1.1" 200 132525 "-" "Mozilla/5.0 (compatible; SemrushBot/7~bl; +http://www.semrush.com/bot.html)"
185.191.171.2 - - [15/Jun/2026:00:51:00 +0200] "GET /new-products.php?a=12&a=12&a=12&b=1&b=1&b=1&debut=0&debut=12&debut=24&debut=36&seo_cat&x23=1 HTTP/1.1" 200 128200 "-" "Mozilla/5.0 (compatible; SemrushBot/7~bl; +http://www.semrush.com/bot.html)"
47.79.51.13 - - [15/Jun/2026:00:51:32 +0200] "GET /marques.php?a=12&b=1&debut=0&debut=0&debut=0&debut=0&debut=12&debut=0&seo=24-idees-cadeaux&seo_marq=24&seo_marq=24&seo_marq=24&seo_marq=24&seo_marq=24&t121=1&t62=1&t63=1&t65=1&t65=0 HTTP/1.1" 200 128657 "-" "Mozilla/5.0 (Macintosh; Intel Mac OS X 10_15_7) AppleWebKit/537.36 (KHTML, like Gecko) Chrome/146.0.0.0 Safari/537.36"
185.191.171.4 - - [15/Jun/2026:00:51:42 +0200] "GET /new-products.php?a=12&a=12&b=1&b=1&debut=0&debut=384&debut=396&debut=432&debut=48&debut=72&histo_track=1&m=03&y=2020 HTTP/1.1" 200 129575 "-" "Mozilla/5.0 (compatible; SemrushBot/7~bl; +http://www.semrush.com/bot.html)"
185.191.171.2 - - [15/Jun/2026:00:51:47 +0200] "GET /new-products.php?a=12&a=12&a=12&b=1&b=1&b=1&debut=0&debut=120&debut=48&debut=84&m=11&seo_cat&x20=1&y=2020 HTTP/1.1" 200 74677 "-" "Mozilla/5.0 (compatible; SemrushBot/7~bl; +http://www.semrush.com/bot.html)"
47.79.51.141 - - [15/Jun/2026:00:52:02 +0200] "GET /marques.php?debut=0&debut=0&debut=0&debut=0&histo_track=1&seo=23-produits-locaux&seo_marq=23&seo_marq=23&seo_marq=23&seo_marq=23&t78=1&t78=0&t98=1&t98=0 HTTP/1.1" 200 132812 "-" "Mozilla/5.0 (Windows NT 10.0; Win64; x64) AppleWebKit/537.36 (KHTML, like Gecko) Chrome/145.0.0.0 Safari/537.36"
85.208.96.193 - - [15/Jun/2026:00:52:08 +0200] "GET /new-products.php?debut=0&debut=0&debut=0&debut=132&seo_cat&seo_cat&seo_cat&x21=1&x23=1&x24=1 HTTP/1.1" 200 74536 "-" "Mozilla/5.0 (compatible; SemrushBot/7~bl; +http://www.semrush.com/bot.html)"
85.208.96.197 - - [15/Jun/2026:00:52:10 +0200] "GET /new-products.php?a=12&a=12&b=1&b=1&debut=0&debut=108&debut=384&debut=384&debut=60&m=04&seo_cat&x21=1&y=2022 HTTP/1.1" 200 74615 "-" "Mozilla/5.0 (compatible; SemrushBot/7~bl; +http://www.semrush.com/bot.html)"
185.191.171.1 - - [15/Jun/2026:00:52:12 +0200] "GET /new-products.php?a=12&b=1&debut=0&debut=396&debut=48&histo_track=1&m=08&seo_cat&x20=1&y=2024 HTTP/1.1" 200 74518 "-" "Mozilla/5.0 (compatible; SemrushBot/7~bl; +http://www.semrush.com/bot.html)"
85.208.96.196 - - [15/Jun/2026:00:52:17 +0200] "GET /new-products.php?a=12&a=12&b=1&b=1&debut=0&debut=0&debut=372&debut=396&debut=396&debut=60&debut=96&m=07&y=2023 HTTP/1.1" 200 131129 "-" "Mozilla/5.0 (compatible; SemrushBot/7~bl; +http://www.semrush.com/bot.html)"
51.195.244.113 - - [15/Jun/2026:00:52:41 +0200] "GET /?m=09&y=2003 HTTP/1.1" 200 212223 "-" "Mozilla/5.0 (compatible; AhrefsBot/7.0; +http://ahrefs.com/robot/)"
185.191.171.17 - - [15/Jun/2026:00:53:14 +0200] "GET /new-products.php?debut=0&debut=0&debut=372&m=12&seo_cat&seo_cat&x20=1&x21=1&y=2023 HTTP/1.1" 200 74453 "-" "Mozilla/5.0 (compatible; SemrushBot/7~bl; +http://www.semrush.com/bot.html)"
85.208.96.199 - - [15/Jun/2026:00:53:23 +0200] "GET /new-products.php?a=12&b=1&debut=0&debut=0&debut=408&debut=408&debut=432&debut=60&histo_track=1&m=10&seo_cat&x24=1&y=2022 HTTP/1.1" 200 74784 "-" "Mozilla/5.0 (compatible; SemrushBot/7~bl; +http://www.semrush.com/bot.html)"
85.208.96.206 - - [15/Jun/2026:00:53:31 +0200] "GET /new-products.php?a=12&a=12&b=1&b=1&debut=0&debut=396&debut=396&debut=72&debut=96&histo_track=1&m=02&y=2019 HTTP/1.1" 200 130954 "-" "Mozilla/5.0 (compatible; SemrushBot/7~bl; +http://www.semrush.com/bot.html)"
144.31.35.76 - - [15/Jun/2026:00:53:34 +0200] "GET /uploadfiles/products/mini/16236839080IMG_20210614_143143_resized_20210614_023223015.jpg HTTP/1.1" 200 15119 "https://www.vracandbio.com/" "Mozilla/5.0 (Windows NT 10.0; Win64; x64) AppleWebKit/537.36 (KHTML, like Gecko) Chrome/109.0.0.0 Safari/537.36"
85.208.96.211 - - [15/Jun/2026:00:53:39 +0200] "GET /new-products.php?a=12&a=12&a=12&b=1&b=1&b=1&debut=0&debut=108&debut=12&debut=60&m=05&seo_cat&x24=1&y=2024 HTTP/1.1" 200 74602 "-" "Mozilla/5.0 (compatible; SemrushBot/7~bl; +http://www.semrush.com/bot.html)"
198.244.183.14 - - [15/Jun/2026:00:53:42 +0200] "GET /?m=11&y=2045 HTTP/1.1" 200 212385 "-" "Mozilla/5.0 (compatible; AhrefsBot/7.0; +http://ahrefs.com/robot/)"
85.208.96.200 - - [15/Jun/2026:00:54:23 +0200] "GET /new-products.php?a=12&a=12&a=12&b=1&b=1&b=1&debut=0&debut=0&debut=12&debut=396&debut=84&m=03&y=2024 HTTP/1.1" 200 132047 "-" "Mozilla/5.0 (compatible; SemrushBot/7~bl; +http://www.semrush.com/bot.html)"
85.208.96.200 - - [15/Jun/2026:00:54:27 +0200] "GET /new-products.php?a=12&a=12&b=1&b=1&debut=0&debut=0&debut=120&debut=372&debut=372&debut=396&debut=84&m=07&y=2022 HTTP/1.1" 200 132350 "-" "Mozilla/5.0 (compatible; SemrushBot/7~bl; +http://www.semrush.com/bot.html)"
185.191.171.14 - - [15/Jun/2026:00:54:40 +0200] "GET /new-products.php?a=12&a=12&a=12&b=1&b=1&b=1&debut=0&debut=0&debut=0&debut=36&debut=372&debut=48&m=11&y=2019 HTTP/1.1" 200 130495 "-" "Mozilla/5.0 (compatible; SemrushBot/7~bl; +http://www.semrush.com/bot.html)"
185.191.171.13 - - [15/Jun/2026:00:54:45 +0200] "GET /new-products.php?a=12&b=1&debut=0&debut=396&debut=396&debut=396&debut=396&debut=396&debut=408&debut=408&debut=48&m=01&y=2023 HTTP/1.1" 200 130995 "-" "Mozilla/5.0 (compatible; SemrushBot/7~bl; +http://www.semrush.com/bot.html)"
185.191.171.13 - - [15/Jun/2026:00:54:49 +0200] "GET /new-products.php?a=12&a=12&b=1&b=1&debut=0&debut=372&debut=372&debut=372&debut=84&debut=96&m=11&y=2025 HTTP/1.1" 200 130854 "-" "Mozilla/5.0 (compatible; SemrushBot/7~bl; +http://www.semrush.com/bot.html)"
185.191.171.10 - - [15/Jun/2026:00:54:53 +0200] "GET /new-products.php?a=12&a=12&b=1&b=1&debut=0&debut=0&debut=12&debut=312&debut=396&histo_track=1&m=02&y=2018 HTTP/1.1" 200 74604 "-" "Mozilla/5.0 (compatible; SemrushBot/7~bl; +http://www.semrush.com/bot.html)"
198.244.226.153 - - [15/Jun/2026:00:55:00 +0200] "GET /?m=08&y=2047 HTTP/1.1" 200 212689 "-" "Mozilla/5.0 (compatible; AhrefsBot/7.0; +http://ahrefs.com/robot/)"
185.191.171.9 - - [15/Jun/2026:00:55:27 +0200] "GET /new-products.php?a=12&a=12&a=12&b=1&b=1&b=1&debut=0&debut=12&debut=72&debut=96&m=09&seo_cat&x21=1&y=2020 HTTP/1.1" 200 74598 "-" "Mozilla/5.0 (compatible; SemrushBot/7~bl; +http://www.semrush.com/bot.html)"
85.208.96.199 - - [15/Jun/2026:00:55:34 +0200] "GET /new-products.php?a=12&a=12&b=1&b=1&debut=0&debut=0&debut=0&debut=12&debut=24&debut=396&m=07&y=2019 HTTP/1.1" 200 74557 "-" "Mozilla/5.0 (compatible; SemrushBot/7~bl; +http://www.semrush.com/bot.html)"
66.249.65.73 - - [15/Jun/2026:00:55:45 +0200] "GET /templates/shop/img/poursuivre.png HTTP/1.1" 200 5937 "-" "Googlebot-Image/1.0"
85.208.96.199 - - [15/Jun/2026:00:55:47 +0200] "GET /new-products.php?a=12&a=12&b=1&b=1&debut=0&debut=0&debut=0&debut=0&debut=84&debut=96&m=10&seo_cat&x20=1&y=2022 HTTP/1.1" 200 74714 "-" "Mozilla/5.0 (compatible; SemrushBot/7~bl; +http://www.semrush.com/bot.html)"
1.92.212.156 - - [15/Jun/2026:00:55:50 +0200] "GET /produit-264-noix-du-bresil-bio-100g?m=01&y=2026 HTTP/1.1" 200 151828 "https://www.vracandbio.com/produit-264-noix-du-bresil-bio-100g?m=01&y=2026" "Mozilla/5.0 (Macintosh; Intel Mac OS X 10_15_7) AppleWebKit/537.36 (KHTML, like Gecko) Chrome/123.0.0.0 Safari/537.36"
185.191.171.13 - - [15/Jun/2026:00:56:06 +0200] "GET /new-products.php?a=12&b=1&debut=0&debut=0&debut=24&debut=396&histo_track=1&m=11&seo_cat&seo_cat&x20=1&x23=1&y=2022 HTTP/1.1" 200 74667 "-" "Mozilla/5.0 (compatible; SemrushBot/7~bl; +http://www.semrush.com/bot.html)"
185.191.171.4 - - [15/Jun/2026:00:56:09 +0200] "GET /new-products.php?a=12&b=1&debut=0&debut=0&debut=36&debut=396&histo_track=1&m=03&seo_cat&x21=1&y=2022 HTTP/1.1" 200 74568 "-" "Mozilla/5.0 (compatible; SemrushBot/7~bl; +http://www.semrush.com/bot.html)"
185.191.171.9 - - [15/Jun/2026:00:56:18 +0200] "GET /new-products.php?a=12&a=12&b=1&b=1&debut=0&debut=0&debut=60&debut=72&m=08&seo_cat&seo_cat&x20=1&x23=1&y=2022 HTTP/1.1" 200 74630 "-" "Mozilla/5.0 (compatible; SemrushBot/7~bl; +http://www.semrush.com/bot.html)"
51.195.183.35 - - [15/Jun/2026:00:56:19 +0200] "GET /?m=06&y=2044 HTTP/1.1" 200 212203 "-" "Mozilla/5.0 (compatible; AhrefsBot/7.0; +http://ahrefs.com/robot/)"
52.167.144.222 - - [15/Jun/2026:00:56:21 +0200] "GET /produit-190-sucre-de-canne-blond-bio-500g?m=02&y=2026 HTTP/1.1" 200 111170 "-" "Mozilla/5.0 AppleWebKit/537.36 (KHTML, like Gecko; compatible; bingbot/2.0; +http://www.bing.com/bingbot.htm) Chrome/116.0.1938.76 Safari/537.36"
185.191.171.13 - - [15/Jun/2026:00:56:23 +0200] "GET /new-products.php?a=12&a=12&b=1&b=1&debut=36&debut=384&debut=396&debut=396&debut=444&debut=48&m=01&y=2022 HTTP/1.1" 200 130485 "-" "Mozilla/5.0 (compatible; SemrushBot/7~bl; +http://www.semrush.com/bot.html)"
207.46.13.128 - - [15/Jun/2026:00:56:26 +0200] "GET /page-a-la-une?m=06&y=2026 HTTP/1.1" 200 74938 "-" "Mozilla/5.0 AppleWebKit/537.36 (KHTML, like Gecko; compatible; bingbot/2.0; +http://www.bing.com/bingbot.htm) Chrome/116.0.1938.76 Safari/537.36"
85.208.96.195 - - [15/Jun/2026:00:56:27 +0200] "GET /new-products.php?a=12&a=12&b=1&b=1&debut=0&debut=0&debut=36&debut=372&debut=372&debut=48&m=08&seo_cat&x23=1&y=2022 HTTP/1.1" 200 128361 "-" "Mozilla/5.0 (compatible; SemrushBot/7~bl; +http://www.semrush.com/bot.html)"
47.79.51.119 - - [15/Jun/2026:00:56:52 +0200] "GET /marques.php?a=12&b=1&debut=0&debut=0&debut=60&debut=0&debut=0&seo=23-produits-locaux&seo_marq=23&seo_marq=23&seo_marq=23&seo_marq=23&t111=1&t117=1&t98=1&t98=0 HTTP/1.1" 200 88807 "-" "Mozilla/5.0 (Macintosh; Intel Mac OS X 10_15_7) AppleWebKit/537.36 (KHTML, like Gecko) Chrome/144.0.0.0 Safari/537.36"
185.191.171.6 - - [15/Jun/2026:00:57:31 +0200] "GET /new-products.php?a=12&a=12&b=1&b=1&debut=0&debut=0&debut=12&debut=84&m=04&seo_cat&seo_cat&x26=0&x26=1&y=2021 HTTP/1.1" 200 74622 "-" "Mozilla/5.0 (compatible; SemrushBot/7~bl; +http://www.semrush.com/bot.html)"
185.191.171.13 - - [15/Jun/2026:00:57:34 +0200] "GET /new-products.php?a=12&a=12&a=12&b=1&b=1&b=1&debut=0&debut=12&debut=396&debut=60&debut=72&m=11&y=2025 HTTP/1.1" 200 129103 "-" "Mozilla/5.0 (compatible; SemrushBot/7~bl; +http://www.semrush.com/bot.html)"
185.191.171.15 - - [15/Jun/2026:00:57:38 +0200] "GET /new-products.php?a=12&a=12&a=12&a=12&b=1&b=1&b=1&b=1&debut=0&debut=36&debut=396&debut=48&debut=60&debut=96 HTTP/1.1" 200 130815 "-" "Mozilla/5.0 (compatible; SemrushBot/7~bl; +http://www.semrush.com/bot.html)"
51.195.215.189 - - [15/Jun/2026:00:57:41 +0200] "GET /?m=12&y=2006 HTTP/1.1" 200 212225 "-" "Mozilla/5.0 (compatible; AhrefsBot/7.0; +http://ahrefs.com/robot/)"
185.191.171.9 - - [15/Jun/2026:00:57:41 +0200] "GET /new-products.php?a=12&a=12&a=12&b=1&b=1&b=1&debut=108&debut=372&debut=372&debut=372&debut=60&debut=72 HTTP/1.1" 200 129151 "-" "Mozilla/5.0 (compatible; SemrushBot/7~bl; +http://www.semrush.com/bot.html)"
85.208.96.199 - - [15/Jun/2026:00:57:43 +0200] "GET /new-products.php?a=12&a=12&b=1&b=1&debut=0&debut=0&debut=0&debut=36&m=11&seo_cat&seo_cat&x20=1&x26=1&y=2024 HTTP/1.1" 200 74618 "-" "Mozilla/5.0 (compatible; SemrushBot/7~bl; +http://www.semrush.com/bot.html)"
185.191.171.11 - - [15/Jun/2026:00:57:59 +0200] "GET /new-products.php?a=12&a=12&b=1&b=1&debut=0&debut=0&debut=24&debut=396&debut=432&debut=432&debut=444&debut=60 HTTP/1.1" 200 130085 "-" "Mozilla/5.0 (compatible; SemrushBot/7~bl; +http://www.semrush.com/bot.html)"
190.73.22.197 - - [15/Jun/2026:00:58:29 +0200] "GET /produit-192-pennes-blanche-bio-500g?m=02&y=2026 HTTP/1.1" 200 125137 "-" "Mozilla/5.0 (Macintosh; Intel Mac OS X 10_10_3) AppleWebKit/537.36 (KHTML, like Gecko) Chrome/65.0.3325.44 Safari/537.36"
85.208.96.200 - - [15/Jun/2026:00:58:39 +0200] "GET /new-products.php?a=12&a=12&b=1&b=1&debut=0&debut=0&debut=0&debut=120&debut=372&debut=396&debut=408&debut=444&debut=84 HTTP/1.1" 200 132469 "-" "Mozilla/5.0 (compatible; SemrushBot/7~bl; +http://www.semrush.com/bot.html)"
185.191.171.14 - - [15/Jun/2026:00:58:41 +0200] "GET /new-products.php?a=12&a=12&b=1&b=1&debut=0&debut=0&debut=0&debut=0&debut=348&debut=384&debut=396&m=07&y=2017 HTTP/1.1" 200 74700 "-" "Mozilla/5.0 (compatible; SemrushBot/7~bl; +http://www.semrush.com/bot.html)"
185.191.171.6 - - [15/Jun/2026:00:58:50 +0200] "GET /new-products.php?a=12&a=12&b=1&b=1&debut=372&debut=372&debut=372&debut=396&debut=396&debut=48&debut=60&m=11&y=2017 HTTP/1.1" 200 130212 "-" "Mozilla/5.0 (compatible; SemrushBot/7~bl; +http://www.semrush.com/bot.html)"
185.191.171.14 - - [15/Jun/2026:00:58:52 +0200] "GET /new-products.php?a=12&a=12&a=12&b=1&b=1&b=1&debut=132&debut=384&debut=384&debut=396&debut=60&debut=96&m=11&y=2019 HTTP/1.1" 200 131129 "-" "Mozilla/5.0 (compatible; SemrushBot/7~bl; +http://www.semrush.com/bot.html)"
185.191.171.11 - - [15/Jun/2026:00:58:54 +0200] "GET /new-products.php?a=12&a=12&a=12&b=1&b=1&b=1&debut=0&debut=36&debut=372&debut=408&debut=60&debut=72&m=02&y=2020 HTTP/1.1" 200 129356 "-" "Mozilla/5.0 (compatible; SemrushBot/7~bl; +http://www.semrush.com/bot.html)"
198.244.242.136 - - [15/Jun/2026:00:58:58 +0200] "GET /?m=06&y=2010 HTTP/1.1" 200 212484 "-" "Mozilla/5.0 (compatible; AhrefsBot/7.0; +http://ahrefs.com/robot/)"
142.147.107.134 - - [15/Jun/2026:00:59:41 +0200] "GET /contact.php HTTP/1.1" 200 78204 "-" "Mozilla/5.0 (X11; Linux x86_64) AppleWebKit/537.36 (KHTML, like Gecko) Chrome/147.0.0.0 Safari/537.36"
85.208.96.207 - - [15/Jun/2026:00:59:41 +0200] "GET /new-products.php?a=12&a=12&b=1&b=1&debut=0&debut=0&debut=60&debut=84&m=05&seo_cat&seo_cat&x23=1&x24=1&y=2018 HTTP/1.1" 200 129420 "-" "Mozilla/5.0 (compatible; SemrushBot/7~bl; +http://www.semrush.com/bot.html)"
142.147.107.134 - - [15/Jun/2026:00:59:42 +0200] "GET /templates/shop/bootstrap/css/bootstrap.min.css HTTP/1.1" 200 106945 "https://www.vracandbio.com/contact.php" "Mozilla/5.0 (X11; Linux x86_64) AppleWebKit/537.36 (KHTML, like Gecko) Chrome/147.0.0.0 Safari/537.36"
142.147.107.134 - - [15/Jun/2026:00:59:42 +0200] "GET /templates/shop/bootstrap/css/bootstrap-responsive.min.css HTTP/1.1" 200 19072 "https://www.vracandbio.com/contact.php" "Mozilla/5.0 (X11; Linux x86_64) AppleWebKit/537.36 (KHTML, like Gecko) Chrome/147.0.0.0 Safari/537.36"
142.147.107.134 - - [15/Jun/2026:00:59:42 +0200] "GET /templates/shop/bootstrap/css/bootstrap.min2.css HTTP/1.1" 200 85843 "https://www.vracandbio.com/contact.php" "Mozilla/5.0 (X11; Linux x86_64) AppleWebKit/537.36 (KHTML, like Gecko) Chrome/147.0.0.0 Safari/537.36"
142.147.107.134 - - [15/Jun/2026:00:59:42 +0200] "GET /templates/shop/css/font-awesome/css/font-awesome.min.css HTTP/1.1" 200 19431 "https://www.vracandbio.com/contact.php" "Mozilla/5.0 (X11; Linux x86_64) AppleWebKit/537.36 (KHTML, like Gecko) Chrome/147.0.0.0 Safari/537.36"
142.147.107.134 - - [15/Jun/2026:00:59:42 +0200] "GET /templates/shop/css/font-awesome/css/font-awesome.css HTTP/1.1" 200 28747 "https://www.vracandbio.com/contact.php" "Mozilla/5.0 (X11; Linux x86_64) AppleWebKit/537.36 (KHTML, like Gecko) Chrome/147.0.0.0 Safari/537.36"
142.147.107.134 - - [15/Jun/2026:00:59:42 +0200] "GET /templates/shop/css/animate.min.css HTTP/1.1" 200 55844 "https://www.vracandbio.com/contact.php" "Mozilla/5.0 (X11; Linux x86_64) AppleWebKit/537.36 (KHTML, like Gecko) Chrome/147.0.0.0 Safari/537.36"
142.147.107.134 - - [15/Jun/2026:00:59:42 +0200] "GET /templates/shop/css/jssocials-theme-minima.css HTTP/1.1" 200 4308 "https://www.vracandbio.com/contact.php" "Mozilla/5.0 (X11; Linux x86_64) AppleWebKit/537.36 (KHTML, like Gecko) Chrome/147.0.0.0 Safari/537.36"
142.147.107.134 - - [15/Jun/2026:00:59:42 +0200] "GET /templates/shop/css/jssocials.css HTTP/1.1" 200 1327 "https://www.vracandbio.com/contact.php" "Mozilla/5.0 (X11; Linux x86_64) AppleWebKit/537.36 (KHTML, like Gecko) Chrome/147.0.0.0 Safari/537.36"
142.147.107.134 - - [15/Jun/2026:00:59:42 +0200] "GET /templates/shop/css/helper.css HTTP/1.1" 200 4957 "https://www.vracandbio.com/contact.php" "Mozilla/5.0 (X11; Linux x86_64) AppleWebKit/537.36 (KHTML, like Gecko) Chrome/147.0.0.0 Safari/537.36"
142.147.107.134 - - [15/Jun/2026:00:59:42 +0200] "GET /templates/shop/css/dropdown.linear.columnar.css HTTP/1.1" 200 800 "https://www.vracandbio.com/contact.php" "Mozilla/5.0 (X11; Linux x86_64) AppleWebKit/537.36 (KHTML, like Gecko) Chrome/147.0.0.0 Safari/537.36"
142.147.107.134 - - [15/Jun/2026:00:59:42 +0200] "GET /templates/shop/css/default.advanced.css HTTP/1.1" 200 1652 "https://www.vracandbio.com/contact.php" "Mozilla/5.0 (X11; Linux x86_64) AppleWebKit/537.36 (KHTML, like Gecko) Chrome/147.0.0.0 Safari/537.36"
142.147.107.134 - - [15/Jun/2026:00:59:42 +0200] "GET /templates/shop/css/style.css HTTP/1.1" 200 12038 "https://www.vracandbio.com/contact.php" "Mozilla/5.0 (X11; Linux x86_64) AppleWebKit/537.36 (KHTML, like Gecko) Chrome/147.0.0.0 Safari/537.36"
142.147.107.134 - - [15/Jun/2026:00:59:42 +0200] "GET /templates/shop/css/global.php HTTP/1.1" 200 26242 "https://www.vracandbio.com/contact.php" "Mozilla/5.0 (X11; Linux x86_64) AppleWebKit/537.36 (KHTML, like Gecko) Chrome/147.0.0.0 Safari/537.36"
142.147.107.134 - - [15/Jun/2026:00:59:42 +0200] "GET /templates/shop/css/global_cookies_css.php HTTP/1.1" 200 31 "https://www.vracandbio.com/contact.php" "Mozilla/5.0 (X11; Linux x86_64) AppleWebKit/537.36 (KHTML, like Gecko) Chrome/147.0.0.0 Safari/537.36"
142.147.107.134 - - [15/Jun/2026:00:59:42 +0200] "GET /templates/shop/css/lightbox.css HTTP/1.1" 200 3875 "https://www.vracandbio.com/contact.php" "Mozilla/5.0 (X11; Linux x86_64) AppleWebKit/537.36 (KHTML, like Gecko) Chrome/147.0.0.0 Safari/537.36"
142.147.107.134 - - [15/Jun/2026:00:59:42 +0200] "GET /start_to_top/style.css HTTP/1.1" 200 - "https://www.vracandbio.com/contact.php" "Mozilla/5.0 (X11; Linux x86_64) AppleWebKit/537.36 (KHTML, like Gecko) Chrome/147.0.0.0 Safari/537.36"
142.147.107.134 - - [15/Jun/2026:00:59:42 +0200] "GET /templates/shop/jssor/jssor.css HTTP/1.1" 200 5585 "https://www.vracandbio.com/contact.php" "Mozilla/5.0 (X11; Linux x86_64) AppleWebKit/537.36 (KHTML, like Gecko) Chrome/147.0.0.0 Safari/537.36"
142.147.107.134 - - [15/Jun/2026:00:59:42 +0200] "GET /templates/shop/css/jquery.bxslider.css HTTP/1.1" 200 3867 "https://www.vracandbio.com/contact.php" "Mozilla/5.0 (X11; Linux x86_64) AppleWebKit/537.36 (KHTML, like Gecko) Chrome/147.0.0.0 Safari/537.36"
142.147.107.134 - - [15/Jun/2026:00:59:42 +0200] "GET /templates/shop/css/global_end.css HTTP/1.1" 200 1106 "https://www.vracandbio.com/contact.php" "Mozilla/5.0 (X11; Linux x86_64) AppleWebKit/537.36 (KHTML, like Gecko) Chrome/147.0.0.0 Safari/537.36"
142.147.107.134 - - [15/Jun/2026:00:59:42 +0200] "GET /start_to_top/modernizr.js HTTP/1.1" 200 51364 "https://www.vracandbio.com/contact.php" "Mozilla/5.0 (X11; Linux x86_64) AppleWebKit/537.36 (KHTML, like Gecko) Chrome/147.0.0.0 Safari/537.36"
142.147.107.134 - - [15/Jun/2026:00:59:42 +0200] "GET /templates/shop/js/jquery.bxslider.js HTTP/1.1" 200 50573 "https://www.vracandbio.com/contact.php" "Mozilla/5.0 (X11; Linux x86_64) AppleWebKit/537.36 (KHTML, like Gecko) Chrome/147.0.0.0 Safari/537.36"
142.147.107.134 - - [15/Jun/2026:00:59:42 +0200] "GET /js/js.cookie.min.js HTTP/1.1" 200 - "https://www.vracandbio.com/contact.php" "Mozilla/5.0 (X11; Linux x86_64) AppleWebKit/537.36 (KHTML, like Gecko) Chrome/147.0.0.0 Safari/537.36"
142.147.107.134 - - [15/Jun/2026:00:59:42 +0200] "GET /templates/shop/bootstrap/js/bootstrap.min.js HTTP/1.1" 200 28631 "https://www.vracandbio.com/contact.php" "Mozilla/5.0 (X11; Linux x86_64) AppleWebKit/537.36 (KHTML, like Gecko) Chrome/147.0.0.0 Safari/537.36"
142.147.107.134 - - [15/Jun/2026:00:59:43 +0200] "GET /templates/shop/css/dropdown.linear.css HTTP/1.1" 200 605 "https://www.vracandbio.com/templates/shop/css/dropdown.linear.columnar.css" "Mozilla/5.0 (X11; Linux x86_64) AppleWebKit/537.36 (KHTML, like Gecko) Chrome/147.0.0.0 Safari/537.36"
142.147.107.134 - - [15/Jun/2026:00:59:43 +0200] "GET /templates/shop/js/holder.js HTTP/1.1" 200 10517 "https://www.vracandbio.com/contact.php" "Mozilla/5.0 (X11; Linux x86_64) AppleWebKit/537.36 (KHTML, like Gecko) Chrome/147.0.0.0 Safari/537.36"
142.147.107.134 - - [15/Jun/2026:00:59:43 +0200] "GET /templates/shop/js/script.js HTTP/1.1" 200 - "https://www.vracandbio.com/contact.php" "Mozilla/5.0 (X11; Linux x86_64) AppleWebKit/537.36 (KHTML, like Gecko) Chrome/147.0.0.0 Safari/537.36"
142.147.107.134 - - [15/Jun/2026:00:59:43 +0200] "GET /templates/shop/css/dropdown.css HTTP/1.1" 200 937 "https://www.vracandbio.com/templates/shop/css/dropdown.linear.css" "Mozilla/5.0 (X11; Linux x86_64) AppleWebKit/537.36 (KHTML, like Gecko) Chrome/147.0.0.0 Safari/537.36"
142.147.107.134 - - [15/Jun/2026:00:59:43 +0200] "GET /templates/shop/js/verif.js HTTP/1.1" 200 5312 "https://www.vracandbio.com/contact.php" "Mozilla/5.0 (X11; Linux x86_64) AppleWebKit/537.36 (KHTML, like Gecko) Chrome/147.0.0.0 Safari/537.36"
142.147.107.134 - - [15/Jun/2026:00:59:43 +0200] "GET /templates/shop/js/menu.js HTTP/1.1" 200 1268 "https://www.vracandbio.com/contact.php" "Mozilla/5.0 (X11; Linux x86_64) AppleWebKit/537.36 (KHTML, like Gecko) Chrome/147.0.0.0 Safari/537.36"
142.147.107.134 - - [15/Jun/2026:00:59:44 +0200] "GET /templates/shop/js/lightbox.js HTTP/1.1" 200 14936 "https://www.vracandbio.com/contact.php" "Mozilla/5.0 (X11; Linux x86_64) AppleWebKit/537.36 (KHTML, like Gecko) Chrome/147.0.0.0 Safari/537.36"
142.147.107.134 - - [15/Jun/2026:00:59:44 +0200] "GET /templates/shop/js/jssocials.js HTTP/1.1" 200 13101 "https://www.vracandbio.com/contact.php" "Mozilla/5.0 (X11; Linux x86_64) AppleWebKit/537.36 (KHTML, like Gecko) Chrome/147.0.0.0 Safari/537.36"
142.147.107.134 - - [15/Jun/2026:00:59:44 +0200] "GET /templates/shop/js/jquery.bootstrap-autohidingnavbar.js HTTP/1.1" 200 5863 "https://www.vracandbio.com/contact.php" "Mozilla/5.0 (X11; Linux x86_64) AppleWebKit/537.36 (KHTML, like Gecko) Chrome/147.0.0.0 Safari/537.36"
142.147.107.134 - - [15/Jun/2026:00:59:44 +0200] "GET /start_to_top/main.js HTTP/1.1" 200 879 "https://www.vracandbio.com/contact.php" "Mozilla/5.0 (X11; Linux x86_64) AppleWebKit/537.36 (KHTML, like Gecko) Chrome/147.0.0.0 Safari/537.36"
142.147.107.134 - - [15/Jun/2026:00:59:44 +0200] "GET /ad_cookie_marmiton/mes_donnees.js HTTP/1.1" 200 13112 "https://www.vracandbio.com/contact.php" "Mozilla/5.0 (X11; Linux x86_64) AppleWebKit/537.36 (KHTML, like Gecko) Chrome/147.0.0.0 Safari/537.36"
142.147.107.134 - - [15/Jun/2026:00:59:44 +0200] "GET /templates/shop/css/font-awesome/fonts/fontawesome-webfont.woff2?v=4.3.0 HTTP/1.1" 200 56780 "https://www.vracandbio.com/templates/shop/css/font-awesome/css/font-awesome.css" "Mozilla/5.0 (X11; Linux x86_64) AppleWebKit/537.36 (KHTML, like Gecko) Chrome/147.0.0.0 Safari/537.36"
142.147.107.134 - - [15/Jun/2026:00:59:49 +0200] "GET /favicon/favicon-32x32.png HTTP/1.1" 200 2718 "https://www.vracandbio.com/contact.php" "Mozilla/5.0 (X11; Linux x86_64) AppleWebKit/537.36 (KHTML, like Gecko) Chrome/147.0.0.0 Safari/537.36"
85.208.96.200 - - [15/Jun/2026:00:59:49 +0200] "GET /new-products.php?a=12&a=12&b=1&b=1&debut=0&debut=0&debut=0&debut=0&debut=36&debut=360&debut=396&debut=60&m=03&y=2017 HTTP/1.1" 200 130261 "-" "Mozilla/5.0 (compatible; SemrushBot/7~bl; +http://www.semrush.com/bot.html)"
85.208.96.200 - - [15/Jun/2026:01:00:10 +0200] "GET /new-products.php?a=12&a=12&a=12&b=1&b=1&b=1&debut=108&debut=408&debut=408&debut=408&debut=48&debut=60 HTTP/1.1" 200 129910 "-" "Mozilla/5.0 (compatible; SemrushBot/7~bl; +http://www.semrush.com/bot.html)"
185.191.171.1 - - [15/Jun/2026:01:00:20 +0200] "GET /new-products.php?a=12&a=12&a=12&b=1&b=1&b=1&debut=0&debut=132&debut=24&debut=84&m=11&seo_cat&x20=1&y=2025 HTTP/1.1" 200 74604 "-" "Mozilla/5.0 (compatible; SemrushBot/7~bl; +http://www.semrush.com/bot.html)"
185.191.171.5 - - [15/Jun/2026:01:00:22 +0200] "GET /new-products.php?a=12&a=12&a=12&b=1&b=1&b=1&debut=0&debut=108&debut=60&debut=84&m=09&seo_cat&x20=1&y=2025 HTTP/1.1" 200 74605 "-" "Mozilla/5.0 (compatible; SemrushBot/7~bl; +http://www.semrush.com/bot.html)"
185.191.171.18 - - [15/Jun/2026:01:00:39 +0200] "GET /new-products.php?a=12&a=12&b=1&b=1&debut=0&debut=24&debut=384&debut=396&debut=396&debut=60&histo_track=1&m=11&y=2020 HTTP/1.1" 200 130335 "-" "Mozilla/5.0 (compatible; SemrushBot/7~bl; +http://www.semrush.com/bot.html)"
185.191.171.12 - - [15/Jun/2026:01:00:45 +0200] "GET /new-products.php?a=12&a=12&a=12&b=1&b=1&b=1&debut=0&debut=12&debut=36&debut=384&debut=60&m=10&y=2020 HTTP/1.1" 200 129864 "-" "Mozilla/5.0 (compatible; SemrushBot/7~bl; +http://www.semrush.com/bot.html)"
51.195.183.217 - - [15/Jun/2026:01:00:53 +0200] "GET /?m=01&y=2044 HTTP/1.1" 200 212218 "-" "Mozilla/5.0 (compatible; AhrefsBot/7.0; +http://ahrefs.com/robot/)"
185.191.171.4 - - [15/Jun/2026:01:01:31 +0200] "GET /new-products.php?a=12&a=12&a=12&b=1&b=1&b=1&debut=12&debut=24&debut=372&debut=396&m=12&y=2017 HTTP/1.1" 200 74530 "-" "Mozilla/5.0 (compatible; SemrushBot/7~bl; +http://www.semrush.com/bot.html)"
185.191.171.13 - - [15/Jun/2026:01:01:34 +0200] "GET /new-products.php?a=12&b=1&debut=0&debut=396&debut=396&debut=396&debut=48&m=02&seo_cat&x20=1&y=2022 HTTP/1.1" 200 74555 "-" "Mozilla/5.0 (compatible; SemrushBot/7~bl; +http://www.semrush.com/bot.html)"
198.244.183.254 - - [15/Jun/2026:01:01:38 +0200] "GET /?m=06&y=2038 HTTP/1.1" 200 212532 "-" "Mozilla/5.0 (compatible; AhrefsBot/7.0; +http://ahrefs.com/robot/)"
52.167.144.222 - - [15/Jun/2026:01:01:42 +0200] "GET /produit-408-panier-legumes-bio-du-vendredi-06-decembre?m=09&y=2025 HTTP/1.1" 200 83074 "-" "Mozilla/5.0 AppleWebKit/537.36 (KHTML, like Gecko; compatible; bingbot/2.0; +http://www.bing.com/bingbot.htm) Chrome/116.0.1938.76 Safari/537.36"
185.191.171.3 - - [15/Jun/2026:01:01:43 +0200] "GET /new-products.php?a=12&a=12&b=1&b=1&debut=0&debut=0&debut=0&debut=36&m=01&seo_cat&seo_cat&x24=0&x24=1&y=2018 HTTP/1.1" 200 123354 "-" "Mozilla/5.0 (compatible; SemrushBot/7~bl; +http://www.semrush.com/bot.html)"
185.191.171.14 - - [15/Jun/2026:01:01:45 +0200] "GET /new-products.php?a=12&b=1&debut=0&debut=372&debut=396&debut=408&debut=408&debut=408&debut=408&debut=432&debut=48&m=08&y=2020 HTTP/1.1" 200 131047 "-" "Mozilla/5.0 (compatible; SemrushBot/7~bl; +http://www.semrush.com/bot.html)"
66.249.65.74 - - [15/Jun/2026:01:01:56 +0200] "GET /uploadfiles/products/mini/15835141450BA.jpg HTTP/1.1" 200 19798 "-" "Googlebot-Image/1.0"
85.208.96.200 - - [15/Jun/2026:01:01:56 +0200] "GET /new-products.php?a=12&a=12&b=1&b=1&debut=36&debut=384&debut=396&debut=408&debut=408&debut=408&debut=48&m=01&y=2023 HTTP/1.1" 200 130794 "-" "Mozilla/5.0 (compatible; SemrushBot/7~bl; +http://www.semrush.com/bot.html)"
185.191.171.2 - - [15/Jun/2026:01:02:34 +0200] "GET /new-products.php?a=12&b=1&debut=0&debut=0&debut=396&debut=408&debut=408&debut=408&debut=48&seo_cat&seo_cat&x20=1&x26=1 HTTP/1.1" 200 74718 "-" "Mozilla/5.0 (compatible; SemrushBot/7~bl; +http://www.semrush.com/bot.html)"
185.191.171.11 - - [15/Jun/2026:01:02:45 +0200] "GET /new-products.php?a=12&b=1&debut=0&debut=0&debut=0&debut=0&debut=396&debut=420&debut=420&debut=420&debut=444&debut=72 HTTP/1.1" 200 129526 "-" "Mozilla/5.0 (compatible; SemrushBot/7~bl; +http://www.semrush.com/bot.html)"
185.191.171.8 - - [15/Jun/2026:01:02:52 +0200] "GET /new-products.php?a=12&a=12&a=12&b=1&b=1&b=1&debut=0&debut=0&debut=0&debut=48&debut=48&debut=60&m=03&y=2020 HTTP/1.1" 200 130127 "-" "Mozilla/5.0 (compatible; SemrushBot/7~bl; +http://www.semrush.com/bot.html)"
54.38.147.21 - - [15/Jun/2026:01:02:56 +0200] "GET /?m=01&y=2011 HTTP/1.1" 200 212631 "-" "Mozilla/5.0 (compatible; AhrefsBot/7.0; +http://ahrefs.com/robot/)"
85.208.96.197 - - [15/Jun/2026:01:02:57 +0200] "GET /new-products.php?a=12&a=12&b=1&b=1&debut=0&debut=132&debut=384&debut=384&debut=84&m=05&seo_cat&x26=1&y=2020 HTTP/1.1" 200 74616 "-" "Mozilla/5.0 (compatible; SemrushBot/7~bl; +http://www.semrush.com/bot.html)"
185.191.171.17 - - [15/Jun/2026:01:03:12 +0200] "GET /new-products.php?a=12&a=12&b=1&b=1&debut=0&debut=0&debut=0&debut=372&debut=432&debut=48&debut=84&m=08&y=2021 HTTP/1.1" 200 132348 "-" "Mozilla/5.0 (compatible; SemrushBot/7~bl; +http://www.semrush.com/bot.html)"
85.208.96.198 - - [15/Jun/2026:01:03:48 +0200] "GET /new-products.php?a=12&a=12&a=12&a=12&b=1&b=1&b=1&b=1&debut=0&debut=108&debut=36&debut=60&m=07&y=2024 HTTP/1.1" 200 129907 "-" "Mozilla/5.0 (compatible; SemrushBot/7~bl; +http://www.semrush.com/bot.html)"
198.244.242.95 - - [15/Jun/2026:01:04:01 +0200] "GET /?m=08&y=2006 HTTP/1.1" 200 212074 "-" "Mozilla/5.0 (compatible; AhrefsBot/7.0; +http://ahrefs.com/robot/)"
185.191.171.13 - - [15/Jun/2026:01:04:02 +0200] "GET /new-products.php?a=12&a=12&a=12&a=12&b=1&b=1&b=1&b=1&debut=0&debut=36&debut=432&debut=60&debut=72&m=01&y=2023 HTTP/1.1" 200 129403 "-" "Mozilla/5.0 (compatible; SemrushBot/7~bl; +http://www.semrush.com/bot.html)"
185.191.171.14 - - [15/Jun/2026:01:04:10 +0200] "GET /new-products.php?a=12&a=12&a=12&a=12&b=1&b=1&b=1&b=1&debut=0&debut=132&debut=36&debut=48&debut=96&m=04&y=2025 HTTP/1.1" 200 131026 "-" "Mozilla/5.0 (compatible; SemrushBot/7~bl; +http://www.semrush.com/bot.html)"
185.191.171.17 - - [15/Jun/2026:01:04:14 +0200] "GET /new-products.php?a=12&a=12&b=1&b=1&debut=36&debut=372&debut=372&debut=396&debut=396&debut=396&debut=60&m=07&y=2020 HTTP/1.1" 200 130257 "-" "Mozilla/5.0 (compatible; SemrushBot/7~bl; +http://www.semrush.com/bot.html)"
185.191.171.14 - - [15/Jun/2026:01:04:39 +0200] "GET /new-products.php?a=12&a=12&b=1&b=1&debut=0&debut=0&debut=0&debut=12&debut=24&debut=372&seo_cat&x20=1 HTTP/1.1" 200 74592 "-" "Mozilla/5.0 (compatible; SemrushBot/7~bl; +http://www.semrush.com/bot.html)"
185.191.171.12 - - [15/Jun/2026:01:04:41 +0200] "GET /new-products.php?a=12&a=12&a=12&a=12&b=1&b=1&b=1&b=1&debut=108&debut=36&debut=72&debut=96&m=11&y=2019 HTTP/1.1" 200 130829 "-" "Mozilla/5.0 (compatible; SemrushBot/7~bl; +http://www.semrush.com/bot.html)"
185.191.171.18 - - [15/Jun/2026:01:04:51 +0200] "GET /new-products.php?a=12&a=12&b=1&b=1&debut=0&debut=0&debut=24&debut=372&debut=396&debut=60&histo_track=1&m=01&y=2019 HTTP/1.1" 200 130257 "-" "Mozilla/5.0 (compatible; SemrushBot/7~bl; +http://www.semrush.com/bot.html)"
185.191.171.16 - - [15/Jun/2026:01:05:05 +0200] "GET /new-products.php?debut=0&debut=0&debut=0&debut=396&m=07&seo_cat&seo_cat&seo_cat&x20=1&x24=0&x24=1&y=2024 HTTP/1.1" 200 74599 "-" "Mozilla/5.0 (compatible; SemrushBot/7~bl; +http://www.semrush.com/bot.html)"
51.195.244.43 - - [15/Jun/2026:01:05:15 +0200] "GET /?m=05&y=2001 HTTP/1.1" 200 212013 "-" "Mozilla/5.0 (compatible; AhrefsBot/7.0; +http://ahrefs.com/robot/)"
185.191.171.16 - - [15/Jun/2026:01:05:22 +0200] "GET /new-products.php?a=12&b=1&debut=0&debut=384&debut=384&debut=396&debut=408&debut=408&debut=72&m=11&seo_cat&x20=1&y=2020 HTTP/1.1" 200 74768 "-" "Mozilla/5.0 (compatible; SemrushBot/7~bl; +http://www.semrush.com/bot.html)"
185.191.171.9 - - [15/Jun/2026:01:05:36 +0200] "GET /new-products.php?a=12&a=12&a=12&a=12&b=1&b=1&b=1&b=1&debut=0&debut=120&debut=60&debut=72&debut=96&m=06&y=2023 HTTP/1.1" 200 131025 "-" "Mozilla/5.0 (compatible; SemrushBot/7~bl; +http://www.semrush.com/bot.html)"
185.191.171.11 - - [15/Jun/2026:01:05:45 +0200] "GET /new-products.php?a=12&a=12&b=1&b=1&debut=384&debut=396&debut=396&debut=408&debut=48&debut=72&m=11&y=2021 HTTP/1.1" 200 129203 "-" "Mozilla/5.0 (compatible; SemrushBot/7~bl; +http://www.semrush.com/bot.html)"
85.208.96.204 - - [15/Jun/2026:01:05:52 +0200] "GET /new-products.php?a=12&a=12&b=1&b=1&debut=0&debut=0&debut=0&debut=36&debut=396&debut=408&debut=432&debut=60 HTTP/1.1" 200 130078 "-" "Mozilla/5.0 (compatible; SemrushBot/7~bl; +http://www.semrush.com/bot.html)"
185.191.171.14 - - [15/Jun/2026:01:06:17 +0200] "GET /new-products.php?a=12&b=1&debut=0&debut=0&debut=60&m=02&seo_cat&seo_cat&x21=1&x24=1&y=2022 HTTP/1.1" 200 86155 "-" "Mozilla/5.0 (compatible; SemrushBot/7~bl; +http://www.semrush.com/bot.html)"
198.244.242.223 - - [15/Jun/2026:01:06:20 +0200] "GET /produit-150-decafeine-ethiopie-grains-ou-moulu-250g HTTP/1.1" 200 117548 "-" "Mozilla/5.0 (compatible; AhrefsBot/7.0; +http://ahrefs.com/robot/)"
66.249.65.72 - - [15/Jun/2026:01:06:21 +0200] "GET /uploadfiles/products/mini/15835711600ZEF.jpg HTTP/1.1" 200 19711 "-" "Googlebot-Image/1.0"
185.191.171.6 - - [15/Jun/2026:01:06:42 +0200] "GET /new-products.php?a=12&a=12&a=12&a=12&b=1&b=1&b=1&b=1&debut=0&debut=48&debut=48&debut=60&debut=72&m=12&y=2023 HTTP/1.1" 200 129340 "-" "Mozilla/5.0 (compatible; SemrushBot/7~bl; +http://www.semrush.com/bot.html)"
185.191.171.14 - - [15/Jun/2026:01:06:44 +0200] "GET /new-products.php?a=12&a=12&a=12&b=1&b=1&b=1&debut=24&debut=360&debut=360&debut=432&debut=84&debut=96&m=10&y=2021 HTTP/1.1" 200 131070 "-" "Mozilla/5.0 (compatible; SemrushBot/7~bl; +http://www.semrush.com/bot.html)"
185.191.171.13 - - [15/Jun/2026:01:06:47 +0200] "GET /new-products.php?a=12&a=12&a=12&a=12&b=1&b=1&b=1&b=1&debut=0&debut=24&debut=396&debut=48&debut=60&debut=84 HTTP/1.1" 200 132246 "-" "Mozilla/5.0 (compatible; SemrushBot/7~bl; +http://www.semrush.com/bot.html)"
185.191.171.7 - - [15/Jun/2026:01:06:55 +0200] "GET /robots.txt HTTP/1.1" 200 89 "-" "Mozilla/5.0 (compatible; SemrushBot/7~bl; +http://www.semrush.com/bot.html)"
185.191.171.11 - - [15/Jun/2026:01:06:56 +0200] "GET /new-products.php?a=12&a=12&a=12&b=1&b=1&b=1&debut=24&debut=36&debut=360&debut=396&m=03&y=2023 HTTP/1.1" 200 74519 "-" "Mozilla/5.0 (compatible; SemrushBot/7~bl; +http://www.semrush.com/bot.html)"
185.191.171.13 - - [15/Jun/2026:01:07:08 +0200] "GET /new-products.php?a=12&a=12&b=1&b=1&debut=0&debut=0&debut=0&debut=0&debut=408&debut=408&debut=48&debut=72&m=03&y=2022 HTTP/1.1" 200 129529 "-" "Mozilla/5.0 (compatible; SemrushBot/7~bl; +http://www.semrush.com/bot.html)"
66.249.65.74 - - [15/Jun/2026:01:07:14 +0200] "GET /uploadfiles/products/15640693280evasion.png HTTP/1.1" 200 792474 "-" "Googlebot-Image/1.0"
85.208.96.195 - - [15/Jun/2026:01:07:49 +0200] "GET /new-products.php?a=12&a=12&b=1&b=1&debut=0&debut=0&debut=36&debut=48&m=07&seo_cat&seo_cat&x23=1&x26=1&y=2025 HTTP/1.1" 200 128720 "-" "Mozilla/5.0 (compatible; SemrushBot/7~bl; +http://www.semrush.com/bot.html)"
185.191.171.18 - - [15/Jun/2026:01:08:14 +0200] "GET /new-products.php?a=12&b=1&debut=0&debut=0&debut=372&debut=396&debut=396&debut=84&m=07&y=2025 HTTP/1.1" 200 131875 "-" "Mozilla/5.0 (compatible; SemrushBot/7~bl; +http://www.semrush.com/bot.html)"
85.208.96.205 - - [15/Jun/2026:01:08:26 +0200] "GET /new-products.php?a=12&a=12&b=1&b=1&debut=0&debut=0&debut=12&debut=396&debut=396&debut=432&debut=48&m=12&y=2022 HTTP/1.1" 200 130640 "-" "Mozilla/5.0 (compatible; SemrushBot/7~bl; +http://www.semrush.com/bot.html)"
185.191.171.3 - - [15/Jun/2026:01:08:56 +0200] "GET /new-products.php?a=12&a=12&b=1&b=1&debut=0&debut=372&debut=396&debut=396&debut=432&debut=84&debut=96&m=12&y=2019 HTTP/1.1" 200 131151 "-" "Mozilla/5.0 (compatible; SemrushBot/7~bl; +http://www.semrush.com/bot.html)"
85.208.96.205 - - [15/Jun/2026:01:09:04 +0200] "GET /new-products.php?a=12&b=1&debut=0&debut=0&debut=108&debut=120&debut=396&debut=48&seo_cat&seo_cat&x23=1&x24=1 HTTP/1.1" 200 129797 "-" "Mozilla/5.0 (compatible; SemrushBot/7~bl; +http://www.semrush.com/bot.html)"
185.191.171.10 - - [15/Jun/2026:01:09:29 +0200] "GET /new-products.php?a=12&a=12&a=12&b=1&b=1&b=1&debut=0&debut=0&debut=12&debut=24&debut=84&seo_cat&x20=1 HTTP/1.1" 200 74592 "-" "Mozilla/5.0 (compatible; SemrushBot/7~bl; +http://www.semrush.com/bot.html)"
185.191.171.11 - - [15/Jun/2026:01:09:36 +0200] "GET /new-products.php?a=12&a=12&a=12&b=1&b=1&b=1&debut=0&debut=0&debut=36&debut=408&debut=48&debut=72&m=11&y=2020 HTTP/1.1" 200 129403 "-" "Mozilla/5.0 (compatible; SemrushBot/7~bl; +http://www.semrush.com/bot.html)"
85.208.96.202 - - [15/Jun/2026:01:09:42 +0200] "GET /product.php?a=12&a=12&b&b&debut=0&debut=12&histo_track=1&seo=405-melange-mexicain-bio-25g HTTP/1.1" 200 153245 "-" "Mozilla/5.0 (compatible; SemrushBot/7~bl; +http://www.semrush.com/bot.html)"
185.191.171.3 - - [15/Jun/2026:01:09:56 +0200] "GET /new-products.php?a=12&a=12&b=1&b=1&debut=0&debut=36&debut=432&debut=432&debut=444&debut=60&histo_track=1&m=10&y=2020 HTTP/1.1" 200 130264 "-" "Mozilla/5.0 (compatible; SemrushBot/7~bl; +http://www.semrush.com/bot.html)"
66.249.65.73 - - [15/Jun/2026:01:10:30 +0200] "GET /categorie-64-jeux-enigmes?m=12&y=2024 HTTP/1.1" 200 124345 "-" "Mozilla/5.0 (Linux; Android 6.0.1; Nexus 5X Build/MMB29P) AppleWebKit/537.36 (KHTML, like Gecko) Chrome/148.0.7778.96 Mobile Safari/537.36 (compatible; Googlebot/2.1; +http://www.google.com/bot.html)"
85.208.96.211 - - [15/Jun/2026:01:10:31 +0200] "GET /new-products.php?a=12&a=12&b=1&b=1&debut=384&debut=384&debut=396&debut=432&debut=60&debut=72&histo_track=1&m=12&y=2021 HTTP/1.1" 200 129563 "-" "Mozilla/5.0 (compatible; SemrushBot/7~bl; +http://www.semrush.com/bot.html)"
