66.249.90.104 - - [15/Jun/2026:05:52:39 +0200] "GET /uploadfiles/products/mini/15639848330AS.jpg HTTP/1.1" 200 17084 "https://www.vracandbio.com/produit-255-couscous-blanc-bio-500g?m=01&y=2025" "Mozilla/5.0 (X11; Linux x86_64) AppleWebKit/537.36 (KHTML, like Gecko) Chrome/148.0.7778.96 Safari/537.36"
66.249.90.104 - - [15/Jun/2026:05:52:39 +0200] "GET /templates/shop/img/view_product.png HTTP/1.1" 200 19436 "https://www.vracandbio.com/produit-255-couscous-blanc-bio-500g?m=01&y=2025" "Mozilla/5.0 (X11; Linux x86_64) AppleWebKit/537.36 (KHTML, like Gecko) Chrome/148.0.7778.96 Safari/537.36"
66.249.90.104 - - [15/Jun/2026:05:52:40 +0200] "GET /templates/shop/img/no_achat.png HTTP/1.1" 200 6534 "https://www.vracandbio.com/produit-255-couscous-blanc-bio-500g?m=01&y=2025" "Mozilla/5.0 (X11; Linux x86_64) AppleWebKit/537.36 (KHTML, like Gecko) Chrome/148.0.7778.96 Safari/537.36"
66.249.90.104 - - [15/Jun/2026:05:52:40 +0200] "GET /templates/shop/img/indispo.png HTTP/1.1" 200 893 "https://www.vracandbio.com/produit-255-couscous-blanc-bio-500g?m=01&y=2025" "Mozilla/5.0 (X11; Linux x86_64) AppleWebKit/537.36 (KHTML, like Gecko) Chrome/148.0.7778.96 Safari/537.36"
66.249.90.104 - - [15/Jun/2026:05:52:41 +0200] "GET /uploadfiles/products/mini/15639807870PChe.jpg HTTP/1.1" 200 17146 "https://www.vracandbio.com/produit-255-couscous-blanc-bio-500g?m=01&y=2025" "Mozilla/5.0 (X11; Linux x86_64) AppleWebKit/537.36 (KHTML, like Gecko) Chrome/148.0.7778.96 Safari/537.36"
66.249.90.104 - - [15/Jun/2026:05:52:41 +0200] "GET /templates/shop/img/hors_stock.png HTTP/1.1" 200 7797 "https://www.vracandbio.com/produit-255-couscous-blanc-bio-500g?m=01&y=2025" "Mozilla/5.0 (X11; Linux x86_64) AppleWebKit/537.36 (KHTML, like Gecko) Chrome/148.0.7778.96 Safari/537.36"
66.249.90.104 - - [15/Jun/2026:05:52:41 +0200] "GET /uploadfiles/products/mini/15641528770cous.jpg HTTP/1.1" 200 16281 "https://www.vracandbio.com/produit-255-couscous-blanc-bio-500g?m=01&y=2025" "Mozilla/5.0 (X11; Linux x86_64) AppleWebKit/537.36 (KHTML, like Gecko) Chrome/148.0.7778.96 Safari/537.36"
66.249.90.104 - - [15/Jun/2026:05:52:42 +0200] "GET /uploadfiles/products/mini/15644014280C%C3%A9peau.jpg HTTP/1.1" 200 17513 "https://www.vracandbio.com/produit-255-couscous-blanc-bio-500g?m=01&y=2025" "Mozilla/5.0 (X11; Linux x86_64) AppleWebKit/537.36 (KHTML, like Gecko) Chrome/148.0.7778.96 Safari/537.36"
66.249.90.104 - - [15/Jun/2026:05:52:42 +0200] "GET /uploadfiles/products/mini/15639771490RR.jpg HTTP/1.1" 200 19037 "https://www.vracandbio.com/produit-255-couscous-blanc-bio-500g?m=01&y=2025" "Mozilla/5.0 (X11; Linux x86_64) AppleWebKit/537.36 (KHTML, like Gecko) Chrome/148.0.7778.96 Safari/537.36"
185.191.171.16 - - [15/Jun/2026:05:52:42 +0200] "GET /new-products.php?a=12&a=12&b=1&b=1&debut=0&debut=120&debut=84&histo_track=1&m=03&y=2020 HTTP/1.1" 200 131817 "-" "Mozilla/5.0 (compatible; SemrushBot/7~bl; +http://www.semrush.com/bot.html)"
66.249.90.104 - - [15/Jun/2026:05:52:42 +0200] "GET /uploadfiles/products/mini/15639777200RRB.jpg HTTP/1.1" 200 15109 "https://www.vracandbio.com/produit-255-couscous-blanc-bio-500g?m=01&y=2025" "Mozilla/5.0 (X11; Linux x86_64) AppleWebKit/537.36 (KHTML, like Gecko) Chrome/148.0.7778.96 Safari/537.36"
66.249.90.104 - - [15/Jun/2026:05:52:43 +0200] "GET /uploadfiles/products/mini/15643961180quinoa.jpg HTTP/1.1" 200 19375 "https://www.vracandbio.com/produit-255-couscous-blanc-bio-500g?m=01&y=2025" "Mozilla/5.0 (X11; Linux x86_64) AppleWebKit/537.36 (KHTML, like Gecko) Chrome/148.0.7778.96 Safari/537.36"
66.249.90.104 - - [15/Jun/2026:05:52:43 +0200] "GET /uploadfiles/products/mini/15639775510RB.jpg HTTP/1.1" 200 15330 "https://www.vracandbio.com/produit-255-couscous-blanc-bio-500g?m=01&y=2025" "Mozilla/5.0 (X11; Linux x86_64) AppleWebKit/537.36 (KHTML, like Gecko) Chrome/148.0.7778.96 Safari/537.36"
66.249.90.104 - - [15/Jun/2026:05:52:44 +0200] "GET /uploadfiles/products/mini/15644096910semoubla.jpg HTTP/1.1" 200 14620 "https://www.vracandbio.com/produit-255-couscous-blanc-bio-500g?m=01&y=2025" "Mozilla/5.0 (X11; Linux x86_64) AppleWebKit/537.36 (KHTML, like Gecko) Chrome/148.0.7778.96 Safari/537.36"
66.249.90.104 - - [15/Jun/2026:05:52:45 +0200] "GET /uploadfiles/products/mini/15639774840RC.jpg HTTP/1.1" 200 17876 "https://www.vracandbio.com/produit-255-couscous-blanc-bio-500g?m=01&y=2025" "Mozilla/5.0 (X11; Linux x86_64) AppleWebKit/537.36 (KHTML, like Gecko) Chrome/148.0.7778.96 Safari/537.36"
66.249.90.104 - - [15/Jun/2026:05:52:45 +0200] "GET /uploadfiles/products/mini/15845338060RBC.jpg HTTP/1.1" 200 21619 "https://www.vracandbio.com/produit-255-couscous-blanc-bio-500g?m=01&y=2025" "Mozilla/5.0 (X11; Linux x86_64) AppleWebKit/537.36 (KHTML, like Gecko) Chrome/148.0.7778.96 Safari/537.36"
66.249.90.104 - - [15/Jun/2026:05:52:45 +0200] "GET /uploadfiles/products/mini/15644067500semouma.jpg HTTP/1.1" 200 16253 "https://www.vracandbio.com/produit-255-couscous-blanc-bio-500g?m=01&y=2025" "Mozilla/5.0 (X11; Linux x86_64) AppleWebKit/537.36 (KHTML, like Gecko) Chrome/148.0.7778.96 Safari/537.36"
66.249.90.104 - - [15/Jun/2026:05:52:46 +0200] "GET /uploadfiles/products/mini/15643939140Boulg.jpg HTTP/1.1" 200 17200 "https://www.vracandbio.com/produit-255-couscous-blanc-bio-500g?m=01&y=2025" "Mozilla/5.0 (X11; Linux x86_64) AppleWebKit/537.36 (KHTML, like Gecko) Chrome/148.0.7778.96 Safari/537.36"
66.249.90.104 - - [15/Jun/2026:05:52:46 +0200] "GET /uploadfiles/products/mini/15639844340RLB.jpg HTTP/1.1" 200 14908 "https://www.vracandbio.com/produit-255-couscous-blanc-bio-500g?m=01&y=2025" "Mozilla/5.0 (X11; Linux x86_64) AppleWebKit/537.36 (KHTML, like Gecko) Chrome/148.0.7778.96 Safari/537.36"
66.249.90.104 - - [15/Jun/2026:05:52:46 +0200] "GET /templates/shop/img/panier_vide.png HTTP/1.1" 200 3914 "https://www.vracandbio.com/produit-255-couscous-blanc-bio-500g?m=01&y=2025" "Mozilla/5.0 (X11; Linux x86_64) AppleWebKit/537.36 (KHTML, like Gecko) Chrome/148.0.7778.96 Safari/537.36"
66.249.90.104 - - [15/Jun/2026:05:52:47 +0200] "GET /templates/shop/img/events.png HTTP/1.1" 200 3571 "https://www.vracandbio.com/produit-255-couscous-blanc-bio-500g?m=01&y=2025" "Mozilla/5.0 (X11; Linux x86_64) AppleWebKit/537.36 (KHTML, like Gecko) Chrome/148.0.7778.96 Safari/537.36"
66.249.90.104 - - [15/Jun/2026:05:52:47 +0200] "GET /uploadfiles/slide1_internal/0Zero.jpg HTTP/1.1" 200 270843 "https://www.vracandbio.com/produit-255-couscous-blanc-bio-500g?m=01&y=2025" "Mozilla/5.0 (X11; Linux x86_64) AppleWebKit/537.36 (KHTML, like Gecko) Chrome/148.0.7778.96 Safari/537.36"
66.249.90.104 - - [15/Jun/2026:05:52:47 +0200] "GET /uploadfiles/slide1_internal/0Vracandbio.png HTTP/1.1" 200 43097 "https://www.vracandbio.com/produit-255-couscous-blanc-bio-500g?m=01&y=2025" "Mozilla/5.0 (X11; Linux x86_64) AppleWebKit/537.36 (KHTML, like Gecko) Chrome/148.0.7778.96 Safari/537.36"
66.249.90.104 - - [15/Jun/2026:05:52:48 +0200] "GET /uploadfiles/slide1_internal/0Cosmetique.jpg HTTP/1.1" 200 29160 "https://www.vracandbio.com/produit-255-couscous-blanc-bio-500g?m=01&y=2025" "Mozilla/5.0 (X11; Linux x86_64) AppleWebKit/537.36 (KHTML, like Gecko) Chrome/148.0.7778.96 Safari/537.36"
66.249.90.104 - - [15/Jun/2026:05:52:48 +0200] "GET /uploadfiles/slide1_internal/0Paiement.jpg HTTP/1.1" 200 70030 "https://www.vracandbio.com/produit-255-couscous-blanc-bio-500g?m=01&y=2025" "Mozilla/5.0 (X11; Linux x86_64) AppleWebKit/537.36 (KHTML, like Gecko) Chrome/148.0.7778.96 Safari/537.36"
66.249.90.104 - - [15/Jun/2026:05:52:48 +0200] "GET /images/mini_first.png HTTP/1.1" 200 4261 "https://www.vracandbio.com/produit-255-couscous-blanc-bio-500g?m=01&y=2025" "Mozilla/5.0 (X11; Linux x86_64) AppleWebKit/537.36 (KHTML, like Gecko) Chrome/148.0.7778.96 Safari/537.36"
66.249.90.104 - - [15/Jun/2026:05:52:49 +0200] "GET /images/mini_end.png HTTP/1.1" 200 4300 "https://www.vracandbio.com/produit-255-couscous-blanc-bio-500g?m=01&y=2025" "Mozilla/5.0 (X11; Linux x86_64) AppleWebKit/537.36 (KHTML, like Gecko) Chrome/148.0.7778.96 Safari/537.36"
66.249.90.104 - - [15/Jun/2026:05:52:49 +0200] "GET /images/mini_prev.png HTTP/1.1" 200 3671 "https://www.vracandbio.com/produit-255-couscous-blanc-bio-500g?m=01&y=2025" "Mozilla/5.0 (X11; Linux x86_64) AppleWebKit/537.36 (KHTML, like Gecko) Chrome/148.0.7778.96 Safari/537.36"
66.249.90.104 - - [15/Jun/2026:05:52:49 +0200] "GET /images/mini_next.png HTTP/1.1" 200 3732 "https://www.vracandbio.com/produit-255-couscous-blanc-bio-500g?m=01&y=2025" "Mozilla/5.0 (X11; Linux x86_64) AppleWebKit/537.36 (KHTML, like Gecko) Chrome/148.0.7778.96 Safari/537.36"
66.249.90.104 - - [15/Jun/2026:05:52:50 +0200] "GET /uploadfiles/products/mini/15641541350PCAY.jpg HTTP/1.1" 200 16720 "https://www.vracandbio.com/produit-255-couscous-blanc-bio-500g?m=01&y=2025" "Mozilla/5.0 (X11; Linux x86_64) AppleWebKit/537.36 (KHTML, like Gecko) Chrome/148.0.7778.96 Safari/537.36"
66.249.90.104 - - [15/Jun/2026:05:52:50 +0200] "GET /uploadfiles/products/mini/15641531210qepi.jpg HTTP/1.1" 200 17646 "https://www.vracandbio.com/produit-255-couscous-blanc-bio-500g?m=01&y=2025" "Mozilla/5.0 (X11; Linux x86_64) AppleWebKit/537.36 (KHTML, like Gecko) Chrome/148.0.7778.96 Safari/537.36"
66.249.90.104 - - [15/Jun/2026:05:52:50 +0200] "GET /uploadfiles/products/mini/15641534110can.jpg HTTP/1.1" 200 17026 "https://www.vracandbio.com/produit-255-couscous-blanc-bio-500g?m=01&y=2025" "Mozilla/5.0 (X11; Linux x86_64) AppleWebKit/537.36 (KHTML, like Gecko) Chrome/148.0.7778.96 Safari/537.36"
66.249.90.104 - - [15/Jun/2026:05:52:51 +0200] "GET /uploadfiles/products/mini/15641530800curry.jpg HTTP/1.1" 200 18538 "https://www.vracandbio.com/produit-255-couscous-blanc-bio-500g?m=01&y=2025" "Mozilla/5.0 (X11; Linux x86_64) AppleWebKit/537.36 (KHTML, like Gecko) Chrome/148.0.7778.96 Safari/537.36"
66.249.90.104 - - [15/Jun/2026:05:52:51 +0200] "GET /uploadfiles/products/mini/15641527960pepi.jpg HTTP/1.1" 200 14871 "https://www.vracandbio.com/produit-255-couscous-blanc-bio-500g?m=01&y=2025" "Mozilla/5.0 (X11; Linux x86_64) AppleWebKit/537.36 (KHTML, like Gecko) Chrome/148.0.7778.96 Safari/537.36"
66.249.90.104 - - [15/Jun/2026:05:52:51 +0200] "GET /uploadfiles/LAgumes_Bio_Locaux_en_Vrac.jpg HTTP/1.1" 200 3089189 "https://www.vracandbio.com/produit-255-couscous-blanc-bio-500g?m=01&y=2025" "Mozilla/5.0 (X11; Linux x86_64) AppleWebKit/537.36 (KHTML, like Gecko) Chrome/148.0.7778.96 Safari/537.36"
66.249.90.104 - - [15/Jun/2026:05:52:52 +0200] "GET /templates/shop/img/facebook.png HTTP/1.1" 200 4816 "https://www.vracandbio.com/produit-255-couscous-blanc-bio-500g?m=01&y=2025" "Mozilla/5.0 (X11; Linux x86_64) AppleWebKit/537.36 (KHTML, like Gecko) Chrome/148.0.7778.96 Safari/537.36"
66.249.90.104 - - [15/Jun/2026:05:52:52 +0200] "GET /templates/shop/img/logo_signature_picto.png HTTP/1.1" 200 6299 "https://www.vracandbio.com/produit-255-couscous-blanc-bio-500g?m=01&y=2025" "Mozilla/5.0 (X11; Linux x86_64) AppleWebKit/537.36 (KHTML, like Gecko) Chrome/148.0.7778.96 Safari/537.36"
66.249.90.104 - - [15/Jun/2026:05:52:52 +0200] "GET /templates/shop/css/dropdown.linear.css HTTP/1.1" 200 605 "https://www.vracandbio.com/templates/shop/css/dropdown.linear.columnar.css" "Mozilla/5.0 (X11; Linux x86_64) AppleWebKit/537.36 (KHTML, like Gecko) Chrome/148.0.7778.96 Safari/537.36"
66.249.90.104 - - [15/Jun/2026:05:52:53 +0200] "GET /templates/shop/css/dropdown.css HTTP/1.1" 200 937 "https://www.vracandbio.com/templates/shop/css/dropdown.linear.css" "Mozilla/5.0 (X11; Linux x86_64) AppleWebKit/537.36 (KHTML, like Gecko) Chrome/148.0.7778.96 Safari/537.36"
66.249.90.104 - - [15/Jun/2026:05:52:53 +0200] "GET /templates/shop/img/add_cart.png HTTP/1.1" 200 6350 "https://www.vracandbio.com/templates/shop/css/style.css" "Mozilla/5.0 (X11; Linux x86_64) AppleWebKit/537.36 (KHTML, like Gecko) Chrome/148.0.7778.96 Safari/537.36"
66.249.90.105 - - [15/Jun/2026:05:52:53 +0200] "GET /templates/shop/img/Ete_background.jpg HTTP/1.1" 200 313134 "https://www.vracandbio.com/templates/shop/css/global.php" "Mozilla/5.0 (X11; Linux x86_64) AppleWebKit/537.36 (KHTML, like Gecko) Chrome/148.0.7778.96 Safari/537.36"
66.249.90.104 - - [15/Jun/2026:05:52:54 +0200] "GET /templates/shop/img/categories_liv.png HTTP/1.1" 200 3232 "https://www.vracandbio.com/templates/shop/css/global.php" "Mozilla/5.0 (X11; Linux x86_64) AppleWebKit/537.36 (KHTML, like Gecko) Chrome/148.0.7778.96 Safari/537.36"
66.249.90.105 - - [15/Jun/2026:05:52:54 +0200] "GET /templates/shop/img/Ete_footer.png HTTP/1.1" 200 455878 "https://www.vracandbio.com/templates/shop/css/global.php" "Mozilla/5.0 (X11; Linux x86_64) AppleWebKit/537.36 (KHTML, like Gecko) Chrome/148.0.7778.96 Safari/537.36"
66.249.90.104 - - [15/Jun/2026:05:52:54 +0200] "GET /templates/shop/css/font-awesome/fonts/fontawesome-webfont.woff2?v=4.3.0 HTTP/1.1" 200 56780 "https://www.vracandbio.com/templates/shop/css/font-awesome/css/font-awesome.css" "Mozilla/5.0 (X11; Linux x86_64) AppleWebKit/537.36 (KHTML, like Gecko) Chrome/148.0.7778.96 Safari/537.36"
185.191.171.10 - - [15/Jun/2026:05:52:54 +0200] "GET /new-products.php?a=12&a=12&b=1&b=1&debut=0&debut=24&debut=60&histo_track=1&m=05&seo_cat&x26=1&y=2023 HTTP/1.1" 200 74567 "-" "Mozilla/5.0 (compatible; SemrushBot/7~bl; +http://www.semrush.com/bot.html)"
66.249.90.104 - - [15/Jun/2026:05:52:55 +0200] "GET /templates/shop/img/marques_liv.png HTTP/1.1" 200 3355 "https://www.vracandbio.com/templates/shop/css/global.php" "Mozilla/5.0 (X11; Linux x86_64) AppleWebKit/537.36 (KHTML, like Gecko) Chrome/148.0.7778.96 Safari/537.36"
66.249.90.104 - - [15/Jun/2026:05:52:55 +0200] "GET /templates/shop/css/images/bx_loader.gif HTTP/1.1" 200 8581 "https://www.vracandbio.com/templates/shop/css/jquery.bxslider.css" "Mozilla/5.0 (X11; Linux x86_64) AppleWebKit/537.36 (KHTML, like Gecko) Chrome/148.0.7778.96 Safari/537.36"
66.249.90.104 - - [15/Jun/2026:05:52:55 +0200] "GET /templates/shop/css/images/close.png HTTP/1.1" 200 280 "https://www.vracandbio.com/templates/shop/css/lightbox.css" "Mozilla/5.0 (X11; Linux x86_64) AppleWebKit/537.36 (KHTML, like Gecko) Chrome/148.0.7778.96 Safari/537.36"
66.249.90.105 - - [15/Jun/2026:05:52:56 +0200] "GET /templates/shop/css/images/prev.png HTTP/1.1" 200 1360 "https://www.vracandbio.com/templates/shop/css/lightbox.css" "Mozilla/5.0 (X11; Linux x86_64) AppleWebKit/537.36 (KHTML, like Gecko) Chrome/148.0.7778.96 Safari/537.36"
66.249.90.105 - - [15/Jun/2026:05:52:56 +0200] "GET /templates/shop/css/images/loading.gif HTTP/1.1" 200 8476 "https://www.vracandbio.com/templates/shop/css/lightbox.css" "Mozilla/5.0 (X11; Linux x86_64) AppleWebKit/537.36 (KHTML, like Gecko) Chrome/148.0.7778.96 Safari/537.36"
66.249.90.104 - - [15/Jun/2026:05:52:56 +0200] "GET /start_to_top/img/cd-top-arrow.svg HTTP/1.1" 200 555 "https://www.vracandbio.com/templates/shop/css/global.php" "Mozilla/5.0 (X11; Linux x86_64) AppleWebKit/537.36 (KHTML, like Gecko) Chrome/148.0.7778.96 Safari/537.36"
66.249.90.105 - - [15/Jun/2026:05:52:57 +0200] "GET /templates/shop/css/images/next.png HTTP/1.1" 200 1350 "https://www.vracandbio.com/templates/shop/css/lightbox.css" "Mozilla/5.0 (X11; Linux x86_64) AppleWebKit/537.36 (KHTML, like Gecko) Chrome/148.0.7778.96 Safari/537.36"
66.249.65.74 - - [15/Jun/2026:05:53:08 +0200] "GET /uploadfiles/products/mini/15838428770LB1.jpg HTTP/1.1" 200 19801 "-" "Googlebot-Image/1.0"
185.191.171.8 - - [15/Jun/2026:05:53:11 +0200] "GET /new-products.php?a=12&a=12&b=1&b=1&debut=0&debut=0&debut=36&debut=60&m=03&seo_cat&seo_cat&x20=1&x24=1&y=2024 HTTP/1.1" 200 74624 "-" "Mozilla/5.0 (compatible; SemrushBot/7~bl; +http://www.semrush.com/bot.html)"
185.191.171.12 - - [15/Jun/2026:05:53:19 +0200] "GET /new-products.php?a=12&a=12&b=1&b=1&debut=0&debut=24&debut=324&debut=396&seo_cat&x20=1 HTTP/1.1" 200 74487 "-" "Mozilla/5.0 (compatible; SemrushBot/7~bl; +http://www.semrush.com/bot.html)"
66.249.65.73 - - [15/Jun/2026:05:53:33 +0200] "GET /uploadfiles/products/mini/15328061340savon-canelle-570x570.jpg HTTP/1.1" 200 12010 "-" "Googlebot-Image/1.0"
185.191.171.8 - - [15/Jun/2026:05:53:36 +0200] "GET /new-products.php?a=12&a=12&b=1&b=1&debut=0&debut=24&debut=408&debut=408&debut=408&debut=60&histo_track=1&m=01&y=2022 HTTP/1.1" 200 130337 "-" "Mozilla/5.0 (compatible; SemrushBot/7~bl; +http://www.semrush.com/bot.html)"
185.191.171.13 - - [15/Jun/2026:05:54:01 +0200] "GET /new-products.php?a=12&a=12&a=12&a=12&b=1&b=1&b=1&b=1&debut=48&debut=60&debut=60&debut=84&m=06&y=2025 HTTP/1.1" 200 132139 "-" "Mozilla/5.0 (compatible; SemrushBot/7~bl; +http://www.semrush.com/bot.html)"
185.191.171.14 - - [15/Jun/2026:05:54:04 +0200] "GET /new-products.php?a=12&b=1&debut=0&debut=0&debut=396&debut=408&debut=432&debut=72&m=12&seo_cat&x23=1&y=2019 HTTP/1.1" 200 74694 "-" "Mozilla/5.0 (compatible; SemrushBot/7~bl; +http://www.semrush.com/bot.html)"
157.55.39.197 - - [15/Jun/2026:05:54:04 +0200] "GET /top-ventes?m=06&y=2026 HTTP/1.1" 301 300 "-" "Mozilla/5.0 AppleWebKit/537.36 (KHTML, like Gecko; compatible; bingbot/2.0; +http://www.bing.com/bingbot.htm) Chrome/116.0.1938.76 Safari/537.36"
198.244.168.57 - - [15/Jun/2026:05:54:15 +0200] "GET /?m=10&y=2009 HTTP/1.1" 200 212701 "-" "Mozilla/5.0 (compatible; AhrefsBot/7.0; +http://ahrefs.com/robot/)"
185.191.171.17 - - [15/Jun/2026:05:54:24 +0200] "GET /new-products.php?a=12&a=12&b=1&b=1&debut=0&debut=0&debut=312&debut=384&debut=396&m=11&seo_cat&x21=1&y=2017 HTTP/1.1" 200 74611 "-" "Mozilla/5.0 (compatible; SemrushBot/7~bl; +http://www.semrush.com/bot.html)"
40.77.167.62 - - [15/Jun/2026:05:54:30 +0200] "GET /produit-563-tomme-de-chevre-bio?m=04&y=2026 HTTP/1.1" 200 72637 "-" "Mozilla/5.0 AppleWebKit/537.36 (KHTML, like Gecko; compatible; bingbot/2.0; +http://www.bing.com/bingbot.htm) Chrome/116.0.1938.76 Safari/537.36"
85.208.96.194 - - [15/Jun/2026:05:54:31 +0200] "GET /new-products.php?a=12&a=12&a=12&b=1&b=1&b=1&debut=12&debut=372&debut=396&debut=60&debut=72&histo_track=1&m=12&y=2023 HTTP/1.1" 200 129513 "-" "Mozilla/5.0 (compatible; SemrushBot/7~bl; +http://www.semrush.com/bot.html)"
40.77.167.77 - - [15/Jun/2026:05:54:40 +0200] "GET /produit-324-famille-en-transition-ecologique?m=04&y=2026 HTTP/1.1" 200 129304 "-" "Mozilla/5.0 AppleWebKit/537.36 (KHTML, like Gecko; compatible; bingbot/2.0; +http://www.bing.com/bingbot.htm) Chrome/116.0.1938.76 Safari/537.36"
185.191.171.18 - - [15/Jun/2026:05:54:59 +0200] "GET /new-products.php?a=12&a=12&b=1&b=1&debut=0&debut=108&debut=372&debut=372&debut=396&debut=84&histo_track=1&m=02&y=2019 HTTP/1.1" 200 132498 "-" "Mozilla/5.0 (compatible; SemrushBot/7~bl; +http://www.semrush.com/bot.html)"
85.208.96.206 - - [15/Jun/2026:05:55:13 +0200] "GET /new-products.php?a=12&a=12&a=12&b=1&b=1&b=1&debut=0&debut=384&debut=60&debut=72&debut=96&m=12&y=2021 HTTP/1.1" 200 130625 "-" "Mozilla/5.0 (compatible; SemrushBot/7~bl; +http://www.semrush.com/bot.html)"
47.79.199.57 - - [15/Jun/2026:05:55:32 +0200] "GET /images/mini_prev.png HTTP/1.1" 200 3671 "-" "Mozilla/5.0 (Macintosh; Intel Mac OS X 10_15_7) AppleWebKit/537.36 (KHTML, like Gecko) Chrome/146.0.0.0 Safari/537.36"
85.208.96.212 - - [15/Jun/2026:05:55:33 +0200] "GET /new-products.php?a=12&a=12&b=1&b=1&debut=0&debut=0&debut=0&debut=0&debut=24&debut=396&m=06&seo_cat&x20=1&y=2023 HTTP/1.1" 200 74642 "-" "Mozilla/5.0 (compatible; SemrushBot/7~bl; +http://www.semrush.com/bot.html)"
186.132.221.30 - - [15/Jun/2026:05:55:34 +0200] "GET /produit-592-creme-solaire-visage-teintee-ivoire-spf50?m=01&y=2026 HTTP/1.1" 200 121537 "-" "Mozilla/5.0 (Windows NT 10.0; Win64; x64) AppleWebKit/537.36 (KHTML, like Gecko) Chrome/80.0.3987.132 Safari/537.36"
85.208.96.195 - - [15/Jun/2026:05:55:36 +0200] "GET /new-products.php?a=12&a=12&b=1&b=1&debut=372&debut=372&debut=372&debut=396&debut=396&debut=84&debut=96&histo_track=1 HTTP/1.1" 200 131038 "-" "Mozilla/5.0 (compatible; SemrushBot/7~bl; +http://www.semrush.com/bot.html)"
85.208.96.205 - - [15/Jun/2026:05:55:40 +0200] "GET /new-products.php?debut=0&debut=0&debut=0&debut=396&histo_track=1&m=08&seo_cat&seo_cat&seo_cat&x20=1&x21=1&x23=1&y=2022 HTTP/1.1" 200 74700 "-" "Mozilla/5.0 (compatible; SemrushBot/7~bl; +http://www.semrush.com/bot.html)"
185.191.171.5 - - [15/Jun/2026:05:55:55 +0200] "GET /new-products.php?a=12&a=12&b=1&b=1&debut=12&debut=396&debut=396&debut=432&debut=48&histo_track=1&m=01&y=2021 HTTP/1.1" 200 130512 "-" "Mozilla/5.0 (compatible; SemrushBot/7~bl; +http://www.semrush.com/bot.html)"
85.208.96.204 - - [15/Jun/2026:05:55:58 +0200] "GET /new-products.php?a=12&a=12&b=1&b=1&debut=0&debut=0&debut=0&debut=0&debut=24&debut=372&debut=396&m=07&y=2020 HTTP/1.1" 200 74620 "-" "Mozilla/5.0 (compatible; SemrushBot/7~bl; +http://www.semrush.com/bot.html)"
85.208.96.193 - - [15/Jun/2026:05:56:08 +0200] "GET /new-products.php?a=12&a=12&a=12&a=12&b=1&b=1&b=1&b=1&debut=0&debut=108&debut=12&debut=48&debut=96&m=05&y=2020 HTTP/1.1" 200 130838 "-" "Mozilla/5.0 (compatible; SemrushBot/7~bl; +http://www.semrush.com/bot.html)"
85.208.96.206 - - [15/Jun/2026:05:56:50 +0200] "GET /new-products.php?a=12&a=12&b=1&b=1&debut=0&debut=0&debut=24&debut=36&m=08&seo_cat&seo_cat&x20=1&x24=1&y=2019 HTTP/1.1" 200 128002 "-" "Mozilla/5.0 (compatible; SemrushBot/7~bl; +http://www.semrush.com/bot.html)"
85.208.96.206 - - [15/Jun/2026:05:56:53 +0200] "GET /new-products.php?a=12&a=12&a=12&a=12&b=1&b=1&b=1&b=1&debut=12&debut=48&debut=72&debut=96&m=03&y=2019 HTTP/1.1" 200 130614 "-" "Mozilla/5.0 (compatible; SemrushBot/7~bl; +http://www.semrush.com/bot.html)"
185.191.171.3 - - [15/Jun/2026:05:56:56 +0200] "GET /marques.php?debut=0&debut=0&seo=24-idees-cadeaux&seo_marq=24&seo_marq=24&t52=1&t65=1 HTTP/1.1" 200 113913 "-" "Mozilla/5.0 (compatible; SemrushBot/7~bl; +http://www.semrush.com/bot.html)"
66.249.65.74 - - [15/Jun/2026:05:57:13 +0200] "GET /produit-141-cafe-guatemala-grains-ou-moulu-250g?m=02&y=2025 HTTP/1.1" 200 149171 "-" "Mozilla/5.0 (compatible; Googlebot/2.1; +http://www.google.com/bot.html)"
34.125.20.213 - - [15/Jun/2026:05:57:17 +0200] "GET /uploadfiles/IMG_20190417_145731_resized_20200315_070636023.jpg HTTP/1.1" 200 2061673 "-" "Mozilla/5.0 AppleWebKit/537.36 (KHTML, like Gecko; compatible; ReyilBot/0.1"
185.191.171.15 - - [15/Jun/2026:05:57:19 +0200] "GET /new-products.php?a=12&a=12&b=1&b=1&debut=0&debut=312&debut=360&debut=396&histo_track=1&m=02&seo_cat&x24=1&y=2018 HTTP/1.1" 200 74653 "-" "Mozilla/5.0 (compatible; SemrushBot/7~bl; +http://www.semrush.com/bot.html)"
185.191.171.3 - - [15/Jun/2026:05:57:24 +0200] "GET /new-products.php?a=12&a=12&b=1&b=1&debut=36&debut=396&debut=396&debut=408&debut=408&debut=48&histo_track=1&m=01&y=2021 HTTP/1.1" 200 130832 "-" "Mozilla/5.0 (compatible; SemrushBot/7~bl; +http://www.semrush.com/bot.html)"
51.195.183.124 - - [15/Jun/2026:05:57:52 +0200] "GET /?m=09&y=2039 HTTP/1.1" 200 212489 "-" "Mozilla/5.0 (compatible; AhrefsBot/7.0; +http://ahrefs.com/robot/)"
85.208.96.212 - - [15/Jun/2026:05:57:55 +0200] "GET /new-products.php?a=12&a=12&b=1&b=1&debut=0&debut=0&debut=0&debut=0&debut=108&debut=432&debut=432&debut=432&debut=72 HTTP/1.1" 200 129528 "-" "Mozilla/5.0 (compatible; SemrushBot/7~bl; +http://www.semrush.com/bot.html)"
85.208.96.211 - - [15/Jun/2026:05:58:09 +0200] "GET /new-products.php?a=12&a=12&b=1&b=1&debut=0&debut=108&debut=372&debut=384&debut=84&m=04&y=2019 HTTP/1.1" 200 131892 "-" "Mozilla/5.0 (compatible; SemrushBot/7~bl; +http://www.semrush.com/bot.html)"
85.208.96.210 - - [15/Jun/2026:05:58:27 +0200] "GET /new-products.php?a=12&b=1&debut=0&debut=24&debut=396&m=01&seo_cat&x24=1&y=2021 HTTP/1.1" 200 74417 "-" "Mozilla/5.0 (compatible; SemrushBot/7~bl; +http://www.semrush.com/bot.html)"
85.208.96.208 - - [15/Jun/2026:05:58:34 +0200] "GET /new-products.php?a=12&b=1&debut=0&debut=0&debut=36&debut=396&m=12&seo_cat&seo_cat&x21=0&x21=1&y=2024 HTTP/1.1" 200 74652 "-" "Mozilla/5.0 (compatible; SemrushBot/7~bl; +http://www.semrush.com/bot.html)"
185.191.171.19 - - [15/Jun/2026:05:58:41 +0200] "GET /new-products.php?a=12&a=12&a=12&b=1&b=1&b=1&debut=0&debut=432&debut=72&debut=84&debut=96&m=04&y=2022 HTTP/1.1" 200 130612 "-" "Mozilla/5.0 (compatible; SemrushBot/7~bl; +http://www.semrush.com/bot.html)"
185.191.171.16 - - [15/Jun/2026:05:58:53 +0200] "GET /new-products.php?a=12&a=12&a=12&b=1&b=1&b=1&debut=120&debut=372&debut=396&debut=396&debut=72&debut=84&m=04&y=2025 HTTP/1.1" 200 132392 "-" "Mozilla/5.0 (compatible; SemrushBot/7~bl; +http://www.semrush.com/bot.html)"
85.208.96.210 - - [15/Jun/2026:05:59:20 +0200] "GET /new-products.php?a=12&a=12&a=12&a=12&b=1&b=1&b=1&b=1&debut=108&debut=48&debut=60&debut=96&m=01&y=2023 HTTP/1.1" 200 130715 "-" "Mozilla/5.0 (compatible; SemrushBot/7~bl; +http://www.semrush.com/bot.html)"
185.191.171.7 - - [15/Jun/2026:05:59:24 +0200] "GET /new-products.php?a=12&a=12&b=1&b=1&debut=0&debut=0&debut=48&debut=84&m=06&seo_cat&seo_cat&x24=0&x24=1&y=2021 HTTP/1.1" 200 74621 "-" "Mozilla/5.0 (compatible; SemrushBot/7~bl; +http://www.semrush.com/bot.html)"
185.191.171.6 - - [15/Jun/2026:05:59:32 +0200] "GET /new-products.php?a=12&a=12&b=1&b=1&debut=0&debut=0&debut=0&debut=0&debut=12&debut=360&debut=396&m=12&y=2020 HTTP/1.1" 200 74628 "-" "Mozilla/5.0 (compatible; SemrushBot/7~bl; +http://www.semrush.com/bot.html)"
66.249.65.74 - - [15/Jun/2026:05:59:41 +0200] "GET /uploadfiles/products/mini/15640593340agrumes.png HTTP/1.1" 200 187260 "-" "Googlebot-Image/1.0"
185.191.171.11 - - [15/Jun/2026:05:59:53 +0200] "GET /new-products.php?a=12&a=12&b=1&b=1&debut=0&debut=12&debut=60&m=05&seo_cat&x23=1&y=2023 HTTP/1.1" 200 98467 "-" "Mozilla/5.0 (compatible; SemrushBot/7~bl; +http://www.semrush.com/bot.html)"
41.90.145.122 - - [15/Jun/2026:05:59:57 +0200] "GET /produit-280-houmous-tomate-sechee-et-origan-bio-150g?m=12&y=2025 HTTP/1.1" 200 142347 "-" "Mozilla/5.0 (Macintosh; Intel Mac OS X 11_0_1) AppleWebKit/537.36 (KHTML, like Gecko) Brave Chrome/88.0.4324.192 Safari/537.36"
185.191.171.7 - - [15/Jun/2026:06:00:04 +0200] "GET /new-products.php?a=12&a=12&b=1&b=1&debut=0&debut=0&debut=0&debut=384&debut=432&debut=48&debut=60&m=05&y=2022 HTTP/1.1" 200 130176 "-" "Mozilla/5.0 (compatible; SemrushBot/7~bl; +http://www.semrush.com/bot.html)"
85.208.96.201 - - [15/Jun/2026:06:00:23 +0200] "GET /new-products.php?debut=0&debut=0&debut=0&debut=0&debut=0&debut=396&m=12&seo_cat&x23=1&y=2023 HTTP/1.1" 200 74523 "-" "Mozilla/5.0 (compatible; SemrushBot/7~bl; +http://www.semrush.com/bot.html)"
185.191.171.17 - - [15/Jun/2026:06:00:49 +0200] "GET /new-products.php?a=12&a=12&a=12&b=1&b=1&b=1&debut=0&debut=0&debut=12&debut=348&debut=36&debut=372&m=03&y=2024 HTTP/1.1" 200 109617 "-" "Mozilla/5.0 (compatible; SemrushBot/7~bl; +http://www.semrush.com/bot.html)"
185.191.171.11 - - [15/Jun/2026:06:00:57 +0200] "GET /new-products.php?a=12&a=12&a=12&a=12&b=1&b=1&b=1&b=1&debut=0&debut=12&debut=120&debut=48&debut=84&m=02&y=2018 HTTP/1.1" 200 132234 "-" "Mozilla/5.0 (compatible; SemrushBot/7~bl; +http://www.semrush.com/bot.html)"
185.191.171.19 - - [15/Jun/2026:06:01:22 +0200] "GET /new-products.php?a=12&a=12&b=1&b=1&debut=36&debut=396&debut=432&debut=48&histo_track=1&m=01&y=2022 HTTP/1.1" 200 130345 "-" "Mozilla/5.0 (compatible; SemrushBot/7~bl; +http://www.semrush.com/bot.html)"
185.191.171.5 - - [15/Jun/2026:06:01:24 +0200] "GET /new-products.php?a=12&b=1&debut=396&debut=396&debut=396&debut=396&debut=396&debut=396&debut=396&debut=60&m=03&y=2022 HTTP/1.1" 200 130304 "-" "Mozilla/5.0 (compatible; SemrushBot/7~bl; +http://www.semrush.com/bot.html)"
185.191.171.11 - - [15/Jun/2026:06:01:40 +0200] "GET /new-products.php?a=12&b=1&debut=0&debut=0&debut=0&debut=72&histo_track=1&m=11&seo_cat&seo_cat&x24=1&x26=1&y=2025 HTTP/1.1" 200 74653 "-" "Mozilla/5.0 (compatible; SemrushBot/7~bl; +http://www.semrush.com/bot.html)"
85.208.96.206 - - [15/Jun/2026:06:02:17 +0200] "GET /new-products.php?a=12&a=12&b=1&b=1&debut=0&debut=0&debut=36&debut=360&debut=360&debut=372&debut=48 HTTP/1.1" 200 130293 "-" "Mozilla/5.0 (compatible; SemrushBot/7~bl; +http://www.semrush.com/bot.html)"
185.191.171.8 - - [15/Jun/2026:06:02:20 +0200] "GET /new-products.php?a=12&a=12&b=1&b=1&debut=372&debut=372&debut=72&debut=84&m=05&y=2023 HTTP/1.1" 200 131607 "-" "Mozilla/5.0 (compatible; SemrushBot/7~bl; +http://www.semrush.com/bot.html)"
198.244.240.44 - - [15/Jun/2026:06:02:32 +0200] "GET /?m=02&y=2047 HTTP/1.1" 200 212165 "-" "Mozilla/5.0 (compatible; AhrefsBot/7.0; +http://ahrefs.com/robot/)"
85.208.96.193 - - [15/Jun/2026:06:02:39 +0200] "GET /new-products.php?a=12&a=12&a=12&b=1&b=1&b=1&debut=12&debut=24&debut=372&debut=396&debut=48&histo_track=1&m=06&y=2018 HTTP/1.1" 200 130716 "-" "Mozilla/5.0 (compatible; SemrushBot/7~bl; +http://www.semrush.com/bot.html)"
185.191.171.14 - - [15/Jun/2026:06:02:45 +0200] "GET /new-products.php?a=12&a=12&b=1&b=1&debut=0&debut=0&debut=0&debut=348&debut=348&debut=396&histo_track=1&seo_cat&x20=1 HTTP/1.1" 200 74704 "-" "Mozilla/5.0 (compatible; SemrushBot/7~bl; +http://www.semrush.com/bot.html)"
85.208.96.209 - - [15/Jun/2026:06:02:59 +0200] "GET /new-products.php?a=12&a=12&b=1&b=1&debut=0&debut=108&debut=60&m=06&seo_cat&x23=1&y=2021 HTTP/1.1" 200 98482 "-" "Mozilla/5.0 (compatible; SemrushBot/7~bl; +http://www.semrush.com/bot.html)"
185.191.171.14 - - [15/Jun/2026:06:03:14 +0200] "GET /new-products.php?a=12&a=12&b=1&b=1&debut=0&debut=0&debut=120&debut=72&m=10&seo_cat&seo_cat&x23=1&x26=1&y=2019 HTTP/1.1" 200 94943 "-" "Mozilla/5.0 (compatible; SemrushBot/7~bl; +http://www.semrush.com/bot.html)"
85.208.96.197 - - [15/Jun/2026:06:03:29 +0200] "GET /new-products.php?a=12&b=1&debut=0&debut=372&debut=384&debut=384&debut=396&debut=396&debut=432&debut=72&m=02&y=2022 HTTP/1.1" 200 129453 "-" "Mozilla/5.0 (compatible; SemrushBot/7~bl; +http://www.semrush.com/bot.html)"
185.191.171.17 - - [15/Jun/2026:06:03:48 +0200] "GET /new-products.php?a=12&a=12&b=1&b=1&debut=0&debut=0&debut=0&debut=12&debut=396&debut=396&debut=72&m=11&y=2024 HTTP/1.1" 200 129303 "-" "Mozilla/5.0 (compatible; SemrushBot/7~bl; +http://www.semrush.com/bot.html)"
85.208.96.197 - - [15/Jun/2026:06:03:59 +0200] "GET /robots.txt HTTP/1.1" 200 89 "-" "Mozilla/5.0 (compatible; SemrushBot/7~bl; +http://www.semrush.com/bot.html)"
185.191.171.19 - - [15/Jun/2026:06:03:59 +0200] "GET /new-products.php?a=12&a=12&b=1&b=1&debut=0&debut=0&debut=60&debut=72&m=12&seo_cat&seo_cat&x21=1&x24=1&y=2017 HTTP/1.1" 200 74635 "-" "Mozilla/5.0 (compatible; SemrushBot/7~bl; +http://www.semrush.com/bot.html)"
85.208.96.197 - - [15/Jun/2026:06:04:14 +0200] "GET /new-products.php?a=12&b=1&debut=0&debut=0&debut=0&debut=312&debut=396&m=08&seo_cat&x20=1&y=2017 HTTP/1.1" 200 74539 "-" "Mozilla/5.0 (compatible; SemrushBot/7~bl; +http://www.semrush.com/bot.html)"
185.191.171.17 - - [15/Jun/2026:06:04:17 +0200] "GET /new-products.php?a=12&a=12&b=1&b=1&debut=0&debut=36&debut=408&debut=48&m=03&seo_cat&x21=1&y=2023 HTTP/1.1" 200 74540 "-" "Mozilla/5.0 (compatible; SemrushBot/7~bl; +http://www.semrush.com/bot.html)"
85.208.96.193 - - [15/Jun/2026:06:04:44 +0200] "GET /new-products.php?a=12&a=12&a=12&b=1&b=1&b=1&debut=12&debut=324&debut=348&debut=372&m=05&y=2023 HTTP/1.1" 200 109271 "-" "Mozilla/5.0 (compatible; SemrushBot/7~bl; +http://www.semrush.com/bot.html)"
185.191.171.5 - - [15/Jun/2026:06:04:53 +0200] "GET /new-products.php?a=12&b=1&debut=0&debut=0&debut=0&debut=120&debut=60&m=02&seo_cat&seo_cat&x23=1&x24=1&y=2023 HTTP/1.1" 200 129241 "-" "Mozilla/5.0 (compatible; SemrushBot/7~bl; +http://www.semrush.com/bot.html)"
85.208.96.197 - - [15/Jun/2026:06:04:59 +0200] "GET /new-products.php?a=12&a=12&b=1&b=1&debut=0&debut=384&debut=396&debut=408&debut=72&debut=96&m=03&seo_cat&x23=1&y=2021 HTTP/1.1" 200 74680 "-" "Mozilla/5.0 (compatible; SemrushBot/7~bl; +http://www.semrush.com/bot.html)"
159.138.150.0 - - [15/Jun/2026:06:05:02 +0200] "GET /produit-408-panier-legumes-bio-du-vendredi-03-decembre?m=04&y=2026 HTTP/1.1" 200 72649 "https://www.vracandbio.com/produit-408-panier-legumes-bio-du-vendredi-03-decembre?m=04&y=2026" "Mozilla/5.0 (Macintosh; Intel Mac OS X 10_15_7) AppleWebKit/537.36 (KHTML, like Gecko) Chrome/131.0.0.0 Safari/537.36"
185.191.171.1 - - [15/Jun/2026:06:05:25 +0200] "GET /new-products.php?a=12&a=12&a=12&b=1&b=1&b=1&debut=312&debut=324&debut=36&debut=396&histo_track=1&m=07&y=2022 HTTP/1.1" 200 74627 "-" "Mozilla/5.0 (compatible; SemrushBot/7~bl; +http://www.semrush.com/bot.html)"
85.208.96.197 - - [15/Jun/2026:06:05:28 +0200] "GET /new-products.php?a=12&b=1&debut=0&debut=0&debut=0&debut=0&debut=0&debut=396&debut=432&debut=432&debut=48&m=09&y=2022 HTTP/1.1" 200 130770 "-" "Mozilla/5.0 (compatible; SemrushBot/7~bl; +http://www.semrush.com/bot.html)"
185.191.171.8 - - [15/Jun/2026:06:05:38 +0200] "GET /new-products.php?a=12&b=1&debut=0&debut=0&debut=396&debut=396&debut=396&debut=432&debut=60&m=09&seo_cat&x26=1&y=2022 HTTP/1.1" 200 74682 "-" "Mozilla/5.0 (compatible; SemrushBot/7~bl; +http://www.semrush.com/bot.html)"
51.89.129.219 - - [15/Jun/2026:06:05:48 +0200] "GET /?m=06&y=2004 HTTP/1.1" 200 212712 "-" "Mozilla/5.0 (compatible; AhrefsBot/7.0; +http://ahrefs.com/robot/)"
85.208.96.197 - - [15/Jun/2026:06:06:14 +0200] "GET /new-products.php?a=12&b=1&debut=0&debut=0&debut=372&debut=372&debut=372&debut=372&debut=48&m=12&y=2023 HTTP/1.1" 200 130429 "-" "Mozilla/5.0 (compatible; SemrushBot/7~bl; +http://www.semrush.com/bot.html)"
85.208.96.193 - - [15/Jun/2026:06:06:16 +0200] "GET /new-products.php?a=12&b=1&debut=0&debut=0&debut=396&debut=396&debut=396&debut=396&debut=60&m=11&seo_cat&x24=1&y=2025 HTTP/1.1" 200 74681 "-" "Mozilla/5.0 (compatible; SemrushBot/7~bl; +http://www.semrush.com/bot.html)"
66.249.65.72 - - [15/Jun/2026:06:06:39 +0200] "GET /uploadfiles/products/mini/16114785510BCC.jpg HTTP/1.1" 200 12511 "-" "Googlebot-Image/1.0"
85.208.96.212 - - [15/Jun/2026:06:06:43 +0200] "GET /new-products.php?a=12&a=12&a=12&b=1&b=1&b=1&debut=120&debut=36&debut=372&debut=396&debut=84&m=10&y=2025 HTTP/1.1" 200 132150 "-" "Mozilla/5.0 (compatible; SemrushBot/7~bl; +http://www.semrush.com/bot.html)"
185.191.171.12 - - [15/Jun/2026:06:07:04 +0200] "GET /new-products.php?a=12&a=12&b=1&b=1&debut=0&debut=0&debut=0&debut=0&debut=36&debut=372&debut=84&histo_track=1 HTTP/1.1" 200 132296 "-" "Mozilla/5.0 (compatible; SemrushBot/7~bl; +http://www.semrush.com/bot.html)"
185.191.171.2 - - [15/Jun/2026:06:07:13 +0200] "GET /new-products.php?a=12&b=1&debut=0&debut=0&debut=0&debut=0&debut=0&debut=396&debut=396&debut=408&debut=48&m=09&y=2021 HTTP/1.1" 200 130770 "-" "Mozilla/5.0 (compatible; SemrushBot/7~bl; +http://www.semrush.com/bot.html)"
185.191.171.19 - - [15/Jun/2026:06:07:15 +0200] "GET /new-products.php?a=12&a=12&a=12&b=1&b=1&b=1&debut=0&debut=12&debut=396&debut=48&debut=60&histo_track=1&m=03&y=2024 HTTP/1.1" 200 130211 "-" "Mozilla/5.0 (compatible; SemrushBot/7~bl; +http://www.semrush.com/bot.html)"
85.208.96.211 - - [15/Jun/2026:06:07:22 +0200] "GET /new-products.php?a=12&a=12&a=12&b=1&b=1&b=1&debut=0&debut=36&debut=36&debut=372&debut=432&debut=48&m=10&y=2021 HTTP/1.1" 200 130621 "-" "Mozilla/5.0 (compatible; SemrushBot/7~bl; +http://www.semrush.com/bot.html)"
154.17.176.143 - - [15/Jun/2026:06:07:29 +0200] "GET /new-products.php?m=09&y=2024&debut=72&a=12&b=1&debut=60&a=12&b=1&x23=1&debut=0&debut=24&a=12&b=1 HTTP/1.1" 200 128403 "-" "Mozilla/5.0 (Windows NT 10.0; Win64; x64) AppleWebKit/537.36 (KHTML, like Gecko) Chrome/149.0.0.0 Safari/537.36 Edg/149.0.0.0"
85.208.96.203 - - [15/Jun/2026:06:07:30 +0200] "GET /new-products.php?a=12&a=12&b=1&b=1&debut=0&debut=0&debut=0&debut=0&debut=12&debut=60&m=02&seo_cat&x23=1&y=2018 HTTP/1.1" 200 98877 "-" "Mozilla/5.0 (compatible; SemrushBot/7~bl; +http://www.semrush.com/bot.html)"
85.208.96.207 - - [15/Jun/2026:06:07:50 +0200] "GET /new-products.php?a=12&a=12&a=12&b=1&b=1&b=1&debut=0&debut=12&debut=72&debut=96&m=02&seo_cat&x20=1&y=2019 HTTP/1.1" 200 74597 "-" "Mozilla/5.0 (compatible; SemrushBot/7~bl; +http://www.semrush.com/bot.html)"
185.191.171.17 - - [15/Jun/2026:06:08:10 +0200] "GET /new-products.php?a=12&a=12&a=12&a=12&b=1&b=1&b=1&b=1&debut=0&debut=132&debut=48&debut=72&debut=96&m=07&y=2018 HTTP/1.1" 200 131068 "-" "Mozilla/5.0 (compatible; SemrushBot/7~bl; +http://www.semrush.com/bot.html)"
185.191.171.14 - - [15/Jun/2026:06:08:13 +0200] "GET /new-products.php?a=12&a=12&a=12&b=1&b=1&b=1&debut=0&debut=0&debut=0&debut=36&debut=72&debut=84&m=09&y=2024 HTTP/1.1" 200 132297 "-" "Mozilla/5.0 (compatible; SemrushBot/7~bl; +http://www.semrush.com/bot.html)"
85.208.96.197 - - [15/Jun/2026:06:08:14 +0200] "GET /new-products.php?a=12&a=12&b=1&b=1&debut=0&debut=372&debut=396&debut=48&debut=60&m=06&y=2022 HTTP/1.1" 200 129658 "-" "Mozilla/5.0 (compatible; SemrushBot/7~bl; +http://www.semrush.com/bot.html)"
185.191.171.1 - - [15/Jun/2026:06:08:21 +0200] "GET /new-products.php?a=12&b=1&debut=0&debut=0&debut=0&debut=120&debut=96&m=07&seo_cat&seo_cat&x23=1&x24=1&y=2017 HTTP/1.1" 200 128987 "-" "Mozilla/5.0 (compatible; SemrushBot/7~bl; +http://www.semrush.com/bot.html)"
85.208.96.197 - - [15/Jun/2026:06:08:38 +0200] "GET /new-products.php?a=12&a=12&b=1&b=1&debut=0&debut=0&debut=120&debut=408&debut=420&debut=420&debut=456&debut=72 HTTP/1.1" 200 129351 "-" "Mozilla/5.0 (compatible; SemrushBot/7~bl; +http://www.semrush.com/bot.html)"
54.38.147.119 - - [15/Jun/2026:06:08:41 +0200] "GET /?m=07&y=2048 HTTP/1.1" 200 212457 "-" "Mozilla/5.0 (compatible; AhrefsBot/7.0; +http://ahrefs.com/robot/)"
66.249.65.74 - - [15/Jun/2026:06:08:54 +0200] "GET /categorie-62-cadeaux-zero-dechet HTTP/1.1" 200 141687 "-" "Mozilla/5.0 (Linux; Android 6.0.1; Nexus 5X Build/MMB29P) AppleWebKit/537.36 (KHTML, like Gecko) Chrome/148.0.7778.96 Mobile Safari/537.36 (compatible; Googlebot/2.1; +http://www.google.com/bot.html)"
85.208.96.207 - - [15/Jun/2026:06:08:57 +0200] "GET /new-products.php?a=12&a=12&b=1&b=1&debut=0&debut=0&debut=0&debut=0&debut=36&debut=48&m=06&seo_cat&x23=1&y=2020 HTTP/1.1" 200 128216 "-" "Mozilla/5.0 (compatible; SemrushBot/7~bl; +http://www.semrush.com/bot.html)"
185.191.171.16 - - [15/Jun/2026:06:09:02 +0200] "GET /new-products.php?a=12&a=12&a=12&b=1&b=1&b=1&debut=0&debut=0&debut=300&debut=300&debut=360&debut=372&seo_cat&x23=1 HTTP/1.1" 200 74683 "-" "Mozilla/5.0 (compatible; SemrushBot/7~bl; +http://www.semrush.com/bot.html)"
85.208.96.200 - - [15/Jun/2026:06:09:04 +0200] "GET /new-products.php?a=12&a=12&b=1&b=1&debut=0&debut=0&debut=372&debut=372&debut=396&debut=84&debut=96&m=06&y=2021 HTTP/1.1" 200 131014 "-" "Mozilla/5.0 (compatible; SemrushBot/7~bl; +http://www.semrush.com/bot.html)"
85.208.96.210 - - [15/Jun/2026:06:09:42 +0200] "GET /new-products.php?a=12&a=12&b=1&b=1&debut=0&debut=0&debut=408&debut=432&debut=48&debut=72&m=09&seo_cat&x23=1&y=2022 HTTP/1.1" 200 74668 "-" "Mozilla/5.0 (compatible; SemrushBot/7~bl; +http://www.semrush.com/bot.html)"
85.208.96.203 - - [15/Jun/2026:06:09:45 +0200] "GET /new-products.php?a=12&a=12&b=1&b=1&debut=0&debut=0&debut=12&debut=372&debut=396&debut=396&debut=84&m=01&y=2023 HTTP/1.1" 200 132398 "-" "Mozilla/5.0 (compatible; SemrushBot/7~bl; +http://www.semrush.com/bot.html)"
185.191.171.17 - - [15/Jun/2026:06:09:56 +0200] "GET /new-products.php?a=12&b=1&debut=0&debut=0&debut=48&histo_track=1&m=11&seo_cat&seo_cat&x21=1&x24=1&y=2021 HTTP/1.1" 200 128341 "-" "Mozilla/5.0 (compatible; SemrushBot/7~bl; +http://www.semrush.com/bot.html)"
85.208.96.211 - - [15/Jun/2026:06:10:17 +0200] "GET /new-products.php?a=12&a=12&a=12&a=12&b=1&b=1&b=1&b=1&debut=0&debut=12&debut=48&debut=48&debut=84&m=06&y=2021 HTTP/1.1" 200 132269 "-" "Mozilla/5.0 (compatible; SemrushBot/7~bl; +http://www.semrush.com/bot.html)"
185.191.171.19 - - [15/Jun/2026:06:10:45 +0200] "GET /marques.php?debut=0&debut=0&seo=23-produits-locaux&seo_marq=23&seo_marq=23&t111=1&t84=1 HTTP/1.1" 200 87567 "-" "Mozilla/5.0 (compatible; SemrushBot/7~bl; +http://www.semrush.com/bot.html)"
85.208.96.206 - - [15/Jun/2026:06:10:55 +0200] "GET /new-products.php?a=12&b=1&debut=0&debut=372&debut=372&debut=372&debut=372&debut=384&debut=384&debut=432&debut=48&m=09&y=2022 HTTP/1.1" 200 130970 "-" "Mozilla/5.0 (compatible; SemrushBot/7~bl; +http://www.semrush.com/bot.html)"
85.208.96.205 - - [15/Jun/2026:06:10:57 +0200] "GET /marques.php?a=12&b=1&debut=0&debut=0&debut=48&seo=23-produits-locaux&seo_marq=23&seo_marq=23&t109=1&t98=1 HTTP/1.1" 200 78113 "-" "Mozilla/5.0 (compatible; SemrushBot/7~bl; +http://www.semrush.com/bot.html)"
185.191.171.15 - - [15/Jun/2026:06:11:23 +0200] "GET /new-products.php?a=12&a=12&b=1&b=1&debut=0&debut=384&debut=396&debut=72&debut=96&m=11&seo_cat&x23=1&y=2018 HTTP/1.1" 200 74611 "-" "Mozilla/5.0 (compatible; SemrushBot/7~bl; +http://www.semrush.com/bot.html)"
85.208.96.197 - - [15/Jun/2026:06:11:26 +0200] "GET /new-products.php?a=12&a=12&b=1&b=1&debut=0&debut=372&debut=372&debut=384&debut=396&debut=60&debut=84&m=06&y=2023 HTTP/1.1" 200 132369 "-" "Mozilla/5.0 (compatible; SemrushBot/7~bl; +http://www.semrush.com/bot.html)"
85.208.96.206 - - [15/Jun/2026:06:11:39 +0200] "GET /new-products.php?a=12&a=12&b=1&b=1&debut=0&debut=0&debut=0&debut=24&debut=372&debut=396&debut=48&seo_cat&x20=1 HTTP/1.1" 200 74662 "-" "Mozilla/5.0 (compatible; SemrushBot/7~bl; +http://www.semrush.com/bot.html)"
85.208.96.210 - - [15/Jun/2026:06:11:52 +0200] "GET /new-products.php?a=12&b=1&debut=0&debut=0&debut=0&debut=324&debut=396&m=11&y=2017 HTTP/1.1" 200 74436 "-" "Mozilla/5.0 (compatible; SemrushBot/7~bl; +http://www.semrush.com/bot.html)"
85.208.96.193 - - [15/Jun/2026:06:12:14 +0200] "GET /new-products.php?debut=0&debut=0&debut=0&debut=396&histo_track=1&m=11&seo_cat&seo_cat&seo_cat&x21=0&x21=1&x26=1&y=2019 HTTP/1.1" 200 74695 "-" "Mozilla/5.0 (compatible; SemrushBot/7~bl; +http://www.semrush.com/bot.html)"
66.249.65.73 - - [15/Jun/2026:06:12:22 +0200] "GET /account.php?m=11&y=2041 HTTP/1.1" 200 105855 "-" "Mozilla/5.0 (Linux; Android 6.0.1; Nexus 5X Build/MMB29P) AppleWebKit/537.36 (KHTML, like Gecko) Chrome/148.0.7778.96 Mobile Safari/537.36 (compatible; Googlebot/2.1; +http://www.google.com/bot.html)"
66.249.65.74 - - [15/Jun/2026:06:12:24 +0200] "GET /produit-458-eau-de-chaux-500-ml?m=06&y=2025 HTTP/1.1" 200 146227 "-" "Mozilla/5.0 (Linux; Android 6.0.1; Nexus 5X Build/MMB29P) AppleWebKit/537.36 (KHTML, like Gecko) Chrome/148.0.7778.96 Mobile Safari/537.36 (compatible; Googlebot/2.1; +http://www.google.com/bot.html)"
66.249.65.72 - - [15/Jun/2026:06:12:28 +0200] "GET /produit-214-the-noir-bio-gingembre-orange-50g?m=07&y=2026 HTTP/1.1" 200 142802 "-" "Mozilla/5.0 (Linux; Android 6.0.1; Nexus 5X Build/MMB29P) AppleWebKit/537.36 (KHTML, like Gecko) Chrome/148.0.7778.96 Mobile Safari/537.36 (compatible; Googlebot/2.1; +http://www.google.com/bot.html)"
85.208.96.210 - - [15/Jun/2026:06:12:42 +0200] "GET /marques.php?debut=0&debut=0&debut=0&histo_track=1&seo=23-produits-locaux&seo_marq=23&seo_marq=23&seo_marq=23&t104=1&t109=1&t5=1 HTTP/1.1" 200 121465 "-" "Mozilla/5.0 (compatible; SemrushBot/7~bl; +http://www.semrush.com/bot.html)"
85.208.96.211 - - [15/Jun/2026:06:13:01 +0200] "GET /new-products.php?a=12&b=1&debut=0&debut=0&debut=0&debut=0&debut=372&debut=372&debut=60&m=11&seo_cat&x26=1&y=2025 HTTP/1.1" 200 74653 "-" "Mozilla/5.0 (compatible; SemrushBot/7~bl; +http://www.semrush.com/bot.html)"
47.79.198.250 - - [15/Jun/2026:06:13:03 +0200] "GET /templates/shop/img/back_hover.png HTTP/1.1" 200 6257 "-" "Mozilla/5.0 (Macintosh; Intel Mac OS X 10_15_7) AppleWebKit/537.36 (KHTML, like Gecko) Chrome/146.0.0.0 Safari/537.36"
185.191.171.15 - - [15/Jun/2026:06:13:05 +0200] "GET /new-products.php?a=12&a=12&b=1&b=1&debut=0&debut=24&debut=372&debut=372&debut=396&debut=60&m=03&seo_cat&x24=1&y=2023 HTTP/1.1" 200 74680 "-" "Mozilla/5.0 (compatible; SemrushBot/7~bl; +http://www.semrush.com/bot.html)"
66.249.65.74 - - [15/Jun/2026:06:13:18 +0200] "GET /uploadfiles/products/mini/15639774840RC.jpg HTTP/1.1" 200 17876 "-" "Googlebot-Image/1.0"
185.191.171.19 - - [15/Jun/2026:06:13:22 +0200] "GET /new-products.php?a=12&a=12&a=12&b=1&b=1&b=1&debut=0&debut=396&debut=72&debut=72&debut=84&m=08&y=2022 HTTP/1.1" 200 132078 "-" "Mozilla/5.0 (compatible; SemrushBot/7~bl; +http://www.semrush.com/bot.html)"
185.191.171.5 - - [15/Jun/2026:06:13:27 +0200] "GET /new-products.php?a=12&a=12&b=1&b=1&debut=0&debut=0&debut=24&debut=48&m=10&seo_cat&seo_cat&x24=1&x26=1&y=2017 HTTP/1.1" 200 119437 "-" "Mozilla/5.0 (compatible; SemrushBot/7~bl; +http://www.semrush.com/bot.html)"
185.191.171.11 - - [15/Jun/2026:06:13:43 +0200] "GET /new-products.php?a=12&b=1&debut=0&debut=0&debut=0&debut=384&debut=396&debut=72&histo_track=1&m=11&seo_cat&x20=1&y=2023 HTTP/1.1" 200 74695 "-" "Mozilla/5.0 (compatible; SemrushBot/7~bl; +http://www.semrush.com/bot.html)"
40.77.167.187 - - [15/Jun/2026:06:13:57 +0200] "GET /robots.txt HTTP/1.1" 200 89 "-" "Mozilla/5.0 AppleWebKit/537.36 (KHTML, like Gecko; compatible; bingbot/2.0; +http://www.bing.com/bingbot.htm) Chrome/116.0.1938.76 Safari/537.36"
47.79.51.207 - - [15/Jun/2026:06:13:59 +0200] "GET /marques.php?a=12&b=1&debut=36&debut=0&debut=0&debut=0&debut=0&seo=23-produits-locaux&seo_marq=23&seo_marq=23&seo_marq=23&seo_marq=23&t103=1&t117=1&t77=1&t78=1 HTTP/1.1" 200 131435 "-" "Mozilla/5.0 (Windows NT 10.0; Win64; x64) AppleWebKit/537.36 (KHTML, like Gecko) Chrome/138.0.0.0 Safari/537.36"
185.191.171.17 - - [15/Jun/2026:06:14:00 +0200] "GET /new-products.php?a=12&a=12&b=1&b=1&debut=0&debut=0&debut=372&debut=384&debut=60&debut=96&m=08&y=2018 HTTP/1.1" 200 130647 "-" "Mozilla/5.0 (compatible; SemrushBot/7~bl; +http://www.semrush.com/bot.html)"