85.208.96.209 - - [15/Jun/2026:04:18:10 +0200] "GET /new-products.php?a=12&a=12&a=12&b=1&b=1&b=1&debut=0&debut=0&debut=24&debut=36&debut=60&m=09&y=2024 HTTP/1.1" 200 129886 "-" "Mozilla/5.0 (compatible; SemrushBot/7~bl; +http://www.semrush.com/bot.html)"
85.208.96.196 - - [15/Jun/2026:04:18:21 +0200] "GET /new-products.php?a=12&a=12&b=1&b=1&debut=0&debut=0&debut=24&debut=48&m=05&seo_cat&seo_cat&x24=1&x26=1&y=2017 HTTP/1.1" 200 119360 "-" "Mozilla/5.0 (compatible; SemrushBot/7~bl; +http://www.semrush.com/bot.html)"
185.191.171.13 - - [15/Jun/2026:04:18:29 +0200] "GET /new-products.php?a=12&b=1&debut=0&debut=0&debut=396&debut=396&debut=408&debut=420&debut=456&debut=60&histo_track=1 HTTP/1.1" 200 130235 "-" "Mozilla/5.0 (compatible; SemrushBot/7~bl; +http://www.semrush.com/bot.html)"
185.191.171.8 - - [15/Jun/2026:04:18:34 +0200] "GET /new-products.php?a=12&b=1&debut=0&debut=372&debut=372&debut=372&debut=84&histo_track=1&m=11&seo_cat&x24=1&y=2025 HTTP/1.1" 200 74653 "-" "Mozilla/5.0 (compatible; SemrushBot/7~bl; +http://www.semrush.com/bot.html)"
85.208.96.208 - - [15/Jun/2026:04:18:37 +0200] "GET /new-products.php?a=12&a=12&b=1&b=1&debut=0&debut=384&debut=384&debut=396&debut=60&debut=72&m=06&seo_cat&x24=1&y=2020 HTTP/1.1" 200 74677 "-" "Mozilla/5.0 (compatible; SemrushBot/7~bl; +http://www.semrush.com/bot.html)"
85.208.96.210 - - [15/Jun/2026:04:18:41 +0200] "GET /new-products.php?a=12&a=12&b=1&b=1&debut=0&debut=0&debut=0&debut=0&debut=48&debut=72&m=04&seo_cat&x21=1&y=2020 HTTP/1.1" 200 74636 "-" "Mozilla/5.0 (compatible; SemrushBot/7~bl; +http://www.semrush.com/bot.html)"
47.79.51.13 - - [15/Jun/2026:04:18:58 +0200] "GET /marques.php?debut=0&debut=0&debut=0&debut=0&debut=0&debut=0&seo=24-idees-cadeaux&seo_marq=24&seo_marq=24&seo_marq=24&seo_marq=24&seo_marq=24&seo_marq=24&t120=1&t121=1&t62=1&t62=0&t64=1&t65=1 HTTP/1.1" 200 128555 "-" "Mozilla/5.0 (Windows NT 10.0; Win64; x64) AppleWebKit/537.36 (KHTML, like Gecko) Chrome/143.0.0.0 Safari/537.36"
85.208.96.196 - - [15/Jun/2026:04:19:03 +0200] "GET /new-products.php?a=12&b=1&debut=0&debut=0&debut=0&debut=0&debut=36&debut=396&histo_track=1&m=08&seo_cat&x23=1&y=2017 HTTP/1.1" 200 74686 "-" "Mozilla/5.0 (compatible; SemrushBot/7~bl; +http://www.semrush.com/bot.html)"
66.249.65.73 - - [15/Jun/2026:04:19:20 +0200] "GET /uploadfiles/products/mini/15640634010lesherbesdusoir%20(2).png HTTP/1.1" 200 187410 "-" "Googlebot-Image/1.0"
185.191.171.6 - - [15/Jun/2026:04:19:38 +0200] "GET /new-products.php?a=12&a=12&b=1&b=1&debut=0&debut=0&debut=0&debut=348&debut=384&debut=396&m=02&seo_cat&x21=1&y=2025 HTTP/1.1" 200 74667 "-" "Mozilla/5.0 (compatible; SemrushBot/7~bl; +http://www.semrush.com/bot.html)"
85.208.96.205 - - [15/Jun/2026:04:19:57 +0200] "GET /new-products.php?a=12&a=12&b=1&b=1&debut=24&debut=396&debut=396&debut=396&debut=396&debut=408&debut=48&m=04&y=2020 HTTP/1.1" 200 130727 "-" "Mozilla/5.0 (compatible; SemrushBot/7~bl; +http://www.semrush.com/bot.html)"
85.208.96.199 - - [15/Jun/2026:04:20:08 +0200] "GET /marques.php?a=12&b=1&debut=0&debut=0&debut=24&histo_track=1&seo=23-produits-locaux&seo_marq=23&seo_marq=23&t103=1&t81=1 HTTP/1.1" 200 78365 "-" "Mozilla/5.0 (compatible; SemrushBot/7~bl; +http://www.semrush.com/bot.html)"
185.191.171.14 - - [15/Jun/2026:04:20:18 +0200] "GET /new-products.php?a=12&a=12&b=1&b=1&debut=0&debut=0&debut=0&debut=0&debut=12&debut=396&debut=72&m=09&y=2025 HTTP/1.1" 200 129281 "-" "Mozilla/5.0 (compatible; SemrushBot/7~bl; +http://www.semrush.com/bot.html)"
85.208.96.206 - - [15/Jun/2026:04:20:35 +0200] "GET /new-products.php?a=12&a=12&b=1&b=1&debut=0&debut=0&debut=60&debut=84&seo_cat&x21=1 HTTP/1.1" 200 74466 "-" "Mozilla/5.0 (compatible; SemrushBot/7~bl; +http://www.semrush.com/bot.html)"
85.208.96.199 - - [15/Jun/2026:04:20:51 +0200] "GET /new-products.php?a=12&a=12&b=1&b=1&debut=396&debut=396&debut=396&debut=408&debut=408&debut=72&debut=96&m=09&y=2020 HTTP/1.1" 200 130993 "-" "Mozilla/5.0 (compatible; SemrushBot/7~bl; +http://www.semrush.com/bot.html)"
185.191.171.6 - - [15/Jun/2026:04:21:01 +0200] "GET /new-products.php?a=12&b=1&debut=0&debut=0&debut=0&debut=0&debut=0&debut=0&debut=384&debut=384&debut=60&m=12&y=2018 HTTP/1.1" 200 130295 "-" "Mozilla/5.0 (compatible; SemrushBot/7~bl; +http://www.semrush.com/bot.html)"
185.191.171.9 - - [15/Jun/2026:04:21:05 +0200] "GET /new-products.php?a=12&a=12&b=1&b=1&debut=0&debut=12&debut=372&debut=396&debut=396&debut=396&debut=60 HTTP/1.1" 200 129885 "-" "Mozilla/5.0 (compatible; SemrushBot/7~bl; +http://www.semrush.com/bot.html)"
185.191.171.17 - - [15/Jun/2026:04:21:07 +0200] "GET /new-products.php?a=12&a=12&b=1&b=1&debut=0&debut=36&debut=372&debut=72&m=11&seo_cat&x26=1&y=2025 HTTP/1.1" 200 74541 "-" "Mozilla/5.0 (compatible; SemrushBot/7~bl; +http://www.semrush.com/bot.html)"
85.208.96.199 - - [15/Jun/2026:04:21:10 +0200] "GET /new-products.php?a=12&a=12&a=12&b=1&b=1&b=1&debut=0&debut=12&debut=288&debut=36&debut=372&seo_cat&x20=1 HTTP/1.1" 200 74613 "-" "Mozilla/5.0 (compatible; SemrushBot/7~bl; +http://www.semrush.com/bot.html)"
66.249.65.74 - - [15/Jun/2026:04:21:27 +0200] "GET /produit-554-dentifrice-endro-pate-citron-150g HTTP/1.1" 200 99240 "-" "Mozilla/5.0 (Linux; Android 6.0.1; Nexus 5X Build/MMB29P) AppleWebKit/537.36 (KHTML, like Gecko) Chrome/148.0.7778.96 Mobile Safari/537.36 (compatible; Googlebot/2.1; +http://www.google.com/bot.html)"
185.191.171.8 - - [15/Jun/2026:04:22:04 +0200] "GET /new-products.php?a=12&a=12&b=1&b=1&debut=0&debut=36&debut=372&debut=396&debut=396&debut=84&m=11&y=2025 HTTP/1.1" 200 132123 "-" "Mozilla/5.0 (compatible; SemrushBot/7~bl; +http://www.semrush.com/bot.html)"
185.191.171.9 - - [15/Jun/2026:04:22:09 +0200] "GET /new-products.php?a=12&b=1&debut=0&debut=0&debut=0&debut=0&debut=0&debut=84&m=09&y=2018 HTTP/1.1" 200 131724 "-" "Mozilla/5.0 (compatible; SemrushBot/7~bl; +http://www.semrush.com/bot.html)"
85.208.96.198 - - [15/Jun/2026:04:22:11 +0200] "GET /new-products.php?a=12&a=12&a=12&b=1&b=1&b=1&debut=0&debut=24&debut=36&debut=60&m=12&seo_cat&x23=1&y=2017 HTTP/1.1" 200 98785 "-" "Mozilla/5.0 (compatible; SemrushBot/7~bl; +http://www.semrush.com/bot.html)"
185.191.171.2 - - [15/Jun/2026:04:22:30 +0200] "GET /new-products.php?a=12&a=12&b=1&b=1&debut=0&debut=36&debut=372&debut=396&debut=48&m=12&seo_cat&x23=1&y=2023 HTTP/1.1" 200 128162 "-" "Mozilla/5.0 (compatible; SemrushBot/7~bl; +http://www.semrush.com/bot.html)"
52.167.144.199 - - [15/Jun/2026:04:22:32 +0200] "GET /produit-408-panier-legumes-bio-du-vendredi-07-avril?m=03&y=2026 HTTP/1.1" 200 72540 "-" "Mozilla/5.0 AppleWebKit/537.36 (KHTML, like Gecko; compatible; bingbot/2.0; +http://www.bing.com/bingbot.htm) Chrome/116.0.1938.76 Safari/537.36"
185.191.171.5 - - [15/Jun/2026:04:22:34 +0200] "GET /new-products.php?a=12&a=12&b=1&b=1&debut=36&debut=372&debut=372&debut=396&debut=408&debut=432&debut=72&m=12&y=2021 HTTP/1.1" 200 129463 "-" "Mozilla/5.0 (compatible; SemrushBot/7~bl; +http://www.semrush.com/bot.html)"
85.208.96.196 - - [15/Jun/2026:04:22:36 +0200] "GET /new-products.php?a=12&a=12&a=12&b=1&b=1&b=1&debut=0&debut=24&debut=396&debut=408&debut=408&debut=48&debut=60 HTTP/1.1" 200 130085 "-" "Mozilla/5.0 (compatible; SemrushBot/7~bl; +http://www.semrush.com/bot.html)"
47.189.213.118 - - [15/Jun/2026:04:22:37 +0200] "GET /produit-423-sirop-d-orgeat-bio-equitable-50cl?m=02&y=2026 HTTP/1.1" 200 143357 "https://www.yahoo.com/" "Mozilla/5.0 (Linux; Android 13; SM-S901B) AppleWebKit/537.36 (KHTML, like Gecko) Chrome/112.0.0.0 Mobile Safari/537.36"
86.105.107.16 - - [15/Jun/2026:04:22:41 +0200] "GET /start_to_top/style.css HTTP/1.1" 200 - "https://www.vracandbio.com/produit-423-sirop-d-orgeat-bio-equitable-50cl?m=02&y=2026" "Mozilla/5.0 (Macintosh; Intel Mac OS X 10_12_0) AppleWebKit/537.36 (KHTML, like Gecko) Chrome/53.0.6410.1611 Safari/537.36"
86.105.107.16 - - [15/Jun/2026:04:22:41 +0200] "GET /uploadfiles/products/15892134410SO.jpg HTTP/1.1" 200 1319829 "https://www.vracandbio.com/produit-423-sirop-d-orgeat-bio-equitable-50cl?m=02&y=2026" "Mozilla/5.0 (Macintosh; Intel Mac OS X 10_12_0) AppleWebKit/537.36 (KHTML, like Gecko) Chrome/53.0.6410.1611 Safari/537.36"
86.105.107.16 - - [15/Jun/2026:04:22:41 +0200] "GET /uploadfiles/products/mini/15640694690jasmin%20(2).png HTTP/1.1" 200 186427 "https://www.vracandbio.com/produit-423-sirop-d-orgeat-bio-equitable-50cl?m=02&y=2026" "Mozilla/5.0 (Macintosh; Intel Mac OS X 10_12_0) AppleWebKit/537.36 (KHTML, like Gecko) Chrome/53.0.6410.1611 Safari/537.36"
86.105.107.16 - - [15/Jun/2026:04:22:41 +0200] "GET /uploadfiles/products/mini/15892137740SFS.jpg HTTP/1.1" 200 23660 "https://www.vracandbio.com/produit-423-sirop-d-orgeat-bio-equitable-50cl?m=02&y=2026" "Mozilla/5.0 (Macintosh; Intel Mac OS X 10_12_0) AppleWebKit/537.36 (KHTML, like Gecko) Chrome/53.0.6410.1611 Safari/537.36"
86.105.107.16 - - [15/Jun/2026:04:22:41 +0200] "GET /uploadfiles/products/mini/15892133970SFR.jpg HTTP/1.1" 200 24008 "https://www.vracandbio.com/produit-423-sirop-d-orgeat-bio-equitable-50cl?m=02&y=2026" "Mozilla/5.0 (Macintosh; Intel Mac OS X 10_12_0) AppleWebKit/537.36 (KHTML, like Gecko) Chrome/53.0.6410.1611 Safari/537.36"
86.105.107.16 - - [15/Jun/2026:04:22:41 +0200] "GET /uploadfiles/products/15892134410SO.jpg HTTP/1.1" 200 1319829 "https://www.vracandbio.com/produit-423-sirop-d-orgeat-bio-equitable-50cl?m=02&y=2026" "Mozilla/5.0 (Macintosh; Intel Mac OS X 10_12_0) AppleWebKit/537.36 (KHTML, like Gecko) Chrome/53.0.6410.1611 Safari/537.36"
86.105.107.16 - - [15/Jun/2026:04:22:41 +0200] "GET /uploadfiles/products/mini/15892128900SC.jpg HTTP/1.1" 200 23104 "https://www.vracandbio.com/produit-423-sirop-d-orgeat-bio-equitable-50cl?m=02&y=2026" "Mozilla/5.0 (Macintosh; Intel Mac OS X 10_12_0) AppleWebKit/537.36 (KHTML, like Gecko) Chrome/53.0.6410.1611 Safari/537.36"
86.105.107.16 - - [15/Jun/2026:04:22:41 +0200] "GET /uploadfiles/products/mini/15892134790SP.jpg HTTP/1.1" 200 23803 "https://www.vracandbio.com/produit-423-sirop-d-orgeat-bio-equitable-50cl?m=02&y=2026" "Mozilla/5.0 (Macintosh; Intel Mac OS X 10_12_0) AppleWebKit/537.36 (KHTML, like Gecko) Chrome/53.0.6410.1611 Safari/537.36"
86.105.107.16 - - [15/Jun/2026:04:22:41 +0200] "GET /uploadfiles/products/mini/15892135220SK.jpg HTTP/1.1" 200 23947 "https://www.vracandbio.com/produit-423-sirop-d-orgeat-bio-equitable-50cl?m=02&y=2026" "Mozilla/5.0 (Macintosh; Intel Mac OS X 10_12_0) AppleWebKit/537.36 (KHTML, like Gecko) Chrome/53.0.6410.1611 Safari/537.36"
86.105.107.16 - - [15/Jun/2026:04:22:41 +0200] "GET /uploadfiles/products/mini/15892127620SM.jpg HTTP/1.1" 200 23896 "https://www.vracandbio.com/produit-423-sirop-d-orgeat-bio-equitable-50cl?m=02&y=2026" "Mozilla/5.0 (Macintosh; Intel Mac OS X 10_12_0) AppleWebKit/537.36 (KHTML, like Gecko) Chrome/53.0.6410.1611 Safari/537.36"
86.105.107.16 - - [15/Jun/2026:04:22:41 +0200] "GET /uploadfiles/products/mini/15892140300SN.jpg HTTP/1.1" 200 24005 "https://www.vracandbio.com/produit-423-sirop-d-orgeat-bio-equitable-50cl?m=02&y=2026" "Mozilla/5.0 (Macintosh; Intel Mac OS X 10_12_0) AppleWebKit/537.36 (KHTML, like Gecko) Chrome/53.0.6410.1611 Safari/537.36"
86.105.107.16 - - [15/Jun/2026:04:22:41 +0200] "GET /uploadfiles/products/15892134410SO.jpg HTTP/1.1" 200 1319829 "https://www.vracandbio.com/produit-423-sirop-d-orgeat-bio-equitable-50cl?m=02&y=2026" "Mozilla/5.0 (Macintosh; Intel Mac OS X 10_12_0) AppleWebKit/537.36 (KHTML, like Gecko) Chrome/53.0.6410.1611 Safari/537.36"
86.105.107.16 - - [15/Jun/2026:04:22:41 +0200] "GET /uploadfiles/products/mini/15892139680SCA.jpg HTTP/1.1" 200 24047 "https://www.vracandbio.com/produit-423-sirop-d-orgeat-bio-equitable-50cl?m=02&y=2026" "Mozilla/5.0 (Macintosh; Intel Mac OS X 10_12_0) AppleWebKit/537.36 (KHTML, like Gecko) Chrome/53.0.6410.1611 Safari/537.36"
86.105.107.16 - - [15/Jun/2026:04:22:41 +0200] "GET /uploadfiles/products/mini/15892139000SAG.jpg HTTP/1.1" 200 24334 "https://www.vracandbio.com/produit-423-sirop-d-orgeat-bio-equitable-50cl?m=02&y=2026" "Mozilla/5.0 (Macintosh; Intel Mac OS X 10_12_0) AppleWebKit/537.36 (KHTML, like Gecko) Chrome/53.0.6410.1611 Safari/537.36"
86.105.107.16 - - [15/Jun/2026:04:22:41 +0200] "GET /uploadfiles/products/mini/15892132320SG.jpg HTTP/1.1" 200 24516 "https://www.vracandbio.com/produit-423-sirop-d-orgeat-bio-equitable-50cl?m=02&y=2026" "Mozilla/5.0 (Macintosh; Intel Mac OS X 10_12_0) AppleWebKit/537.36 (KHTML, like Gecko) Chrome/53.0.6410.1611 Safari/537.36"
86.105.107.16 - - [15/Jun/2026:04:22:41 +0200] "GET /uploadfiles/products/mini/15892135910SVI.jpg HTTP/1.1" 200 24018 "https://www.vracandbio.com/produit-423-sirop-d-orgeat-bio-equitable-50cl?m=02&y=2026" "Mozilla/5.0 (Macintosh; Intel Mac OS X 10_12_0) AppleWebKit/537.36 (KHTML, like Gecko) Chrome/53.0.6410.1611 Safari/537.36"
185.191.171.13 - - [15/Jun/2026:04:22:42 +0200] "GET /new-products.php?a=12&b=1&debut=0&debut=384&debut=384&debut=384&debut=396&debut=396&debut=72&m=03&seo_cat&x20=1&y=2022 HTTP/1.1" 200 74694 "-" "Mozilla/5.0 (compatible; SemrushBot/7~bl; +http://www.semrush.com/bot.html)"
85.208.96.202 - - [15/Jun/2026:04:22:54 +0200] "GET /new-products.php?a=12&b=1&debut=0&debut=0&debut=0&debut=0&debut=0&debut=0&debut=396&debut=396&debut=60&m=11&y=2025 HTTP/1.1" 200 130212 "-" "Mozilla/5.0 (compatible; SemrushBot/7~bl; +http://www.semrush.com/bot.html)"
185.191.171.15 - - [15/Jun/2026:04:23:24 +0200] "GET /marques.php?debut=0&debut=0&seo=24-idees-cadeaux&seo_marq=24&seo_marq=24&t62=1&t84=1 HTTP/1.1" 200 114059 "-" "Mozilla/5.0 (compatible; SemrushBot/7~bl; +http://www.semrush.com/bot.html)"
85.208.96.199 - - [15/Jun/2026:04:23:48 +0200] "GET /new-products.php?a=12&a=12&b=1&b=1&debut=0&debut=108&debut=396&debut=396&debut=396&debut=408&debut=60&m=08&y=2021 HTTP/1.1" 200 130265 "-" "Mozilla/5.0 (compatible; SemrushBot/7~bl; +http://www.semrush.com/bot.html)"
85.208.96.193 - - [15/Jun/2026:04:24:13 +0200] "GET /new-products.php?a=12&b=1&debut=0&debut=0&debut=408&debut=420&debut=420&debut=444&debut=456&debut=60&m=11&y=2020 HTTP/1.1" 200 130235 "-" "Mozilla/5.0 (compatible; SemrushBot/7~bl; +http://www.semrush.com/bot.html)"
85.208.96.199 - - [15/Jun/2026:04:24:26 +0200] "GET /new-products.php?a=12&a=12&a=12&b=1&b=1&b=1&debut=0&debut=0&debut=36&debut=396&debut=396&debut=60&m=01&y=2020 HTTP/1.1" 200 130089 "-" "Mozilla/5.0 (compatible; SemrushBot/7~bl; +http://www.semrush.com/bot.html)"
85.208.96.202 - - [15/Jun/2026:04:24:57 +0200] "GET /new-products.php?a=12&a=12&b=1&b=1&debut=0&debut=0&debut=372&debut=396&debut=48&debut=96&m=10&seo_cat&x23=1&y=2019 HTTP/1.1" 200 74669 "-" "Mozilla/5.0 (compatible; SemrushBot/7~bl; +http://www.semrush.com/bot.html)"
185.191.171.9 - - [15/Jun/2026:04:25:04 +0200] "GET /new-products.php?a=12&a=12&b=1&b=1&debut=0&debut=408&debut=408&debut=432&debut=48&debut=96&m=10&y=2021 HTTP/1.1" 200 130694 "-" "Mozilla/5.0 (compatible; SemrushBot/7~bl; +http://www.semrush.com/bot.html)"
185.191.171.14 - - [15/Jun/2026:04:25:06 +0200] "GET /new-products.php?a=12&a=12&a=12&b=1&b=1&b=1&debut=36&debut=396&debut=444&debut=60&debut=84&histo_track=1&m=11&y=2021 HTTP/1.1" 200 132409 "-" "Mozilla/5.0 (compatible; SemrushBot/7~bl; +http://www.semrush.com/bot.html)"
51.195.215.62 - - [15/Jun/2026:04:25:09 +0200] "GET /?m=10&y=2041 HTTP/1.1" 200 212217 "-" "Mozilla/5.0 (compatible; AhrefsBot/7.0; +http://ahrefs.com/robot/)"
185.191.171.11 - - [15/Jun/2026:04:25:11 +0200] "GET /new-products.php?a=12&a=12&a=12&b=1&b=1&b=1&debut=0&debut=12&debut=396&debut=48&debut=72&m=01&y=2020 HTTP/1.1" 200 129132 "-" "Mozilla/5.0 (compatible; SemrushBot/7~bl; +http://www.semrush.com/bot.html)"
185.191.171.13 - - [15/Jun/2026:04:25:25 +0200] "GET /new-products.php?a=12&a=12&b=1&b=1&debut=0&debut=0&debut=120&debut=396&debut=84&m=03&y=2023 HTTP/1.1" 200 131783 "-" "Mozilla/5.0 (compatible; SemrushBot/7~bl; +http://www.semrush.com/bot.html)"
66.249.65.72 - - [15/Jun/2026:04:25:36 +0200] "GET /produit-262-perle-de-soja-bio-250g HTTP/1.1" 200 159750 "-" "Mozilla/5.0 (Linux; Android 6.0.1; Nexus 5X Build/MMB29P) AppleWebKit/537.36 (KHTML, like Gecko) Chrome/148.0.7778.96 Mobile Safari/537.36 (compatible; Googlebot/2.1; +http://www.google.com/bot.html)"
66.249.65.73 - - [15/Jun/2026:04:25:53 +0200] "GET /product.php?seo=230-gingembre-en-poudre-bio-25g&debut=12&a=12&b=&debut=0&a=12&b= HTTP/1.1" 200 190252 "-" "Mozilla/5.0 (Linux; Android 6.0.1; Nexus 5X Build/MMB29P) AppleWebKit/537.36 (KHTML, like Gecko) Chrome/148.0.7778.96 Mobile Safari/537.36 (compatible; Googlebot/2.1; +http://www.google.com/bot.html)"
185.191.171.11 - - [15/Jun/2026:04:25:58 +0200] "GET /new-products.php?a=12&a=12&a=12&b=1&b=1&b=1&debut=0&debut=48&debut=60&debut=72&histo_track=1&m=02&y=2023 HTTP/1.1" 200 129203 "-" "Mozilla/5.0 (compatible; SemrushBot/7~bl; +http://www.semrush.com/bot.html)"
185.191.171.10 - - [15/Jun/2026:04:26:05 +0200] "GET /new-products.php?a=12&a=12&b=1&b=1&debut=36&debut=372&debut=372&debut=384&debut=396&debut=72&m=06&y=2018 HTTP/1.1" 200 129199 "-" "Mozilla/5.0 (compatible; SemrushBot/7~bl; +http://www.semrush.com/bot.html)"
185.191.171.14 - - [15/Jun/2026:04:26:27 +0200] "GET /new-products.php?a=12&a=12&a=12&b=1&b=1&b=1&debut=0&debut=0&debut=36&debut=372&debut=84&debut=96&seo_cat&x24=1 HTTP/1.1" 200 74662 "-" "Mozilla/5.0 (compatible; SemrushBot/7~bl; +http://www.semrush.com/bot.html)"
185.191.171.13 - - [15/Jun/2026:04:26:32 +0200] "GET /new-products.php?a=12&b=1&debut=0&debut=0&debut=0&debut=0&debut=0&debut=0&debut=0&debut=372&debut=396&m=04&y=2018 HTTP/1.1" 200 74730 "-" "Mozilla/5.0 (compatible; SemrushBot/7~bl; +http://www.semrush.com/bot.html)"
185.191.171.2 - - [15/Jun/2026:04:26:39 +0200] "GET /new-products.php?a=12&a=12&a=12&a=12&b=1&b=1&b=1&b=1&debut=108&debut=360&debut=48&debut=84&debut=96 HTTP/1.1" 200 130766 "-" "Mozilla/5.0 (compatible; SemrushBot/7~bl; +http://www.semrush.com/bot.html)"
51.195.215.185 - - [15/Jun/2026:04:26:40 +0200] "GET /?m=02&y=2020 HTTP/1.1" 200 212523 "-" "Mozilla/5.0 (compatible; AhrefsBot/7.0; +http://ahrefs.com/robot/)"
185.191.171.10 - - [15/Jun/2026:04:26:45 +0200] "GET /new-products.php?a=12&b=1&debut=0&debut=0&debut=0&debut=396&debut=84&m=06&seo_cat&seo_cat&x26=0&x26=1&y=2019 HTTP/1.1" 200 74621 "-" "Mozilla/5.0 (compatible; SemrushBot/7~bl; +http://www.semrush.com/bot.html)"
85.208.96.194 - - [15/Jun/2026:04:26:47 +0200] "GET /new-products.php?a=12&a=12&a=12&b=1&b=1&b=1&debut=0&debut=36&debut=384&debut=48&debut=60&m=04&y=2021 HTTP/1.1" 200 129859 "-" "Mozilla/5.0 (compatible; SemrushBot/7~bl; +http://www.semrush.com/bot.html)"
185.191.171.8 - - [15/Jun/2026:04:26:55 +0200] "GET /new-products.php?a=12&a=12&a=12&b=1&b=1&b=1&debut=0&debut=132&debut=60&debut=84&m=09&seo_cat&x21=1&y=2024 HTTP/1.1" 200 74678 "-" "Mozilla/5.0 (compatible; SemrushBot/7~bl; +http://www.semrush.com/bot.html)"
185.191.171.16 - - [15/Jun/2026:04:27:12 +0200] "GET /new-products.php?a=12&b=1&debut=0&debut=0&debut=0&debut=0&debut=36&debut=396&histo_track=1&m=06&seo_cat&x23=1&y=2018 HTTP/1.1" 200 74677 "-" "Mozilla/5.0 (compatible; SemrushBot/7~bl; +http://www.semrush.com/bot.html)"
85.208.96.207 - - [15/Jun/2026:04:27:43 +0200] "GET /new-products.php?a=12&a=12&b=1&b=1&debut=24&debut=396&debut=396&debut=432&debut=60&histo_track=1&m=09&y=2020 HTTP/1.1" 200 130063 "-" "Mozilla/5.0 (compatible; SemrushBot/7~bl; +http://www.semrush.com/bot.html)"
51.195.215.168 - - [15/Jun/2026:04:27:54 +0200] "GET /?m=01&y=2020 HTTP/1.1" 200 212705 "-" "Mozilla/5.0 (compatible; AhrefsBot/7.0; +http://ahrefs.com/robot/)"
66.249.65.73 - - [15/Jun/2026:04:28:05 +0200] "GET /produit-191-sucre-de-canne-roux-bio-500g HTTP/1.1" 200 148853 "-" "Mozilla/5.0 (Linux; Android 6.0.1; Nexus 5X Build/MMB29P) AppleWebKit/537.36 (KHTML, like Gecko) Chrome/148.0.7778.96 Mobile Safari/537.36 (compatible; Googlebot/2.1; +http://www.google.com/bot.html)"
185.191.171.19 - - [15/Jun/2026:04:28:08 +0200] "GET /new-products.php?a=12&a=12&b=1&b=1&debut=0&debut=312&debut=336&debut=396&m=05&y=2023 HTTP/1.1" 200 74455 "-" "Mozilla/5.0 (compatible; SemrushBot/7~bl; +http://www.semrush.com/bot.html)"
85.208.96.204 - - [15/Jun/2026:04:28:11 +0200] "GET /new-products.php?a=12&a=12&b=1&b=1&debut=0&debut=0&debut=72&debut=84&m=09&seo_cat&seo_cat&x20=1&x23=1&y=2019 HTTP/1.1" 200 74699 "-" "Mozilla/5.0 (compatible; SemrushBot/7~bl; +http://www.semrush.com/bot.html)"
66.249.65.73 - - [15/Jun/2026:04:28:20 +0200] "GET /product.php?seo=634-puree-de-sesame-12-complet-bio&debut=12&a=12&b=&histo_track=1&debut=0&a=12&b= HTTP/1.1" 200 150009 "-" "Mozilla/5.0 (Linux; Android 6.0.1; Nexus 5X Build/MMB29P) AppleWebKit/537.36 (KHTML, like Gecko) Chrome/148.0.7778.96 Mobile Safari/537.36 (compatible; Googlebot/2.1; +http://www.google.com/bot.html)"
185.191.171.12 - - [15/Jun/2026:04:28:35 +0200] "GET /new-products.php?a=12&a=12&a=12&a=12&b=1&b=1&b=1&b=1&debut=132&debut=144&debut=84&debut=96&m=08&y=2019 HTTP/1.1" 200 130859 "-" "Mozilla/5.0 (compatible; SemrushBot/7~bl; +http://www.semrush.com/bot.html)"
85.208.96.207 - - [15/Jun/2026:04:28:38 +0200] "GET /new-products.php?a=12&a=12&a=12&a=12&b=1&b=1&b=1&b=1&debut=48&debut=60&debut=60&debut=96&m=02&y=2022 HTTP/1.1" 200 130804 "-" "Mozilla/5.0 (compatible; SemrushBot/7~bl; +http://www.semrush.com/bot.html)"
85.208.96.203 - - [15/Jun/2026:04:28:48 +0200] "GET /new-products.php?a=12&a=12&b=1&b=1&debut=0&debut=36&debut=384&debut=396&debut=408&debut=60&m=12&seo_cat&x23=1&y=2022 HTTP/1.1" 200 98917 "-" "Mozilla/5.0 (compatible; SemrushBot/7~bl; +http://www.semrush.com/bot.html)"
198.244.168.140 - - [15/Jun/2026:04:28:55 +0200] "GET /?m=05&y=2029 HTTP/1.1" 200 212373 "-" "Mozilla/5.0 (compatible; AhrefsBot/7.0; +http://ahrefs.com/robot/)"
185.191.171.13 - - [15/Jun/2026:04:29:09 +0200] "GET /new-products.php?a=12&b=1&debut=0&debut=0&debut=0&debut=0&debut=0&debut=36&debut=396&m=07&seo_cat&x26=1&y=2020 HTTP/1.1" 200 74641 "-" "Mozilla/5.0 (compatible; SemrushBot/7~bl; +http://www.semrush.com/bot.html)"
85.208.96.208 - - [15/Jun/2026:04:29:11 +0200] "GET /new-products.php?a=12&a=12&b=1&b=1&debut=0&debut=0&debut=24&debut=48&m=06&seo_cat&seo_cat&x21=1&x24=1&y=2025 HTTP/1.1" 200 128497 "-" "Mozilla/5.0 (compatible; SemrushBot/7~bl; +http://www.semrush.com/bot.html)"
124.117.195.108 - - [15/Jun/2026:04:29:14 +0200] "GET / HTTP/1.1" 200 212763 "-" "Go-http-client/1.1"
185.191.171.5 - - [15/Jun/2026:04:29:16 +0200] "GET /new-products.php?a=12&b=1&debut=0&debut=0&debut=396&debut=84&histo_track=1&m=03&seo_cat&seo_cat&x24=1&x26=1&y=2020 HTTP/1.1" 200 74739 "-" "Mozilla/5.0 (compatible; SemrushBot/7~bl; +http://www.semrush.com/bot.html)"
185.191.171.12 - - [15/Jun/2026:04:29:18 +0200] "GET /new-products.php?a=12&a=12&b=1&b=1&debut=0&debut=396&debut=408&debut=408&debut=48&debut=72&histo_track=1&m=08&y=2020 HTTP/1.1" 200 129581 "-" "Mozilla/5.0 (compatible; SemrushBot/7~bl; +http://www.semrush.com/bot.html)"
172.216.124.210 - - [15/Jun/2026:04:29:35 +0200] "GET /cart.php?m=02&y=2037 HTTP/1.1" 200 70873 "-" "Mozilla/5.0 (X11; Linux x86_64; rv:148.0) Gecko/20100101 Firefox/148.0"
172.216.124.210 - - [15/Jun/2026:04:29:35 +0200] "OPTIONS /cart.php?m=02&y=2037 HTTP/1.1" 200 70873 "-" "Mozilla/5.0 (X11; Linux x86_64; rv:148.0) Gecko/20100101 Firefox/148.0"
172.216.124.210 - - [15/Jun/2026:04:29:36 +0200] "GET /swagger/v2/swagger.json HTTP/1.1" 404 212329 "-" "Mozilla/5.0 (X11; Linux x86_64; rv:148.0) Gecko/20100101 Firefox/148.0"
172.216.124.210 - - [15/Jun/2026:04:29:36 +0200] "GET /docs/swagger.json HTTP/1.1" 404 212791 "-" "Mozilla/5.0 (X11; Linux x86_64; rv:148.0) Gecko/20100101 Firefox/148.0"
172.216.124.210 - - [15/Jun/2026:04:29:36 +0200] "GET /api/docs HTTP/1.1" 404 212714 "-" "Mozilla/5.0 (X11; Linux x86_64; rv:148.0) Gecko/20100101 Firefox/148.0"
172.216.124.210 - - [15/Jun/2026:04:29:36 +0200] "GET /openapi.json HTTP/1.1" 404 212731 "-" "Mozilla/5.0 (Windows NT 10.0; Win64; x64; rv:148.0) Gecko/20100101 Firefox/148.0"
172.216.124.210 - - [15/Jun/2026:04:29:36 +0200] "GET /api-docs HTTP/1.1" 404 212861 "-" "Mozilla/5.0 (Linux; Android 10; K) AppleWebKit/537.36 (KHTML, like Gecko) Chrome/145.0.7632.26 Mobile Safari/537.36"
172.216.124.210 - - [15/Jun/2026:04:29:36 +0200] "GET /v2/api-docs HTTP/1.1" 404 212244 "-" "Mozilla/5.0 (Linux; Android 10; K) AppleWebKit/537.36 (KHTML, like Gecko) Chrome/145.0.7632.26 Mobile Safari/537.36"
172.216.124.210 - - [15/Jun/2026:04:29:36 +0200] "GET /swagger.json HTTP/1.1" 404 212270 "-" "Mozilla/5.0 (X11; Linux x86_64) AppleWebKit/537.36 (KHTML, like Gecko) Chrome/145.0.0.0 Safari/537.36"
172.216.124.210 - - [15/Jun/2026:04:29:36 +0200] "GET /api/v2/swagger.json HTTP/1.1" 404 212241 "-" "Mozilla/5.0 (X11; Linux x86_64) AppleWebKit/537.36 (KHTML, like Gecko) Chrome/145.0.0.0 Safari/537.36"
172.216.124.210 - - [15/Jun/2026:04:29:36 +0200] "GET /api/v1/swagger.json HTTP/1.1" 404 212429 "-" "Mozilla/5.0 (Windows NT 10.0; Win64; x64; rv:148.0) Gecko/20100101 Firefox/148.0"
172.216.124.210 - - [15/Jun/2026:04:29:36 +0200] "GET /api/openapi.json HTTP/1.1" 404 212720 "-" "Mozilla/5.0 (Linux; Android 10; K) AppleWebKit/537.36 (KHTML, like Gecko) Chrome/145.0.7632.26 Mobile Safari/537.36"
172.216.124.210 - - [15/Jun/2026:04:29:36 +0200] "GET /api-docs.json HTTP/1.1" 404 212318 "-" "Mozilla/5.0 (X11; Linux x86_64) AppleWebKit/537.36 (KHTML, like Gecko) Chrome/145.0.0.0 Safari/537.36"
172.216.124.210 - - [15/Jun/2026:04:29:36 +0200] "GET /swagger/v1/swagger.json HTTP/1.1" 404 211917 "-" "Mozilla/5.0 (X11; Linux x86_64) AppleWebKit/537.36 (KHTML, like Gecko) Chrome/145.0.0.0 Safari/537.36"
172.216.124.210 - - [15/Jun/2026:04:29:36 +0200] "GET /api/swagger.json HTTP/1.1" 404 212386 "-" "Mozilla/5.0 (X11; Linux x86_64) AppleWebKit/537.36 (KHTML, like Gecko) Chrome/145.0.0.0 Safari/537.36"
172.216.124.210 - - [15/Jun/2026:04:29:36 +0200] "GET /v3/api-docs HTTP/1.1" 404 212420 "-" "Mozilla/5.0 (X11; Linux x86_64) AppleWebKit/537.36 (KHTML, like Gecko) Chrome/145.0.0.0 Safari/537.36"
172.216.124.210 - - [15/Jun/2026:04:29:38 +0200] "GET /cart.php?m=02&y=2037 HTTP/1.1" 500 - "-" "Mozilla/5.0 (Windows NT 10.0; Win64; x64; rv:148.0) Gecko/20100101 Firefox/148.0"
172.216.124.210 - - [15/Jun/2026:04:29:38 +0200] "GET /cart.php?m=02%27&y=2037 HTTP/1.1" 500 - "-" "Mozilla/5.0 (X11; Linux x86_64; rv:148.0) Gecko/20100101 Firefox/148.0"
172.216.124.210 - - [15/Jun/2026:04:29:38 +0200] "GET /cart.php?m=02&y=2037 HTTP/1.1" 500 - "-" "Mozilla/5.0 (Linux; Android 10; K) AppleWebKit/537.36 (KHTML, like Gecko) Chrome/145.0.7632.26 Mobile Safari/537.36"
172.216.124.210 - - [15/Jun/2026:04:29:38 +0200] "GET /cart.php?m=%3Cscript%3Ealert%28%27XSS%27%29%3C%2Fscript%3E&y=2037 HTTP/1.1" 500 - "-" "Mozilla/5.0 (Linux; Android 10; K) AppleWebKit/537.36 (KHTML, like Gecko) Chrome/145.0.7632.26 Mobile Safari/537.36"
172.216.124.210 - - [15/Jun/2026:04:29:38 +0200] "GET /cart.php?m=02&y=2037 HTTP/1.1" 500 - "-" "Mozilla/5.0 (X11; Linux x86_64; rv:148.0) Gecko/20100101 Firefox/148.0"
172.216.124.210 - - [15/Jun/2026:04:29:38 +0200] "GET /cart.php?m=02&y=2037 HTTP/1.1" 500 - "-" "Mozilla/5.0 (Windows NT 10.0; Win64; x64; rv:148.0) Gecko/20100101 Firefox/148.0"
172.216.124.210 - - [15/Jun/2026:04:29:38 +0200] "GET /cart.php?m=02&y=2037%27 HTTP/1.1" 500 - "-" "Mozilla/5.0 (Windows NT 10.0; Win64; x64; rv:148.0) Gecko/20100101 Firefox/148.0"
172.216.124.210 - - [15/Jun/2026:04:29:38 +0200] "GET /cart.php?m=02&y=2037 HTTP/1.1" 500 - "-" "Mozilla/5.0 (Windows NT 10.0; Win64; x64; rv:148.0) Gecko/20100101 Firefox/148.0"
172.216.124.210 - - [15/Jun/2026:04:29:38 +0200] "GET /cart.php?m=02&y=2037 HTTP/1.1" 500 - "-" "Mozilla/5.0 (Windows NT 10.0; Win64; x64; rv:148.0) Gecko/20100101 Firefox/148.0"
172.216.124.210 - - [15/Jun/2026:04:29:38 +0200] "GET /cart.php?m=02&y=2037 HTTP/1.1" 500 - "-" "Mozilla/5.0 (Linux; Android 10; K) AppleWebKit/537.36 (KHTML, like Gecko) Chrome/145.0.7632.26 Mobile Safari/537.36"
172.216.124.210 - - [15/Jun/2026:04:29:38 +0200] "GET /cart.php?m=02&y=2037 HTTP/1.1" 500 - "-" "Mozilla/5.0 (Linux; Android 10; K) AppleWebKit/537.36 (KHTML, like Gecko) Chrome/145.0.7632.26 Mobile Safari/537.36"
172.216.124.210 - - [15/Jun/2026:04:29:38 +0200] "GET /cart.php?m=02&y=2037 HTTP/1.1" 500 - "-" "Mozilla/5.0 (Windows NT 10.0; Win64; x64; rv:148.0) Gecko/20100101 Firefox/148.0"
172.216.124.210 - - [15/Jun/2026:04:29:38 +0200] "GET /cart.php?m=02&y=2037 HTTP/1.1" 500 - "-" "Mozilla/5.0 (X11; Linux x86_64) AppleWebKit/537.36 (KHTML, like Gecko) Chrome/145.0.0.0 Safari/537.36"
172.216.124.210 - - [15/Jun/2026:04:29:38 +0200] "GET /cart.php?m=02&y=2037 HTTP/1.1" 500 - "-" "Mozilla/5.0 (X11; Linux x86_64) AppleWebKit/537.36 (KHTML, like Gecko) Chrome/145.0.0.0 Safari/537.36"
172.216.124.210 - - [15/Jun/2026:04:29:38 +0200] "GET /cart.php%27?m=02&y=2037 HTTP/1.1" 500 - "-" "Mozilla/5.0 (X11; Linux x86_64; rv:148.0) Gecko/20100101 Firefox/148.0"
172.216.124.210 - - [15/Jun/2026:04:29:38 +0200] "GET /cart.php?m=02&y=2037&y=%27 HTTP/1.1" 500 - "-" "Mozilla/5.0 (Linux; Android 10; K) AppleWebKit/537.36 (KHTML, like Gecko) Chrome/145.0.7632.26 Mobile Safari/537.36"
172.216.124.210 - - [15/Jun/2026:04:29:38 +0200] "GET /%27?m=02&y=2037 HTTP/1.1" 500 - "-" "Mozilla/5.0 (X11; Linux x86_64; rv:148.0) Gecko/20100101 Firefox/148.0"
172.216.124.210 - - [15/Jun/2026:04:29:38 +0200] "GET /cart.php?m=02&y=2037 HTTP/1.1" 500 - "-" "Mozilla/5.0 (X11; Linux x86_64; rv:148.0) Gecko/20100101 Firefox/148.0"
172.216.124.210 - - [15/Jun/2026:04:29:38 +0200] "GET /cart.php?m=02&y=2037 HTTP/1.1" 500 - "-" "Mozilla/5.0 (Linux; Android 10; K) AppleWebKit/537.36 (KHTML, like Gecko) Chrome/145.0.7632.26 Mobile Safari/537.36"
172.216.124.210 - - [15/Jun/2026:04:29:38 +0200] "GET /cart.php?m=02&y=2037 HTTP/1.1" 500 - "-" "Mozilla/5.0 (Linux; Android 10; K) AppleWebKit/537.36 (KHTML, like Gecko) Chrome/145.0.7632.26 Mobile Safari/537.36"
172.216.124.210 - - [15/Jun/2026:04:29:38 +0200] "GET /cart.php?m=02&y=2037 HTTP/1.1" 500 - "-" "Mozilla/5.0 (X11; Linux x86_64; rv:148.0) Gecko/20100101 Firefox/148.0"
172.216.124.210 - - [15/Jun/2026:04:29:38 +0200] "GET /cart.php?m=02&y=2037 HTTP/1.1" 500 - "-" "Mozilla/5.0 (Windows NT 10.0; Win64; x64; rv:148.0) Gecko/20100101 Firefox/148.0"
172.216.124.210 - - [15/Jun/2026:04:29:38 +0200] "GET /cart.php?m=02&y=2037 HTTP/1.1" 500 - "'" "Mozilla/5.0 (Windows NT 10.0; Win64; x64; rv:148.0) Gecko/20100101 Firefox/148.0"
172.216.124.210 - - [15/Jun/2026:04:29:38 +0200] "GET /cart.php?m=02&y=2037 HTTP/1.1" 500 - "-" "Mozilla/5.0 (Linux; Android 10; K) AppleWebKit/537.36 (KHTML, like Gecko) Chrome/145.0.7632.26 Mobile Safari/537.36"
172.216.124.210 - - [15/Jun/2026:04:29:39 +0200] "GET /cart.php?m=02&y=2037 HTTP/1.1" 200 70873 "-" "Mozilla/5.0 (Windows NT 10.0; Win64; x64; rv:148.0) Gecko/20100101 Firefox/148.0"
172.216.124.210 - - [15/Jun/2026:04:29:39 +0200] "GET /cart.php?m=02&y=2037 HTTP/1.1" 200 70873 "-" "Mozilla/5.0 (Windows NT 10.0; Win64; x64; rv:148.0) Gecko/20100101 Firefox/148.0"
172.216.124.210 - - [15/Jun/2026:04:29:39 +0200] "GET /cart.php?m=%27&y=%27 HTTP/1.1" 200 70896 "-" "Mozilla/5.0 (Windows NT 10.0; Win64; x64; rv:148.0) Gecko/20100101 Firefox/148.0"
172.216.124.210 - - [15/Jun/2026:04:29:39 +0200] "GET /cart.php?m=02&y=2037 HTTP/1.1" 200 70873 "-" "Mozilla/5.0 (X11; Linux x86_64; rv:148.0) Gecko/20100101 Firefox/148.0"
172.216.124.210 - - [15/Jun/2026:04:29:39 +0200] "GET /cart.php?m=02&y=2037 HTTP/1.1" 200 70873 "-" "Mozilla/5.0 (Windows NT 10.0; Win64; x64; rv:148.0) Gecko/20100101 Firefox/148.0"
172.216.124.210 - - [15/Jun/2026:04:29:39 +0200] "GET /cart.php?m=02&y=2037 HTTP/1.1" 200 70873 "-" "Mozilla/5.0 (X11; Linux x86_64; rv:148.0) Gecko/20100101 Firefox/148.0"
172.216.124.210 - - [15/Jun/2026:04:29:39 +0200] "GET /cart.php?m=02&m=%27&y=2037 HTTP/1.1" 200 70908 "-" "Mozilla/5.0 (X11; Linux x86_64) AppleWebKit/537.36 (KHTML, like Gecko) Chrome/145.0.0.0 Safari/537.36"
172.216.124.210 - - [15/Jun/2026:04:29:39 +0200] "GET /cart.php?m=02&y=2037 HTTP/1.1" 200 70873 "-" "Mozilla/5.0 (Windows NT 10.0; Win64; x64; rv:148.0) Gecko/20100101 Firefox/148.0"
172.216.124.210 - - [15/Jun/2026:04:29:39 +0200] "GET /cart.php?m=02&y=2037 HTTP/1.1" 200 70873 "-" "Mozilla/5.0 (X11; Linux x86_64) AppleWebKit/537.36 (KHTML, like Gecko) Chrome/145.0.0.0 Safari/537.36"
172.216.124.210 - - [15/Jun/2026:04:29:39 +0200] "GET /cart.php?m=02&y=%3Cscript%3Ealert%28%27XSS%27%29%3C%2Fscript%3E HTTP/1.1" 200 70982 "-" "Mozilla/5.0 (Linux; Android 10; K) AppleWebKit/537.36 (KHTML, like Gecko) Chrome/145.0.7632.26 Mobile Safari/537.36"
172.216.124.210 - - [15/Jun/2026:04:29:39 +0200] "GET /cart.php?m=02&y=2037 HTTP/1.1" 200 70873 "-" "Mozilla/5.0 (X11; Linux x86_64; rv:148.0) Gecko/20100101 Firefox/148.0"
172.216.124.210 - - [15/Jun/2026:04:29:39 +0200] "GET /cart.php?m=02&y=2037 HTTP/1.1" 200 70873 "-" "Mozilla/5.0 (X11; Linux x86_64) AppleWebKit/537.36 (KHTML, like Gecko) Chrome/145.0.0.0 Safari/537.36"
172.216.124.210 - - [15/Jun/2026:04:29:41 +0200] "PUT /cart.php HTTP/1.1" 200 70872 "-" "Mozilla/5.0 (X11; Linux x86_64; rv:148.0) Gecko/20100101 Firefox/148.0"
172.216.124.210 - - [15/Jun/2026:04:29:42 +0200] "PUT /cart.php HTTP/1.1" 200 70872 "-" "Mozilla/5.0 (Windows NT 10.0; Win64; x64; rv:148.0) Gecko/20100101 Firefox/148.0"
172.216.124.210 - - [15/Jun/2026:04:29:42 +0200] "PUT /cart.php HTTP/1.1" 200 70872 "-" "Mozilla/5.0 (X11; Linux x86_64) AppleWebKit/537.36 (KHTML, like Gecko) Chrome/145.0.0.0 Safari/537.36"
172.216.124.210 - - [15/Jun/2026:04:29:43 +0200] "PUT /cart.php HTTP/1.1" 200 70872 "-" "Mozilla/5.0 (X11; Linux x86_64; rv:148.0) Gecko/20100101 Firefox/148.0"
185.191.171.18 - - [15/Jun/2026:04:29:45 +0200] "GET /new-products.php?a=12&a=12&b=1&b=1&debut=0&debut=0&debut=120&debut=84&m=11&seo_cat&seo_cat&x21=1&x26=1&y=2023 HTTP/1.1" 200 74632 "-" "Mozilla/5.0 (compatible; SemrushBot/7~bl; +http://www.semrush.com/bot.html)"
51.195.244.4 - - [15/Jun/2026:04:30:07 +0200] "GET /?m=12&y=2019 HTTP/1.1" 200 212229 "-" "Mozilla/5.0 (compatible; AhrefsBot/7.0; +http://ahrefs.com/robot/)"
85.208.96.197 - - [15/Jun/2026:04:30:08 +0200] "GET /new-products.php?a=12&a=12&a=12&b=1&b=1&b=1&debut=0&debut=432&debut=432&debut=60&debut=72&debut=96 HTTP/1.1" 200 130777 "-" "Mozilla/5.0 (compatible; SemrushBot/7~bl; +http://www.semrush.com/bot.html)"
185.191.171.16 - - [15/Jun/2026:04:30:14 +0200] "GET /new-products.php?a=12&a=12&a=12&b=1&b=1&b=1&debut=0&debut=36&debut=396&debut=72&debut=96&m=11&y=2025 HTTP/1.1" 200 130804 "-" "Mozilla/5.0 (compatible; SemrushBot/7~bl; +http://www.semrush.com/bot.html)"
85.208.96.201 - - [15/Jun/2026:04:30:17 +0200] "GET /new-products.php?a=12&a=12&a=12&b=1&b=1&b=1&debut=0&debut=12&debut=396&debut=72&debut=96&m=11&y=2022 HTTP/1.1" 200 130804 "-" "Mozilla/5.0 (compatible; SemrushBot/7~bl; +http://www.semrush.com/bot.html)"
85.208.96.205 - - [15/Jun/2026:04:30:37 +0200] "GET /new-products.php?a=12&a=12&a=12&a=12&b=1&b=1&b=1&b=1&debut=108&debut=12&debut=48&debut=96&m=05&y=2017 HTTP/1.1" 200 130827 "-" "Mozilla/5.0 (compatible; SemrushBot/7~bl; +http://www.semrush.com/bot.html)"
85.208.96.204 - - [15/Jun/2026:04:30:45 +0200] "GET /new-products.php?a=12&a=12&b=1&b=1&debut=0&debut=0&debut=0&debut=0&debut=384&debut=432&debut=48&debut=72&m=09&y=2020 HTTP/1.1" 200 129504 "-" "Mozilla/5.0 (compatible; SemrushBot/7~bl; +http://www.semrush.com/bot.html)"
66.249.65.72 - - [15/Jun/2026:04:30:50 +0200] "GET /uploadfiles/products/mini/1743672902017.JPG HTTP/1.1" 200 19439 "-" "Googlebot-Image/1.0"
185.191.171.15 - - [15/Jun/2026:04:30:55 +0200] "GET /new-products.php?a=12&a=12&b=1&b=1&debut=0&debut=0&debut=0&debut=0&debut=36&debut=372&debut=372&debut=72&histo_track=1 HTTP/1.1" 200 129576 "-" "Mozilla/5.0 (compatible; SemrushBot/7~bl; +http://www.semrush.com/bot.html)"
85.208.96.197 - - [15/Jun/2026:04:30:57 +0200] "GET /new-products.php?a=12&a=12&a=12&b=1&b=1&b=1&debut=0&debut=36&debut=48&debut=72&m=02&seo_cat&x26=1&y=2023 HTTP/1.1" 200 74597 "-" "Mozilla/5.0 (compatible; SemrushBot/7~bl; +http://www.semrush.com/bot.html)"
198.244.240.74 - - [15/Jun/2026:04:31:16 +0200] "GET /?m=06&y=2029 HTTP/1.1" 200 212681 "-" "Mozilla/5.0 (compatible; AhrefsBot/7.0; +http://ahrefs.com/robot/)"
85.208.96.205 - - [15/Jun/2026:04:32:05 +0200] "GET /new-products.php?a=12&a=12&a=12&b=1&b=1&b=1&debut=372&debut=396&debut=48&debut=60&debut=96&histo_track=1&m=06&y=2022 HTTP/1.1" 200 131200 "-" "Mozilla/5.0 (compatible; SemrushBot/7~bl; +http://www.semrush.com/bot.html)"
185.191.171.2 - - [15/Jun/2026:04:32:12 +0200] "GET /new-products.php?a=12&a=12&b=1&b=1&debut=0&debut=12&debut=396&debut=408&debut=60&histo_track=1&m=12&y=2021 HTTP/1.1" 200 130022 "-" "Mozilla/5.0 (compatible; SemrushBot/7~bl; +http://www.semrush.com/bot.html)"
85.208.96.200 - - [15/Jun/2026:04:32:14 +0200] "GET /new-products.php?debut=0&debut=0&debut=0&debut=0&m=02&seo_cat&seo_cat&seo_cat&seo_cat&x20=1&x21=1&x23=1&x26=1&y=2025 HTTP/1.1" 200 129017 "-" "Mozilla/5.0 (compatible; SemrushBot/7~bl; +http://www.semrush.com/bot.html)"
51.195.215.91 - - [15/Jun/2026:04:32:14 +0200] "GET /?m=09&y=2019 HTTP/1.1" 200 212227 "-" "Mozilla/5.0 (compatible; AhrefsBot/7.0; +http://ahrefs.com/robot/)"
85.208.96.204 - - [15/Jun/2026:04:32:27 +0200] "GET /new-products.php?a=12&a=12&b=1&b=1&debut=384&debut=396&debut=396&debut=408&debut=48&debut=60&histo_track=1&m=06&y=2020 HTTP/1.1" 200 130308 "-" "Mozilla/5.0 (compatible; SemrushBot/7~bl; +http://www.semrush.com/bot.html)"
157.55.39.195 - - [15/Jun/2026:04:32:32 +0200] "GET /produit-499-cocktail-dolives-citron-basilic-bio-100g?m=03&y=2026 HTTP/1.1" 200 132912 "-" "Mozilla/5.0 AppleWebKit/537.36 (KHTML, like Gecko; compatible; bingbot/2.0; +http://www.bing.com/bingbot.htm) Chrome/116.0.1938.76 Safari/537.36"
185.191.171.2 - - [15/Jun/2026:04:32:40 +0200] "GET /new-products.php?a=12&b=1&debut=0&debut=0&debut=0&debut=0&debut=60&m=02&seo_cat&x20=1&y=2022 HTTP/1.1" 200 74513 "-" "Mozilla/5.0 (compatible; SemrushBot/7~bl; +http://www.semrush.com/bot.html)"
85.208.96.207 - - [15/Jun/2026:04:32:52 +0200] "GET /new-products.php?a=12&a=12&b=1&b=1&debut=0&debut=396&debut=396&debut=396&debut=60&debut=96&m=07&seo_cat&x23=1&y=2019 HTTP/1.1" 200 74683 "-" "Mozilla/5.0 (compatible; SemrushBot/7~bl; +http://www.semrush.com/bot.html)"
185.191.171.16 - - [15/Jun/2026:04:33:08 +0200] "GET /new-products.php?a=12&a=12&b=1&b=1&debut=0&debut=0&debut=132&debut=372&debut=372&debut=84&m=09&y=2018 HTTP/1.1" 200 132096 "-" "Mozilla/5.0 (compatible; SemrushBot/7~bl; +http://www.semrush.com/bot.html)"
185.191.171.4 - - [15/Jun/2026:04:33:12 +0200] "GET /new-products.php?a=12&a=12&b=1&b=1&debut=0&debut=36&debut=60&histo_track=1&m=09&seo_cat&x23=1&y=2021 HTTP/1.1" 200 98708 "-" "Mozilla/5.0 (compatible; SemrushBot/7~bl; +http://www.semrush.com/bot.html)"
54.38.147.164 - - [15/Jun/2026:04:33:21 +0200] "GET /?m=11&y=2029 HTTP/1.1" 200 212793 "-" "Mozilla/5.0 (compatible; AhrefsBot/7.0; +http://ahrefs.com/robot/)"
85.208.96.212 - - [15/Jun/2026:04:34:02 +0200] "GET /new-products.php?a=12&b=1&debut=0&debut=0&debut=108&debut=108&debut=24&m=07&seo_cat&seo_cat&x23=1&x24=1&y=2025 HTTP/1.1" 200 129153 "-" "Mozilla/5.0 (compatible; SemrushBot/7~bl; +http://www.semrush.com/bot.html)"
85.208.96.211 - - [15/Jun/2026:04:34:07 +0200] "GET /new-products.php?a=12&a=12&a=12&b=1&b=1&b=1&debut=0&debut=108&debut=408&debut=60&debut=72&m=10&y=2020 HTTP/1.1" 200 129130 "-" "Mozilla/5.0 (compatible; SemrushBot/7~bl; +http://www.semrush.com/bot.html)"
85.208.96.201 - - [15/Jun/2026:04:34:12 +0200] "GET /new-products.php?a=12&a=12&b=1&b=1&debut=0&debut=372&debut=396&debut=396&debut=48&debut=96&m=12&seo_cat&x20=1&y=2017 HTTP/1.1" 200 74691 "-" "Mozilla/5.0 (compatible; SemrushBot/7~bl; +http://www.semrush.com/bot.html)"
51.195.183.73 - - [15/Jun/2026:04:34:28 +0200] "GET /?m=12&y=2047 HTTP/1.1" 200 212089 "-" "Mozilla/5.0 (compatible; AhrefsBot/7.0; +http://ahrefs.com/robot/)"
66.249.65.72 - - [15/Jun/2026:04:34:30 +0200] "GET /uploadfiles/products/15639819570N.jpg HTTP/1.1" 200 524373 "-" "Googlebot-Image/1.0"
185.191.171.9 - - [15/Jun/2026:04:34:36 +0200] "GET /new-products.php?a=12&b=1&debut=0&debut=0&debut=0&debut=0&debut=36&debut=396&histo_track=1&m=04&seo_cat&x26=1&y=2024 HTTP/1.1" 200 74678 "-" "Mozilla/5.0 (compatible; SemrushBot/7~bl; +http://www.semrush.com/bot.html)"
185.191.171.3 - - [15/Jun/2026:04:34:52 +0200] "GET /marques.php?a=12&a=12&b=1&b=1&debut=12&debut=60&seo=23-produits-locaux HTTP/1.1" 200 101401 "-" "Mozilla/5.0 (compatible; SemrushBot/7~bl; +http://www.semrush.com/bot.html)"
185.191.171.3 - - [15/Jun/2026:04:34:56 +0200] "GET /new-products.php?a=12&a=12&b=1&b=1&debut=0&debut=0&debut=0&debut=372&debut=408&debut=72&debut=96&m=09&y=2020 HTTP/1.1" 200 130816 "-" "Mozilla/5.0 (compatible; SemrushBot/7~bl; +http://www.semrush.com/bot.html)"
185.191.171.15 - - [15/Jun/2026:04:34:59 +0200] "GET /new-products.php?a=12&a=12&b=1&b=1&debut=0&debut=0&debut=0&debut=312&debut=348&debut=396&m=05&seo_cat&x26=1&y=2023 HTTP/1.1" 200 74665 "-" "Mozilla/5.0 (compatible; SemrushBot/7~bl; +http://www.semrush.com/bot.html)"
185.191.171.17 - - [15/Jun/2026:04:35:01 +0200] "GET /new-products.php?a=12&a=12&b=1&b=1&debut=0&debut=0&debut=0&debut=36&debut=372&debut=372&debut=72&m=08&y=2023 HTTP/1.1" 200 129308 "-" "Mozilla/5.0 (compatible; SemrushBot/7~bl; +http://www.semrush.com/bot.html)"
198.244.168.14 - - [15/Jun/2026:04:35:20 +0200] "GET /?m=01&y=2030 HTTP/1.1" 200 212582 "-" "Mozilla/5.0 (compatible; AhrefsBot/7.0; +http://ahrefs.com/robot/)"
85.208.96.201 - - [15/Jun/2026:04:35:54 +0200] "GET /new-products.php?a=12&a=12&b=1&b=1&debut=0&debut=372&debut=384&debut=396&debut=408&debut=72&debut=96&m=01&y=2022 HTTP/1.1" 200 130990 "-" "Mozilla/5.0 (compatible; SemrushBot/7~bl; +http://www.semrush.com/bot.html)"
51.195.183.118 - - [15/Jun/2026:04:36:02 +0200] "GET /?m=03&y=2019 HTTP/1.1" 200 212465 "-" "Mozilla/5.0 (compatible; AhrefsBot/7.0; +http://ahrefs.com/robot/)"
185.191.171.13 - - [15/Jun/2026:04:36:19 +0200] "GET /new-products.php?a=12&a=12&b=1&b=1&debut=0&debut=0&debut=0&debut=396&debut=408&debut=84&debut=96&m=02&y=2023 HTTP/1.1" 200 130815 "-" "Mozilla/5.0 (compatible; SemrushBot/7~bl; +http://www.semrush.com/bot.html)"
185.191.171.12 - - [15/Jun/2026:04:36:49 +0200] "GET /new-products.php?a=12&a=12&b=1&b=1&debut=0&debut=120&debut=72&histo_track=1&m=01&seo_cat&x20=1&y=2023 HTTP/1.1" 200 74651 "-" "Mozilla/5.0 (compatible; SemrushBot/7~bl; +http://www.semrush.com/bot.html)"
198.244.226.199 - - [15/Jun/2026:04:36:50 +0200] "GET /?m=02&y=2017 HTTP/1.1" 200 212504 "-" "Mozilla/5.0 (compatible; AhrefsBot/7.0; +http://ahrefs.com/robot/)"
185.191.171.2 - - [15/Jun/2026:04:37:05 +0200] "GET /new-products.php?a=12&a=12&b=1&b=1&debut=0&debut=36&debut=384&debut=396&debut=396&debut=48&m=01&seo_cat&x21=1&y=2018 HTTP/1.1" 200 74683 "-" "Mozilla/5.0 (compatible; SemrushBot/7~bl; +http://www.semrush.com/bot.html)"
85.208.96.202 - - [15/Jun/2026:04:37:12 +0200] "GET /new-products.php?a=12&a=12&a=12&b=1&b=1&b=1&debut=0&debut=0&debut=120&debut=384&debut=72&debut=96&m=02&y=2021 HTTP/1.1" 200 130767 "-" "Mozilla/5.0 (compatible; SemrushBot/7~bl; +http://www.semrush.com/bot.html)"
85.208.96.199 - - [15/Jun/2026:04:37:26 +0200] "GET /new-products.php?a=12&b=1&debut=0&debut=0&debut=360&debut=372&debut=372&debut=372&debut=396&debut=396&debut=48&seo_cat&x26=1 HTTP/1.1" 200 74760 "-" "Mozilla/5.0 (compatible; SemrushBot/7~bl; +http://www.semrush.com/bot.html)"
185.191.171.15 - - [15/Jun/2026:04:37:29 +0200] "GET /new-products.php?a=12&a=12&b=1&b=1&debut=0&debut=0&debut=36&debut=372&debut=396&debut=396&debut=72&seo_cat&x23=1 HTTP/1.1" 200 74676 "-" "Mozilla/5.0 (compatible; SemrushBot/7~bl; +http://www.semrush.com/bot.html)"
198.244.226.8 - - [15/Jun/2026:04:37:32 +0200] "GET /?m=03&y=2032 HTTP/1.1" 200 212409 "-" "Mozilla/5.0 (compatible; AhrefsBot/7.0; +http://ahrefs.com/robot/)"
185.191.171.15 - - [15/Jun/2026:04:38:08 +0200] "GET /new-products.php?a=12&a=12&a=12&b=1&b=1&b=1&debut=0&debut=108&debut=24&debut=84&m=11&seo_cat&x20=1&y=2023 HTTP/1.1" 200 74604 "-" "Mozilla/5.0 (compatible; SemrushBot/7~bl; +http://www.semrush.com/bot.html)"
85.208.96.194 - - [15/Jun/2026:04:38:13 +0200] "GET /new-products.php?a=12&b=1&debut=0&debut=372&debut=372&debut=396&debut=408&debut=432&debut=432&debut=432&debut=72&m=06&y=2020 HTTP/1.1" 200 129699 "-" "Mozilla/5.0 (compatible; SemrushBot/7~bl; +http://www.semrush.com/bot.html)"
85.208.96.198 - - [15/Jun/2026:04:38:15 +0200] "GET /new-products.php?debut=0&debut=0&debut=396&m=08&seo_cat&seo_cat&x21=0&x21=1&y=2025 HTTP/1.1" 200 74448 "-" "Mozilla/5.0 (compatible; SemrushBot/7~bl; +http://www.semrush.com/bot.html)"
198.244.168.70 - - [15/Jun/2026:04:38:20 +0200] "GET /?m=05&y=2032 HTTP/1.1" 200 212871 "-" "Mozilla/5.0 (compatible; AhrefsBot/7.0; +http://ahrefs.com/robot/)"
85.208.96.195 - - [15/Jun/2026:04:38:23 +0200] "GET /new-products.php?a=12&a=12&a=12&b=1&b=1&b=1&debut=0&debut=12&debut=24&debut=36&m=07&seo_cat&x23=1&y=2023 HTTP/1.1" 200 128306 "-" "Mozilla/5.0 (compatible; SemrushBot/7~bl; +http://www.semrush.com/bot.html)"
185.191.171.11 - - [15/Jun/2026:04:38:32 +0200] "GET /new-products.php?a=12&a=12&a=12&a=12&b=1&b=1&b=1&b=1&debut=0&debut=108&debut=24&debut=60&debut=72&m=03&y=2021 HTTP/1.1" 200 129327 "-" "Mozilla/5.0 (compatible; SemrushBot/7~bl; +http://www.semrush.com/bot.html)"
185.191.171.14 - - [15/Jun/2026:04:38:36 +0200] "GET /new-products.php?a=12&b=1&debut=0&debut=0&debut=0&debut=12&debut=432&m=11&seo_cat&x23=1&y=2022 HTTP/1.1" 200 74527 "-" "Mozilla/5.0 (compatible; SemrushBot/7~bl; +http://www.semrush.com/bot.html)"
85.208.96.202 - - [15/Jun/2026:04:38:50 +0200] "GET /new-products.php?a=12&b=1&debut=0&debut=0&debut=0&debut=396&debut=396&debut=408&debut=84&m=12&seo_cat&x20=1&y=2022 HTTP/1.1" 200 74677 "-" "Mozilla/5.0 (compatible; SemrushBot/7~bl; +http://www.semrush.com/bot.html)"
185.191.171.15 - - [15/Jun/2026:04:39:07 +0200] "GET /new-products.php?a=12&b=1&debut=0&debut=0&debut=324&debut=396&histo_track=1&m=03&seo_cat&x24=1&y=2023 HTTP/1.1" 200 74575 "-" "Mozilla/5.0 (compatible; SemrushBot/7~bl; +http://www.semrush.com/bot.html)"
54.38.147.240 - - [15/Jun/2026:04:39:09 +0200] "GET /?m=11&y=2006 HTTP/1.1" 200 212396 "-" "Mozilla/5.0 (compatible; AhrefsBot/7.0; +http://ahrefs.com/robot/)"
185.191.171.10 - - [15/Jun/2026:04:39:11 +0200] "GET /new-products.php?a=12&a=12&a=12&a=12&b=1&b=1&b=1&b=1&debut=0&debut=0&debut=12&debut=36&debut=36&debut=72 HTTP/1.1" 200 129226 "-" "Mozilla/5.0 (compatible; SemrushBot/7~bl; +http://www.semrush.com/bot.html)"
185.191.171.17 - - [15/Jun/2026:04:39:15 +0200] "GET /new-products.php?a=12&a=12&b=1&b=1&debut=0&debut=0&debut=0&debut=24&debut=336&debut=408&histo_track=1&seo_cat&x24=1 HTTP/1.1" 200 74697 "-" "Mozilla/5.0 (compatible; SemrushBot/7~bl; +http://www.semrush.com/bot.html)"
66.249.65.73 - - [15/Jun/2026:04:39:49 +0200] "GET /uploadfiles/products/mini/15835946550GPI.jpg HTTP/1.1" 200 20575 "-" "Googlebot-Image/1.0"
185.191.171.14 - - [15/Jun/2026:04:40:10 +0200] "GET /new-products.php?a=12&b=1&debut=0&debut=0&debut=408&debut=432&debut=432&debut=432&debut=48&m=05&seo_cat&x21=1&y=2020 HTTP/1.1" 200 74679 "-" "Mozilla/5.0 (compatible; SemrushBot/7~bl; +http://www.semrush.com/bot.html)"
185.191.171.18 - - [15/Jun/2026:04:40:19 +0200] "GET /new-products.php?a=12&a=12&b=1&b=1&debut=0&debut=0&debut=0&debut=0&debut=0&debut=24&debut=432&debut=60&m=04&y=2020 HTTP/1.1" 200 130252 "-" "Mozilla/5.0 (compatible; SemrushBot/7~bl; +http://www.semrush.com/bot.html)"
85.208.96.196 - - [15/Jun/2026:04:40:30 +0200] "GET /new-products.php?a=12&a=12&b=1&b=1&debut=36&debut=372&debut=372&debut=396&debut=408&debut=408&debut=48&m=05&y=2023 HTTP/1.1" 200 130658 "-" "Mozilla/5.0 (compatible; SemrushBot/7~bl; +http://www.semrush.com/bot.html)"
185.191.171.17 - - [15/Jun/2026:04:40:41 +0200] "GET /new-products.php?a=12&a=12&b=1&b=1&debut=0&debut=0&debut=0&debut=0&debut=24&debut=396&debut=432&debut=48&m=09&y=2021 HTTP/1.1" 200 130711 "-" "Mozilla/5.0 (compatible; SemrushBot/7~bl; +http://www.semrush.com/bot.html)"
150.40.238.110 - - [15/Jun/2026:04:40:47 +0200] "GET /produit-387-bonbons-oursons-bio-100g?m=11&y=2025 HTTP/1.1" 200 133916 "https://www.vracandbio.com/produit-387-bonbons-oursons-bio-100g?m=11&y=2025" "Mozilla/5.0 (Macintosh; Intel Mac OS X 10_15_7) AppleWebKit/537.36 (KHTML, like Gecko) Chrome/131.0.0.0 Safari/537.36"
185.191.171.18 - - [15/Jun/2026:04:40:54 +0200] "GET /new-products.php?a=12&a=12&b=1&b=1&debut=0&debut=0&debut=0&debut=444&debut=444&debut=60&debut=72&m=10&y=2020 HTTP/1.1" 200 129305 "-" "Mozilla/5.0 (compatible; SemrushBot/7~bl; +http://www.semrush.com/bot.html)"
85.208.96.212 - - [15/Jun/2026:04:41:10 +0200] "GET /new-products.php?a=12&a=12&a=12&b=1&b=1&b=1&debut=0&debut=0&debut=108&debut=120&debut=72&m=12&y=2019 HTTP/1.1" 200 129186 "-" "Mozilla/5.0 (compatible; SemrushBot/7~bl; +http://www.semrush.com/bot.html)"
185.191.171.3 - - [15/Jun/2026:04:41:13 +0200] "GET /new-products.php?a=12&a=12&a=12&b=1&b=1&b=1&debut=0&debut=0&debut=0&debut=108&debut=36&debut=60&m=05&y=2021 HTTP/1.1" 200 130108 "-" "Mozilla/5.0 (compatible; SemrushBot/7~bl; +http://www.semrush.com/bot.html)"
185.191.171.4 - - [15/Jun/2026:04:41:16 +0200] "GET /new-products.php?a=12&b=1&debut=0&debut=0&debut=0&debut=384&debut=396&debut=48&histo_track=1&m=02&seo_cat&x20=1&y=2018 HTTP/1.1" 200 74695 "-" "Mozilla/5.0 (compatible; SemrushBot/7~bl; +http://www.semrush.com/bot.html)"
185.191.171.1 - - [15/Jun/2026:04:41:25 +0200] "GET /new-products.php?a=12&a=12&a=12&b=1&b=1&b=1&debut=0&debut=108&debut=372&debut=372&debut=372&debut=60&debut=96 HTTP/1.1" 200 131052 "-" "Mozilla/5.0 (compatible; SemrushBot/7~bl; +http://www.semrush.com/bot.html)"
185.191.171.9 - - [15/Jun/2026:04:41:35 +0200] "GET /new-products.php?a=12&b=1&debut=0&debut=0&debut=384&debut=432&histo_track=1&m=03&seo_cat&seo_cat&x24=0&x24=1&y=2020 HTTP/1.1" 200 74746 "-" "Mozilla/5.0 (compatible; SemrushBot/7~bl; +http://www.semrush.com/bot.html)"
66.249.65.73 - - [15/Jun/2026:04:41:53 +0200] "GET /templates/shop/img/logo_fb.png HTTP/1.1" 200 26788 "-" "Googlebot-Image/1.0"
