185.191.171.15 - - [15/Jun/2026:01:10:40 +0200] "GET /new-products.php?a=12&a=12&a=12&a=12&b=1&b=1&b=1&b=1&debut=0&debut=36&debut=48&debut=84&debut=96&m=01&y=2022 HTTP/1.1" 200 130890 "-" "Mozilla/5.0 (compatible; SemrushBot/7~bl; +http://www.semrush.com/bot.html)"
47.79.51.86 - - [15/Jun/2026:01:10:45 +0200] "GET /marques.php?a=12&b=1&debut=24&debut=0&debut=0&debut=0&debut=0&debut=0&seo=23-produits-locaux&seo_marq=23&seo_marq=23&seo_marq=23&seo_marq=23&seo_marq=23&t109=1&t109=0&t114=1&t48=1&t84=1 HTTP/1.1" 200 101770 "-" "Mozilla/5.0 (Windows NT 10.0; Win64; x64) AppleWebKit/537.36 (KHTML, like Gecko) Chrome/138.0.0.0 Safari/537.36"
185.191.171.15 - - [15/Jun/2026:01:10:55 +0200] "GET /new-products.php?a=12&b=1&debut=0&debut=0&debut=0&debut=0&debut=0&debut=384&debut=396&debut=396&debut=48&m=11&y=2017 HTTP/1.1" 200 130769 "-" "Mozilla/5.0 (compatible; SemrushBot/7~bl; +http://www.semrush.com/bot.html)"
85.208.96.193 - - [15/Jun/2026:01:10:58 +0200] "GET /new-products.php?a=12&a=12&a=12&b=1&b=1&b=1&debut=0&debut=108&debut=48&debut=84&m=02&seo_cat&x21=1&y=2017 HTTP/1.1" 200 74604 "-" "Mozilla/5.0 (compatible; SemrushBot/7~bl; +http://www.semrush.com/bot.html)"
185.191.171.12 - - [15/Jun/2026:01:11:03 +0200] "GET /new-products.php?a=12&a=12&a=12&b=1&b=1&b=1&debut=0&debut=36&debut=72&debut=84&m=12&seo_cat&x21=1&y=2023 HTTP/1.1" 200 74607 "-" "Mozilla/5.0 (compatible; SemrushBot/7~bl; +http://www.semrush.com/bot.html)"
185.191.171.14 - - [15/Jun/2026:01:11:50 +0200] "GET /new-products.php?a=12&a=12&b=1&b=1&debut=0&debut=0&debut=0&debut=372&debut=384&debut=384&debut=396&debut=48&debut=96 HTTP/1.1" 200 131038 "-" "Mozilla/5.0 (compatible; SemrushBot/7~bl; +http://www.semrush.com/bot.html)"
85.208.96.197 - - [15/Jun/2026:01:11:56 +0200] "GET /new-products.php?a=12&a=12&a=12&b=1&b=1&b=1&debut=0&debut=0&debut=12&debut=312&debut=36&debut=396&m=05&y=2018 HTTP/1.1" 200 74630 "-" "Mozilla/5.0 (compatible; SemrushBot/7~bl; +http://www.semrush.com/bot.html)"
66.249.65.73 - - [15/Jun/2026:01:12:25 +0200] "GET /categorie-112-soins-solaires HTTP/1.1" 200 130854 "-" "Mozilla/5.0 (Linux; Android 6.0.1; Nexus 5X Build/MMB29P) AppleWebKit/537.36 (KHTML, like Gecko) Chrome/148.0.7778.96 Mobile Safari/537.36 (compatible; Googlebot/2.1; +http://www.google.com/bot.html)"
185.191.171.3 - - [15/Jun/2026:01:12:48 +0200] "GET /new-products.php?a=12&a=12&b=1&b=1&debut=0&debut=36&debut=372&debut=384&debut=384&debut=48&m=12&seo_cat&x23=1&y=2023 HTTP/1.1" 200 128332 "-" "Mozilla/5.0 (compatible; SemrushBot/7~bl; +http://www.semrush.com/bot.html)"
185.191.171.7 - - [15/Jun/2026:01:12:51 +0200] "GET /new-products.php?a=12&b=1&debut=0&debut=0&debut=444&debut=84&histo_track=1&m=12&seo_cat&seo_cat&x21=1&x24=1&y=2021 HTTP/1.1" 200 74677 "-" "Mozilla/5.0 (compatible; SemrushBot/7~bl; +http://www.semrush.com/bot.html)"
85.208.96.201 - - [15/Jun/2026:01:12:59 +0200] "GET /cart.php HTTP/1.1" 200 70872 "-" "Mozilla/5.0 (compatible; SemrushBot/7~bl; +http://www.semrush.com/bot.html)"
85.208.96.200 - - [15/Jun/2026:01:13:01 +0200] "GET /new-products.php?a=12&a=12&b=1&b=1&debut=0&debut=0&debut=120&debut=84&m=09&seo_cat&seo_cat&x26=0&x26=1&y=2020 HTTP/1.1" 200 74633 "-" "Mozilla/5.0 (compatible; SemrushBot/7~bl; +http://www.semrush.com/bot.html)"
102.98.118.63 - - [15/Jun/2026:01:13:16 +0200] "GET /produit-408-panier-legumes-bio-du-vendredi-17-avril HTTP/1.1" 200 72540 "-" "Mozilla/5.0 (Windows NT 6.1; WOW64) AppleWebKit/537.36 (KHTML, like Gecko) Chrome/89.0.4389.90 Safari/537.36"
85.208.96.208 - - [15/Jun/2026:01:13:16 +0200] "GET /new-products.php?a=12&a=12&b=1&b=1&debut=0&debut=12&debut=36&debut=396&histo_track=1&m=08&seo_cat&x20=1&y=2020 HTTP/1.1" 200 74717 "-" "Mozilla/5.0 (compatible; SemrushBot/7~bl; +http://www.semrush.com/bot.html)"
85.208.96.203 - - [15/Jun/2026:01:13:41 +0200] "GET /new-products.php?a=12&a=12&a=12&a=12&b=1&b=1&b=1&b=1&debut=0&debut=108&debut=48&debut=72&debut=96&m=03&y=2023 HTTP/1.1" 200 130839 "-" "Mozilla/5.0 (compatible; SemrushBot/7~bl; +http://www.semrush.com/bot.html)"
185.191.171.14 - - [15/Jun/2026:01:13:46 +0200] "GET /new-products.php?a=12&b=1&debut=0&debut=0&debut=84&m=09&seo_cat&x23=1&y=2018 HTTP/1.1" 200 74402 "-" "Mozilla/5.0 (compatible; SemrushBot/7~bl; +http://www.semrush.com/bot.html)"
185.191.171.12 - - [15/Jun/2026:01:13:51 +0200] "GET /new-products.php?a=12&a=12&a=12&a=12&b=1&b=1&b=1&b=1&debut=0&debut=120&debut=24&debut=408&debut=48&debut=72 HTTP/1.1" 200 129328 "-" "Mozilla/5.0 (compatible; SemrushBot/7~bl; +http://www.semrush.com/bot.html)"
85.208.96.210 - - [15/Jun/2026:01:14:03 +0200] "GET /new-products.php?a=12&a=12&b=1&b=1&debut=396&debut=396&debut=396&debut=396&debut=408&debut=48&debut=60&m=05&y=2020 HTTP/1.1" 200 130210 "-" "Mozilla/5.0 (compatible; SemrushBot/7~bl; +http://www.semrush.com/bot.html)"
185.191.171.11 - - [15/Jun/2026:01:14:49 +0200] "GET /new-products.php?a=12&a=12&a=12&b=1&b=1&b=1&debut=0&debut=108&debut=60&debut=72&m=02&seo_cat&x23=1&y=2022 HTTP/1.1" 200 74604 "-" "Mozilla/5.0 (compatible; SemrushBot/7~bl; +http://www.semrush.com/bot.html)"
185.191.171.7 - - [15/Jun/2026:01:14:52 +0200] "GET /new-products.php?a=12&a=12&b=1&b=1&debut=0&debut=0&debut=36&debut=396&m=05&seo_cat&x20=1&y=2023 HTTP/1.1" 200 74532 "-" "Mozilla/5.0 (compatible; SemrushBot/7~bl; +http://www.semrush.com/bot.html)"
185.191.171.7 - - [15/Jun/2026:01:15:00 +0200] "GET /new-products.php?a=12&b=1&debut=384&debut=408&debut=408&debut=408&debut=408&debut=432&debut=432&debut=432&debut=48 HTTP/1.1" 200 130683 "-" "Mozilla/5.0 (compatible; SemrushBot/7~bl; +http://www.semrush.com/bot.html)"
85.208.96.202 - - [15/Jun/2026:01:15:02 +0200] "GET /new-products.php?a=12&a=12&b=1&b=1&debut=0&debut=432&debut=432&debut=444&debut=48&debut=84 HTTP/1.1" 200 142154 "-" "Mozilla/5.0 (compatible; SemrushBot/7~bl; +http://www.semrush.com/bot.html)"
185.191.171.16 - - [15/Jun/2026:01:15:11 +0200] "GET /new-products.php?a=12&a=12&a=12&b=1&b=1&b=1&debut=108&debut=120&debut=372&debut=72&histo_track=1&m=07&y=2017 HTTP/1.1" 200 129405 "-" "Mozilla/5.0 (compatible; SemrushBot/7~bl; +http://www.semrush.com/bot.html)"
85.208.96.201 - - [15/Jun/2026:01:15:17 +0200] "GET /new-products.php?a=12&a=12&a=12&a=12&a=12&b=1&b=1&b=1&b=1&b=1&debut=132&debut=144&debut=48&debut=72&debut=96 HTTP/1.1" 200 130838 "-" "Mozilla/5.0 (compatible; SemrushBot/7~bl; +http://www.semrush.com/bot.html)"
185.191.171.8 - - [15/Jun/2026:01:15:54 +0200] "GET /new-products.php?a=12&a=12&b=1&b=1&debut=0&debut=0&debut=372&debut=396&debut=48&debut=72&m=09&seo_cat&x23=1&y=2025 HTTP/1.1" 200 74668 "-" "Mozilla/5.0 (compatible; SemrushBot/7~bl; +http://www.semrush.com/bot.html)"
185.191.171.5 - - [15/Jun/2026:01:16:03 +0200] "GET /new-products.php?debut=0&debut=0&debut=0&debut=396&histo_track=1&m=10&seo_cat&seo_cat&seo_cat&x23=0&x23=1&x24=1&y=2021 HTTP/1.1" 200 74697 "-" "Mozilla/5.0 (compatible; SemrushBot/7~bl; +http://www.semrush.com/bot.html)"
185.191.171.3 - - [15/Jun/2026:01:16:11 +0200] "GET /new-products.php?a=12&a=12&a=12&b=1&b=1&b=1&debut=0&debut=0&debut=0&debut=36&debut=384&debut=396&m=06&y=2024 HTTP/1.1" 200 74621 "-" "Mozilla/5.0 (compatible; SemrushBot/7~bl; +http://www.semrush.com/bot.html)"
185.191.171.8 - - [15/Jun/2026:01:16:49 +0200] "GET /new-products.php?a=12&b=1&debut=0&debut=0&debut=396&debut=48&m=05&seo_cat&seo_cat&x21=1&x24=1&y=2017 HTTP/1.1" 200 128266 "-" "Mozilla/5.0 (compatible; SemrushBot/7~bl; +http://www.semrush.com/bot.html)"
185.191.171.5 - - [15/Jun/2026:01:17:02 +0200] "GET /new-products.php?a=12&a=12&b=1&b=1&debut=0&debut=396&debut=396&debut=48&debut=60&m=08&seo_cat&x26=1&y=2021 HTTP/1.1" 200 74689 "-" "Mozilla/5.0 (compatible; SemrushBot/7~bl; +http://www.semrush.com/bot.html)"
185.191.171.12 - - [15/Jun/2026:01:17:12 +0200] "GET /new-products.php?a=12&a=12&b=1&b=1&debut=0&debut=0&debut=120&debut=372&debut=384&debut=396&debut=408&debut=84 HTTP/1.1" 200 132257 "-" "Mozilla/5.0 (compatible; SemrushBot/7~bl; +http://www.semrush.com/bot.html)"
85.208.96.202 - - [15/Jun/2026:01:17:39 +0200] "GET /new-products.php?a=12&a=12&a=12&b=1&b=1&b=1&debut=0&debut=12&debut=24&debut=84&m=07&seo_cat&x21=1&y=2021 HTTP/1.1" 200 84985 "-" "Mozilla/5.0 (compatible; SemrushBot/7~bl; +http://www.semrush.com/bot.html)"
85.208.96.202 - - [15/Jun/2026:01:17:40 +0200] "GET /new-products.php?a=12&a=12&a=12&b=1&b=1&b=1&debut=0&debut=12&debut=24&debut=84&m=07&seo_cat&x21=1&y=2021 HTTP/1.1" 200 84985 "-" "Mozilla/5.0 (compatible; SemrushBot/7~bl; +http://www.semrush.com/bot.html)"
185.191.171.7 - - [15/Jun/2026:01:17:42 +0200] "GET /new-products.php?a=12&a=12&b=1&b=1&debut=0&debut=0&debut=0&debut=384&debut=384&debut=84&debut=96&m=09&y=2019 HTTP/1.1" 200 130889 "-" "Mozilla/5.0 (compatible; SemrushBot/7~bl; +http://www.semrush.com/bot.html)"
185.191.171.3 - - [15/Jun/2026:01:17:54 +0200] "GET /new-products.php?debut=0&debut=0&debut=0&debut=396&m=09&seo_cat&seo_cat&seo_cat&x23=1&x26=0&x26=1&y=2020 HTTP/1.1" 200 74598 "-" "Mozilla/5.0 (compatible; SemrushBot/7~bl; +http://www.semrush.com/bot.html)"
185.191.171.3 - - [15/Jun/2026:01:18:07 +0200] "GET /new-products.php?a=12&a=12&a=12&a=12&b=1&b=1&b=1&b=1&debut=0&debut=12&debut=396&debut=60&debut=84&m=11&y=2019 HTTP/1.1" 200 132234 "-" "Mozilla/5.0 (compatible; SemrushBot/7~bl; +http://www.semrush.com/bot.html)"
185.191.171.7 - - [15/Jun/2026:01:18:10 +0200] "GET /new-products.php?a=12&a=12&b=1&b=1&debut=0&debut=0&debut=60&debut=72&m=02&seo_cat&seo_cat&x20=1&x21=1&y=2023 HTTP/1.1" 200 74625 "-" "Mozilla/5.0 (compatible; SemrushBot/7~bl; +http://www.semrush.com/bot.html)"
194.187.171.154 - - [15/Jun/2026:01:18:13 +0200] "GET /product.php?histo_track=1&seo=363-gourde-inox-motif-fleurs-1-l HTTP/1.1" 200 134039 "-" "Mozilla/5.0 (compatible; Qwantbot/1.0_5200474; +https://help.qwant.com/bot/)"
85.208.96.203 - - [15/Jun/2026:01:18:14 +0200] "GET /new-products.php?a=12&a=12&a=12&b=1&b=1&b=1&debut=348&debut=384&debut=420&debut=432&m=10&y=2022 HTTP/1.1" 200 74609 "-" "Mozilla/5.0 (compatible; SemrushBot/7~bl; +http://www.semrush.com/bot.html)"
66.249.65.74 - - [15/Jun/2026:01:18:17 +0200] "GET /uploadfiles/products/mini/15920578670VBS.jpg HTTP/1.1" 200 21463 "-" "Googlebot-Image/1.0"
85.208.96.203 - - [15/Jun/2026:01:18:41 +0200] "GET /new-products.php?a=12&a=12&a=12&a=12&b=1&b=1&b=1&b=1&debut=0&debut=144&debut=36&debut=48&debut=96&m=05&y=2018 HTTP/1.1" 200 130865 "-" "Mozilla/5.0 (compatible; SemrushBot/7~bl; +http://www.semrush.com/bot.html)"
85.208.96.197 - - [15/Jun/2026:01:18:50 +0200] "GET /new-products.php?a=12&b=1&debut=0&debut=0&debut=372&debut=384&debut=384&debut=396&debut=48&m=02&seo_cat&x24=1&y=2019 HTTP/1.1" 200 74681 "-" "Mozilla/5.0 (compatible; SemrushBot/7~bl; +http://www.semrush.com/bot.html)"
185.191.171.2 - - [15/Jun/2026:01:19:17 +0200] "GET /new-products.php?a=12&a=12&a=12&b=1&b=1&b=1&debut=0&debut=24&debut=36&debut=396&debut=60&m=03&y=2023 HTTP/1.1" 200 129861 "-" "Mozilla/5.0 (compatible; SemrushBot/7~bl; +http://www.semrush.com/bot.html)"
185.191.171.4 - - [15/Jun/2026:01:19:20 +0200] "GET /new-products.php?a=12&a=12&a=12&a=12&b=1&b=1&b=1&b=1&debut=0&debut=144&debut=72&debut=84&debut=96&m=01&y=2018 HTTP/1.1" 200 130869 "-" "Mozilla/5.0 (compatible; SemrushBot/7~bl; +http://www.semrush.com/bot.html)"
85.208.96.207 - - [15/Jun/2026:01:19:22 +0200] "GET /new-products.php?a=12&a=12&b=1&b=1&debut=0&debut=120&debut=360&debut=372&debut=72 HTTP/1.1" 200 128678 "-" "Mozilla/5.0 (compatible; SemrushBot/7~bl; +http://www.semrush.com/bot.html)"
185.191.171.11 - - [15/Jun/2026:01:19:38 +0200] "GET /new-products.php?a=12&a=12&a=12&b=1&b=1&b=1&debut=0&debut=36&debut=48&debut=96&m=02&y=2022 HTTP/1.1" 200 130392 "-" "Mozilla/5.0 (compatible; SemrushBot/7~bl; +http://www.semrush.com/bot.html)"
85.208.96.210 - - [15/Jun/2026:01:19:53 +0200] "GET /new-products.php?a=12&a=12&b=1&b=1&debut=0&debut=24&debut=372&debut=372&debut=372&debut=60&m=11&seo_cat&x23=1&y=2025 HTTP/1.1" 200 98979 "-" "Mozilla/5.0 (compatible; SemrushBot/7~bl; +http://www.semrush.com/bot.html)"
185.191.171.13 - - [15/Jun/2026:01:20:17 +0200] "GET /new-products.php?a=12&b=1&debut=0&debut=0&debut=372&debut=396&debut=396&debut=84&histo_track=1&m=09&seo_cat&x24=1&y=2019 HTTP/1.1" 200 74783 "-" "Mozilla/5.0 (compatible; SemrushBot/7~bl; +http://www.semrush.com/bot.html)"
66.249.65.74 - - [15/Jun/2026:01:20:29 +0200] "GET /uploadfiles/products/15916312990VIN14.jpg HTTP/1.1" 200 1316168 "-" "Googlebot-Image/1.0"
85.208.96.206 - - [15/Jun/2026:01:20:34 +0200] "GET /new-products.php?debut=0&debut=0&debut=0&debut=396&histo_track=1&m=09&seo_cat&seo_cat&seo_cat&x20=1&x21=1&x26=1&y=2020 HTTP/1.1" 200 74696 "-" "Mozilla/5.0 (compatible; SemrushBot/7~bl; +http://www.semrush.com/bot.html)"
85.208.96.212 - - [15/Jun/2026:01:20:53 +0200] "GET /new-products.php?a=12&b=1&debut=0&debut=0&debut=396&debut=408&debut=408&debut=408&debut=48&m=03&seo_cat&x24=1&y=2021 HTTP/1.1" 200 74680 "-" "Mozilla/5.0 (compatible; SemrushBot/7~bl; +http://www.semrush.com/bot.html)"
185.191.171.6 - - [15/Jun/2026:01:21:10 +0200] "GET /new-products.php?debut=0&debut=0&debut=0&debut=0&m=08&seo_cat&seo_cat&seo_cat&seo_cat&x20=0&x20=1&x23=1&x24=1&y=2018 HTTP/1.1" 200 129457 "-" "Mozilla/5.0 (compatible; SemrushBot/7~bl; +http://www.semrush.com/bot.html)"
85.208.96.207 - - [15/Jun/2026:01:21:17 +0200] "GET /new-products.php?a=12&a=12&b=1&b=1&debut=0&debut=0&debut=36&debut=72&m=05&seo_cat&seo_cat&x24=0&x24=1&y=2017 HTTP/1.1" 200 74623 "-" "Mozilla/5.0 (compatible; SemrushBot/7~bl; +http://www.semrush.com/bot.html)"
85.208.96.209 - - [15/Jun/2026:01:21:54 +0200] "GET /new-products.php?a=12&a=12&b=1&b=1&debut=0&debut=0&debut=372&debut=396&debut=396&debut=48&debut=84&m=10&y=2020 HTTP/1.1" 200 132322 "-" "Mozilla/5.0 (compatible; SemrushBot/7~bl; +http://www.semrush.com/bot.html)"
85.208.96.201 - - [15/Jun/2026:01:21:57 +0200] "GET /new-products.php?a=12&a=12&b=1&b=1&debut=0&debut=0&debut=0&debut=0&debut=24&debut=384&debut=396&debut=72&m=04&y=2018 HTTP/1.1" 200 129600 "-" "Mozilla/5.0 (compatible; SemrushBot/7~bl; +http://www.semrush.com/bot.html)"
185.191.171.15 - - [15/Jun/2026:01:21:59 +0200] "GET /new-products.php?a=12&a=12&a=12&b=1&b=1&b=1&debut=0&debut=0&debut=24&debut=372&debut=384&histo_track=1&m=09&y=2018 HTTP/1.1" 200 74668 "-" "Mozilla/5.0 (compatible; SemrushBot/7~bl; +http://www.semrush.com/bot.html)"
185.191.171.15 - - [15/Jun/2026:01:22:06 +0200] "GET /new-products.php?a=12&b=1&debut=0&debut=0&debut=108&debut=108&debut=372&debut=396&debut=48&seo_cat&seo_cat&x23=1&x24=1 HTTP/1.1" 200 130107 "-" "Mozilla/5.0 (compatible; SemrushBot/7~bl; +http://www.semrush.com/bot.html)"
85.208.96.201 - - [15/Jun/2026:01:22:24 +0200] "GET /new-products.php?a=12&a=12&b=1&b=1&debut=0&debut=0&debut=36&debut=60&m=02&seo_cat&x23=1&y=2018 HTTP/1.1" 200 98605 "-" "Mozilla/5.0 (compatible; SemrushBot/7~bl; +http://www.semrush.com/bot.html)"
85.208.96.208 - - [15/Jun/2026:01:22:30 +0200] "GET /new-products.php?a=12&a=12&a=12&a=12&b=1&b=1&b=1&b=1&debut=0&debut=12&debut=336&debut=360&debut=372 HTTP/1.1" 200 109449 "-" "Mozilla/5.0 (compatible; SemrushBot/7~bl; +http://www.semrush.com/bot.html)"
52.167.144.182 - - [15/Jun/2026:01:22:34 +0200] "GET /uploadfiles/products/15835168110AC.jpg HTTP/1.1" 200 1162640 "-" "Mozilla/5.0 AppleWebKit/537.36 (KHTML, like Gecko; compatible; bingbot/2.0; +http://www.bing.com/bingbot.htm) Chrome/116.0.1938.76 Safari/537.36"
85.208.96.208 - - [15/Jun/2026:01:22:41 +0200] "GET /new-products.php?a=12&a=12&b=1&b=1&debut=36&debut=384&debut=384&debut=408&debut=408&debut=72&histo_track=1&m=05&y=2020 HTTP/1.1" 200 129578 "-" "Mozilla/5.0 (compatible; SemrushBot/7~bl; +http://www.semrush.com/bot.html)"
124.243.134.158 - - [15/Jun/2026:01:22:48 +0200] "GET /produit-387-bonbons-oursons-bio-100g?m=07&y=2024 HTTP/1.1" 301 326 "https://vracandbio.com/produit-387-bonbons-oursons-bio-100g?m=07&y=2024" "Mozilla/5.0 (Macintosh; Intel Mac OS X 10_15_7) AppleWebKit/537.36 (KHTML, like Gecko) Chrome/120.0.0.0 Safari/537.36"
119.13.103.197 - - [15/Jun/2026:01:22:51 +0200] "GET /produit-387-bonbons-oursons-bio-100g?m=07&y=2024 HTTP/1.1" 200 133916 "https://www.vracandbio.com/produit-387-bonbons-oursons-bio-100g?m=07&y=2024" "Mozilla/5.0 (Macintosh; Intel Mac OS X 10_15_7) AppleWebKit/537.36 (KHTML, like Gecko) Chrome/120.0.0.0 Safari/537.36"
185.191.171.11 - - [15/Jun/2026:01:22:52 +0200] "GET /new-products.php?a=12&a=12&a=12&b=1&b=1&b=1&debut=0&debut=36&debut=408&debut=48&debut=72&m=10&y=2022 HTTP/1.1" 200 129178 "-" "Mozilla/5.0 (compatible; SemrushBot/7~bl; +http://www.semrush.com/bot.html)"
185.191.171.17 - - [15/Jun/2026:01:23:04 +0200] "GET /new-products.php?a=12&a=12&a=12&b=1&b=1&b=1&debut=0&debut=0&debut=36&debut=396&debut=60&debut=96&m=11&y=2020 HTTP/1.1" 200 131041 "-" "Mozilla/5.0 (compatible; SemrushBot/7~bl; +http://www.semrush.com/bot.html)"
85.208.96.199 - - [15/Jun/2026:01:23:14 +0200] "GET /new-products.php?a=12&a=12&a=12&b=1&b=1&b=1&debut=12&debut=408&debut=432&debut=60&debut=72&histo_track=1&m=06&y=2021 HTTP/1.1" 200 129499 "-" "Mozilla/5.0 (compatible; SemrushBot/7~bl; +http://www.semrush.com/bot.html)"
66.249.65.74 - - [15/Jun/2026:01:23:36 +0200] "GET /uploadfiles/products/mini/15639807530HR.jpg HTTP/1.1" 200 17999 "-" "Googlebot-Image/1.0"
85.208.96.200 - - [15/Jun/2026:01:23:36 +0200] "GET /new-products.php?a=12&a=12&a=12&b=1&b=1&b=1&debut=0&debut=132&debut=60&debut=96&m=08&seo_cat&x26=1&y=2025 HTTP/1.1" 200 74609 "-" "Mozilla/5.0 (compatible; SemrushBot/7~bl; +http://www.semrush.com/bot.html)"
157.55.39.59 - - [15/Jun/2026:01:23:41 +0200] "GET /produit-270-granola-sale-cajou-curry-doux-bio-100g?m=07&y=2026 HTTP/1.1" 200 147088 "-" "Mozilla/5.0 AppleWebKit/537.36 (KHTML, like Gecko; compatible; bingbot/2.0; +http://www.bing.com/bingbot.htm) Chrome/116.0.1938.76 Safari/537.36"
66.249.65.73 - - [15/Jun/2026:01:23:48 +0200] "GET /categorie-77-miels-pate-a-tartiner HTTP/1.1" 200 142765 "-" "Mozilla/5.0 (Linux; Android 6.0.1; Nexus 5X Build/MMB29P) AppleWebKit/537.36 (KHTML, like Gecko) Chrome/148.0.7778.96 Mobile Safari/537.36 (compatible; Googlebot/2.1; +http://www.google.com/bot.html)"
85.208.96.200 - - [15/Jun/2026:01:23:54 +0200] "GET /new-products.php?a=12&a=12&a=12&b=1&b=1&b=1&debut=0&debut=36&debut=60&debut=96&m=09&seo_cat&x21=1&y=2019 HTTP/1.1" 200 74671 "-" "Mozilla/5.0 (compatible; SemrushBot/7~bl; +http://www.semrush.com/bot.html)"
85.208.96.210 - - [15/Jun/2026:01:23:57 +0200] "GET /new-products.php?a=12&a=12&a=12&a=12&b=1&b=1&b=1&b=1&debut=0&debut=120&debut=24&debut=84&debut=96&m=11&y=2020 HTTP/1.1" 200 130913 "-" "Mozilla/5.0 (compatible; SemrushBot/7~bl; +http://www.semrush.com/bot.html)"
185.191.171.17 - - [15/Jun/2026:01:24:07 +0200] "GET /new-products.php?a=12&a=12&a=12&b=1&b=1&b=1&debut=288&debut=288&debut=348&debut=372&m=12&y=2023 HTTP/1.1" 200 109306 "-" "Mozilla/5.0 (compatible; SemrushBot/7~bl; +http://www.semrush.com/bot.html)"
51.195.183.74 - - [15/Jun/2026:01:24:45 +0200] "GET /?m=11&y=2042 HTTP/1.1" 200 212508 "-" "Mozilla/5.0 (compatible; AhrefsBot/7.0; +http://ahrefs.com/robot/)"
185.191.171.2 - - [15/Jun/2026:01:24:53 +0200] "GET /new-products.php?a=12&a=12&b=1&b=1&debut=0&debut=360&debut=372&debut=60&debut=96&m=11&seo_cat&x21=1&y=2025 HTTP/1.1" 200 74611 "-" "Mozilla/5.0 (compatible; SemrushBot/7~bl; +http://www.semrush.com/bot.html)"
85.208.96.210 - - [15/Jun/2026:01:24:56 +0200] "GET /marques.php?a=12&a=12&a=12&b=1&b=1&b=1&debut=0&debut=12&debut=12&debut=48&seo=23-produits-locaux&seo_marq=23&t2=1 HTTP/1.1" 200 78257 "-" "Mozilla/5.0 (compatible; SemrushBot/7~bl; +http://www.semrush.com/bot.html)"
85.208.96.210 - - [15/Jun/2026:01:25:11 +0200] "GET /new-products.php?a=12&a=12&b=1&b=1&debut=0&debut=108&debut=372&debut=396&debut=60&m=07&seo_cat&x23=1&y=2021 HTTP/1.1" 200 98760 "-" "Mozilla/5.0 (compatible; SemrushBot/7~bl; +http://www.semrush.com/bot.html)"
185.191.171.14 - - [15/Jun/2026:01:25:21 +0200] "GET /new-products.php?a=12&a=12&a=12&a=12&b=1&b=1&b=1&b=1&debut=0&debut=12&debut=120&debut=48&debut=96&m=05&y=2023 HTTP/1.1" 200 130838 "-" "Mozilla/5.0 (compatible; SemrushBot/7~bl; +http://www.semrush.com/bot.html)"
85.208.96.202 - - [15/Jun/2026:01:25:44 +0200] "GET /new-products.php?a=12&a=12&b=1&b=1&debut=0&debut=372&debut=372&debut=372&debut=48&debut=84&m=03&seo_cat&x21=1&y=2022 HTTP/1.1" 200 85078 "-" "Mozilla/5.0 (compatible; SemrushBot/7~bl; +http://www.semrush.com/bot.html)"
85.208.96.195 - - [15/Jun/2026:01:25:58 +0200] "GET /new-products.php?a=12&a=12&b=1&b=1&debut=0&debut=108&debut=396&debut=396&debut=432&debut=72&m=08&y=2022 HTTP/1.1" 200 129210 "-" "Mozilla/5.0 (compatible; SemrushBot/7~bl; +http://www.semrush.com/bot.html)"
85.208.96.206 - - [15/Jun/2026:01:26:00 +0200] "GET /new-products.php?a=12&a=12&a=12&b=1&b=1&b=1&debut=120&debut=372&debut=396&debut=396&debut=48&debut=72&m=12&y=2019 HTTP/1.1" 200 129538 "-" "Mozilla/5.0 (compatible; SemrushBot/7~bl; +http://www.semrush.com/bot.html)"
85.208.96.202 - - [15/Jun/2026:01:26:11 +0200] "GET /new-products.php?a=12&b=1&debut=372&debut=384&debut=396&debut=396&debut=396&debut=396&debut=396&debut=72&m=08&y=2020 HTTP/1.1" 200 140006 "-" "Mozilla/5.0 (compatible; SemrushBot/7~bl; +http://www.semrush.com/bot.html)"
85.208.96.200 - - [15/Jun/2026:01:26:25 +0200] "GET /new-products.php?a=12&a=12&b=1&b=1&debut=120&debut=396&debut=396&debut=84&m=03&y=2023 HTTP/1.1" 200 131697 "-" "Mozilla/5.0 (compatible; SemrushBot/7~bl; +http://www.semrush.com/bot.html)"
66.249.65.72 - - [15/Jun/2026:01:26:30 +0200] "GET /produit-592-creme-solaire-visage-teintee-ivoire-spf50?m=01&y=2026 HTTP/1.1" 200 159263 "-" "Mozilla/5.0 (Linux; Android 6.0.1; Nexus 5X Build/MMB29P) AppleWebKit/537.36 (KHTML, like Gecko) Chrome/148.0.7778.96 Mobile Safari/537.36 (compatible; Googlebot/2.1; +http://www.google.com/bot.html)"
66.249.65.72 - - [15/Jun/2026:01:26:40 +0200] "GET /templates/shop/img/nocheck.png HTTP/1.1" 200 3212 "-" "Googlebot-Image/1.0"
85.208.96.195 - - [15/Jun/2026:01:26:40 +0200] "GET /new-products.php?a=12&b=1&debut=0&debut=372&debut=396&debut=396&debut=396&debut=408&debut=408&debut=408&debut=72&m=02&y=2020 HTTP/1.1" 200 129706 "-" "Mozilla/5.0 (compatible; SemrushBot/7~bl; +http://www.semrush.com/bot.html)"
85.208.96.209 - - [15/Jun/2026:01:26:43 +0200] "GET /new-products.php?a=12&a=12&b=1&b=1&debut=0&debut=0&debut=12&debut=372&debut=396&m=11&seo_cat&x24=1&y=2025 HTTP/1.1" 200 74604 "-" "Mozilla/5.0 (compatible; SemrushBot/7~bl; +http://www.semrush.com/bot.html)"
66.249.65.72 - - [15/Jun/2026:01:26:45 +0200] "GET /templates/shop/css/animate.min.css HTTP/1.1" 200 55844 "https://www.vracandbio.com/produit-592-creme-solaire-visage-teintee-ivoire-spf50?m=01&y=2026" "Mozilla/5.0 (Linux; Android 6.0.1; Nexus 5X Build/MMB29P) AppleWebKit/537.36 (KHTML, like Gecko) Chrome/148.0.7778.96 Mobile Safari/537.36 (compatible; Googlebot/2.1; +http://www.google.com/bot.html)"
85.208.96.211 - - [15/Jun/2026:01:27:05 +0200] "GET /new-products.php?a=12&a=12&a=12&a=12&b=1&b=1&b=1&b=1&debut=0&debut=108&debut=24&debut=24&debut=396&debut=60 HTTP/1.1" 200 130103 "-" "Mozilla/5.0 (compatible; SemrushBot/7~bl; +http://www.semrush.com/bot.html)"
185.191.171.15 - - [15/Jun/2026:01:27:32 +0200] "GET /new-products.php?a=12&a=12&b=1&b=1&debut=0&debut=0&debut=372&debut=372&debut=84&debut=96&m=01&seo_cat&x21=1&y=2021 HTTP/1.1" 200 74669 "-" "Mozilla/5.0 (compatible; SemrushBot/7~bl; +http://www.semrush.com/bot.html)"
185.191.171.17 - - [15/Jun/2026:01:28:00 +0200] "GET /robots.txt HTTP/1.1" 200 89 "-" "Mozilla/5.0 (compatible; SemrushBot/7~bl; +http://www.semrush.com/bot.html)"
185.191.171.1 - - [15/Jun/2026:01:28:01 +0200] "GET /new-products.php?a=12&a=12&a=12&b=1&b=1&b=1&debut=0&debut=24&debut=336&debut=336&debut=396&m=05&y=2020 HTTP/1.1" 200 74581 "-" "Mozilla/5.0 (compatible; SemrushBot/7~bl; +http://www.semrush.com/bot.html)"
85.208.96.197 - - [15/Jun/2026:01:28:09 +0200] "GET /new-products.php?a=12&b=1&debut=0&debut=0&debut=0&debut=372&debut=384&debut=396&debut=396&debut=60&histo_track=1&m=04&y=2024 HTTP/1.1" 200 130502 "-" "Mozilla/5.0 (compatible; SemrushBot/7~bl; +http://www.semrush.com/bot.html)"
66.249.65.72 - - [15/Jun/2026:01:28:12 +0200] "GET /mon-compte HTTP/1.1" 200 126716 "-" "Mozilla/5.0 (Linux; Android 6.0.1; Nexus 5X Build/MMB29P) AppleWebKit/537.36 (KHTML, like Gecko) Chrome/148.0.7778.96 Mobile Safari/537.36 (compatible; Googlebot/2.1; +http://www.google.com/bot.html)"
85.208.96.204 - - [15/Jun/2026:01:28:17 +0200] "GET /new-products.php?a=12&a=12&b=1&b=1&debut=0&debut=0&debut=60&debut=72&m=04&seo_cat&seo_cat&x20=1&x26=1&y=2017 HTTP/1.1" 200 74622 "-" "Mozilla/5.0 (compatible; SemrushBot/7~bl; +http://www.semrush.com/bot.html)"
66.249.65.73 - - [15/Jun/2026:01:28:34 +0200] "GET /product.php?seo=442-jus-de-pomme-bio-sud-ouest-25cl&histo_track=1 HTTP/1.1" 200 72540 "-" "Mozilla/5.0 (Linux; Android 6.0.1; Nexus 5X Build/MMB29P) AppleWebKit/537.36 (KHTML, like Gecko) Chrome/148.0.7778.96 Mobile Safari/537.36 (compatible; Googlebot/2.1; +http://www.google.com/bot.html)"
66.249.65.72 - - [15/Jun/2026:01:28:38 +0200] "GET /templates/shop/css/helper.css HTTP/1.1" 200 4957 "https://www.vracandbio.com/product.php?seo=442-jus-de-pomme-bio-sud-ouest-25cl&histo_track=1" "Mozilla/5.0 (Linux; Android 6.0.1; Nexus 5X Build/MMB29P) AppleWebKit/537.36 (KHTML, like Gecko) Chrome/148.0.7778.96 Mobile Safari/537.36 (compatible; Googlebot/2.1; +http://www.google.com/bot.html)"
66.249.65.72 - - [15/Jun/2026:01:28:53 +0200] "GET /uploadfiles/IMG_3142-min.jpg HTTP/1.1" 200 600253 "-" "Googlebot-Image/1.0"
85.208.96.207 - - [15/Jun/2026:01:28:59 +0200] "GET /new-products.php?a=12&a=12&b=1&b=1&debut=0&debut=0&debut=0&debut=0&debut=0&debut=360&debut=48&debut=84&m=03&y=2022 HTTP/1.1" 200 132419 "-" "Mozilla/5.0 (compatible; SemrushBot/7~bl; +http://www.semrush.com/bot.html)"
85.208.96.210 - - [15/Jun/2026:01:29:12 +0200] "GET /new-products.php?a=12&b=1&debut=0&debut=0&debut=372&debut=372&debut=396&debut=396&debut=60&m=12&seo_cat&x26=1&y=2023 HTTP/1.1" 200 74691 "-" "Mozilla/5.0 (compatible; SemrushBot/7~bl; +http://www.semrush.com/bot.html)"
185.191.171.16 - - [15/Jun/2026:01:29:17 +0200] "GET /new-products.php?a=12&a=12&b=1&b=1&debut=0&debut=36&debut=396&debut=396&debut=396&debut=432&debut=60&seo_cat&x20=1 HTTP/1.1" 200 74690 "-" "Mozilla/5.0 (compatible; SemrushBot/7~bl; +http://www.semrush.com/bot.html)"
45.177.146.35 - - [15/Jun/2026:01:29:25 +0200] "GET /produit-328-recharge-savon-a-barbe-100-g?m=05&y=2026 HTTP/1.1" 200 99745 "-" "Mozilla/5.0 (iPhone; CPU iPhone OS 11_0 like Mac OS X) AppleWebKit/537.36 (KHTML, like Gecko) Chrome/45.0.6810.1761 Mobile Safari/537.36"
178.92.27.91 - - [15/Jun/2026:01:29:28 +0200] "GET /templates/shop/css/global_cookies_css.php HTTP/1.1" 200 31 "https://www.vracandbio.com/produit-328-recharge-savon-a-barbe-100-g?m=05&y=2026" "Mozilla/5.0 (iPhone; CPU iPhone OS 11_0 like Mac OS X) AppleWebKit/537.36 (KHTML, like Gecko) Chrome/45.0.6810.1761 Mobile Safari/537.36"
178.92.27.91 - - [15/Jun/2026:01:29:28 +0200] "GET /start_to_top/style.css HTTP/1.1" 200 - "https://www.vracandbio.com/produit-328-recharge-savon-a-barbe-100-g?m=05&y=2026" "Mozilla/5.0 (iPhone; CPU iPhone OS 11_0 like Mac OS X) AppleWebKit/537.36 (KHTML, like Gecko) Chrome/45.0.6810.1761 Mobile Safari/537.36"
178.92.27.91 - - [15/Jun/2026:01:29:28 +0200] "GET /js/js.cookie.min.js HTTP/1.1" 200 - "https://www.vracandbio.com/produit-328-recharge-savon-a-barbe-100-g?m=05&y=2026" "Mozilla/5.0 (iPhone; CPU iPhone OS 11_0 like Mac OS X) AppleWebKit/537.36 (KHTML, like Gecko) Chrome/45.0.6810.1761 Mobile Safari/537.36"
178.92.27.91 - - [15/Jun/2026:01:29:28 +0200] "GET /includes/stats.php?ref= HTTP/1.1" 200 - "https://www.vracandbio.com/produit-328-recharge-savon-a-barbe-100-g?m=05&y=2026" "Mozilla/5.0 (iPhone; CPU iPhone OS 11_0 like Mac OS X) AppleWebKit/537.36 (KHTML, like Gecko) Chrome/45.0.6810.1761 Mobile Safari/537.36"
178.92.27.91 - - [15/Jun/2026:01:29:28 +0200] "GET /templates/shop/js/script.js HTTP/1.1" 200 - "https://www.vracandbio.com/produit-328-recharge-savon-a-barbe-100-g?m=05&y=2026" "Mozilla/5.0 (iPhone; CPU iPhone OS 11_0 like Mac OS X) AppleWebKit/537.36 (KHTML, like Gecko) Chrome/45.0.6810.1761 Mobile Safari/537.36"
178.92.27.91 - - [15/Jun/2026:01:29:29 +0200] "GET /templates/shop/img/hors_stock.png HTTP/1.1" 200 7797 "https://www.vracandbio.com/produit-328-recharge-savon-a-barbe-100-g?m=05&y=2026" "Mozilla/5.0 (iPhone; CPU iPhone OS 11_0 like Mac OS X) AppleWebKit/537.36 (KHTML, like Gecko) Chrome/45.0.6810.1761 Mobile Safari/537.36"
178.92.27.91 - - [15/Jun/2026:01:29:29 +0200] "GET /templates/shop/images/downArrow.png HTTP/1.1" 404 212825 "https://www.vracandbio.com/templates/shop/css/style.css" "Mozilla/5.0 (iPhone; CPU iPhone OS 11_0 like Mac OS X) AppleWebKit/537.36 (KHTML, like Gecko) Chrome/45.0.6810.1761 Mobile Safari/537.36"
85.208.96.200 - - [15/Jun/2026:01:29:31 +0200] "GET /new-products.php?a=12&a=12&b=1&b=1&debut=396&debut=396&debut=396&debut=408&debut=48&debut=60&m=02&y=2021 HTTP/1.1" 200 129932 "-" "Mozilla/5.0 (compatible; SemrushBot/7~bl; +http://www.semrush.com/bot.html)"
66.249.65.73 - - [15/Jun/2026:01:29:51 +0200] "GET /produit-395-gel-douche-neutre-liquide-500-g?m=07&y=2026 HTTP/1.1" 200 142663 "-" "Mozilla/5.0 (Linux; Android 6.0.1; Nexus 5X Build/MMB29P) AppleWebKit/537.36 (KHTML, like Gecko) Chrome/148.0.7778.96 Mobile Safari/537.36 (compatible; Googlebot/2.1; +http://www.google.com/bot.html)"
85.208.96.210 - - [15/Jun/2026:01:30:02 +0200] "GET /new-products.php?a=12&b=1&debut=0&debut=0&debut=0&debut=0&debut=384&debut=396&debut=408&debut=408&debut=60&m=10&y=2020 HTTP/1.1" 200 130357 "-" "Mozilla/5.0 (compatible; SemrushBot/7~bl; +http://www.semrush.com/bot.html)"
85.208.96.197 - - [15/Jun/2026:01:30:07 +0200] "GET /new-products.php?a=12&a=12&b=1&b=1&debut=0&debut=36&debut=360&debut=396&histo_track=1&m=04&y=2024 HTTP/1.1" 200 74545 "-" "Mozilla/5.0 (compatible; SemrushBot/7~bl; +http://www.semrush.com/bot.html)"
99.251.128.202 - - [15/Jun/2026:01:30:08 +0200] "GET /page-la-cantine?m=02&y=2026 HTTP/1.1" 200 72913 "-" "Mozilla/5.0 (Macintosh; Intel Mac OS X 10_15_7) AppleWebKit/537.36 (KHTML, like Gecko) Chrome/120.0.0.0 Safari/537.36"
85.208.96.208 - - [15/Jun/2026:01:30:09 +0200] "GET /new-products.php?a=12&b=1&debut=0&debut=384&debut=384&debut=396&debut=396&debut=60&histo_track=1&m=09&y=2018 HTTP/1.1" 200 130106 "-" "Mozilla/5.0 (compatible; SemrushBot/7~bl; +http://www.semrush.com/bot.html)"
51.195.244.5 - - [15/Jun/2026:01:30:11 +0200] "GET /?m=07&y=2009 HTTP/1.1" 200 212398 "-" "Mozilla/5.0 (compatible; AhrefsBot/7.0; +http://ahrefs.com/robot/)"
85.208.96.208 - - [15/Jun/2026:01:30:11 +0200] "GET /new-products.php?a=12&a=12&a=12&a=12&b=1&b=1&b=1&b=1&debut=0&debut=24&debut=396&debut=48&debut=72&m=05&y=2024 HTTP/1.1" 200 129353 "-" "Mozilla/5.0 (compatible; SemrushBot/7~bl; +http://www.semrush.com/bot.html)"
185.191.171.18 - - [15/Jun/2026:01:30:27 +0200] "GET /new-products.php?a=12&a=12&b=1&b=1&debut=0&debut=0&debut=120&debut=84&m=02&seo_cat&seo_cat&x20=1&x24=1&y=2023 HTTP/1.1" 200 74632 "-" "Mozilla/5.0 (compatible; SemrushBot/7~bl; +http://www.semrush.com/bot.html)"
185.191.171.17 - - [15/Jun/2026:01:30:35 +0200] "GET /new-products.php?a=12&a=12&b=1&b=1&debut=384&debut=384&debut=396&debut=396&debut=396&debut=60&debut=72&m=06&y=2018 HTTP/1.1" 200 129476 "-" "Mozilla/5.0 (compatible; SemrushBot/7~bl; +http://www.semrush.com/bot.html)"
66.249.65.73 - - [15/Jun/2026:01:30:40 +0200] "GET /uploadfiles/products/mini/15969084040Miel_de_chataignier_bio.jpg HTTP/1.1" 200 14926 "-" "Googlebot-Image/1.0"
185.191.171.10 - - [15/Jun/2026:01:30:44 +0200] "GET /new-products.php?a=12&a=12&b=1&b=1&debut=0&debut=0&debut=0&debut=48&m=09&seo_cat&seo_cat&x23=1&x26=1&y=2025 HTTP/1.1" 200 128631 "-" "Mozilla/5.0 (compatible; SemrushBot/7~bl; +http://www.semrush.com/bot.html)"
85.208.96.208 - - [15/Jun/2026:01:31:03 +0200] "GET /new-products.php?a=12&a=12&b=1&b=1&debut=0&debut=0&debut=0&debut=36&debut=48&m=09&seo_cat&x24=1&y=2021 HTTP/1.1" 200 74584 "-" "Mozilla/5.0 (compatible; SemrushBot/7~bl; +http://www.semrush.com/bot.html)"
85.208.96.211 - - [15/Jun/2026:01:31:05 +0200] "GET /new-products.php?a=12&a=12&b=1&b=1&debut=0&debut=0&debut=324&debut=36&debut=372&seo_cat&x21=1 HTTP/1.1" 200 74543 "-" "Mozilla/5.0 (compatible; SemrushBot/7~bl; +http://www.semrush.com/bot.html)"
85.208.96.193 - - [15/Jun/2026:01:31:07 +0200] "GET /new-products.php?a=12&b=1&debut=0&debut=0&debut=0&debut=408&debut=408&debut=60&m=08&seo_cat&x21=1&y=2020 HTTP/1.1" 200 74675 "-" "Mozilla/5.0 (compatible; SemrushBot/7~bl; +http://www.semrush.com/bot.html)"
85.208.96.205 - - [15/Jun/2026:01:31:20 +0200] "GET /new-products.php?a=12&a=12&b=1&b=1&debut=0&debut=0&debut=0&debut=0&debut=108&debut=408&debut=84&m=09&y=2020 HTTP/1.1" 200 132249 "-" "Mozilla/5.0 (compatible; SemrushBot/7~bl; +http://www.semrush.com/bot.html)"
85.208.96.203 - - [15/Jun/2026:01:31:41 +0200] "GET /new-products.php?a=12&a=12&a=12&a=12&b=1&b=1&b=1&b=1&debut=0&debut=108&debut=72&debut=84&debut=96&m=07&y=2023 HTTP/1.1" 200 131104 "-" "Mozilla/5.0 (compatible; SemrushBot/7~bl; +http://www.semrush.com/bot.html)"
66.249.65.74 - - [15/Jun/2026:01:31:58 +0200] "GET /uploadfiles/products/mini/15639806980LC.jpg HTTP/1.1" 200 17046 "-" "Googlebot-Image/1.0"
85.208.96.195 - - [15/Jun/2026:01:32:05 +0200] "GET /new-products.php?a=12&b=1&debut=0&debut=0&debut=360&debut=372&m=11&y=2025 HTTP/1.1" 200 108828 "-" "Mozilla/5.0 (compatible; SemrushBot/7~bl; +http://www.semrush.com/bot.html)"
85.208.96.202 - - [15/Jun/2026:01:32:08 +0200] "GET /new-products.php?a=12&b=1&debut=0&debut=0&debut=0&debut=396&debut=60&m=07&seo_cat&seo_cat&x21=0&x21=1&y=2018 HTTP/1.1" 200 85090 "-" "Mozilla/5.0 (compatible; SemrushBot/7~bl; +http://www.semrush.com/bot.html)"
85.208.96.202 - - [15/Jun/2026:01:32:08 +0200] "GET /new-products.php?a=12&b=1&debut=0&debut=0&debut=0&debut=396&debut=60&m=07&seo_cat&seo_cat&x21=0&x21=1&y=2018 HTTP/1.1" 200 85090 "-" "Mozilla/5.0 (compatible; SemrushBot/7~bl; +http://www.semrush.com/bot.html)"
185.191.171.3 - - [15/Jun/2026:01:32:14 +0200] "GET /new-products.php?a=12&b=1&debut=0&debut=396&debut=396&debut=408&debut=408&debut=408&debut=60&m=04&seo_cat&x20=1&y=2021 HTTP/1.1" 200 74692 "-" "Mozilla/5.0 (compatible; SemrushBot/7~bl; +http://www.semrush.com/bot.html)"
185.191.171.4 - - [15/Jun/2026:01:32:44 +0200] "GET /new-products.php?a=12&a=12&b=1&b=1&debut=0&debut=0&debut=132&debut=84&m=11&seo_cat&seo_cat&x23=1&x24=1&y=2025 HTTP/1.1" 200 129445 "-" "Mozilla/5.0 (compatible; SemrushBot/7~bl; +http://www.semrush.com/bot.html)"
185.191.171.17 - - [15/Jun/2026:01:32:52 +0200] "GET /new-products.php?a=12&a=12&b=1&b=1&debut=0&debut=0&debut=132&debut=396&debut=396&debut=84&histo_track=1&m=12&y=2021 HTTP/1.1" 200 132458 "-" "Mozilla/5.0 (compatible; SemrushBot/7~bl; +http://www.semrush.com/bot.html)"
85.208.96.210 - - [15/Jun/2026:01:33:23 +0200] "GET /new-products.php?a=12&a=12&a=12&a=12&b=1&b=1&b=1&b=1&debut=0&debut=144&debut=84&debut=84&debut=96&m=07&y=2018 HTTP/1.1" 200 131104 "-" "Mozilla/5.0 (compatible; SemrushBot/7~bl; +http://www.semrush.com/bot.html)"
2.57.70.237 - - [15/Jun/2026:01:33:32 +0200] "GET /produit-300-confiture-fraise-bio-350g?m=10&y=2025 HTTP/1.1" 200 104938 "-" "Mozilla/5.0 (Windows NT 10.0; Win64; x64) AppleWebKit/537.36 (KHTML, like Gecko) Chrome/149.0.0.0 Safari/537.36 Edg/149.0.0.0"
185.191.171.18 - - [15/Jun/2026:01:33:33 +0200] "GET /new-products.php?a=12&a=12&a=12&b=1&b=1&b=1&debut=0&debut=0&debut=36&debut=384&debut=396&debut=444&debut=84&debut=96 HTTP/1.1" 200 131038 "-" "Mozilla/5.0 (compatible; SemrushBot/7~bl; +http://www.semrush.com/bot.html)"
85.208.96.204 - - [15/Jun/2026:01:33:38 +0200] "GET /new-products.php?a=12&a=12&b=1&b=1&debut=0&debut=132&debut=396&debut=84&seo_cat&x26=1 HTTP/1.1" 200 74487 "-" "Mozilla/5.0 (compatible; SemrushBot/7~bl; +http://www.semrush.com/bot.html)"
66.249.65.73 - - [15/Jun/2026:01:33:56 +0200] "GET /produit-275-flocons-d-avoine-bio-300g HTTP/1.1" 200 123832 "-" "Mozilla/5.0 (Linux; Android 6.0.1; Nexus 5X Build/MMB29P) AppleWebKit/537.36 (KHTML, like Gecko) Chrome/148.0.7778.96 Mobile Safari/537.36 (compatible; Googlebot/2.1; +http://www.google.com/bot.html)"
185.191.171.16 - - [15/Jun/2026:01:34:11 +0200] "GET /new-products.php?a=12&a=12&b=1&b=1&debut=0&debut=0&debut=0&debut=0&debut=372&debut=372&debut=396&m=12&y=2018 HTTP/1.1" 200 74708 "-" "Mozilla/5.0 (compatible; SemrushBot/7~bl; +http://www.semrush.com/bot.html)"
163.5.88.81 - - [15/Jun/2026:01:34:14 +0200] "GET /blog.php HTTP/1.1" 200 78172 "-" "Mozilla/5.0 (Windows NT 10.0; Win64; x64) AppleWebKit/537.36 (KHTML, like Gecko) Chrome/149.0.0.0 Safari/537.36 Edg/149.0.0.0"
85.208.96.201 - - [15/Jun/2026:01:34:16 +0200] "GET /new-products.php?a=12&b=1&debut=0&debut=0&debut=0&debut=0&debut=312&debut=396&histo_track=1&m=02&seo_cat&x24=1&y=2018 HTTP/1.1" 200 74688 "-" "Mozilla/5.0 (compatible; SemrushBot/7~bl; +http://www.semrush.com/bot.html)"
185.191.171.9 - - [15/Jun/2026:01:34:21 +0200] "GET /new-products.php?a=12&b=1&debut=0&debut=0&debut=72&histo_track=1&m=03&seo_cat&seo_cat&x23=1&x24=1&y=2020 HTTP/1.1" 200 129241 "-" "Mozilla/5.0 (compatible; SemrushBot/7~bl; +http://www.semrush.com/bot.html)"
85.208.96.194 - - [15/Jun/2026:01:34:23 +0200] "GET /new-products.php?a=12&b=1&debut=0&debut=0&debut=72&histo_track=1&m=11&seo_cat&x24=1&y=2025 HTTP/1.1" 200 74499 "-" "Mozilla/5.0 (compatible; SemrushBot/7~bl; +http://www.semrush.com/bot.html)"
185.191.171.4 - - [15/Jun/2026:01:34:44 +0200] "GET /new-products.php?a=12&a=12&b=1&b=1&debut=0&debut=12&debut=396&debut=396&debut=396&debut=408&debut=444&debut=72 HTTP/1.1" 200 129376 "-" "Mozilla/5.0 (compatible; SemrushBot/7~bl; +http://www.semrush.com/bot.html)"
85.208.96.196 - - [15/Jun/2026:01:34:47 +0200] "GET /marques.php?a=12&b=1&debut=0&debut=0&debut=60&seo=23-produits-locaux&seo_marq=23&seo_marq=23&t118=1&t2=1 HTTP/1.1" 200 78095 "-" "Mozilla/5.0 (compatible; SemrushBot/7~bl; +http://www.semrush.com/bot.html)"
85.208.96.212 - - [15/Jun/2026:01:34:56 +0200] "GET /new-products.php?a=12&b=1&debut=0&debut=0&debut=384&debut=396&debut=396&debut=396&debut=72&m=09&seo_cat&x23=1&y=2019 HTTP/1.1" 200 74755 "-" "Mozilla/5.0 (compatible; SemrushBot/7~bl; +http://www.semrush.com/bot.html)"
68.82.241.173 - - [15/Jun/2026:01:35:00 +0200] "GET /category.php?m=04&y=2025 HTTP/1.1" 200 73464 "-" "Mozilla/5.0 (Linux; Android 14; Pixel 6 Pro) AppleWebKit/537.36 (KHTML, like Gecko) Chrome/122.0.6261.119 Mobile Safari/537.36 OPR/81.2.4292.78581"
209.139.116.93 - - [15/Jun/2026:01:35:03 +0200] "GET /templates/shop/bootstrap/css/bootstrap.min.css HTTP/1.1" 200 106945 "https://www.vracandbio.com/category.php?m=04&y=2025" "Mozilla/5.0 (Windows NT 6.1; WOW64) AppleWebKit/537.36 (KHTML, like Gecko) Chrome/49.0.4165.1536 Safari/537.36"
209.139.116.93 - - [15/Jun/2026:01:35:03 +0200] "GET /templates/shop/css/dropdown.css HTTP/1.1" 200 937 "https://www.vracandbio.com/templates/shop/css/dropdown.linear.css" "Mozilla/5.0 (Windows NT 6.1; WOW64) AppleWebKit/537.36 (KHTML, like Gecko) Chrome/49.0.4165.1536 Safari/537.36"
209.139.116.93 - - [15/Jun/2026:01:35:03 +0200] "GET /templates/shop/css/global.php HTTP/1.1" 200 26242 "https://www.vracandbio.com/category.php?m=04&y=2025" "Mozilla/5.0 (Windows NT 6.1; WOW64) AppleWebKit/537.36 (KHTML, like Gecko) Chrome/49.0.4165.1536 Safari/537.36"
209.139.116.93 - - [15/Jun/2026:01:35:03 +0200] "GET /templates/shop/css/animate.min.css HTTP/1.1" 200 55844 "https://www.vracandbio.com/category.php?m=04&y=2025" "Mozilla/5.0 (Windows NT 6.1; WOW64) AppleWebKit/537.36 (KHTML, like Gecko) Chrome/49.0.4165.1536 Safari/537.36"
209.139.116.93 - - [15/Jun/2026:01:35:03 +0200] "GET /templates/shop/css/lightbox.css HTTP/1.1" 200 3875 "https://www.vracandbio.com/category.php?m=04&y=2025" "Mozilla/5.0 (Windows NT 6.1; WOW64) AppleWebKit/537.36 (KHTML, like Gecko) Chrome/49.0.4165.1536 Safari/537.36"
209.139.116.93 - - [15/Jun/2026:01:35:03 +0200] "GET /templates/shop/css/default.advanced.css HTTP/1.1" 200 1652 "https://www.vracandbio.com/category.php?m=04&y=2025" "Mozilla/5.0 (Windows NT 6.1; WOW64) AppleWebKit/537.36 (KHTML, like Gecko) Chrome/49.0.4165.1536 Safari/537.36"
209.139.116.93 - - [15/Jun/2026:01:35:03 +0200] "GET /templates/shop/css/helper.css HTTP/1.1" 200 4957 "https://www.vracandbio.com/category.php?m=04&y=2025" "Mozilla/5.0 (Windows NT 6.1; WOW64) AppleWebKit/537.36 (KHTML, like Gecko) Chrome/49.0.4165.1536 Safari/537.36"
209.139.116.93 - - [15/Jun/2026:01:35:03 +0200] "GET /templates/shop/bootstrap/css/bootstrap.min2.css HTTP/1.1" 200 85843 "https://www.vracandbio.com/category.php?m=04&y=2025" "Mozilla/5.0 (Windows NT 6.1; WOW64) AppleWebKit/537.36 (KHTML, like Gecko) Chrome/49.0.4165.1536 Safari/537.36"
209.139.116.93 - - [15/Jun/2026:01:35:03 +0200] "GET /templates/shop/css/font-awesome/css/font-awesome.min.css HTTP/1.1" 200 19431 "https://www.vracandbio.com/category.php?m=04&y=2025" "Mozilla/5.0 (Windows NT 6.1; WOW64) AppleWebKit/537.36 (KHTML, like Gecko) Chrome/49.0.4165.1536 Safari/537.36"
209.139.116.93 - - [15/Jun/2026:01:35:03 +0200] "GET /templates/shop/bootstrap/css/bootstrap-responsive.min.css HTTP/1.1" 200 19072 "https://www.vracandbio.com/category.php?m=04&y=2025" "Mozilla/5.0 (Windows NT 6.1; WOW64) AppleWebKit/537.36 (KHTML, like Gecko) Chrome/49.0.4165.1536 Safari/537.36"
209.139.116.93 - - [15/Jun/2026:01:35:03 +0200] "GET /templates/shop/css/global_end.css HTTP/1.1" 200 1106 "https://www.vracandbio.com/category.php?m=04&y=2025" "Mozilla/5.0 (Windows NT 6.1; WOW64) AppleWebKit/537.36 (KHTML, like Gecko) Chrome/49.0.4165.1536 Safari/537.36"
209.139.116.93 - - [15/Jun/2026:01:35:04 +0200] "GET /start_to_top/style.css HTTP/1.1" 200 - "https://www.vracandbio.com/category.php?m=04&y=2025" "Mozilla/5.0 (Windows NT 6.1; WOW64) AppleWebKit/537.36 (KHTML, like Gecko) Chrome/49.0.4165.1536 Safari/537.36"
209.139.116.93 - - [15/Jun/2026:01:35:04 +0200] "GET /templates/shop/css/style.css HTTP/1.1" 200 12038 "https://www.vracandbio.com/category.php?m=04&y=2025" "Mozilla/5.0 (Windows NT 6.1; WOW64) AppleWebKit/537.36 (KHTML, like Gecko) Chrome/49.0.4165.1536 Safari/537.36"
209.139.116.93 - - [15/Jun/2026:01:35:04 +0200] "GET /templates/shop/img/back_hover.png HTTP/1.1" 200 6257 "https://www.vracandbio.com/category.php?m=04&y=2025" "Mozilla/5.0 (Windows NT 6.1; WOW64) AppleWebKit/537.36 (KHTML, like Gecko) Chrome/49.0.4165.1536 Safari/537.36"
209.139.116.93 - - [15/Jun/2026:01:35:04 +0200] "GET /templates/shop/img/empty_cart_hover.png HTTP/1.1" 200 5916 "https://www.vracandbio.com/category.php?m=04&y=2025" "Mozilla/5.0 (Windows NT 6.1; WOW64) AppleWebKit/537.36 (KHTML, like Gecko) Chrome/49.0.4165.1536 Safari/537.36"
209.139.116.93 - - [15/Jun/2026:01:35:04 +0200] "GET /uploadfiles/slide1_internal/0les_infos_de_vrac_and_bio.png HTTP/1.1" 200 19769 "https://www.vracandbio.com/category.php?m=04&y=2025" "Mozilla/5.0 (Windows NT 6.1; WOW64) AppleWebKit/537.36 (KHTML, like Gecko) Chrome/49.0.4165.1536 Safari/537.36"
209.139.116.93 - - [15/Jun/2026:01:35:04 +0200] "GET /templates/shop/img/facebook.png HTTP/1.1" 200 4816 "https://www.vracandbio.com/category.php?m=04&y=2025" "Mozilla/5.0 (Windows NT 6.1; WOW64) AppleWebKit/537.36 (KHTML, like Gecko) Chrome/49.0.4165.1536 Safari/537.36"
209.139.116.93 - - [15/Jun/2026:01:35:04 +0200] "GET /uploadfiles/slide1_internal/0Paiement.jpg HTTP/1.1" 200 70030 "https://www.vracandbio.com/category.php?m=04&y=2025" "Mozilla/5.0 (Windows NT 6.1; WOW64) AppleWebKit/537.36 (KHTML, like Gecko) Chrome/49.0.4165.1536 Safari/537.36"
209.139.116.93 - - [15/Jun/2026:01:35:04 +0200] "GET /templates/shop/img/logo_signature_picto.png HTTP/1.1" 200 6299 "https://www.vracandbio.com/category.php?m=04&y=2025" "Mozilla/5.0 (Windows NT 6.1; WOW64) AppleWebKit/537.36 (KHTML, like Gecko) Chrome/49.0.4165.1536 Safari/537.36"
209.139.116.93 - - [15/Jun/2026:01:35:04 +0200] "GET /uploadfiles/slide1_internal/0Paiement.jpg HTTP/1.1" 200 70030 "https://www.vracandbio.com/category.php?m=04&y=2025" "Mozilla/5.0 (Windows NT 6.1; WOW64) AppleWebKit/537.36 (KHTML, like Gecko) Chrome/49.0.4165.1536 Safari/537.36"
209.139.116.93 - - [15/Jun/2026:01:35:05 +0200] "GET /uploadfiles/slide1_internal/0Paiement.jpg HTTP/1.1" 200 70030 "https://www.vracandbio.com/category.php?m=04&y=2025" "Mozilla/5.0 (Windows NT 6.1; WOW64) AppleWebKit/537.36 (KHTML, like Gecko) Chrome/49.0.4165.1536 Safari/537.36"
51.195.215.99 - - [15/Jun/2026:01:35:08 +0200] "GET /?m=04&y=2042 HTTP/1.1" 200 212448 "-" "Mozilla/5.0 (compatible; AhrefsBot/7.0; +http://ahrefs.com/robot/)"
185.191.171.7 - - [15/Jun/2026:01:35:08 +0200] "GET /new-products.php?a=12&a=12&b=1&b=1&debut=384&debut=396&debut=396&debut=396&debut=48&debut=84&histo_track=1&m=04&y=2025 HTTP/1.1" 200 132520 "-" "Mozilla/5.0 (compatible; SemrushBot/7~bl; +http://www.semrush.com/bot.html)"
85.208.96.193 - - [15/Jun/2026:01:35:14 +0200] "GET /new-products.php?a=12&a=12&a=12&a=12&b=1&b=1&b=1&b=1&debut=0&debut=144&debut=384&debut=84&debut=84&debut=96 HTTP/1.1" 200 130966 "-" "Mozilla/5.0 (compatible; SemrushBot/7~bl; +http://www.semrush.com/bot.html)"
85.208.96.193 - - [15/Jun/2026:01:35:17 +0200] "GET /new-products.php?a=12&a=12&b=1&b=1&debut=0&debut=0&debut=36&debut=372&debut=396&debut=60&m=06&seo_cat&x21=1&y=2021 HTTP/1.1" 200 74663 "-" "Mozilla/5.0 (compatible; SemrushBot/7~bl; +http://www.semrush.com/bot.html)"
85.208.96.206 - - [15/Jun/2026:01:35:46 +0200] "GET /new-products.php?a=12&a=12&b=1&b=1&debut=0&debut=0&debut=312&debut=324&debut=384&histo_track=1&m=12&y=2023 HTTP/1.1" 200 74621 "-" "Mozilla/5.0 (compatible; SemrushBot/7~bl; +http://www.semrush.com/bot.html)"
85.208.96.196 - - [15/Jun/2026:01:36:11 +0200] "GET /new-products.php?a=12&b=1&debut=0&debut=0&debut=384&debut=396&debut=432&debut=432&debut=60&m=11&seo_cat&x20=1&y=2020 HTTP/1.1" 200 74754 "-" "Mozilla/5.0 (compatible; SemrushBot/7~bl; +http://www.semrush.com/bot.html)"
185.191.171.12 - - [15/Jun/2026:01:36:26 +0200] "GET /new-products.php?a=12&a=12&a=12&a=12&b=1&b=1&b=1&b=1&debut=0&debut=108&debut=48&debut=60&debut=72&m=12&y=2017 HTTP/1.1" 200 129338 "-" "Mozilla/5.0 (compatible; SemrushBot/7~bl; +http://www.semrush.com/bot.html)"
185.191.171.12 - - [15/Jun/2026:01:36:31 +0200] "GET /new-products.php?a=12&b=1&debut=0&debut=0&debut=0&debut=396&debut=60&m=05&seo_cat&seo_cat&x21=1&x23=1&y=2023 HTTP/1.1" 200 127914 "-" "Mozilla/5.0 (compatible; SemrushBot/7~bl; +http://www.semrush.com/bot.html)"
185.191.171.12 - - [15/Jun/2026:01:36:52 +0200] "GET /new-products.php?a=12&b=1&debut=0&debut=0&debut=384&debut=396&debut=408&debut=432&debut=72&m=03&seo_cat&x20=1&y=2020 HTTP/1.1" 200 74753 "-" "Mozilla/5.0 (compatible; SemrushBot/7~bl; +http://www.semrush.com/bot.html)"
185.191.171.9 - - [15/Jun/2026:01:37:04 +0200] "GET /new-products.php?a=12&a=12&b=1&b=1&debut=0&debut=0&debut=336&debut=36&debut=396&histo_track=1&m=11&y=2025 HTTP/1.1" 200 74604 "-" "Mozilla/5.0 (compatible; SemrushBot/7~bl; +http://www.semrush.com/bot.html)"
85.208.96.212 - - [15/Jun/2026:01:37:29 +0200] "GET /new-products.php?a=12&a=12&a=12&a=12&b=1&b=1&b=1&b=1&debut=132&debut=24&debut=72&debut=84&m=02&y=2019 HTTP/1.1" 200 132098 "-" "Mozilla/5.0 (compatible; SemrushBot/7~bl; +http://www.semrush.com/bot.html)"
185.191.171.11 - - [15/Jun/2026:01:37:56 +0200] "GET /new-products.php?a=12&a=12&a=12&b=1&b=1&b=1&debut=0&debut=12&debut=408&debut=408&debut=48&debut=72&m=09&y=2020 HTTP/1.1" 200 129354 "-" "Mozilla/5.0 (compatible; SemrushBot/7~bl; +http://www.semrush.com/bot.html)"
85.208.96.199 - - [15/Jun/2026:01:38:01 +0200] "GET /new-products.php?a=12&a=12&a=12&b=1&b=1&b=1&debut=0&debut=0&debut=12&debut=84 HTTP/1.1" 200 131521 "-" "Mozilla/5.0 (compatible; SemrushBot/7~bl; +http://www.semrush.com/bot.html)"
185.191.171.8 - - [15/Jun/2026:01:38:20 +0200] "GET /new-products.php?a=12&b=1&debut=0&debut=0&debut=0&debut=0&debut=372&debut=48&m=08&seo_cat&seo_cat&x21=1&x26=1&y=2022 HTTP/1.1" 200 74686 "-" "Mozilla/5.0 (compatible; SemrushBot/7~bl; +http://www.semrush.com/bot.html)"
85.208.96.195 - - [15/Jun/2026:01:38:26 +0200] "GET /new-products.php?a=12&a=12&b=1&b=1&debut=0&debut=396&debut=396&debut=396&debut=60&debut=84&histo_track=1 HTTP/1.1" 200 132196 "-" "Mozilla/5.0 (compatible; SemrushBot/7~bl; +http://www.semrush.com/bot.html)"
185.191.171.9 - - [15/Jun/2026:01:38:34 +0200] "GET /new-products.php?a=12&b=1&debut=0&debut=0&debut=384&debut=384&debut=384&debut=396&debut=60&m=06&seo_cat&x21=1&y=2019 HTTP/1.1" 200 74677 "-" "Mozilla/5.0 (compatible; SemrushBot/7~bl; +http://www.semrush.com/bot.html)"
185.191.171.18 - - [15/Jun/2026:01:38:45 +0200] "GET /new-products.php?a=12&b=1&debut=0&debut=0&debut=384&debut=396&histo_track=1&m=04&seo_cat&seo_cat&x20=1&x26=1&y=2021 HTTP/1.1" 200 74671 "-" "Mozilla/5.0 (compatible; SemrushBot/7~bl; +http://www.semrush.com/bot.html)"
85.208.96.212 - - [15/Jun/2026:01:38:47 +0200] "GET /new-products.php?a=12&a=12&a=12&b=1&b=1&b=1&debut=36&debut=36&debut=372&debut=408&debut=408&debut=48&m=01&y=2023 HTTP/1.1" 200 130685 "-" "Mozilla/5.0 (compatible; SemrushBot/7~bl; +http://www.semrush.com/bot.html)"
185.191.171.11 - - [15/Jun/2026:01:39:03 +0200] "GET /new-products.php?a=12&a=12&a=12&b=1&b=1&b=1&debut=0&debut=408&debut=48&debut=60&debut=72&m=10&y=2022 HTTP/1.1" 200 129178 "-" "Mozilla/5.0 (compatible; SemrushBot/7~bl; +http://www.semrush.com/bot.html)"
185.191.171.3 - - [15/Jun/2026:01:39:08 +0200] "GET /new-products.php?a=12&a=12&a=12&b=1&b=1&b=1&debut=0&debut=0&debut=108&debut=36&debut=396&debut=60&m=12&y=2017 HTTP/1.1" 200 130140 "-" "Mozilla/5.0 (compatible; SemrushBot/7~bl; +http://www.semrush.com/bot.html)"
85.208.96.196 - - [15/Jun/2026:01:39:13 +0200] "GET /new-products.php?a=12&a=12&b=1&b=1&debut=0&debut=0&debut=0&debut=0&debut=48&debut=96&m=05&seo_cat&x21=1&y=2017 HTTP/1.1" 200 74637 "-" "Mozilla/5.0 (compatible; SemrushBot/7~bl; +http://www.semrush.com/bot.html)"
