85.208.96.196 - - [15/Jun/2026:01:39:26 +0200] "GET /new-products.php?a=12&b=1&debut=0&debut=396&debut=396&debut=396&debut=396&debut=444&debut=456&debut=48&m=10&y=2020 HTTP/1.1" 200 130662 "-" "Mozilla/5.0 (compatible; SemrushBot/7~bl; +http://www.semrush.com/bot.html)"
185.191.171.8 - - [15/Jun/2026:01:39:35 +0200] "GET /new-products.php?a=12&a=12&a=12&b=1&b=1&b=1&debut=0&debut=108&debut=12&debut=72&m=08&seo_cat&x20=1&y=2023 HTTP/1.1" 200 74609 "-" "Mozilla/5.0 (compatible; SemrushBot/7~bl; +http://www.semrush.com/bot.html)"
185.191.171.11 - - [15/Jun/2026:01:39:38 +0200] "GET /new-products.php?a=12&b=1&debut=0&debut=0&debut=0&debut=432&debut=432&debut=48&histo_track=1&m=09&seo_cat&x24=1&y=2020 HTTP/1.1" 200 74696 "-" "Mozilla/5.0 (compatible; SemrushBot/7~bl; +http://www.semrush.com/bot.html)"
47.79.51.119 - - [15/Jun/2026:01:39:38 +0200] "GET /marques.php?debut=0&debut=0&debut=0&debut=0&debut=0&seo=23-produits-locaux&seo_marq=23&seo_marq=23&seo_marq=23&seo_marq=23&seo_marq=23&t102=1&t109=1&t114=1&t118=1&t78=1 HTTP/1.1" 200 131457 "-" "Mozilla/5.0 (Windows NT 10.0; Win64; x64) AppleWebKit/537.36 (KHTML, like Gecko) Chrome/141.0.0.0 Safari/537.36"
185.191.171.12 - - [15/Jun/2026:01:39:51 +0200] "GET /new-products.php?a=12&a=12&b=1&b=1&debut=0&debut=12&debut=396&debut=396&debut=432&debut=432&debut=48&histo_track=1 HTTP/1.1" 200 130683 "-" "Mozilla/5.0 (compatible; SemrushBot/7~bl; +http://www.semrush.com/bot.html)"
185.191.171.17 - - [15/Jun/2026:01:40:14 +0200] "GET /new-products.php?a=12&a=12&b=1&b=1&debut=24&debut=372&debut=372&debut=396&debut=432&debut=48&m=11&y=2020 HTTP/1.1" 200 130483 "-" "Mozilla/5.0 (compatible; SemrushBot/7~bl; +http://www.semrush.com/bot.html)"
157.55.39.61 - - [15/Jun/2026:01:40:42 +0200] "GET /produit-386-agar-agar-bio-10-g?m=10&y=2025 HTTP/1.1" 200 72540 "-" "Mozilla/5.0 AppleWebKit/537.36 (KHTML, like Gecko; compatible; bingbot/2.0; +http://www.bing.com/bingbot.htm) Chrome/116.0.1938.76 Safari/537.36"
185.191.171.6 - - [15/Jun/2026:01:40:46 +0200] "GET /new-products.php?a=12&b=1&debut=0&debut=0&debut=0&debut=372&debut=396&debut=396&debut=84&m=07&seo_cat&x26=1&y=2023 HTTP/1.1" 200 74742 "-" "Mozilla/5.0 (compatible; SemrushBot/7~bl; +http://www.semrush.com/bot.html)"
185.191.171.16 - - [15/Jun/2026:01:40:52 +0200] "GET /new-products.php?a=12&a=12&a=12&b=1&b=1&b=1&debut=0&debut=396&debut=396&debut=72&debut=84&debut=96&m=03&y=2017 HTTP/1.1" 200 131053 "-" "Mozilla/5.0 (compatible; SemrushBot/7~bl; +http://www.semrush.com/bot.html)"
85.208.96.209 - - [15/Jun/2026:01:41:10 +0200] "GET /new-products.php?a=12&a=12&a=12&b=1&b=1&b=1&debut=132&debut=396&debut=48&debut=96&histo_track=1&m=08&y=2022 HTTP/1.1" 200 130984 "-" "Mozilla/5.0 (compatible; SemrushBot/7~bl; +http://www.semrush.com/bot.html)"
85.208.96.207 - - [15/Jun/2026:01:41:13 +0200] "GET /new-products.php?a=12&a=12&b=1&b=1&debut=0&debut=0&debut=36&debut=48&m=09&seo_cat&seo_cat&x21=1&x26=1&y=2020 HTTP/1.1" 200 74626 "-" "Mozilla/5.0 (compatible; SemrushBot/7~bl; +http://www.semrush.com/bot.html)"
185.191.171.14 - - [15/Jun/2026:01:41:32 +0200] "GET /new-products.php?a=12&b=1&debut=0&debut=396&debut=396&debut=432&debut=432&debut=432&debut=48&m=04&seo_cat&x21=1&y=2020 HTTP/1.1" 200 74692 "-" "Mozilla/5.0 (compatible; SemrushBot/7~bl; +http://www.semrush.com/bot.html)"
47.79.51.80 - - [15/Jun/2026:01:41:36 +0200] "GET /marques.php?debut=0&debut=0&debut=0&debut=0&debut=0&debut=0&seo=23-produits-locaux&seo_marq=23&seo_marq=23&seo_marq=23&seo_marq=23&seo_marq=23&seo_marq=23&t109=1&t113=1&t118=1&t48=1&t84=1&t84=0 HTTP/1.1" 200 106227 "-" "Mozilla/5.0 (Macintosh; Intel Mac OS X 10_15_7) AppleWebKit/537.36 (KHTML, like Gecko) Chrome/142.0.0.0 Safari/537.36"
185.191.171.6 - - [15/Jun/2026:01:42:11 +0200] "GET /new-products.php?a=12&a=12&a=12&b=1&b=1&b=1&debut=0&debut=36&debut=408&debut=408&debut=60&debut=96&m=03&y=2020 HTTP/1.1" 200 131126 "-" "Mozilla/5.0 (compatible; SemrushBot/7~bl; +http://www.semrush.com/bot.html)"
185.191.171.2 - - [15/Jun/2026:01:42:14 +0200] "GET /new-products.php?a=12&a=12&b=1&b=1&debut=0&debut=372&debut=48&debut=84&histo_track=1&m=12&seo_cat&x23=1&y=2023 HTTP/1.1" 200 74649 "-" "Mozilla/5.0 (compatible; SemrushBot/7~bl; +http://www.semrush.com/bot.html)"
185.191.171.3 - - [15/Jun/2026:01:42:23 +0200] "GET /new-products.php?a=12&a=12&b=1&b=1&debut=24&debut=372&debut=372&debut=72&m=11&y=2025 HTTP/1.1" 200 128703 "-" "Mozilla/5.0 (compatible; SemrushBot/7~bl; +http://www.semrush.com/bot.html)"
47.79.51.159 - - [15/Jun/2026:01:42:39 +0200] "GET /marques.php?a=12&b=1&debut=0&debut=0&debut=12&debut=0&debut=0&debut=0&seo=23-produits-locaux&seo_marq=23&seo_marq=23&seo_marq=23&seo_marq=23&seo_marq=23&t105=1&t5=1&t77=1&t84=1&t98=1 HTTP/1.1" 200 132277 "-" "Mozilla/5.0 (Macintosh; Intel Mac OS X 10_15_7) AppleWebKit/537.36 (KHTML, like Gecko) Chrome/142.0.0.0 Safari/537.36"
85.208.96.198 - - [15/Jun/2026:01:42:42 +0200] "GET /new-products.php?a=12&a=12&b=1&b=1&debut=0&debut=0&debut=0&debut=0&debut=24&debut=48&m=01&seo_cat&x23=1&y=2023 HTTP/1.1" 200 128216 "-" "Mozilla/5.0 (compatible; SemrushBot/7~bl; +http://www.semrush.com/bot.html)"
185.191.171.5 - - [15/Jun/2026:01:42:46 +0200] "GET /new-products.php?a=12&a=12&a=12&a=12&b=1&b=1&b=1&b=1&debut=0&debut=12&debut=120&debut=60&debut=96&m=06&y=2019 HTTP/1.1" 200 131025 "-" "Mozilla/5.0 (compatible; SemrushBot/7~bl; +http://www.semrush.com/bot.html)"
85.208.96.199 - - [15/Jun/2026:01:43:02 +0200] "GET /new-products.php?a=12&a=12&b=1&b=1&debut=0&debut=12&debut=372&debut=396&m=12&seo_cat&x24=1&y=2020 HTTP/1.1" 200 74558 "-" "Mozilla/5.0 (compatible; SemrushBot/7~bl; +http://www.semrush.com/bot.html)"
185.191.171.3 - - [15/Jun/2026:01:43:04 +0200] "GET /new-products.php?a=12&b=1&debut=0&debut=0&debut=0&debut=0&debut=432&debut=72&histo_track=1&m=03&seo_cat&x24=1&y=2022 HTTP/1.1" 200 74680 "-" "Mozilla/5.0 (compatible; SemrushBot/7~bl; +http://www.semrush.com/bot.html)"
85.208.96.209 - - [15/Jun/2026:01:43:13 +0200] "GET /new-products.php?a=12&a=12&b=1&b=1&debut=108&debut=372&debut=372&debut=384&debut=396&debut=84&m=04&y=2022 HTTP/1.1" 200 132192 "-" "Mozilla/5.0 (compatible; SemrushBot/7~bl; +http://www.semrush.com/bot.html)"
85.208.96.199 - - [15/Jun/2026:01:43:26 +0200] "GET /new-products.php?a=12&a=12&b=1&b=1&debut=0&debut=24&debut=396&debut=48&m=11&seo_cat&x20=1&y=2025 HTTP/1.1" 200 74541 "-" "Mozilla/5.0 (compatible; SemrushBot/7~bl; +http://www.semrush.com/bot.html)"
185.191.171.6 - - [15/Jun/2026:01:43:32 +0200] "GET /new-products.php?a=12&a=12&a=12&a=12&b=1&b=1&b=1&b=1&debut=132&debut=72&debut=84&debut=96&m=12&y=2018 HTTP/1.1" 200 130912 "-" "Mozilla/5.0 (compatible; SemrushBot/7~bl; +http://www.semrush.com/bot.html)"
185.191.171.16 - - [15/Jun/2026:01:43:58 +0200] "GET /new-products.php?a=12&a=12&b=1&b=1&debut=0&debut=12&debut=372&m=02&y=2019 HTTP/1.1" 200 108790 "-" "Mozilla/5.0 (compatible; SemrushBot/7~bl; +http://www.semrush.com/bot.html)"
185.191.171.15 - - [15/Jun/2026:01:44:10 +0200] "GET /new-products.php?a=12&b=1&debut=0&debut=396&debut=396&debut=408&debut=408&debut=408&debut=408&debut=432&debut=48&m=03&y=2021 HTTP/1.1" 200 130979 "-" "Mozilla/5.0 (compatible; SemrushBot/7~bl; +http://www.semrush.com/bot.html)"
40.77.167.27 - - [15/Jun/2026:01:44:22 +0200] "GET /templates/shop/js/jquery.bxslider.js HTTP/1.1" 200 50573 "http://vracandbio.com/page-cookies" "Mozilla/5.0 AppleWebKit/537.36 (KHTML, like Gecko; compatible; bingbot/2.0; +http://www.bing.com/bingbot.htm) Chrome/136.0.0.0 Safari/537.36 AppleWebKit/537.36 (KHTML, like Gecko; compatible; bingbot/2.0; +http://www.bing.com/bingbot.htm) Chrome/116.0.1938.76 Safari/537.36"
40.77.167.27 - - [15/Jun/2026:01:44:23 +0200] "GET /start_to_top/modernizr.js HTTP/1.1" 200 51364 "http://vracandbio.com/page-cookies" "Mozilla/5.0 AppleWebKit/537.36 (KHTML, like Gecko; compatible; bingbot/2.0; +http://www.bing.com/bingbot.htm) Chrome/136.0.0.0 Safari/537.36 AppleWebKit/537.36 (KHTML, like Gecko; compatible; bingbot/2.0; +http://www.bing.com/bingbot.htm) Chrome/116.0.1938.76 Safari/537.36"
40.77.167.27 - - [15/Jun/2026:01:44:23 +0200] "GET /templates/shop/css/global_cookies_css.php HTTP/1.1" 200 31 "http://vracandbio.com/page-cookies" "Mozilla/5.0 AppleWebKit/537.36 (KHTML, like Gecko; compatible; bingbot/2.0; +http://www.bing.com/bingbot.htm) Chrome/136.0.0.0 Safari/537.36 AppleWebKit/537.36 (KHTML, like Gecko; compatible; bingbot/2.0; +http://www.bing.com/bingbot.htm) Chrome/116.0.1938.76 Safari/537.36"
40.77.167.27 - - [15/Jun/2026:01:44:23 +0200] "GET /templates/shop/bootstrap/css/bootstrap.min2.css HTTP/1.1" 200 85843 "http://vracandbio.com/page-cookies" "Mozilla/5.0 AppleWebKit/537.36 (KHTML, like Gecko; compatible; bingbot/2.0; +http://www.bing.com/bingbot.htm) Chrome/136.0.0.0 Safari/537.36 AppleWebKit/537.36 (KHTML, like Gecko; compatible; bingbot/2.0; +http://www.bing.com/bingbot.htm) Chrome/116.0.1938.76 Safari/537.36"
40.77.167.27 - - [15/Jun/2026:01:44:23 +0200] "GET /templates/shop/css/global_end.css HTTP/1.1" 200 1106 "http://vracandbio.com/page-cookies" "Mozilla/5.0 AppleWebKit/537.36 (KHTML, like Gecko; compatible; bingbot/2.0; +http://www.bing.com/bingbot.htm) Chrome/136.0.0.0 Safari/537.36 AppleWebKit/537.36 (KHTML, like Gecko; compatible; bingbot/2.0; +http://www.bing.com/bingbot.htm) Chrome/116.0.1938.76 Safari/537.36"
185.191.171.14 - - [15/Jun/2026:01:44:26 +0200] "GET /new-products.php?a=12&a=12&a=12&b=1&b=1&b=1&debut=12&debut=408&debut=408&debut=48&debut=84&histo_track=1&m=01&y=2023 HTTP/1.1" 200 132545 "-" "Mozilla/5.0 (compatible; SemrushBot/7~bl; +http://www.semrush.com/bot.html)"
185.191.171.4 - - [15/Jun/2026:01:44:30 +0200] "GET /new-products.php?a=12&b=1&debut=0&debut=0&debut=0&debut=384&debut=84&m=09&seo_cat&seo_cat&x20=1&x21=1&y=2023 HTTP/1.1" 200 74626 "-" "Mozilla/5.0 (compatible; SemrushBot/7~bl; +http://www.semrush.com/bot.html)"
40.77.167.27 - - [15/Jun/2026:01:44:32 +0200] "GET /templates/shop/css/jquery.bxslider.css HTTP/1.1" 200 3867 "http://vracandbio.com/page-cookies" "Mozilla/5.0 AppleWebKit/537.36 (KHTML, like Gecko; compatible; bingbot/2.0; +http://www.bing.com/bingbot.htm) Chrome/136.0.0.0 Safari/537.36 AppleWebKit/537.36 (KHTML, like Gecko; compatible; bingbot/2.0; +http://www.bing.com/bingbot.htm) Chrome/116.0.1938.76 Safari/537.36"
40.77.167.27 - - [15/Jun/2026:01:44:32 +0200] "GET /templates/shop/bootstrap/css/bootstrap-responsive.min.css HTTP/1.1" 200 19072 "http://vracandbio.com/page-cookies" "Mozilla/5.0 AppleWebKit/537.36 (KHTML, like Gecko; compatible; bingbot/2.0; +http://www.bing.com/bingbot.htm) Chrome/136.0.0.0 Safari/537.36 AppleWebKit/537.36 (KHTML, like Gecko; compatible; bingbot/2.0; +http://www.bing.com/bingbot.htm) Chrome/116.0.1938.76 Safari/537.36"
40.77.167.27 - - [15/Jun/2026:01:44:33 +0200] "GET /templates/shop/bootstrap/css/bootstrap.min.css HTTP/1.1" 200 106945 "http://vracandbio.com/page-cookies" "Mozilla/5.0 AppleWebKit/537.36 (KHTML, like Gecko; compatible; bingbot/2.0; +http://www.bing.com/bingbot.htm) Chrome/136.0.0.0 Safari/537.36 AppleWebKit/537.36 (KHTML, like Gecko; compatible; bingbot/2.0; +http://www.bing.com/bingbot.htm) Chrome/116.0.1938.76 Safari/537.36"
40.77.167.27 - - [15/Jun/2026:01:44:33 +0200] "GET /templates/shop/css/dropdown.css HTTP/1.1" 200 937 "http://vracandbio.com/templates/shop/css/dropdown.linear.css" "Mozilla/5.0 AppleWebKit/537.36 (KHTML, like Gecko; compatible; bingbot/2.0; +http://www.bing.com/bingbot.htm) Chrome/136.0.0.0 Safari/537.36 AppleWebKit/537.36 (KHTML, like Gecko; compatible; bingbot/2.0; +http://www.bing.com/bingbot.htm) Chrome/116.0.1938.76 Safari/537.36"
40.77.167.27 - - [15/Jun/2026:01:44:33 +0200] "GET /templates/shop/js/script.js HTTP/1.1" 200 - "http://vracandbio.com/page-cookies" "Mozilla/5.0 AppleWebKit/537.36 (KHTML, like Gecko; compatible; bingbot/2.0; +http://www.bing.com/bingbot.htm) Chrome/136.0.0.0 Safari/537.36 AppleWebKit/537.36 (KHTML, like Gecko; compatible; bingbot/2.0; +http://www.bing.com/bingbot.htm) Chrome/116.0.1938.76 Safari/537.36"
40.77.167.27 - - [15/Jun/2026:01:44:33 +0200] "GET /templates/shop/js/lightbox.js HTTP/1.1" 200 14936 "http://vracandbio.com/page-cookies" "Mozilla/5.0 AppleWebKit/537.36 (KHTML, like Gecko; compatible; bingbot/2.0; +http://www.bing.com/bingbot.htm) Chrome/136.0.0.0 Safari/537.36 AppleWebKit/537.36 (KHTML, like Gecko; compatible; bingbot/2.0; +http://www.bing.com/bingbot.htm) Chrome/116.0.1938.76 Safari/537.36"
181.199.62.90 - - [15/Jun/2026:01:45:09 +0200] "GET /produit-34-savon-delicatesse-danesse-100g?m=11&y=2025 HTTP/1.1" 200 152286 "-" "Mozilla/5.0 (Windows NT 10.0; WOW64) AppleWebKit/537.36 (KHTML, like Gecko) Chrome/69.2.0.1713 Safari/537.36"
66.249.65.73 - - [15/Jun/2026:01:45:31 +0200] "GET /uploadfiles/products/mini/16235124170BN.jpg HTTP/1.1" 200 8142 "-" "Googlebot-Image/1.0"
185.191.171.12 - - [15/Jun/2026:01:45:31 +0200] "GET /new-products.php?a=12&b=1&debut=0&debut=0&debut=0&debut=396&debut=48&m=01&seo_cat&seo_cat&x21=1&x26=1&y=2024 HTTP/1.1" 200 74627 "-" "Mozilla/5.0 (compatible; SemrushBot/7~bl; +http://www.semrush.com/bot.html)"
85.208.96.206 - - [15/Jun/2026:01:45:34 +0200] "GET /new-products.php?a=12&a=12&a=12&b=1&b=1&b=1&debut=336&debut=348&debut=348&debut=396&histo_track=1&m=01&y=2021 HTTP/1.1" 200 74634 "-" "Mozilla/5.0 (compatible; SemrushBot/7~bl; +http://www.semrush.com/bot.html)"
85.208.96.193 - - [15/Jun/2026:01:45:43 +0200] "GET /new-products.php?a=12&a=12&b=1&b=1&debut=0&debut=120&debut=84&histo_track=1&m=07&y=2022 HTTP/1.1" 200 131747 "-" "Mozilla/5.0 (compatible; SemrushBot/7~bl; +http://www.semrush.com/bot.html)"
185.191.171.6 - - [15/Jun/2026:01:46:04 +0200] "GET /new-products.php?a=12&a=12&b=1&b=1&debut=0&debut=0&debut=324&debut=336&debut=396&histo_track=1&m=12&y=2019 HTTP/1.1" 200 74694 "-" "Mozilla/5.0 (compatible; SemrushBot/7~bl; +http://www.semrush.com/bot.html)"
194.187.171.154 - - [15/Jun/2026:01:46:09 +0200] "GET /produit-207-pois-chiches-bio-500g?m=06&y=2025 HTTP/1.1" 200 151138 "-" "Mozilla/5.0 (compatible; Qwantbot/1.0_5200431; +https://help.qwant.com/bot/)"
85.208.96.210 - - [15/Jun/2026:01:46:17 +0200] "GET /new-products.php?a=12&a=12&b=1&b=1&debut=0&debut=0&debut=36&debut=372&debut=396&debut=48&m=11&y=2019 HTTP/1.1" 200 130380 "-" "Mozilla/5.0 (compatible; SemrushBot/7~bl; +http://www.semrush.com/bot.html)"
185.191.171.5 - - [15/Jun/2026:01:46:26 +0200] "GET /new-products.php?a=12&a=12&b=1&b=1&debut=0&debut=24&debut=384&debut=384&debut=396&debut=396&debut=48&m=08&y=2021 HTTP/1.1" 200 130758 "-" "Mozilla/5.0 (compatible; SemrushBot/7~bl; +http://www.semrush.com/bot.html)"
85.208.96.198 - - [15/Jun/2026:01:46:31 +0200] "GET /new-products.php?a=12&a=12&a=12&b=1&b=1&b=1&debut=0&debut=0&debut=108&debut=432&debut=48&debut=60&m=02&y=2021 HTTP/1.1" 200 130014 "-" "Mozilla/5.0 (compatible; SemrushBot/7~bl; +http://www.semrush.com/bot.html)"
85.208.96.198 - - [15/Jun/2026:01:46:45 +0200] "GET /new-products.php?a=12&b=1&debut=0&debut=384&debut=396&debut=408&debut=408&debut=60&m=08&seo_cat&x26=1&y=2020 HTTP/1.1" 200 74703 "-" "Mozilla/5.0 (compatible; SemrushBot/7~bl; +http://www.semrush.com/bot.html)"
85.208.96.202 - - [15/Jun/2026:01:46:49 +0200] "GET /new-products.php?a=12&a=12&b=1&b=1&debut=384&debut=396&debut=396&debut=396&debut=432&debut=60&debut=72&m=02&y=2020 HTTP/1.1" 200 139879 "-" "Mozilla/5.0 (compatible; SemrushBot/7~bl; +http://www.semrush.com/bot.html)"
85.208.96.202 - - [15/Jun/2026:01:46:50 +0200] "GET /new-products.php?a=12&a=12&b=1&b=1&debut=384&debut=396&debut=396&debut=396&debut=432&debut=60&debut=72&m=02&y=2020 HTTP/1.1" 200 139879 "-" "Mozilla/5.0 (compatible; SemrushBot/7~bl; +http://www.semrush.com/bot.html)"
157.55.39.61 - - [15/Jun/2026:01:47:06 +0200] "GET /categorie-2-rillettes-houmous?m=05&y=2026 HTTP/1.1" 200 123676 "-" "Mozilla/5.0 AppleWebKit/537.36 (KHTML, like Gecko; compatible; bingbot/2.0; +http://www.bing.com/bingbot.htm) Chrome/116.0.1938.76 Safari/537.36"
185.191.171.7 - - [15/Jun/2026:01:47:13 +0200] "GET /new-products.php?a=12&a=12&a=12&b=1&b=1&b=1&debut=0&debut=0&debut=24&debut=36&debut=396&m=01&y=2025 HTTP/1.1" 200 74564 "-" "Mozilla/5.0 (compatible; SemrushBot/7~bl; +http://www.semrush.com/bot.html)"
85.208.96.202 - - [15/Jun/2026:01:47:15 +0200] "GET /new-products.php?a=12&a=12&a=12&b=1&b=1&b=1&debut=0&debut=12&debut=36&debut=372&debut=72&m=12&y=2024 HTTP/1.1" 200 139595 "-" "Mozilla/5.0 (compatible; SemrushBot/7~bl; +http://www.semrush.com/bot.html)"
85.208.96.197 - - [15/Jun/2026:01:47:25 +0200] "GET /new-products.php?a=12&a=12&b=1&b=1&debut=0&debut=396&debut=408&debut=408&debut=48&debut=60&m=05&seo_cat&x21=1&y=2021 HTTP/1.1" 200 74752 "-" "Mozilla/5.0 (compatible; SemrushBot/7~bl; +http://www.semrush.com/bot.html)"
66.249.65.72 - - [15/Jun/2026:01:47:40 +0200] "GET /uploadfiles/products/mini/15867927320GC.jpg HTTP/1.1" 200 24865 "-" "Googlebot-Image/1.0"
185.191.171.3 - - [15/Jun/2026:01:47:44 +0200] "GET /new-products.php?debut=0&debut=0&debut=0&debut=396&histo_track=1&m=01&seo_cat&seo_cat&seo_cat&x21=1&x23=1&x24=1&y=2020 HTTP/1.1" 200 74697 "-" "Mozilla/5.0 (compatible; SemrushBot/7~bl; +http://www.semrush.com/bot.html)"
185.191.171.6 - - [15/Jun/2026:01:47:52 +0200] "GET /new-products.php?a=12&a=12&b=1&b=1&debut=0&debut=0&debut=384&debut=384&debut=60&debut=72&m=12&y=2019 HTTP/1.1" 200 129213 "-" "Mozilla/5.0 (compatible; SemrushBot/7~bl; +http://www.semrush.com/bot.html)"
185.191.171.7 - - [15/Jun/2026:01:47:57 +0200] "GET /new-products.php?a=12&a=12&a=12&b=1&b=1&b=1&debut=24&debut=396&debut=444&debut=60&debut=96&histo_track=1&m=10&y=2021 HTTP/1.1" 200 131170 "-" "Mozilla/5.0 (compatible; SemrushBot/7~bl; +http://www.semrush.com/bot.html)"
185.191.171.9 - - [15/Jun/2026:01:48:20 +0200] "GET /new-products.php?a=12&a=12&b=1&b=1&debut=0&debut=24&debut=384&debut=384&debut=444&debut=60&m=09&y=2021 HTTP/1.1" 200 129913 "-" "Mozilla/5.0 (compatible; SemrushBot/7~bl; +http://www.semrush.com/bot.html)"
85.208.96.202 - - [15/Jun/2026:01:48:30 +0200] "GET /new-products.php?a=12&b=1&debut=396&debut=396&debut=396&debut=396&debut=396&debut=396&debut=396&debut=60&m=02&y=2018 HTTP/1.1" 200 140660 "-" "Mozilla/5.0 (compatible; SemrushBot/7~bl; +http://www.semrush.com/bot.html)"
185.191.171.18 - - [15/Jun/2026:01:48:40 +0200] "GET /new-products.php?a=12&a=12&a=12&b=1&b=1&b=1&debut=0&debut=0&debut=24&debut=372&debut=48&debut=84&m=01&y=2022 HTTP/1.1" 200 132284 "-" "Mozilla/5.0 (compatible; SemrushBot/7~bl; +http://www.semrush.com/bot.html)"
207.46.13.78 - - [15/Jun/2026:01:49:19 +0200] "GET /produit-42-deodorant-solide-peau-sensible-30g?m=05&y=2026 HTTP/1.1" 200 72540 "-" "Mozilla/5.0 AppleWebKit/537.36 (KHTML, like Gecko; compatible; bingbot/2.0; +http://www.bing.com/bingbot.htm) Chrome/116.0.1938.76 Safari/537.36"
47.79.51.218 - - [15/Jun/2026:01:49:24 +0200] "GET /marques.php?a=12&b=1&debut=0&debut=0&debut=0&debut=0&debut=12&debut=0&seo=24-idees-cadeaux&seo_marq=24&seo_marq=24&seo_marq=24&seo_marq=24&seo_marq=24&t120=1&t121=1&t63=1&t63=0&t93=1 HTTP/1.1" 200 127910 "-" "Mozilla/5.0 (Windows NT 10.0; Win64; x64) AppleWebKit/537.36 (KHTML, like Gecko) Chrome/138.0.0.0 Safari/537.36"
185.191.171.9 - - [15/Jun/2026:01:49:31 +0200] "GET /robots.txt HTTP/1.1" 200 89 "-" "Mozilla/5.0 (compatible; SemrushBot/7~bl; +http://www.semrush.com/bot.html)"
85.208.96.198 - - [15/Jun/2026:01:49:43 +0200] "GET /new-products.php?a=12&a=12&b=1&b=1&debut=396&debut=396&debut=396&debut=396&debut=48&debut=96&histo_track=1&m=11&y=2022 HTTP/1.1" 200 131254 "-" "Mozilla/5.0 (compatible; SemrushBot/7~bl; +http://www.semrush.com/bot.html)"
185.191.171.7 - - [15/Jun/2026:01:49:50 +0200] "GET /new-products.php?a=12&a=12&a=12&a=12&b=1&b=1&b=1&b=1&debut=0&debut=24&debut=48&debut=48&debut=60&m=08&y=2023 HTTP/1.1" 200 130067 "-" "Mozilla/5.0 (compatible; SemrushBot/7~bl; +http://www.semrush.com/bot.html)"
66.249.65.72 - - [15/Jun/2026:01:50:11 +0200] "GET /uploadfiles/products/mini/15644912450beluga.jpg HTTP/1.1" 200 17175 "-" "Googlebot-Image/1.0"
185.191.171.9 - - [15/Jun/2026:01:50:15 +0200] "GET /new-products.php?a=12&a=12&a=12&a=12&b=1&b=1&b=1&b=1&debut=0&debut=12&debut=120&debut=36&debut=72&m=07&y=2018 HTTP/1.1" 200 129430 "-" "Mozilla/5.0 (compatible; SemrushBot/7~bl; +http://www.semrush.com/bot.html)"
185.191.171.13 - - [15/Jun/2026:01:50:21 +0200] "GET /new-products.php?a=12&b=1&debut=0&debut=396&debut=396&debut=396&debut=408&debut=408&debut=408&debut=60&m=07&y=2020 HTTP/1.1" 200 130214 "-" "Mozilla/5.0 (compatible; SemrushBot/7~bl; +http://www.semrush.com/bot.html)"
85.208.96.209 - - [15/Jun/2026:01:50:35 +0200] "GET /new-products.php?a=12&a=12&b=1&b=1&debut=0&debut=0&debut=0&debut=0&debut=12&debut=72&m=09&seo_cat&x26=1&y=2022 HTTP/1.1" 200 74640 "-" "Mozilla/5.0 (compatible; SemrushBot/7~bl; +http://www.semrush.com/bot.html)"
185.191.171.2 - - [15/Jun/2026:01:50:45 +0200] "GET /new-products.php?a=12&b=1&debut=0&debut=0&debut=0&debut=0&debut=0&debut=384&debut=396&debut=432&debut=60&m=09&y=2022 HTTP/1.1" 200 130263 "-" "Mozilla/5.0 (compatible; SemrushBot/7~bl; +http://www.semrush.com/bot.html)"
185.191.171.7 - - [15/Jun/2026:01:50:47 +0200] "GET /new-products.php?a=12&a=12&b=1&b=1&debut=0&debut=408&debut=432&debut=444&debut=48&debut=72&m=09&seo_cat&x20=1&y=2021 HTTP/1.1" 200 74682 "-" "Mozilla/5.0 (compatible; SemrushBot/7~bl; +http://www.semrush.com/bot.html)"
85.208.96.204 - - [15/Jun/2026:01:50:49 +0200] "GET /new-products.php?debut=0&debut=0&debut=0&debut=0&m=10&seo_cat&seo_cat&seo_cat&seo_cat&x21=1&x23=0&x23=1&x26=1&y=2018 HTTP/1.1" 200 128737 "-" "Mozilla/5.0 (compatible; SemrushBot/7~bl; +http://www.semrush.com/bot.html)"
119.8.124.206 - - [15/Jun/2026:01:50:51 +0200] "GET /produit-201-lentilles-noires-beluga-bio-500g?m=01&y=2026 HTTP/1.1" 200 143010 "https://www.vracandbio.com/produit-201-lentilles-noires-beluga-bio-500g?m=01&y=2026" "Mozilla/5.0 (Macintosh; Intel Mac OS X 10_15_7) AppleWebKit/537.36 (KHTML, like Gecko) Chrome/120.0.0.0 Safari/537.36"
185.191.171.10 - - [15/Jun/2026:01:51:16 +0200] "GET /new-products.php?a=12&a=12&b=1&b=1&debut=0&debut=384&debut=432&debut=432&debut=60&debut=96&m=03&seo_cat&x21=1&y=2021 HTTP/1.1" 200 74680 "-" "Mozilla/5.0 (compatible; SemrushBot/7~bl; +http://www.semrush.com/bot.html)"
85.208.96.202 - - [15/Jun/2026:01:51:24 +0200] "GET /new-products.php?a=12&a=12&a=12&b=1&b=1&b=1&debut=0&debut=108&debut=372&debut=60&debut=96&m=09&y=2024 HTTP/1.1" 200 141097 "-" "Mozilla/5.0 (compatible; SemrushBot/7~bl; +http://www.semrush.com/bot.html)"
66.249.65.72 - - [15/Jun/2026:01:51:36 +0200] "GET /uploadfiles/products/mini/15640690160le-temps-des-cerises%20(2).png HTTP/1.1" 200 189063 "-" "Googlebot-Image/1.0"
85.208.96.200 - - [15/Jun/2026:01:51:40 +0200] "GET /new-products.php?a=12&a=12&a=12&b=1&b=1&b=1&debut=0&debut=396&debut=48&debut=60&debut=72&histo_track=1&m=07&y=2022 HTTP/1.1" 200 129455 "-" "Mozilla/5.0 (compatible; SemrushBot/7~bl; +http://www.semrush.com/bot.html)"
85.208.96.200 - - [15/Jun/2026:01:51:43 +0200] "GET /new-products.php?a=12&b=1&debut=0&debut=432&debut=432&debut=432&debut=444&debut=60&histo_track=1&m=12&y=2021 HTTP/1.1" 200 130072 "-" "Mozilla/5.0 (compatible; SemrushBot/7~bl; +http://www.semrush.com/bot.html)"
66.249.65.73 - - [15/Jun/2026:01:51:58 +0200] "GET /uploadfiles/products/15328062500shampoing-solide-rhassoul-570x570.jpg HTTP/1.1" 200 41494 "-" "Googlebot-Image/1.0"
85.208.96.200 - - [15/Jun/2026:01:52:12 +0200] "GET /new-products.php?a=12&a=12&a=12&b=1&b=1&b=1&debut=0&debut=24&debut=24&debut=60&m=10&seo_cat&x24=1&y=2017 HTTP/1.1" 200 74672 "-" "Mozilla/5.0 (compatible; SemrushBot/7~bl; +http://www.semrush.com/bot.html)"
66.249.65.72 - - [15/Jun/2026:01:52:20 +0200] "GET /uploadfiles/products/mini/15640633200lesherbesdigest%20(2).png HTTP/1.1" 200 204003 "-" "Googlebot-Image/1.0"
47.79.51.73 - - [15/Jun/2026:01:52:20 +0200] "GET /marques.php?debut=0&debut=0&debut=0&debut=0&histo_track=1&seo=23-produits-locaux&seo_marq=23&seo_marq=23&seo_marq=23&seo_marq=23&t103=1&t109=1&t114=1&t98=1 HTTP/1.1" 200 131332 "-" "Mozilla/5.0 (Macintosh; Intel Mac OS X 10_15_7) AppleWebKit/537.36 (KHTML, like Gecko) Chrome/142.0.0.0 Safari/537.36"
85.208.96.193 - - [15/Jun/2026:01:52:27 +0200] "GET /new-products.php?a=12&a=12&b=1&b=1&debut=0&debut=384&debut=384&debut=396&histo_track=1&m=07&seo_cat&x20=1&y=2023 HTTP/1.1" 200 74728 "-" "Mozilla/5.0 (compatible; SemrushBot/7~bl; +http://www.semrush.com/bot.html)"
85.208.96.195 - - [15/Jun/2026:01:52:37 +0200] "GET /new-products.php?a=12&a=12&b=1&b=1&debut=0&debut=0&debut=120&debut=372&debut=372&debut=72&histo_track=1&m=05&y=2018 HTTP/1.1" 200 129476 "-" "Mozilla/5.0 (compatible; SemrushBot/7~bl; +http://www.semrush.com/bot.html)"
185.191.171.10 - - [15/Jun/2026:01:52:40 +0200] "GET /new-products.php?a=12&a=12&a=12&b=1&b=1&b=1&debut=0&debut=0&debut=408&debut=48&debut=60&debut=96&m=10&y=2022 HTTP/1.1" 200 130890 "-" "Mozilla/5.0 (compatible; SemrushBot/7~bl; +http://www.semrush.com/bot.html)"
185.191.171.11 - - [15/Jun/2026:01:53:01 +0200] "GET /new-products.php?a=12&a=12&b=1&b=1&debut=0&debut=0&debut=108&debut=72&m=10&seo_cat&seo_cat&x20=1&x23=1&y=2025 HTTP/1.1" 200 74634 "-" "Mozilla/5.0 (compatible; SemrushBot/7~bl; +http://www.semrush.com/bot.html)"
66.249.65.72 - - [15/Jun/2026:01:53:02 +0200] "GET /uploadfiles/products/16366414780defis-nature-mythologie-heros-et-dieux.jpg HTTP/1.1" 200 172005 "-" "Googlebot-Image/1.0"
185.191.171.19 - - [15/Jun/2026:01:53:36 +0200] "GET /new-products.php?a=12&a=12&b=1&b=1&debut=0&debut=372&debut=384&debut=396&debut=72&debut=96&histo_track=1&m=05&y=2023 HTTP/1.1" 200 131013 "-" "Mozilla/5.0 (compatible; SemrushBot/7~bl; +http://www.semrush.com/bot.html)"
185.191.171.17 - - [15/Jun/2026:01:53:45 +0200] "GET /new-products.php?a=12&a=12&a=12&b=1&b=1&b=1&debut=0&debut=0&debut=0&debut=12&debut=36&debut=372&debut=372&debut=60 HTTP/1.1" 200 130235 "-" "Mozilla/5.0 (compatible; SemrushBot/7~bl; +http://www.semrush.com/bot.html)"
85.208.96.210 - - [15/Jun/2026:01:53:51 +0200] "GET /new-products.php?a=12&a=12&b=1&b=1&debut=0&debut=24&debut=396&debut=396&debut=432&debut=48&histo_track=1&m=06&y=2022 HTTP/1.1" 200 130765 "-" "Mozilla/5.0 (compatible; SemrushBot/7~bl; +http://www.semrush.com/bot.html)"
85.208.96.204 - - [15/Jun/2026:01:54:13 +0200] "GET /new-products.php?a=12&a=12&a=12&b=1&b=1&b=1&debut=0&debut=0&debut=12&debut=60&m=06&seo_cat&x20=1&y=2024 HTTP/1.1" 200 74586 "-" "Mozilla/5.0 (compatible; SemrushBot/7~bl; +http://www.semrush.com/bot.html)"
185.191.171.3 - - [15/Jun/2026:01:54:37 +0200] "GET /new-products.php?a=12&a=12&b=1&b=1&debut=372&debut=384&debut=396&debut=396&debut=396&debut=72&debut=96&m=04&y=2023 HTTP/1.1" 200 130962 "-" "Mozilla/5.0 (compatible; SemrushBot/7~bl; +http://www.semrush.com/bot.html)"
185.191.171.8 - - [15/Jun/2026:01:54:41 +0200] "GET /new-products.php?a=12&b=1&debut=0&debut=0&debut=0&debut=0&debut=324&debut=384&histo_track=1&m=04&seo_cat&x23=1&y=2023 HTTP/1.1" 200 74685 "-" "Mozilla/5.0 (compatible; SemrushBot/7~bl; +http://www.semrush.com/bot.html)"
85.208.96.209 - - [15/Jun/2026:01:54:48 +0200] "GET /new-products.php?a=12&a=12&b=1&b=1&debut=0&debut=0&debut=336&debut=336&debut=396&m=05&seo_cat&x21=1&y=2023 HTTP/1.1" 200 74609 "-" "Mozilla/5.0 (compatible; SemrushBot/7~bl; +http://www.semrush.com/bot.html)"
185.191.171.15 - - [15/Jun/2026:01:54:51 +0200] "GET /new-products.php?a=12&b=1&debut=0&debut=0&debut=0&debut=384&debut=384&debut=396&debut=396&debut=48&histo_track=1&m=02&y=2022 HTTP/1.1" 200 130969 "-" "Mozilla/5.0 (compatible; SemrushBot/7~bl; +http://www.semrush.com/bot.html)"
185.191.171.7 - - [15/Jun/2026:01:55:04 +0200] "GET /new-products.php?a=12&a=12&a=12&b=1&b=1&b=1&debut=12&debut=84&debut=96&m=05&y=2020 HTTP/1.1" 200 130163 "-" "Mozilla/5.0 (compatible; SemrushBot/7~bl; +http://www.semrush.com/bot.html)"
51.195.183.242 - - [15/Jun/2026:01:55:14 +0200] "GET /?m=03&y=2007 HTTP/1.1" 200 212872 "-" "Mozilla/5.0 (compatible; AhrefsBot/7.0; +http://ahrefs.com/robot/)"
185.191.171.8 - - [15/Jun/2026:01:55:16 +0200] "GET /new-products.php?a=12&b=1&debut=0&debut=0&debut=396&debut=396&debut=396&debut=396&debut=72&m=09&seo_cat&x23=1&y=2019 HTTP/1.1" 200 74755 "-" "Mozilla/5.0 (compatible; SemrushBot/7~bl; +http://www.semrush.com/bot.html)"
85.208.96.195 - - [15/Jun/2026:01:55:24 +0200] "GET /new-products.php?a=12&b=1&debut=0&debut=0&debut=0&debut=372&debut=60&seo_cat&seo_cat&x20=0&x20=1 HTTP/1.1" 200 74564 "-" "Mozilla/5.0 (compatible; SemrushBot/7~bl; +http://www.semrush.com/bot.html)"
66.249.65.74 - - [15/Jun/2026:01:55:32 +0200] "GET /uploadfiles/products/15848087270PLV.jpg HTTP/1.1" 200 786301 "-" "Googlebot-Image/1.0"
66.249.65.73 - - [15/Jun/2026:01:55:43 +0200] "GET /uploadfiles/products/mini/16366402320defis-nature-dinosaures-3.jpg HTTP/1.1" 200 21627 "-" "Googlebot-Image/1.0"
85.208.96.203 - - [15/Jun/2026:01:55:45 +0200] "GET /new-products.php?a=12&a=12&b=1&b=1&debut=0&debut=0&debut=0&debut=396&debut=396&debut=60&debut=84&m=08&y=2017 HTTP/1.1" 200 132226 "-" "Mozilla/5.0 (compatible; SemrushBot/7~bl; +http://www.semrush.com/bot.html)"
66.249.65.72 - - [15/Jun/2026:01:55:57 +0200] "GET /categorie-112-soins-solaires?m=05&y=2021 HTTP/1.1" 200 152375 "-" "Mozilla/5.0 (Linux; Android 6.0.1; Nexus 5X Build/MMB29P) AppleWebKit/537.36 (KHTML, like Gecko) Chrome/148.0.7778.96 Mobile Safari/537.36 (compatible; Googlebot/2.1; +http://www.google.com/bot.html)"
185.191.171.17 - - [15/Jun/2026:01:56:01 +0200] "GET /new-products.php?a=12&a=12&b=1&b=1&debut=0&debut=0&debut=384&debut=384&debut=48&debut=72&histo_track=1&m=10&y=2021 HTTP/1.1" 200 129455 "-" "Mozilla/5.0 (compatible; SemrushBot/7~bl; +http://www.semrush.com/bot.html)"
85.208.96.206 - - [15/Jun/2026:01:56:27 +0200] "GET /new-products.php?a=12&a=12&a=12&b=1&b=1&b=1&debut=372&debut=396&debut=60&debut=60&debut=72&histo_track=1&m=07&y=2023 HTTP/1.1" 200 129578 "-" "Mozilla/5.0 (compatible; SemrushBot/7~bl; +http://www.semrush.com/bot.html)"
85.208.96.197 - - [15/Jun/2026:01:56:33 +0200] "GET /new-products.php?a=12&a=12&b=1&b=1&debut=0&debut=0&debut=0&debut=0&debut=0&debut=324&debut=384&debut=396&m=12&y=2020 HTTP/1.1" 200 74691 "-" "Mozilla/5.0 (compatible; SemrushBot/7~bl; +http://www.semrush.com/bot.html)"
66.249.65.73 - - [15/Jun/2026:01:56:37 +0200] "GET /uploadfiles/products/mini/1567082489065.jpg HTTP/1.1" 200 13453 "-" "Googlebot-Image/1.0"
85.208.96.205 - - [15/Jun/2026:01:56:51 +0200] "GET /new-products.php?a=12&a=12&b=1&b=1&debut=108&debut=396&debut=408&debut=408&debut=60&histo_track=1&m=11&y=2021 HTTP/1.1" 200 130087 "-" "Mozilla/5.0 (compatible; SemrushBot/7~bl; +http://www.semrush.com/bot.html)"
85.208.96.198 - - [15/Jun/2026:01:56:57 +0200] "GET /new-products.php?a=12&b=1&debut=0&debut=0&debut=0&debut=0&debut=360&debut=396&histo_track=1&m=11&seo_cat&x26=1&y=2017 HTTP/1.1" 200 74688 "-" "Mozilla/5.0 (compatible; SemrushBot/7~bl; +http://www.semrush.com/bot.html)"
85.208.96.210 - - [15/Jun/2026:01:57:09 +0200] "GET /new-products.php?a=12&a=12&b=1&b=1&debut=0&debut=0&debut=0&debut=396&debut=396&debut=432&debut=72&debut=96 HTTP/1.1" 200 130788 "-" "Mozilla/5.0 (compatible; SemrushBot/7~bl; +http://www.semrush.com/bot.html)"
94.23.188.206 - - [15/Jun/2026:01:57:36 +0200] "GET /robots.txt HTTP/1.1" 200 89 "-" "Mozilla/5.0 (compatible; AhrefsBot/7.0; +http://ahrefs.com/robot/)"
198.244.168.253 - - [15/Jun/2026:01:57:37 +0200] "GET /?m=03&y=2048 HTTP/1.1" 200 212556 "-" "Mozilla/5.0 (compatible; AhrefsBot/7.0; +http://ahrefs.com/robot/)"
185.191.171.7 - - [15/Jun/2026:01:57:43 +0200] "GET /new-products.php?a=12&b=1&debut=0&debut=0&debut=372&debut=372&debut=396&debut=396&debut=60&m=12&seo_cat&x21=1&y=2020 HTTP/1.1" 200 74691 "-" "Mozilla/5.0 (compatible; SemrushBot/7~bl; +http://www.semrush.com/bot.html)"
185.191.171.5 - - [15/Jun/2026:01:58:01 +0200] "GET /new-products.php?a=12&a=12&b=1&b=1&debut=24&debut=396&debut=408&debut=432&debut=432&debut=48&m=06&y=2020 HTTP/1.1" 200 130465 "-" "Mozilla/5.0 (compatible; SemrushBot/7~bl; +http://www.semrush.com/bot.html)"
85.208.96.208 - - [15/Jun/2026:01:58:04 +0200] "GET /new-products.php?a=12&b=1&debut=0&debut=0&debut=348&debut=432&m=10&seo_cat&seo_cat&x21=0&x21=1&y=2022 HTTP/1.1" 200 74651 "-" "Mozilla/5.0 (compatible; SemrushBot/7~bl; +http://www.semrush.com/bot.html)"
185.191.171.19 - - [15/Jun/2026:01:58:22 +0200] "GET /new-products.php?a=12&a=12&a=12&b=1&b=1&b=1&debut=0&debut=12&debut=36&debut=384&debut=60&m=10&y=2023 HTTP/1.1" 200 129937 "-" "Mozilla/5.0 (compatible; SemrushBot/7~bl; +http://www.semrush.com/bot.html)"
85.208.96.208 - - [15/Jun/2026:01:58:31 +0200] "GET /new-products.php?a=12&a=12&b=1&b=1&debut=36&debut=372&debut=408&debut=408&debut=408&debut=60&histo_track=1&m=10&y=2020 HTTP/1.1" 200 130314 "-" "Mozilla/5.0 (compatible; SemrushBot/7~bl; +http://www.semrush.com/bot.html)"
85.208.96.199 - - [15/Jun/2026:01:58:39 +0200] "GET /new-products.php?a=12&a=12&b=1&b=1&debut=0&debut=0&debut=396&debut=396&debut=48&debut=72&m=07&seo_cat&x24=1&y=2022 HTTP/1.1" 200 74669 "-" "Mozilla/5.0 (compatible; SemrushBot/7~bl; +http://www.semrush.com/bot.html)"
185.191.171.5 - - [15/Jun/2026:01:58:44 +0200] "GET /new-products.php?a=12&b=1&debut=0&debut=0&debut=0&debut=0&debut=0&debut=24&debut=396&m=07&y=2023 HTTP/1.1" 200 74616 "-" "Mozilla/5.0 (compatible; SemrushBot/7~bl; +http://www.semrush.com/bot.html)"
185.191.171.19 - - [15/Jun/2026:01:58:55 +0200] "GET /new-products.php?a=12&a=12&a=12&b=1&b=1&b=1&debut=36&debut=36&debut=372&debut=396&debut=60&histo_track=1&m=11&y=2019 HTTP/1.1" 200 130262 "-" "Mozilla/5.0 (compatible; SemrushBot/7~bl; +http://www.semrush.com/bot.html)"
185.191.171.16 - - [15/Jun/2026:01:59:06 +0200] "GET /new-products.php?a=12&a=12&a=12&b=1&b=1&b=1&debut=0&debut=0&debut=0&debut=60&debut=84&debut=96&m=09&y=2024 HTTP/1.1" 200 130839 "-" "Mozilla/5.0 (compatible; SemrushBot/7~bl; +http://www.semrush.com/bot.html)"
185.191.171.2 - - [15/Jun/2026:01:59:18 +0200] "GET /new-products.php?a=12&a=12&a=12&b=1&b=1&b=1&debut=0&debut=12&debut=24&debut=444&debut=48&m=10&y=2020 HTTP/1.1" 200 130371 "-" "Mozilla/5.0 (compatible; SemrushBot/7~bl; +http://www.semrush.com/bot.html)"
85.208.96.207 - - [15/Jun/2026:01:59:28 +0200] "GET /new-products.php?a=12&b=1&debut=0&debut=0&debut=0&debut=372&debut=72&seo_cat&seo_cat&seo_cat&x20=1&x21=1&x24=1 HTTP/1.1" 200 74662 "-" "Mozilla/5.0 (compatible; SemrushBot/7~bl; +http://www.semrush.com/bot.html)"
85.208.96.195 - - [15/Jun/2026:01:59:31 +0200] "GET /new-products.php?a=12&a=12&b=1&b=1&debut=0&debut=396&debut=432&debut=48&debut=96&histo_track=1&m=10&y=2022 HTTP/1.1" 200 130840 "-" "Mozilla/5.0 (compatible; SemrushBot/7~bl; +http://www.semrush.com/bot.html)"
185.191.171.2 - - [15/Jun/2026:01:59:33 +0200] "GET /new-products.php?a=12&b=1&debut=0&debut=0&debut=0&debut=384&debut=396&debut=84&m=08&seo_cat&x24=1&y=2023 HTTP/1.1" 200 74602 "-" "Mozilla/5.0 (compatible; SemrushBot/7~bl; +http://www.semrush.com/bot.html)"
185.191.171.15 - - [15/Jun/2026:01:59:44 +0200] "GET /new-products.php?a=12&a=12&b=1&b=1&debut=0&debut=396&debut=48&debut=60&histo_track=1&seo_cat&x23=1 HTTP/1.1" 200 98628 "-" "Mozilla/5.0 (compatible; SemrushBot/7~bl; +http://www.semrush.com/bot.html)"
51.195.244.255 - - [15/Jun/2026:01:59:49 +0200] "GET /?m=11&y=2011 HTTP/1.1" 200 212460 "-" "Mozilla/5.0 (compatible; AhrefsBot/7.0; +http://ahrefs.com/robot/)"
185.191.171.7 - - [15/Jun/2026:02:00:20 +0200] "GET /new-products.php?a=12&a=12&b=1&b=1&debut=0&debut=24&debut=384&debut=384&debut=396&debut=72&m=05&seo_cat&x20=1&y=2022 HTTP/1.1" 200 74752 "-" "Mozilla/5.0 (compatible; SemrushBot/7~bl; +http://www.semrush.com/bot.html)"
66.249.65.74 - - [15/Jun/2026:02:00:47 +0200] "GET /produit-64-liquide-vaisselle-mains-500-g HTTP/1.1" 200 147427 "-" "Mozilla/5.0 (Linux; Android 6.0.1; Nexus 5X Build/MMB29P) AppleWebKit/537.36 (KHTML, like Gecko) Chrome/148.0.7778.96 Mobile Safari/537.36 (compatible; Googlebot/2.1; +http://www.google.com/bot.html)"
185.191.171.15 - - [15/Jun/2026:02:00:47 +0200] "GET /new-products.php?a=12&a=12&a=12&b=1&b=1&b=1&debut=0&debut=0&debut=24&debut=312&debut=324&debut=372&histo_track=1 HTTP/1.1" 200 109710 "-" "Mozilla/5.0 (compatible; SemrushBot/7~bl; +http://www.semrush.com/bot.html)"
185.191.171.13 - - [15/Jun/2026:02:00:50 +0200] "GET /new-products.php?a=12&b=1&debut=0&debut=0&debut=372&debut=396&debut=48&m=05&seo_cat&seo_cat&x23=0&x23=1&y=2023 HTTP/1.1" 200 128139 "-" "Mozilla/5.0 (compatible; SemrushBot/7~bl; +http://www.semrush.com/bot.html)"
85.208.96.195 - - [15/Jun/2026:02:00:55 +0200] "GET /new-products.php?a=12&b=1&debut=0&debut=0&debut=0&debut=0&debut=348&debut=432&seo_cat&seo_cat&x21=1&x26=1 HTTP/1.1" 200 74627 "-" "Mozilla/5.0 (compatible; SemrushBot/7~bl; +http://www.semrush.com/bot.html)"
185.191.171.4 - - [15/Jun/2026:02:01:18 +0200] "GET /new-products.php?a=12&a=12&b=1&b=1&debut=0&debut=12&debut=384&debut=384&debut=396&debut=48&histo_track=1&m=03&y=2020 HTTP/1.1" 200 130792 "-" "Mozilla/5.0 (compatible; SemrushBot/7~bl; +http://www.semrush.com/bot.html)"
66.249.65.72 - - [15/Jun/2026:02:01:34 +0200] "GET /produit-246-piment-doux-poudre-bio-25g HTTP/1.1" 200 190276 "-" "Mozilla/5.0 (Linux; Android 6.0.1; Nexus 5X Build/MMB29P) AppleWebKit/537.36 (KHTML, like Gecko) Chrome/148.0.7778.96 Mobile Safari/537.36 (compatible; Googlebot/2.1; +http://www.google.com/bot.html)"
185.191.171.2 - - [15/Jun/2026:02:01:47 +0200] "GET /new-products.php?a=12&a=12&a=12&b=1&b=1&b=1&debut=0&debut=36&debut=36&debut=48&m=08&seo_cat&x23=1&y=2020 HTTP/1.1" 200 128264 "-" "Mozilla/5.0 (compatible; SemrushBot/7~bl; +http://www.semrush.com/bot.html)"
198.244.240.24 - - [15/Jun/2026:02:02:02 +0200] "GET /?m=06&y=2041 HTTP/1.1" 200 212758 "-" "Mozilla/5.0 (compatible; AhrefsBot/7.0; +http://ahrefs.com/robot/)"
85.208.96.198 - - [15/Jun/2026:02:02:12 +0200] "GET /new-products.php?a=12&a=12&b=1&b=1&debut=0&debut=24&debut=396&debut=396&debut=396&debut=48&m=05&seo_cat&x23=1&y=2023 HTTP/1.1" 200 128320 "-" "Mozilla/5.0 (compatible; SemrushBot/7~bl; +http://www.semrush.com/bot.html)"
185.191.171.7 - - [15/Jun/2026:02:02:23 +0200] "GET /new-products.php?a=12&b=1&debut=0&debut=0&debut=384&debut=396&debut=396&debut=396&debut=60&m=12&seo_cat&x20=1&y=2020 HTTP/1.1" 200 74691 "-" "Mozilla/5.0 (compatible; SemrushBot/7~bl; +http://www.semrush.com/bot.html)"
85.208.96.200 - - [15/Jun/2026:02:02:37 +0200] "GET /new-products.php?a=12&a=12&a=12&b=1&b=1&b=1&debut=0&debut=0&debut=24&debut=312&debut=348&debut=396&m=08&y=2019 HTTP/1.1" 200 74644 "-" "Mozilla/5.0 (compatible; SemrushBot/7~bl; +http://www.semrush.com/bot.html)"
185.191.171.1 - - [15/Jun/2026:02:02:46 +0200] "GET /new-products.php?a=12&a=12&b=1&b=1&debut=0&debut=0&debut=72&debut=84&m=09&seo_cat&seo_cat&x20=1&x26=1&y=2018 HTTP/1.1" 200 74626 "-" "Mozilla/5.0 (compatible; SemrushBot/7~bl; +http://www.semrush.com/bot.html)"
185.191.171.3 - - [15/Jun/2026:02:02:50 +0200] "GET /new-products.php?a=12&a=12&b=1&b=1&debut=0&debut=0&debut=0&debut=312&debut=336&debut=384&histo_track=1&m=11&y=2024 HTTP/1.1" 200 74667 "-" "Mozilla/5.0 (compatible; SemrushBot/7~bl; +http://www.semrush.com/bot.html)"
47.79.51.183 - - [15/Jun/2026:02:02:53 +0200] "GET /marques.php?a=12&b=1&debut=24&debut=0&debut=0&debut=0&debut=0&debut=0&seo=23-produits-locaux&seo_marq=23&seo_marq=23&seo_marq=23&seo_marq=23&seo_marq=23&t115=1&t115=0&t118=1&t78=1&t98=1 HTTP/1.1" 200 131551 "-" "Mozilla/5.0 (Windows NT 10.0; Win64; x64) AppleWebKit/537.36 (KHTML, like Gecko) Chrome/138.0.0.0 Safari/537.36"
85.208.96.199 - - [15/Jun/2026:02:02:59 +0200] "GET /new-products.php?a=12&a=12&b=1&b=1&debut=396&debut=396&debut=408&debut=408&debut=408&debut=48&debut=72&m=12&y=2022 HTTP/1.1" 200 129490 "-" "Mozilla/5.0 (compatible; SemrushBot/7~bl; +http://www.semrush.com/bot.html)"
185.191.171.1 - - [15/Jun/2026:02:03:08 +0200] "GET /new-products.php?a=12&b=1&debut=0&debut=396&debut=396&debut=432&debut=444&debut=48&m=01&seo_cat&x24=1&y=2022 HTTP/1.1" 200 74700 "-" "Mozilla/5.0 (compatible; SemrushBot/7~bl; +http://www.semrush.com/bot.html)"
185.191.171.8 - - [15/Jun/2026:02:03:22 +0200] "GET /new-products.php?a=12&a=12&a=12&b=1&b=1&b=1&debut=132&debut=36&debut=396&debut=396&debut=84&m=11&y=2025 HTTP/1.1" 200 132096 "-" "Mozilla/5.0 (compatible; SemrushBot/7~bl; +http://www.semrush.com/bot.html)"
185.191.171.16 - - [15/Jun/2026:02:03:27 +0200] "GET /new-products.php?a=12&a=12&b=1&b=1&debut=0&debut=0&debut=0&debut=360&debut=372&debut=48&seo_cat&x23=1 HTTP/1.1" 200 128083 "-" "Mozilla/5.0 (compatible; SemrushBot/7~bl; +http://www.semrush.com/bot.html)"
185.191.171.3 - - [15/Jun/2026:02:03:32 +0200] "GET /new-products.php?a=12&a=12&a=12&a=12&b=1&b=1&b=1&b=1&debut=0&debut=24&debut=36&debut=372&debut=72&m=11&y=2022 HTTP/1.1" 200 129355 "-" "Mozilla/5.0 (compatible; SemrushBot/7~bl; +http://www.semrush.com/bot.html)"
185.191.171.15 - - [15/Jun/2026:02:03:35 +0200] "GET /new-products.php?a=12&a=12&a=12&b=1&b=1&b=1&debut=0&debut=396&debut=396&debut=60&debut=84&debut=96&m=06&y=2024 HTTP/1.1" 200 130888 "-" "Mozilla/5.0 (compatible; SemrushBot/7~bl; +http://www.semrush.com/bot.html)"
185.191.171.10 - - [15/Jun/2026:02:03:43 +0200] "GET /new-products.php?a=12&a=12&a=12&b=1&b=1&b=1&debut=24&debut=384&debut=396&debut=48&debut=96&m=05&y=2023 HTTP/1.1" 200 130690 "-" "Mozilla/5.0 (compatible; SemrushBot/7~bl; +http://www.semrush.com/bot.html)"
85.208.96.201 - - [15/Jun/2026:02:03:45 +0200] "GET /new-products.php?a=12&b=1&debut=0&debut=0&debut=0&debut=120&debut=84&m=12&seo_cat&seo_cat&x23=1&x24=1&y=2020 HTTP/1.1" 200 129397 "-" "Mozilla/5.0 (compatible; SemrushBot/7~bl; +http://www.semrush.com/bot.html)"
51.195.244.182 - - [15/Jun/2026:02:04:32 +0200] "GET /?m=02&y=2010 HTTP/1.1" 200 212190 "-" "Mozilla/5.0 (compatible; AhrefsBot/7.0; +http://ahrefs.com/robot/)"
185.191.171.14 - - [15/Jun/2026:02:04:35 +0200] "GET /new-products.php?a=12&a=12&b=1&b=1&debut=0&debut=0&debut=12&debut=72&seo_cat&seo_cat&x23=1&x26=1 HTTP/1.1" 200 94717 "-" "Mozilla/5.0 (compatible; SemrushBot/7~bl; +http://www.semrush.com/bot.html)"
85.208.96.200 - - [15/Jun/2026:02:04:45 +0200] "GET /new-products.php?a=12&a=12&a=12&a=12&b=1&b=1&b=1&b=1&debut=0&debut=36&debut=60&debut=84&m=05&y=2024 HTTP/1.1" 200 131994 "-" "Mozilla/5.0 (compatible; SemrushBot/7~bl; +http://www.semrush.com/bot.html)"
185.191.171.6 - - [15/Jun/2026:02:04:51 +0200] "GET /new-products.php?a=12&a=12&a=12&b=1&b=1&b=1&debut=0&debut=24&debut=36&debut=432&debut=432&debut=72&m=03&y=2022 HTTP/1.1" 200 129379 "-" "Mozilla/5.0 (compatible; SemrushBot/7~bl; +http://www.semrush.com/bot.html)"
185.191.171.11 - - [15/Jun/2026:02:05:01 +0200] "GET /new-products.php?a=12&a=12&b=1&b=1&debut=0&debut=0&debut=0&debut=384&debut=384&debut=48&debut=96&m=12&y=2020 HTTP/1.1" 200 130852 "-" "Mozilla/5.0 (compatible; SemrushBot/7~bl; +http://www.semrush.com/bot.html)"
85.208.96.201 - - [15/Jun/2026:02:05:10 +0200] "GET /new-products.php?a=12&b=1&debut=0&debut=0&debut=0&debut=384&debut=432&debut=60&histo_track=1&m=06&seo_cat&x24=1&y=2021 HTTP/1.1" 200 74691 "-" "Mozilla/5.0 (compatible; SemrushBot/7~bl; +http://www.semrush.com/bot.html)"
185.191.171.9 - - [15/Jun/2026:02:05:34 +0200] "GET /new-products.php?a=12&b=1&debut=0&debut=0&debut=0&debut=384&debut=408&debut=432&debut=84&m=10&seo_cat&x20=1&y=2020 HTTP/1.1" 200 74669 "-" "Mozilla/5.0 (compatible; SemrushBot/7~bl; +http://www.semrush.com/bot.html)"
66.249.65.72 - - [15/Jun/2026:02:05:35 +0200] "GET /produit-214-the-noir-bio-gingembre-orange-50g HTTP/1.1" 200 144939 "-" "Mozilla/5.0 (Linux; Android 6.0.1; Nexus 5X Build/MMB29P) AppleWebKit/537.36 (KHTML, like Gecko) Chrome/148.0.7778.96 Mobile Safari/537.36 (compatible; Googlebot/2.1; +http://www.google.com/bot.html)"
85.208.96.199 - - [15/Jun/2026:02:05:46 +0200] "GET /discounts.php?debut=0&debut=0&debut=0&histo_track=1&m=05&seo_cat&seo_cat&seo_cat&x20=0&x20=0&x20=1&y=2019 HTTP/1.1" 200 72618 "-" "Mozilla/5.0 (compatible; SemrushBot/7~bl; +http://www.semrush.com/bot.html)"
66.249.65.73 - - [15/Jun/2026:02:05:55 +0200] "GET /uploadfiles/products/mini/16055574960IMG_20201116_183750_resized_20201116_071449394.jpg HTTP/1.1" 200 14968 "-" "Googlebot-Image/1.0"
185.191.171.1 - - [15/Jun/2026:02:06:12 +0200] "GET /new-products.php?a=12&a=12&b=1&b=1&debut=0&debut=12&debut=384&debut=396&debut=396&debut=84&m=02&seo_cat&x21=1&y=2020 HTTP/1.1" 200 74684 "-" "Mozilla/5.0 (compatible; SemrushBot/7~bl; +http://www.semrush.com/bot.html)"
198.244.183.215 - - [15/Jun/2026:02:06:27 +0200] "GET /?m=02&y=2012 HTTP/1.1" 200 212982 "-" "Mozilla/5.0 (compatible; AhrefsBot/7.0; +http://ahrefs.com/robot/)"
85.208.96.210 - - [15/Jun/2026:02:06:37 +0200] "GET /new-products.php?a=12&b=1&debut=0&debut=0&debut=372&debut=72&m=12&seo_cat&seo_cat&x20=0&x20=1&y=2023 HTTP/1.1" 200 74579 "-" "Mozilla/5.0 (compatible; SemrushBot/7~bl; +http://www.semrush.com/bot.html)"
185.191.171.11 - - [15/Jun/2026:02:06:44 +0200] "GET /new-products.php?a=12&a=12&b=1&b=1&debut=0&debut=0&debut=0&debut=0&debut=432&debut=84&debut=96&m=03&y=2022 HTTP/1.1" 200 130764 "-" "Mozilla/5.0 (compatible; SemrushBot/7~bl; +http://www.semrush.com/bot.html)"
85.208.96.198 - - [15/Jun/2026:02:06:46 +0200] "GET /new-products.php?a=12&b=1&debut=0&debut=372&debut=372&debut=396&debut=60&m=12&y=2023 HTTP/1.1" 200 129472 "-" "Mozilla/5.0 (compatible; SemrushBot/7~bl; +http://www.semrush.com/bot.html)"
85.208.96.200 - - [15/Jun/2026:02:06:53 +0200] "GET /new-products.php?a=12&a=12&b=1&b=1&debut=0&debut=0&debut=24&debut=396&debut=396&debut=60&m=04&seo_cat&x20=1&y=2020 HTTP/1.1" 200 74664 "-" "Mozilla/5.0 (compatible; SemrushBot/7~bl; +http://www.semrush.com/bot.html)"
66.249.65.72 - - [15/Jun/2026:02:07:00 +0200] "GET /uploadfiles/products/15867920290CG.jpg HTTP/1.1" 200 1069399 "-" "Googlebot-Image/1.0"
185.191.171.12 - - [15/Jun/2026:02:07:08 +0200] "GET /new-products.php?a=12&a=12&b=1&b=1&debut=0&debut=348&debut=360&debut=396&m=06&seo_cat&x20=1&y=2019 HTTP/1.1" 200 74551 "-" "Mozilla/5.0 (compatible; SemrushBot/7~bl; +http://www.semrush.com/bot.html)"
85.208.96.212 - - [15/Jun/2026:02:07:11 +0200] "GET /new-products.php?a=12&a=12&a=12&a=12&b=1&b=1&b=1&b=1&debut=48&debut=48&debut=48&debut=60&m=05&y=2018 HTTP/1.1" 200 129860 "-" "Mozilla/5.0 (compatible; SemrushBot/7~bl; +http://www.semrush.com/bot.html)"
185.191.171.5 - - [15/Jun/2026:02:07:30 +0200] "GET /new-products.php?a=12&a=12&a=12&b=1&b=1&b=1&debut=24&debut=396&debut=396&debut=48&debut=84&histo_track=1&m=10&y=2022 HTTP/1.1" 200 132548 "-" "Mozilla/5.0 (compatible; SemrushBot/7~bl; +http://www.semrush.com/bot.html)"
185.191.171.19 - - [15/Jun/2026:02:07:36 +0200] "GET /new-products.php?a=12&a=12&b=1&b=1&debut=0&debut=0&debut=36&debut=48&m=07&seo_cat&seo_cat&x26=0&x26=1&y=2017 HTTP/1.1" 200 74700 "-" "Mozilla/5.0 (compatible; SemrushBot/7~bl; +http://www.semrush.com/bot.html)"
85.208.96.208 - - [15/Jun/2026:02:07:48 +0200] "GET /new-products.php?a=12&a=12&b=1&b=1&debut=0&debut=0&debut=0&debut=0&debut=396&debut=396&debut=60&debut=72&m=06&y=2022 HTTP/1.1" 200 129526 "-" "Mozilla/5.0 (compatible; SemrushBot/7~bl; +http://www.semrush.com/bot.html)"
85.208.96.198 - - [15/Jun/2026:02:08:07 +0200] "GET /new-products.php?debut=0&debut=0&debut=0&debut=0&debut=0&debut=0&debut=396&m=04&seo_cat&seo_cat&x20=1&x21=1&y=2025 HTTP/1.1" 200 74664 "-" "Mozilla/5.0 (compatible; SemrushBot/7~bl; +http://www.semrush.com/bot.html)"
198.244.226.219 - - [15/Jun/2026:02:08:34 +0200] "GET /produit-175-farine-de-riz-complete-bio-500g HTTP/1.1" 200 141972 "-" "Mozilla/5.0 (compatible; AhrefsBot/7.0; +http://ahrefs.com/robot/)"
85.208.96.208 - - [15/Jun/2026:02:08:49 +0200] "GET /new-products.php?a=12&b=1&debut=0&debut=0&debut=396&debut=48&seo_cat&seo_cat&x21=1&x24=1 HTTP/1.1" 200 128111 "-" "Mozilla/5.0 (compatible; SemrushBot/7~bl; +http://www.semrush.com/bot.html)"
185.191.171.3 - - [15/Jun/2026:02:08:53 +0200] "GET /new-products.php?a=12&a=12&b=1&b=1&debut=372&debut=372&debut=384&debut=396&debut=48&debut=60&histo_track=1&m=10&y=2020 HTTP/1.1" 200 130314 "-" "Mozilla/5.0 (compatible; SemrushBot/7~bl; +http://www.semrush.com/bot.html)"
85.208.96.196 - - [15/Jun/2026:02:08:55 +0200] "GET /new-products.php?a=12&a=12&b=1&b=1&debut=0&debut=312&debut=360&debut=396&histo_track=1&m=05&seo_cat&x24=1&y=2025 HTTP/1.1" 200 74651 "-" "Mozilla/5.0 (compatible; SemrushBot/7~bl; +http://www.semrush.com/bot.html)"
185.191.171.6 - - [15/Jun/2026:02:09:16 +0200] "GET /new-products.php?a=12&a=12&b=1&b=1&debut=36&debut=396&debut=396&debut=432&debut=48&histo_track=1&m=05&y=2020 HTTP/1.1" 200 130508 "-" "Mozilla/5.0 (compatible; SemrushBot/7~bl; +http://www.semrush.com/bot.html)"
85.208.96.200 - - [15/Jun/2026:02:09:25 +0200] "GET /new-products.php?a=12&a=12&b=1&b=1&debut=0&debut=0&debut=0&debut=0&debut=48&debut=72&m=06&seo_cat&x23=1&y=2020 HTTP/1.1" 200 74635 "-" "Mozilla/5.0 (compatible; SemrushBot/7~bl; +http://www.semrush.com/bot.html)"
66.249.65.74 - - [15/Jun/2026:02:09:30 +0200] "GET /templates/shop/img/panier_vide.png HTTP/1.1" 200 3914 "-" "Googlebot-Image/1.0"
66.249.65.72 - - [15/Jun/2026:02:09:36 +0200] "GET /sitemap HTTP/1.1" 200 123560 "-" "Mozilla/5.0 (Linux; Android 6.0.1; Nexus 5X Build/MMB29P) AppleWebKit/537.36 (KHTML, like Gecko) Chrome/148.0.7778.96 Mobile Safari/537.36 (compatible; Googlebot/2.1; +http://www.google.com/bot.html)"
185.191.171.16 - - [15/Jun/2026:02:09:47 +0200] "GET /new-products.php?a=12&a=12&b=1&b=1&debut=0&debut=0&debut=0&debut=0&debut=120&debut=384&debut=396&debut=396&debut=84 HTTP/1.1" 200 132407 "-" "Mozilla/5.0 (compatible; SemrushBot/7~bl; +http://www.semrush.com/bot.html)"
185.191.171.14 - - [15/Jun/2026:02:09:55 +0200] "GET /new-products.php?a=12&a=12&b=1&b=1&debut=0&debut=384&debut=396&debut=396&debut=48&debut=60&histo_track=1&m=06&y=2019 HTTP/1.1" 200 130258 "-" "Mozilla/5.0 (compatible; SemrushBot/7~bl; +http://www.semrush.com/bot.html)"
85.208.96.196 - - [15/Jun/2026:02:10:16 +0200] "GET /new-products.php?a=12&a=12&b=1&b=1&debut=0&debut=0&debut=24&debut=372&debut=372&debut=372&debut=48&seo_cat&x20=1 HTTP/1.1" 200 74676 "-" "Mozilla/5.0 (compatible; SemrushBot/7~bl; +http://www.semrush.com/bot.html)"
