85.208.96.201 - - [15/Jun/2026:05:13:01 +0200] "GET /new-products.php?a=12&a=12&b=1&b=1&debut=0&debut=36&debut=372&debut=372&debut=396&debut=48&m=09&seo_cat&x23=1&y=2023 HTTP/1.1" 200 128391 "-" "Mozilla/5.0 (compatible; SemrushBot/7~bl; +http://www.semrush.com/bot.html)"
185.191.171.14 - - [15/Jun/2026:05:13:33 +0200] "GET /new-products.php?a=12&a=12&b=1&b=1&debut=0&debut=0&debut=0&debut=0&debut=12&debut=372&debut=372&debut=48&m=08&y=2023 HTTP/1.1" 200 130785 "-" "Mozilla/5.0 (compatible; SemrushBot/7~bl; +http://www.semrush.com/bot.html)"
185.191.171.11 - - [15/Jun/2026:05:13:57 +0200] "GET /new-products.php?a=12&a=12&a=12&a=12&b=1&b=1&b=1&b=1&debut=0&debut=12&debut=12&debut=48&debut=60&m=05&y=2017 HTTP/1.1" 200 130103 "-" "Mozilla/5.0 (compatible; SemrushBot/7~bl; +http://www.semrush.com/bot.html)"
185.191.171.4 - - [15/Jun/2026:05:14:01 +0200] "GET /new-products.php?a=12&b=1&debut=0&debut=0&debut=60&m=12&seo_cat&x24=1&y=2023 HTTP/1.1" 200 74411 "-" "Mozilla/5.0 (compatible; SemrushBot/7~bl; +http://www.semrush.com/bot.html)"
185.191.171.13 - - [15/Jun/2026:05:14:24 +0200] "GET /new-products.php?a=12&a=12&b=1&b=1&debut=108&debut=372&debut=432&debut=432&debut=84&m=04&y=2022 HTTP/1.1" 200 131893 "-" "Mozilla/5.0 (compatible; SemrushBot/7~bl; +http://www.semrush.com/bot.html)"
66.249.65.74 - - [15/Jun/2026:05:14:25 +0200] "GET /categorie-4-sel-poivre-epices HTTP/1.1" 200 153926 "-" "Mozilla/5.0 (Linux; Android 6.0.1; Nexus 5X Build/MMB29P) AppleWebKit/537.36 (KHTML, like Gecko) Chrome/148.0.7778.96 Mobile Safari/537.36 (compatible; Googlebot/2.1; +http://www.google.com/bot.html)"
185.191.171.13 - - [15/Jun/2026:05:14:27 +0200] "GET /new-products.php?a=12&b=1&debut=0&debut=0&debut=0&debut=0&debut=384&debut=396&debut=396&debut=396&debut=48&m=03&y=2023 HTTP/1.1" 200 130829 "-" "Mozilla/5.0 (compatible; SemrushBot/7~bl; +http://www.semrush.com/bot.html)"
185.191.171.4 - - [15/Jun/2026:05:14:30 +0200] "GET /new-products.php?a=12&a=12&b=1&b=1&debut=0&debut=0&debut=12&debut=360&debut=372&debut=396&debut=396&debut=48&histo_track=1 HTTP/1.1" 200 130953 "-" "Mozilla/5.0 (compatible; SemrushBot/7~bl; +http://www.semrush.com/bot.html)"
85.208.96.210 - - [15/Jun/2026:05:14:36 +0200] "GET /new-products.php?a=12&a=12&b=1&b=1&debut=24&debut=372&debut=384&debut=396&debut=396&debut=72&m=07&y=2023 HTTP/1.1" 200 129305 "-" "Mozilla/5.0 (compatible; SemrushBot/7~bl; +http://www.semrush.com/bot.html)"
66.249.65.73 - - [15/Jun/2026:05:14:39 +0200] "GET /uploadfiles/products/mini/15646790910muesli%20ene.jpg HTTP/1.1" 200 17049 "-" "Googlebot-Image/1.0"
47.79.51.122 - - [15/Jun/2026:05:14:40 +0200] "GET /marques.php?debut=0&debut=0&debut=0&debut=0&debut=0&seo=23-produits-locaux&seo_marq=23&seo_marq=23&seo_marq=23&seo_marq=23&seo_marq=23&t115=1&t2=1&t77=1&t77=0&t98=1 HTTP/1.1" 200 131883 "-" "Mozilla/5.0 (Macintosh; Intel Mac OS X 10_15_7) AppleWebKit/537.36 (KHTML, like Gecko) Chrome/145.0.0.0 Safari/537.36"
85.208.96.212 - - [15/Jun/2026:05:14:42 +0200] "GET /new-products.php?a=12&a=12&a=12&b=1&b=1&b=1&debut=12&debut=36&debut=384&debut=432&debut=48&m=05&y=2020 HTTP/1.1" 200 130428 "-" "Mozilla/5.0 (compatible; SemrushBot/7~bl; +http://www.semrush.com/bot.html)"
85.208.96.206 - - [15/Jun/2026:05:14:44 +0200] "GET /new-products.php?a=12&a=12&a=12&a=12&b=1&b=1&b=1&b=1&debut=0&debut=12&debut=120&debut=48&debut=84&m=04&y=2020 HTTP/1.1" 200 132243 "-" "Mozilla/5.0 (compatible; SemrushBot/7~bl; +http://www.semrush.com/bot.html)"
66.249.65.74 - - [15/Jun/2026:05:15:03 +0200] "GET /uploadfiles/products/mini/15640633530lesherbesrelax%20(2).png HTTP/1.1" 200 205319 "-" "Googlebot-Image/1.0"
185.191.171.8 - - [15/Jun/2026:05:15:05 +0200] "GET /new-products.php?a=12&a=12&b=1&b=1&debut=0&debut=24&debut=372&debut=396&debut=60&m=06&seo_cat&x24=1&y=2024 HTTP/1.1" 200 74607 "-" "Mozilla/5.0 (compatible; SemrushBot/7~bl; +http://www.semrush.com/bot.html)"
185.191.171.11 - - [15/Jun/2026:05:15:19 +0200] "GET /new-products.php?a=12&a=12&a=12&b=1&b=1&b=1&debut=0&debut=12&debut=408&debut=408&debut=48&debut=84&m=12&y=2022 HTTP/1.1" 200 132281 "-" "Mozilla/5.0 (compatible; SemrushBot/7~bl; +http://www.semrush.com/bot.html)"
185.191.171.16 - - [15/Jun/2026:05:15:49 +0200] "GET /new-products.php?a=12&a=12&b=1&b=1&debut=0&debut=36&debut=360&debut=396&histo_track=1&m=01&seo_cat&x26=1&y=2019 HTTP/1.1" 200 74648 "-" "Mozilla/5.0 (compatible; SemrushBot/7~bl; +http://www.semrush.com/bot.html)"
85.208.96.193 - - [15/Jun/2026:05:15:53 +0200] "GET /produit-271-muesli-energie-bio-250g HTTP/1.1" 200 120751 "-" "Mozilla/5.0 (compatible; SemrushBot/7~bl; +http://www.semrush.com/bot.html)"
85.208.96.200 - - [15/Jun/2026:05:15:57 +0200] "GET /new-products.php?a=12&b=1&debut=0&debut=0&debut=372&debut=384&debut=396&debut=396&debut=444&debut=444&debut=60&m=11&y=2021 HTTP/1.1" 200 130455 "-" "Mozilla/5.0 (compatible; SemrushBot/7~bl; +http://www.semrush.com/bot.html)"
185.191.171.12 - - [15/Jun/2026:05:16:00 +0200] "GET /new-products.php?a=12&b=1&debut=0&debut=0&debut=0&debut=372&debut=396&debut=396&debut=396&debut=60&m=07&y=2019 HTTP/1.1" 200 130157 "-" "Mozilla/5.0 (compatible; SemrushBot/7~bl; +http://www.semrush.com/bot.html)"
107.181.124.175 - - [15/Jun/2026:05:16:10 +0200] "GET /mon-compte?m=03&y=2026 HTTP/1.1" 200 89006 "https://www.vracandbio.com/" "Mozilla/5.0 (iPhone; CPU iPhone OS 14_6 like Mac OS X) AppleWebKit/537.36 (KHTML, like Gecko) Chrome/122.0.5437.144 Safari/537.36 OPR/85.0.3156.31"
194.246.106.26 - - [15/Jun/2026:05:16:13 +0200] "GET /start_to_top/style.css HTTP/1.1" 200 - "https://www.vracandbio.com/mon-compte?m=03&y=2026" "Mozilla/5.0 (Macintosh; Intel Mac OS X 10_13_0) AppleWebKit/537.36 (KHTML, like Gecko) Chrome/57.0.7520.1911 Safari/537.36"
185.191.171.16 - - [15/Jun/2026:05:16:25 +0200] "GET /new-products.php?a=12&a=12&b=1&b=1&debut=0&debut=0&debut=0&debut=0&debut=12&debut=396&debut=60&m=05&y=2021 HTTP/1.1" 200 130126 "-" "Mozilla/5.0 (compatible; SemrushBot/7~bl; +http://www.semrush.com/bot.html)"
85.208.96.201 - - [15/Jun/2026:05:17:13 +0200] "GET /new-products.php?a=12&a=12&a=12&b=1&b=1&b=1&debut=36&debut=396&debut=396&debut=48&debut=60&m=05&y=2020 HTTP/1.1" 200 129953 "-" "Mozilla/5.0 (compatible; SemrushBot/7~bl; +http://www.semrush.com/bot.html)"
185.191.171.5 - - [15/Jun/2026:05:17:19 +0200] "GET /new-products.php?a=12&a=12&a=12&b=1&b=1&b=1&debut=0&debut=120&debut=360&debut=372&debut=60&debut=72&m=11&y=2025 HTTP/1.1" 200 129405 "-" "Mozilla/5.0 (compatible; SemrushBot/7~bl; +http://www.semrush.com/bot.html)"
185.191.171.7 - - [15/Jun/2026:05:17:29 +0200] "GET /new-products.php?a=12&a=12&b=1&b=1&debut=0&debut=0&debut=36&debut=84&histo_track=1&m=01&seo_cat&x26=1&y=2021 HTTP/1.1" 200 74627 "-" "Mozilla/5.0 (compatible; SemrushBot/7~bl; +http://www.semrush.com/bot.html)"
185.191.171.5 - - [15/Jun/2026:05:17:58 +0200] "GET /new-products.php?a=12&a=12&b=1&b=1&debut=0&debut=0&debut=0&debut=0&debut=396&debut=396&debut=72&debut=96&m=03&y=2025 HTTP/1.1" 200 131114 "-" "Mozilla/5.0 (compatible; SemrushBot/7~bl; +http://www.semrush.com/bot.html)"
85.208.96.210 - - [15/Jun/2026:05:18:12 +0200] "GET /new-products.php?a=12&a=12&a=12&b=1&b=1&b=1&debut=372&debut=408&debut=60&debut=84&debut=96&m=10&y=2021 HTTP/1.1" 200 130694 "-" "Mozilla/5.0 (compatible; SemrushBot/7~bl; +http://www.semrush.com/bot.html)"
66.249.65.73 - - [15/Jun/2026:05:18:20 +0200] "GET /uploadfiles/products/mini/15641541000curc.jpg HTTP/1.1" 200 16143 "-" "Googlebot-Image/1.0"
85.208.96.193 - - [15/Jun/2026:05:18:36 +0200] "GET /new-products.php?a=12&b=1&debut=0&debut=0&debut=0&debut=396&debut=444&debut=48&histo_track=1&m=12&seo_cat&x21=1&y=2020 HTTP/1.1" 200 74705 "-" "Mozilla/5.0 (compatible; SemrushBot/7~bl; +http://www.semrush.com/bot.html)"
185.191.171.16 - - [15/Jun/2026:05:18:39 +0200] "GET /new-products.php?debut=0&debut=0&seo_cat&seo_cat&x21=1&x23=1 HTTP/1.1" 200 127431 "-" "Mozilla/5.0 (compatible; SemrushBot/7~bl; +http://www.semrush.com/bot.html)"
185.191.171.2 - - [15/Jun/2026:05:18:42 +0200] "GET /new-products.php?a=12&a=12&b=1&b=1&debut=0&debut=0&debut=372&debut=432&debut=72&debut=96&m=03&seo_cat&x20=1&y=2022 HTTP/1.1" 200 74666 "-" "Mozilla/5.0 (compatible; SemrushBot/7~bl; +http://www.semrush.com/bot.html)"
85.208.96.210 - - [15/Jun/2026:05:18:47 +0200] "GET /new-products.php?a=12&a=12&b=1&b=1&debut=0&debut=372&debut=396&debut=396&debut=48&debut=72&histo_track=1&m=06&y=2019 HTTP/1.1" 200 129526 "-" "Mozilla/5.0 (compatible; SemrushBot/7~bl; +http://www.semrush.com/bot.html)"
85.208.96.198 - - [15/Jun/2026:05:18:50 +0200] "GET /new-products.php?a=12&b=1&debut=0&debut=0&debut=36&debut=396&histo_track=1&m=06&seo_cat&seo_cat&x21=1&x26=1&y=2018 HTTP/1.1" 200 74663 "-" "Mozilla/5.0 (compatible; SemrushBot/7~bl; +http://www.semrush.com/bot.html)"
85.208.96.193 - - [15/Jun/2026:05:19:02 +0200] "GET /new-products.php?a=12&a=12&b=1&b=1&debut=0&debut=108&debut=408&debut=432&debut=432&debut=72&histo_track=1&m=10&y=2020 HTTP/1.1" 200 129557 "-" "Mozilla/5.0 (compatible; SemrushBot/7~bl; +http://www.semrush.com/bot.html)"
85.208.96.198 - - [15/Jun/2026:05:19:34 +0200] "GET /new-products.php?a=12&a=12&b=1&b=1&debut=0&debut=384&debut=396&debut=396&debut=72&debut=84&histo_track=1&m=06&y=2024 HTTP/1.1" 200 132417 "-" "Mozilla/5.0 (compatible; SemrushBot/7~bl; +http://www.semrush.com/bot.html)"
185.191.171.4 - - [15/Jun/2026:05:19:56 +0200] "GET /new-products.php?a=12&a=12&b=1&b=1&debut=0&debut=0&debut=0&debut=0&debut=0&debut=360&debut=60&debut=84&m=11&y=2022 HTTP/1.1" 200 132371 "-" "Mozilla/5.0 (compatible; SemrushBot/7~bl; +http://www.semrush.com/bot.html)"
66.249.65.74 - - [15/Jun/2026:05:19:58 +0200] "GET /uploadfiles/products/mini/16055580330500P.jpg HTTP/1.1" 200 14791 "-" "Googlebot-Image/1.0"
85.208.96.209 - - [15/Jun/2026:05:19:59 +0200] "GET /new-products.php?a=12&a=12&b=1&b=1&debut=0&debut=0&debut=12&debut=72&m=09&seo_cat&seo_cat&x23=1&x24=1&y=2020 HTTP/1.1" 200 129262 "-" "Mozilla/5.0 (compatible; SemrushBot/7~bl; +http://www.semrush.com/bot.html)"
66.249.65.72 - - [15/Jun/2026:05:19:59 +0200] "GET /categorie-95-vinaigre-savon-noir HTTP/1.1" 200 118900 "-" "Mozilla/5.0 (Linux; Android 6.0.1; Nexus 5X Build/MMB29P) AppleWebKit/537.36 (KHTML, like Gecko) Chrome/148.0.7778.96 Mobile Safari/537.36 (compatible; Googlebot/2.1; +http://www.google.com/bot.html)"
85.208.96.210 - - [15/Jun/2026:05:20:02 +0200] "GET /new-products.php?a=12&a=12&b=1&b=1&debut=0&debut=0&debut=0&debut=0&debut=12&debut=372&debut=396&debut=60&m=02&y=2018 HTTP/1.1" 200 130305 "-" "Mozilla/5.0 (compatible; SemrushBot/7~bl; +http://www.semrush.com/bot.html)"
85.208.96.210 - - [15/Jun/2026:05:20:08 +0200] "GET /new-products.php?a=12&a=12&b=1&b=1&debut=384&debut=384&debut=396&debut=408&debut=408&debut=60&debut=72&m=02&y=2023 HTTP/1.1" 200 129480 "-" "Mozilla/5.0 (compatible; SemrushBot/7~bl; +http://www.semrush.com/bot.html)"
185.191.171.10 - - [15/Jun/2026:05:20:18 +0200] "GET /new-products.php?a=12&a=12&a=12&a=12&b=1&b=1&b=1&b=1&debut=12&debut=144&debut=48&debut=96 HTTP/1.1" 200 130390 "-" "Mozilla/5.0 (compatible; SemrushBot/7~bl; +http://www.semrush.com/bot.html)"
66.249.65.73 - - [15/Jun/2026:05:20:23 +0200] "GET /uploadfiles/products/15900537960Tchai.jpg HTTP/1.1" 200 145874 "-" "Googlebot-Image/1.0"
85.208.96.195 - - [15/Jun/2026:05:21:06 +0200] "GET /new-products.php?a=12&b=1&debut=0&debut=0&debut=420&debut=432&histo_track=1&m=03&seo_cat&seo_cat&x24=1&x26=1&y=2020 HTTP/1.1" 200 74746 "-" "Mozilla/5.0 (compatible; SemrushBot/7~bl; +http://www.semrush.com/bot.html)"
66.249.65.74 - - [15/Jun/2026:05:21:12 +0200] "GET /uploadfiles/bandeaulegislationalcoolsite.jpg HTTP/1.1" 200 156763 "-" "Googlebot-Image/1.0"
85.208.96.207 - - [15/Jun/2026:05:21:14 +0200] "GET /new-products.php?a=12&a=12&a=12&b=1&b=1&b=1&debut=108&debut=12&debut=396&debut=396&debut=72&m=10&y=2025 HTTP/1.1" 200 129207 "-" "Mozilla/5.0 (compatible; SemrushBot/7~bl; +http://www.semrush.com/bot.html)"
185.191.171.12 - - [15/Jun/2026:05:21:33 +0200] "GET /new-products.php?a=12&a=12&a=12&a=12&b=1&b=1&b=1&b=1&debut=0&debut=24&debut=408&debut=48&debut=60&m=09&y=2022 HTTP/1.1" 200 130131 "-" "Mozilla/5.0 (compatible; SemrushBot/7~bl; +http://www.semrush.com/bot.html)"
66.249.65.72 - - [15/Jun/2026:05:21:36 +0200] "GET /templates/shop/css/global_end.css HTTP/1.1" 200 1106 "https://www.vracandbio.com/categorie-95-vinaigre-savon-noir" "Mozilla/5.0 (Linux; Android 6.0.1; Nexus 5X Build/MMB29P) AppleWebKit/537.36 (KHTML, like Gecko) Chrome/148.0.7778.96 Mobile Safari/537.36 (compatible; Googlebot/2.1; +http://www.google.com/bot.html)"
85.208.96.201 - - [15/Jun/2026:05:21:37 +0200] "GET /new-products.php?a=12&a=12&a=12&a=12&b=1&b=1&b=1&b=1&debut=0&debut=0&debut=36&debut=360&debut=372&m=11&y=2022 HTTP/1.1" 200 109656 "-" "Mozilla/5.0 (compatible; SemrushBot/7~bl; +http://www.semrush.com/bot.html)"
85.208.96.211 - - [15/Jun/2026:05:21:59 +0200] "GET /new-products.php?a=12&a=12&a=12&b=1&b=1&b=1&debut=132&debut=384&debut=72&debut=84&histo_track=1&m=04&y=2019 HTTP/1.1" 200 132193 "-" "Mozilla/5.0 (compatible; SemrushBot/7~bl; +http://www.semrush.com/bot.html)"
185.191.171.1 - - [15/Jun/2026:05:22:17 +0200] "GET /new-products.php?a=12&a=12&a=12&b=1&b=1&b=1&debut=36&debut=36&debut=396&debut=408&debut=60&histo_track=1&m=09&y=2021 HTTP/1.1" 200 130306 "-" "Mozilla/5.0 (compatible; SemrushBot/7~bl; +http://www.semrush.com/bot.html)"
85.208.96.194 - - [15/Jun/2026:05:22:20 +0200] "GET /new-products.php?a=12&a=12&a=12&b=1&b=1&b=1&debut=0&debut=0&debut=0&debut=60&debut=60&debut=96&m=01&y=2022 HTTP/1.1" 200 130867 "-" "Mozilla/5.0 (compatible; SemrushBot/7~bl; +http://www.semrush.com/bot.html)"
85.208.96.208 - - [15/Jun/2026:05:22:38 +0200] "GET /new-products.php?a=12&a=12&b=1&b=1&debut=0&debut=0&debut=120&debut=84&m=12&seo_cat&seo_cat&x20=1&x23=1&y=2022 HTTP/1.1" 200 74642 "-" "Mozilla/5.0 (compatible; SemrushBot/7~bl; +http://www.semrush.com/bot.html)"
85.208.96.206 - - [15/Jun/2026:05:22:42 +0200] "GET /new-products.php?a=12&a=12&b=1&b=1&debut=12&debut=396&debut=396&debut=408&debut=432&debut=48&histo_track=1&m=08&y=2021 HTTP/1.1" 200 130838 "-" "Mozilla/5.0 (compatible; SemrushBot/7~bl; +http://www.semrush.com/bot.html)"
85.208.96.206 - - [15/Jun/2026:05:22:46 +0200] "GET /new-products.php?a=12&a=12&b=1&b=1&debut=0&debut=0&debut=0&debut=0&debut=12&debut=372&debut=396&debut=60&m=01&y=2021 HTTP/1.1" 200 130307 "-" "Mozilla/5.0 (compatible; SemrushBot/7~bl; +http://www.semrush.com/bot.html)"
179.25.119.174 - - [15/Jun/2026:05:22:59 +0200] "GET /produit-583-sables-au-chocolat-et-fleur-de-sel-bio-100g?m=04&y=2026 HTTP/1.1" 200 110756 "-" "Mozilla/5.0 (Windows NT 6.1) AppleWebKit/537.36 (KHTML, like Gecko) Chrome/97.0.4692.99 Safari/537.36"
185.191.171.13 - - [15/Jun/2026:05:23:10 +0200] "GET /new-products.php?a=12&a=12&a=12&a=12&b=1&b=1&b=1&b=1&debut=120&debut=120&debut=48&debut=72&m=12&y=2021 HTTP/1.1" 200 129190 "-" "Mozilla/5.0 (compatible; SemrushBot/7~bl; +http://www.semrush.com/bot.html)"
51.195.215.151 - - [15/Jun/2026:05:23:26 +0200] "GET /?m=02&y=2045 HTTP/1.1" 200 212791 "-" "Mozilla/5.0 (compatible; AhrefsBot/7.0; +http://ahrefs.com/robot/)"
85.208.96.193 - - [15/Jun/2026:05:23:29 +0200] "GET /new-products.php?a=12&b=1&debut=0&debut=0&debut=0&debut=384&debut=384&debut=384&debut=84&m=09&seo_cat&x26=1&y=2019 HTTP/1.1" 200 74741 "-" "Mozilla/5.0 (compatible; SemrushBot/7~bl; +http://www.semrush.com/bot.html)"
185.191.171.17 - - [15/Jun/2026:05:23:49 +0200] "GET /new-products.php?a=12&b=1&debut=0&debut=0&debut=0&debut=0&debut=0&debut=84&m=09&seo_cat&seo_cat&x24=1&x26=1&y=2022 HTTP/1.1" 200 74668 "-" "Mozilla/5.0 (compatible; SemrushBot/7~bl; +http://www.semrush.com/bot.html)"
85.208.96.194 - - [15/Jun/2026:05:24:04 +0200] "GET /new-products.php?a=12&b=1&debut=396&debut=396&debut=72&m=12&y=2023 HTTP/1.1" 200 128290 "-" "Mozilla/5.0 (compatible; SemrushBot/7~bl; +http://www.semrush.com/bot.html)"
85.208.96.211 - - [15/Jun/2026:05:24:14 +0200] "GET /new-products.php?a=12&a=12&b=1&b=1&debut=0&debut=0&debut=396&debut=432&debut=84&debut=96&m=04&seo_cat&x23=1&y=2022 HTTP/1.1" 200 74664 "-" "Mozilla/5.0 (compatible; SemrushBot/7~bl; +http://www.semrush.com/bot.html)"
154.17.173.100 - - [15/Jun/2026:05:24:18 +0200] "GET /new-products.php?m=09&y=2024&x23=1&debut=0&debut=72&a=12&b=1&debut=48&a=12&b=1&debut=60&a=12&b=1&x24=1&debut=0 HTTP/1.1" 200 129355 "-" "Mozilla/5.0 (Windows NT 10.0; Win64; x64) AppleWebKit/537.36 (KHTML, like Gecko) Chrome/149.0.0.0 Safari/537.36 Edg/149.0.0.0"
185.191.171.10 - - [15/Jun/2026:05:24:19 +0200] "GET /new-products.php?a=12&a=12&a=12&a=12&b=1&b=1&b=1&b=1&debut=108&debut=24&debut=36&debut=72&m=09&y=2022 HTTP/1.1" 200 129156 "-" "Mozilla/5.0 (compatible; SemrushBot/7~bl; +http://www.semrush.com/bot.html)"
85.208.96.196 - - [15/Jun/2026:05:24:37 +0200] "GET /new-products.php?debut=0&debut=0&debut=0&debut=408&histo_track=1&m=10&seo_cat&seo_cat&seo_cat&x20=1&x24=1&x26=1&y=2020 HTTP/1.1" 200 74697 "-" "Mozilla/5.0 (compatible; SemrushBot/7~bl; +http://www.semrush.com/bot.html)"
85.208.96.205 - - [15/Jun/2026:05:25:14 +0200] "GET /new-products.php?a=12&a=12&b=1&b=1&debut=0&debut=0&debut=36&debut=396&debut=432&debut=72&histo_track=1&m=08&y=2022 HTTP/1.1" 200 129485 "-" "Mozilla/5.0 (compatible; SemrushBot/7~bl; +http://www.semrush.com/bot.html)"
85.208.96.194 - - [15/Jun/2026:05:25:30 +0200] "GET /new-products.php?a=12&b=1&debut=0&debut=0&debut=0&debut=0&debut=48&m=12&seo_cat&x26=1&y=2023 HTTP/1.1" 200 74523 "-" "Mozilla/5.0 (compatible; SemrushBot/7~bl; +http://www.semrush.com/bot.html)"
85.208.96.205 - - [15/Jun/2026:05:25:34 +0200] "GET /new-products.php?debut=0&debut=0&debut=0&debut=0&debut=396&m=03&seo_cat&seo_cat&x20=0&x20=1&y=2017 HTTP/1.1" 200 74554 "-" "Mozilla/5.0 (compatible; SemrushBot/7~bl; +http://www.semrush.com/bot.html)"
185.191.171.7 - - [15/Jun/2026:05:25:49 +0200] "GET /new-products.php?a=12&b=1&debut=384&debut=384&debut=384&debut=60&histo_track=1&m=03&y=2018 HTTP/1.1" 200 129654 "-" "Mozilla/5.0 (compatible; SemrushBot/7~bl; +http://www.semrush.com/bot.html)"
186.6.57.229 - - [15/Jun/2026:05:25:54 +0200] "GET /uploadfiles/products/15854103120GDN.jpg HTTP/1.1" 200 634401 "https://www.google.com/" "Mozilla/5.0 (iPhone; CPU iPhone OS 26_5 like Mac OS X) AppleWebKit/605.1.15 (KHTML, like Gecko) GSA/424.4.924152415 Mobile/23F77 Safari/604.1"
185.191.171.14 - - [15/Jun/2026:05:26:19 +0200] "GET /new-products.php?a=12&b=1&debut=0&debut=0&debut=0&debut=0&debut=336&debut=396&histo_track=1&m=04&seo_cat&x26=1&y=2025 HTTP/1.1" 200 74685 "-" "Mozilla/5.0 (compatible; SemrushBot/7~bl; +http://www.semrush.com/bot.html)"
186.6.57.229 - - [15/Jun/2026:05:26:23 +0200] "GET /produit-395-gel-douche-neutre-liquide-500-g HTTP/1.1" 200 142659 "https://www.google.com/" "Mozilla/5.0 (iPhone; CPU iPhone OS 26_5_0 like Mac OS X) AppleWebKit/605.1.15 (KHTML, like Gecko) GSA/424.4.924152415 Mobile/15E148 Safari/604.1"
186.6.57.229 - - [15/Jun/2026:05:26:23 +0200] "GET /favicon/manifest.json HTTP/1.1" 200 720 "https://www.vracandbio.com/produit-395-gel-douche-neutre-liquide-500-g" "Mozilla/5.0 (iPhone; CPU iPhone OS 26_5_0 like Mac OS X) AppleWebKit/605.1.15 (KHTML, like Gecko) GSA/424.4.924152415 Mobile/15E148 Safari/604.1"
186.6.57.229 - - [15/Jun/2026:05:26:23 +0200] "GET /templates/shop/bootstrap/css/bootstrap.min.css HTTP/1.1" 200 106945 "https://www.vracandbio.com/produit-395-gel-douche-neutre-liquide-500-g" "Mozilla/5.0 (iPhone; CPU iPhone OS 26_5_0 like Mac OS X) AppleWebKit/605.1.15 (KHTML, like Gecko) GSA/424.4.924152415 Mobile/15E148 Safari/604.1"
186.6.57.229 - - [15/Jun/2026:05:26:23 +0200] "GET /templates/shop/bootstrap/css/bootstrap-responsive.min.css HTTP/1.1" 200 19072 "https://www.vracandbio.com/produit-395-gel-douche-neutre-liquide-500-g" "Mozilla/5.0 (iPhone; CPU iPhone OS 26_5_0 like Mac OS X) AppleWebKit/605.1.15 (KHTML, like Gecko) GSA/424.4.924152415 Mobile/15E148 Safari/604.1"
186.6.57.229 - - [15/Jun/2026:05:26:23 +0200] "GET /templates/shop/bootstrap/css/bootstrap.min2.css HTTP/1.1" 200 85843 "https://www.vracandbio.com/produit-395-gel-douche-neutre-liquide-500-g" "Mozilla/5.0 (iPhone; CPU iPhone OS 26_5_0 like Mac OS X) AppleWebKit/605.1.15 (KHTML, like Gecko) GSA/424.4.924152415 Mobile/15E148 Safari/604.1"
186.6.57.229 - - [15/Jun/2026:05:26:23 +0200] "GET /templates/shop/css/font-awesome/css/font-awesome.min.css HTTP/1.1" 200 19431 "https://www.vracandbio.com/produit-395-gel-douche-neutre-liquide-500-g" "Mozilla/5.0 (iPhone; CPU iPhone OS 26_5_0 like Mac OS X) AppleWebKit/605.1.15 (KHTML, like Gecko) GSA/424.4.924152415 Mobile/15E148 Safari/604.1"
186.6.57.229 - - [15/Jun/2026:05:26:23 +0200] "GET /templates/shop/css/font-awesome/css/font-awesome.css HTTP/1.1" 200 28747 "https://www.vracandbio.com/produit-395-gel-douche-neutre-liquide-500-g" "Mozilla/5.0 (iPhone; CPU iPhone OS 26_5_0 like Mac OS X) AppleWebKit/605.1.15 (KHTML, like Gecko) GSA/424.4.924152415 Mobile/15E148 Safari/604.1"
186.6.57.229 - - [15/Jun/2026:05:26:23 +0200] "GET /templates/shop/css/animate.min.css HTTP/1.1" 200 55844 "https://www.vracandbio.com/produit-395-gel-douche-neutre-liquide-500-g" "Mozilla/5.0 (iPhone; CPU iPhone OS 26_5_0 like Mac OS X) AppleWebKit/605.1.15 (KHTML, like Gecko) GSA/424.4.924152415 Mobile/15E148 Safari/604.1"
186.6.57.229 - - [15/Jun/2026:05:26:24 +0200] "GET /templates/shop/css/jssocials-theme-minima.css HTTP/1.1" 200 4308 "https://www.vracandbio.com/produit-395-gel-douche-neutre-liquide-500-g" "Mozilla/5.0 (iPhone; CPU iPhone OS 26_5_0 like Mac OS X) AppleWebKit/605.1.15 (KHTML, like Gecko) GSA/424.4.924152415 Mobile/15E148 Safari/604.1"
186.6.57.229 - - [15/Jun/2026:05:26:24 +0200] "GET /templates/shop/css/jssocials.css HTTP/1.1" 200 1327 "https://www.vracandbio.com/produit-395-gel-douche-neutre-liquide-500-g" "Mozilla/5.0 (iPhone; CPU iPhone OS 26_5_0 like Mac OS X) AppleWebKit/605.1.15 (KHTML, like Gecko) GSA/424.4.924152415 Mobile/15E148 Safari/604.1"
186.6.57.229 - - [15/Jun/2026:05:26:24 +0200] "GET /templates/shop/css/helper.css HTTP/1.1" 200 4957 "https://www.vracandbio.com/produit-395-gel-douche-neutre-liquide-500-g" "Mozilla/5.0 (iPhone; CPU iPhone OS 26_5_0 like Mac OS X) AppleWebKit/605.1.15 (KHTML, like Gecko) GSA/424.4.924152415 Mobile/15E148 Safari/604.1"
186.6.57.229 - - [15/Jun/2026:05:26:24 +0200] "GET /templates/shop/css/dropdown.linear.columnar.css HTTP/1.1" 200 800 "https://www.vracandbio.com/produit-395-gel-douche-neutre-liquide-500-g" "Mozilla/5.0 (iPhone; CPU iPhone OS 26_5_0 like Mac OS X) AppleWebKit/605.1.15 (KHTML, like Gecko) GSA/424.4.924152415 Mobile/15E148 Safari/604.1"
186.6.57.229 - - [15/Jun/2026:05:26:24 +0200] "GET /templates/shop/css/default.advanced.css HTTP/1.1" 200 1652 "https://www.vracandbio.com/produit-395-gel-douche-neutre-liquide-500-g" "Mozilla/5.0 (iPhone; CPU iPhone OS 26_5_0 like Mac OS X) AppleWebKit/605.1.15 (KHTML, like Gecko) GSA/424.4.924152415 Mobile/15E148 Safari/604.1"
186.6.57.229 - - [15/Jun/2026:05:26:24 +0200] "GET /templates/shop/css/style.css HTTP/1.1" 200 12038 "https://www.vracandbio.com/produit-395-gel-douche-neutre-liquide-500-g" "Mozilla/5.0 (iPhone; CPU iPhone OS 26_5_0 like Mac OS X) AppleWebKit/605.1.15 (KHTML, like Gecko) GSA/424.4.924152415 Mobile/15E148 Safari/604.1"
186.6.57.229 - - [15/Jun/2026:05:26:24 +0200] "GET /templates/shop/css/global.php HTTP/1.1" 200 26242 "https://www.vracandbio.com/produit-395-gel-douche-neutre-liquide-500-g" "Mozilla/5.0 (iPhone; CPU iPhone OS 26_5_0 like Mac OS X) AppleWebKit/605.1.15 (KHTML, like Gecko) GSA/424.4.924152415 Mobile/15E148 Safari/604.1"
186.6.57.229 - - [15/Jun/2026:05:26:24 +0200] "GET /templates/shop/css/global_cookies_css.php HTTP/1.1" 200 31 "https://www.vracandbio.com/produit-395-gel-douche-neutre-liquide-500-g" "Mozilla/5.0 (iPhone; CPU iPhone OS 26_5_0 like Mac OS X) AppleWebKit/605.1.15 (KHTML, like Gecko) GSA/424.4.924152415 Mobile/15E148 Safari/604.1"
186.6.57.229 - - [15/Jun/2026:05:26:24 +0200] "GET /templates/shop/css/lightbox.css HTTP/1.1" 200 3875 "https://www.vracandbio.com/produit-395-gel-douche-neutre-liquide-500-g" "Mozilla/5.0 (iPhone; CPU iPhone OS 26_5_0 like Mac OS X) AppleWebKit/605.1.15 (KHTML, like Gecko) GSA/424.4.924152415 Mobile/15E148 Safari/604.1"
186.6.57.229 - - [15/Jun/2026:05:26:24 +0200] "GET /start_to_top/style.css HTTP/1.1" 200 - "https://www.vracandbio.com/produit-395-gel-douche-neutre-liquide-500-g" "Mozilla/5.0 (iPhone; CPU iPhone OS 26_5_0 like Mac OS X) AppleWebKit/605.1.15 (KHTML, like Gecko) GSA/424.4.924152415 Mobile/15E148 Safari/604.1"
186.6.57.229 - - [15/Jun/2026:05:26:24 +0200] "GET /start_to_top/modernizr.js HTTP/1.1" 200 51364 "https://www.vracandbio.com/produit-395-gel-douche-neutre-liquide-500-g" "Mozilla/5.0 (iPhone; CPU iPhone OS 26_5_0 like Mac OS X) AppleWebKit/605.1.15 (KHTML, like Gecko) GSA/424.4.924152415 Mobile/15E148 Safari/604.1"
186.6.57.229 - - [15/Jun/2026:05:26:24 +0200] "GET /templates/shop/jssor/jssor.css HTTP/1.1" 200 5585 "https://www.vracandbio.com/produit-395-gel-douche-neutre-liquide-500-g" "Mozilla/5.0 (iPhone; CPU iPhone OS 26_5_0 like Mac OS X) AppleWebKit/605.1.15 (KHTML, like Gecko) GSA/424.4.924152415 Mobile/15E148 Safari/604.1"
186.6.57.229 - - [15/Jun/2026:05:26:24 +0200] "GET /templates/shop/js/jquery.bxslider.js HTTP/1.1" 200 50573 "https://www.vracandbio.com/produit-395-gel-douche-neutre-liquide-500-g" "Mozilla/5.0 (iPhone; CPU iPhone OS 26_5_0 like Mac OS X) AppleWebKit/605.1.15 (KHTML, like Gecko) GSA/424.4.924152415 Mobile/15E148 Safari/604.1"
186.6.57.229 - - [15/Jun/2026:05:26:24 +0200] "GET /templates/shop/css/jquery.bxslider.css HTTP/1.1" 200 3867 "https://www.vracandbio.com/produit-395-gel-douche-neutre-liquide-500-g" "Mozilla/5.0 (iPhone; CPU iPhone OS 26_5_0 like Mac OS X) AppleWebKit/605.1.15 (KHTML, like Gecko) GSA/424.4.924152415 Mobile/15E148 Safari/604.1"
186.6.57.229 - - [15/Jun/2026:05:26:24 +0200] "GET /templates/shop/css/global_end.css HTTP/1.1" 200 1106 "https://www.vracandbio.com/produit-395-gel-douche-neutre-liquide-500-g" "Mozilla/5.0 (iPhone; CPU iPhone OS 26_5_0 like Mac OS X) AppleWebKit/605.1.15 (KHTML, like Gecko) GSA/424.4.924152415 Mobile/15E148 Safari/604.1"
186.6.57.229 - - [15/Jun/2026:05:26:24 +0200] "GET /js/js.cookie.min.js HTTP/1.1" 200 - "https://www.vracandbio.com/produit-395-gel-douche-neutre-liquide-500-g" "Mozilla/5.0 (iPhone; CPU iPhone OS 26_5_0 like Mac OS X) AppleWebKit/605.1.15 (KHTML, like Gecko) GSA/424.4.924152415 Mobile/15E148 Safari/604.1"
186.6.57.229 - - [15/Jun/2026:05:26:24 +0200] "GET /templates/shop/bootstrap/js/bootstrap.min.js HTTP/1.1" 200 28631 "https://www.vracandbio.com/produit-395-gel-douche-neutre-liquide-500-g" "Mozilla/5.0 (iPhone; CPU iPhone OS 26_5_0 like Mac OS X) AppleWebKit/605.1.15 (KHTML, like Gecko) GSA/424.4.924152415 Mobile/15E148 Safari/604.1"
186.6.57.229 - - [15/Jun/2026:05:26:24 +0200] "GET /templates/shop/js/holder.js HTTP/1.1" 200 10517 "https://www.vracandbio.com/produit-395-gel-douche-neutre-liquide-500-g" "Mozilla/5.0 (iPhone; CPU iPhone OS 26_5_0 like Mac OS X) AppleWebKit/605.1.15 (KHTML, like Gecko) GSA/424.4.924152415 Mobile/15E148 Safari/604.1"
186.6.57.229 - - [15/Jun/2026:05:26:24 +0200] "GET /templates/shop/js/script.js HTTP/1.1" 200 - "https://www.vracandbio.com/produit-395-gel-douche-neutre-liquide-500-g" "Mozilla/5.0 (iPhone; CPU iPhone OS 26_5_0 like Mac OS X) AppleWebKit/605.1.15 (KHTML, like Gecko) GSA/424.4.924152415 Mobile/15E148 Safari/604.1"
186.6.57.229 - - [15/Jun/2026:05:26:24 +0200] "GET /templates/shop/js/verif.js HTTP/1.1" 200 5312 "https://www.vracandbio.com/produit-395-gel-douche-neutre-liquide-500-g" "Mozilla/5.0 (iPhone; CPU iPhone OS 26_5_0 like Mac OS X) AppleWebKit/605.1.15 (KHTML, like Gecko) GSA/424.4.924152415 Mobile/15E148 Safari/604.1"
186.6.57.229 - - [15/Jun/2026:05:26:24 +0200] "GET /templates/shop/js/menu.js HTTP/1.1" 200 1268 "https://www.vracandbio.com/produit-395-gel-douche-neutre-liquide-500-g" "Mozilla/5.0 (iPhone; CPU iPhone OS 26_5_0 like Mac OS X) AppleWebKit/605.1.15 (KHTML, like Gecko) GSA/424.4.924152415 Mobile/15E148 Safari/604.1"
186.6.57.229 - - [15/Jun/2026:05:26:24 +0200] "GET /templates/shop/js/lightbox.js HTTP/1.1" 200 14936 "https://www.vracandbio.com/produit-395-gel-douche-neutre-liquide-500-g" "Mozilla/5.0 (iPhone; CPU iPhone OS 26_5_0 like Mac OS X) AppleWebKit/605.1.15 (KHTML, like Gecko) GSA/424.4.924152415 Mobile/15E148 Safari/604.1"
186.6.57.229 - - [15/Jun/2026:05:26:24 +0200] "GET /templates/shop/js/jssocials.js HTTP/1.1" 200 13101 "https://www.vracandbio.com/produit-395-gel-douche-neutre-liquide-500-g" "Mozilla/5.0 (iPhone; CPU iPhone OS 26_5_0 like Mac OS X) AppleWebKit/605.1.15 (KHTML, like Gecko) GSA/424.4.924152415 Mobile/15E148 Safari/604.1"
186.6.57.229 - - [15/Jun/2026:05:26:24 +0200] "GET /templates/shop/js/jquery.bootstrap-autohidingnavbar.js HTTP/1.1" 200 5863 "https://www.vracandbio.com/produit-395-gel-douche-neutre-liquide-500-g" "Mozilla/5.0 (iPhone; CPU iPhone OS 26_5_0 like Mac OS X) AppleWebKit/605.1.15 (KHTML, like Gecko) GSA/424.4.924152415 Mobile/15E148 Safari/604.1"
186.6.57.229 - - [15/Jun/2026:05:26:24 +0200] "GET /start_to_top/main.js HTTP/1.1" 200 879 "https://www.vracandbio.com/produit-395-gel-douche-neutre-liquide-500-g" "Mozilla/5.0 (iPhone; CPU iPhone OS 26_5_0 like Mac OS X) AppleWebKit/605.1.15 (KHTML, like Gecko) GSA/424.4.924152415 Mobile/15E148 Safari/604.1"
186.6.57.229 - - [15/Jun/2026:05:26:24 +0200] "GET /ad_cookie_marmiton/mes_donnees.js HTTP/1.1" 200 13112 "https://www.vracandbio.com/produit-395-gel-douche-neutre-liquide-500-g" "Mozilla/5.0 (iPhone; CPU iPhone OS 26_5_0 like Mac OS X) AppleWebKit/605.1.15 (KHTML, like Gecko) GSA/424.4.924152415 Mobile/15E148 Safari/604.1"
186.6.57.229 - - [15/Jun/2026:05:26:24 +0200] "GET /templates/shop/img/15844333790logo_vrac_and_bio.png HTTP/1.1" 200 28253 "https://www.vracandbio.com/produit-395-gel-douche-neutre-liquide-500-g" "Mozilla/5.0 (iPhone; CPU iPhone OS 26_5_0 like Mac OS X) AppleWebKit/605.1.15 (KHTML, like Gecko) GSA/424.4.924152415 Mobile/15E148 Safari/604.1"
186.6.57.229 - - [15/Jun/2026:05:26:24 +0200] "GET /templates/shop/img/back_hover.png HTTP/1.1" 200 6257 "https://www.vracandbio.com/produit-395-gel-douche-neutre-liquide-500-g" "Mozilla/5.0 (iPhone; CPU iPhone OS 26_5_0 like Mac OS X) AppleWebKit/605.1.15 (KHTML, like Gecko) GSA/424.4.924152415 Mobile/15E148 Safari/604.1"
186.6.57.229 - - [15/Jun/2026:05:26:24 +0200] "GET /templates/shop/img/Ete_header.png HTTP/1.1" 200 245153 "https://www.vracandbio.com/produit-395-gel-douche-neutre-liquide-500-g" "Mozilla/5.0 (iPhone; CPU iPhone OS 26_5_0 like Mac OS X) AppleWebKit/605.1.15 (KHTML, like Gecko) GSA/424.4.924152415 Mobile/15E148 Safari/604.1"
186.6.57.229 - - [15/Jun/2026:05:26:25 +0200] "GET /templates/shop/css/dropdown.linear.css HTTP/1.1" 200 605 "https://www.vracandbio.com/produit-395-gel-douche-neutre-liquide-500-g" "Mozilla/5.0 (iPhone; CPU iPhone OS 26_5_0 like Mac OS X) AppleWebKit/605.1.15 (KHTML, like Gecko) GSA/424.4.924152415 Mobile/15E148 Safari/604.1"
186.6.57.229 - - [15/Jun/2026:05:26:25 +0200] "GET /templates/shop/img/cart_hover.png HTTP/1.1" 200 6395 "https://www.vracandbio.com/produit-395-gel-douche-neutre-liquide-500-g" "Mozilla/5.0 (iPhone; CPU iPhone OS 26_5_0 like Mac OS X) AppleWebKit/605.1.15 (KHTML, like Gecko) GSA/424.4.924152415 Mobile/15E148 Safari/604.1"
186.6.57.229 - - [15/Jun/2026:05:26:25 +0200] "GET /templates/shop/css/dropdown.css HTTP/1.1" 200 937 "https://www.vracandbio.com/produit-395-gel-douche-neutre-liquide-500-g" "Mozilla/5.0 (iPhone; CPU iPhone OS 26_5_0 like Mac OS X) AppleWebKit/605.1.15 (KHTML, like Gecko) GSA/424.4.924152415 Mobile/15E148 Safari/604.1"
186.6.57.229 - - [15/Jun/2026:05:26:25 +0200] "GET /templates/shop/img/empty_cart_hover.png HTTP/1.1" 200 5916 "https://www.vracandbio.com/produit-395-gel-douche-neutre-liquide-500-g" "Mozilla/5.0 (iPhone; CPU iPhone OS 26_5_0 like Mac OS X) AppleWebKit/605.1.15 (KHTML, like Gecko) GSA/424.4.924152415 Mobile/15E148 Safari/604.1"
186.6.57.229 - - [15/Jun/2026:05:26:25 +0200] "GET /templates/shop/css/font-awesome/fonts/fontawesome-webfont.woff2?v=4.3.0 HTTP/1.1" 200 56780 "https://www.vracandbio.com/produit-395-gel-douche-neutre-liquide-500-g" "Mozilla/5.0 (iPhone; CPU iPhone OS 26_5_0 like Mac OS X) AppleWebKit/605.1.15 (KHTML, like Gecko) GSA/424.4.924152415 Mobile/15E148 Safari/604.1"
186.6.57.229 - - [15/Jun/2026:05:26:24 +0200] "GET /includes/stats.php?ref=https%3A%2F%2Fwww.google.com%2F HTTP/1.1" 200 - "https://www.vracandbio.com/produit-395-gel-douche-neutre-liquide-500-g" "Mozilla/5.0 (iPhone; CPU iPhone OS 26_5_0 like Mac OS X) AppleWebKit/605.1.15 (KHTML, like Gecko) GSA/424.4.924152415 Mobile/15E148 Safari/604.1"
186.6.57.229 - - [15/Jun/2026:05:26:25 +0200] "GET /templates/shop/img/go_search_hover.png HTTP/1.1" 200 3420 "https://www.vracandbio.com/produit-395-gel-douche-neutre-liquide-500-g" "Mozilla/5.0 (iPhone; CPU iPhone OS 26_5_0 like Mac OS X) AppleWebKit/605.1.15 (KHTML, like Gecko) GSA/424.4.924152415 Mobile/15E148 Safari/604.1"
186.6.57.229 - - [15/Jun/2026:05:26:25 +0200] "GET /templates/shop/img/poursuivre_hover.png HTTP/1.1" 200 5941 "https://www.vracandbio.com/produit-395-gel-douche-neutre-liquide-500-g" "Mozilla/5.0 (iPhone; CPU iPhone OS 26_5_0 like Mac OS X) AppleWebKit/605.1.15 (KHTML, like Gecko) GSA/424.4.924152415 Mobile/15E148 Safari/604.1"
186.6.57.229 - - [15/Jun/2026:05:26:25 +0200] "GET /templates/shop/img/retour_liste_hover.png HTTP/1.1" 200 1494 "https://www.vracandbio.com/produit-395-gel-douche-neutre-liquide-500-g" "Mozilla/5.0 (iPhone; CPU iPhone OS 26_5_0 like Mac OS X) AppleWebKit/605.1.15 (KHTML, like Gecko) GSA/424.4.924152415 Mobile/15E148 Safari/604.1"
186.6.57.229 - - [15/Jun/2026:05:26:25 +0200] "GET /templates/shop/img/valid_cart_hover.png HTTP/1.1" 200 6567 "https://www.vracandbio.com/produit-395-gel-douche-neutre-liquide-500-g" "Mozilla/5.0 (iPhone; CPU iPhone OS 26_5_0 like Mac OS X) AppleWebKit/605.1.15 (KHTML, like Gecko) GSA/424.4.924152415 Mobile/15E148 Safari/604.1"
186.6.57.229 - - [15/Jun/2026:05:26:25 +0200] "GET /templates/shop/img/view_product_hover.png HTTP/1.1" 200 18983 "https://www.vracandbio.com/produit-395-gel-douche-neutre-liquide-500-g" "Mozilla/5.0 (iPhone; CPU iPhone OS 26_5_0 like Mac OS X) AppleWebKit/605.1.15 (KHTML, like Gecko) GSA/424.4.924152415 Mobile/15E148 Safari/604.1"
186.6.57.229 - - [15/Jun/2026:05:26:25 +0200] "GET /templates/shop/img/icon-menu.png HTTP/1.1" 200 177 "https://www.vracandbio.com/produit-395-gel-douche-neutre-liquide-500-g" "Mozilla/5.0 (iPhone; CPU iPhone OS 26_5_0 like Mac OS X) AppleWebKit/605.1.15 (KHTML, like Gecko) GSA/424.4.924152415 Mobile/15E148 Safari/604.1"
186.6.57.229 - - [15/Jun/2026:05:26:26 +0200] "GET /uploadfiles/slide1_internal/0l_actualite_de_vrac_and_bio.png HTTP/1.1" 200 17959 "https://www.vracandbio.com/produit-395-gel-douche-neutre-liquide-500-g" "Mozilla/5.0 (iPhone; CPU iPhone OS 26_5_0 like Mac OS X) AppleWebKit/605.1.15 (KHTML, like Gecko) GSA/424.4.924152415 Mobile/15E148 Safari/604.1"
186.6.57.229 - - [15/Jun/2026:05:26:26 +0200] "GET /uploadfiles/slide1_internal/0les_infos_de_vrac_and_bio.png HTTP/1.1" 200 19769 "https://www.vracandbio.com/produit-395-gel-douche-neutre-liquide-500-g" "Mozilla/5.0 (iPhone; CPU iPhone OS 26_5_0 like Mac OS X) AppleWebKit/605.1.15 (KHTML, like Gecko) GSA/424.4.924152415 Mobile/15E148 Safari/604.1"
186.6.57.229 - - [15/Jun/2026:05:26:26 +0200] "GET /templates/shop/img/add_cart_hover.png HTTP/1.1" 200 6598 "https://www.vracandbio.com/produit-395-gel-douche-neutre-liquide-500-g" "Mozilla/5.0 (iPhone; CPU iPhone OS 26_5_0 like Mac OS X) AppleWebKit/605.1.15 (KHTML, like Gecko) GSA/424.4.924152415 Mobile/15E148 Safari/604.1"
186.6.57.229 - - [15/Jun/2026:05:26:26 +0200] "GET /uploadfiles/products/15854103120GDN.jpg HTTP/1.1" 200 634401 "https://www.vracandbio.com/produit-395-gel-douche-neutre-liquide-500-g" "Mozilla/5.0 (iPhone; CPU iPhone OS 26_5_0 like Mac OS X) AppleWebKit/605.1.15 (KHTML, like Gecko) GSA/424.4.924152415 Mobile/15E148 Safari/604.1"
186.6.57.229 - - [15/Jun/2026:05:26:26 +0200] "GET /templates/shop/img/indispo.png HTTP/1.1" 200 893 "https://www.vracandbio.com/produit-395-gel-douche-neutre-liquide-500-g" "Mozilla/5.0 (iPhone; CPU iPhone OS 26_5_0 like Mac OS X) AppleWebKit/605.1.15 (KHTML, like Gecko) GSA/424.4.924152415 Mobile/15E148 Safari/604.1"
186.6.57.229 - - [15/Jun/2026:05:26:26 +0200] "GET /templates/shop/img/poursuivre.png HTTP/1.1" 200 5937 "https://www.vracandbio.com/produit-395-gel-douche-neutre-liquide-500-g" "Mozilla/5.0 (iPhone; CPU iPhone OS 26_5_0 like Mac OS X) AppleWebKit/605.1.15 (KHTML, like Gecko) GSA/424.4.924152415 Mobile/15E148 Safari/604.1"
186.6.57.229 - - [15/Jun/2026:05:26:26 +0200] "GET /uploadfiles/cos.jpg HTTP/1.1" 200 133468 "https://www.vracandbio.com/produit-395-gel-douche-neutre-liquide-500-g" "Mozilla/5.0 (iPhone; CPU iPhone OS 26_5_0 like Mac OS X) AppleWebKit/605.1.15 (KHTML, like Gecko) GSA/424.4.924152415 Mobile/15E148 Safari/604.1"
186.6.57.229 - - [15/Jun/2026:05:26:26 +0200] "GET /uploadfiles/products/mini/15854076000SDT.jpg HTTP/1.1" 200 17832 "https://www.vracandbio.com/produit-395-gel-douche-neutre-liquide-500-g" "Mozilla/5.0 (iPhone; CPU iPhone OS 26_5_0 like Mac OS X) AppleWebKit/605.1.15 (KHTML, like Gecko) GSA/424.4.924152415 Mobile/15E148 Safari/604.1"
186.6.57.229 - - [15/Jun/2026:05:26:26 +0200] "GET /templates/shop/img/dispo.png HTTP/1.1" 200 3031 "https://www.vracandbio.com/produit-395-gel-douche-neutre-liquide-500-g" "Mozilla/5.0 (iPhone; CPU iPhone OS 26_5_0 like Mac OS X) AppleWebKit/605.1.15 (KHTML, like Gecko) GSA/424.4.924152415 Mobile/15E148 Safari/604.1"
186.6.57.229 - - [15/Jun/2026:05:26:26 +0200] "GET /templates/shop/img/view_product.png HTTP/1.1" 200 19436 "https://www.vracandbio.com/produit-395-gel-douche-neutre-liquide-500-g" "Mozilla/5.0 (iPhone; CPU iPhone OS 26_5_0 like Mac OS X) AppleWebKit/605.1.15 (KHTML, like Gecko) GSA/424.4.924152415 Mobile/15E148 Safari/604.1"
186.6.57.229 - - [15/Jun/2026:05:26:26 +0200] "GET /templates/shop/img/no_achat.png HTTP/1.1" 200 6534 "https://www.vracandbio.com/produit-395-gel-douche-neutre-liquide-500-g" "Mozilla/5.0 (iPhone; CPU iPhone OS 26_5_0 like Mac OS X) AppleWebKit/605.1.15 (KHTML, like Gecko) GSA/424.4.924152415 Mobile/15E148 Safari/604.1"
186.6.57.229 - - [15/Jun/2026:05:26:26 +0200] "GET /uploadfiles/products/mini/15327782140savon-douce-france-570x570.jpg HTTP/1.1" 200 12689 "https://www.vracandbio.com/produit-395-gel-douche-neutre-liquide-500-g" "Mozilla/5.0 (iPhone; CPU iPhone OS 26_5_0 like Mac OS X) AppleWebKit/605.1.15 (KHTML, like Gecko) GSA/424.4.924152415 Mobile/15E148 Safari/604.1"
186.6.57.229 - - [15/Jun/2026:05:26:26 +0200] "GET /uploadfiles/products/mini/15327787620savon-a-froid-gourmandise-miel.jpg HTTP/1.1" 200 12390 "https://www.vracandbio.com/produit-395-gel-douche-neutre-liquide-500-g" "Mozilla/5.0 (iPhone; CPU iPhone OS 26_5_0 like Mac OS X) AppleWebKit/605.1.15 (KHTML, like Gecko) GSA/424.4.924152415 Mobile/15E148 Safari/604.1"
186.6.57.229 - - [15/Jun/2026:05:26:26 +0200] "GET /uploadfiles/products/mini/15328061340savon-canelle-570x570.jpg HTTP/1.1" 200 12010 "https://www.vracandbio.com/produit-395-gel-douche-neutre-liquide-500-g" "Mozilla/5.0 (iPhone; CPU iPhone OS 26_5_0 like Mac OS X) AppleWebKit/605.1.15 (KHTML, like Gecko) GSA/424.4.924152415 Mobile/15E148 Safari/604.1"
186.6.57.229 - - [15/Jun/2026:05:26:26 +0200] "GET /uploadfiles/products/mini/15327794050savon-calendula-1-570x570.jpg HTTP/1.1" 200 13438 "https://www.vracandbio.com/produit-395-gel-douche-neutre-liquide-500-g" "Mozilla/5.0 (iPhone; CPU iPhone OS 26_5_0 like Mac OS X) AppleWebKit/605.1.15 (KHTML, like Gecko) GSA/424.4.924152415 Mobile/15E148 Safari/604.1"
186.6.57.229 - - [15/Jun/2026:05:26:26 +0200] "GET /uploadfiles/products/mini/15846194870secret-argan.jpg HTTP/1.1" 200 13165 "https://www.vracandbio.com/produit-395-gel-douche-neutre-liquide-500-g" "Mozilla/5.0 (iPhone; CPU iPhone OS 26_5_0 like Mac OS X) AppleWebKit/605.1.15 (KHTML, like Gecko) GSA/424.4.924152415 Mobile/15E148 Safari/604.1"
186.6.57.229 - - [15/Jun/2026:05:26:26 +0200] "GET /uploadfiles/products/mini/15328061810savon-a-froid-chanvre.jpg HTTP/1.1" 200 12203 "https://www.vracandbio.com/produit-395-gel-douche-neutre-liquide-500-g" "Mozilla/5.0 (iPhone; CPU iPhone OS 26_5_0 like Mac OS X) AppleWebKit/605.1.15 (KHTML, like Gecko) GSA/424.4.924152415 Mobile/15E148 Safari/604.1"
186.6.57.229 - - [15/Jun/2026:05:26:26 +0200] "GET /uploadfiles/products/mini/15327786410savon-fraicheur-menthe-1-570x570.jpg HTTP/1.1" 200 12717 "https://www.vracandbio.com/produit-395-gel-douche-neutre-liquide-500-g" "Mozilla/5.0 (iPhone; CPU iPhone OS 26_5_0 like Mac OS X) AppleWebKit/605.1.15 (KHTML, like Gecko) GSA/424.4.924152415 Mobile/15E148 Safari/604.1"
186.6.57.229 - - [15/Jun/2026:05:26:26 +0200] "GET /uploadfiles/products/mini/15327779530necatar-daloe.jpg HTTP/1.1" 200 12196 "https://www.vracandbio.com/produit-395-gel-douche-neutre-liquide-500-g" "Mozilla/5.0 (iPhone; CPU iPhone OS 26_5_0 like Mac OS X) AppleWebKit/605.1.15 (KHTML, like Gecko) GSA/424.4.924152415 Mobile/15E148 Safari/604.1"
186.6.57.229 - - [15/Jun/2026:05:26:26 +0200] "GET /uploadfiles/products/mini/15328060020savon-a-froid-sapin.jpg HTTP/1.1" 200 13663 "https://www.vracandbio.com/produit-395-gel-douche-neutre-liquide-500-g" "Mozilla/5.0 (iPhone; CPU iPhone OS 26_5_0 like Mac OS X) AppleWebKit/605.1.15 (KHTML, like Gecko) GSA/424.4.924152415 Mobile/15E148 Safari/604.1"
186.6.57.229 - - [15/Jun/2026:05:26:26 +0200] "GET /uploadfiles/products/mini/15639521890savon-pens%C3%A9es-sauvage-louiseemoi-1.jpg HTTP/1.1" 200 14480 "https://www.vracandbio.com/produit-395-gel-douche-neutre-liquide-500-g" "Mozilla/5.0 (iPhone; CPU iPhone OS 26_5_0 like Mac OS X) AppleWebKit/605.1.15 (KHTML, like Gecko) GSA/424.4.924152415 Mobile/15E148 Safari/604.1"
186.6.57.229 - - [15/Jun/2026:05:26:26 +0200] "GET /templates/shop/img/hors_stock.png HTTP/1.1" 200 7797 "https://www.vracandbio.com/produit-395-gel-douche-neutre-liquide-500-g" "Mozilla/5.0 (iPhone; CPU iPhone OS 26_5_0 like Mac OS X) AppleWebKit/605.1.15 (KHTML, like Gecko) GSA/424.4.924152415 Mobile/15E148 Safari/604.1"
186.6.57.229 - - [15/Jun/2026:05:26:26 +0200] "GET /uploadfiles/products/mini/15327787230toutdoux-570x570.jpg HTTP/1.1" 200 12401 "https://www.vracandbio.com/produit-395-gel-douche-neutre-liquide-500-g" "Mozilla/5.0 (iPhone; CPU iPhone OS 26_5_0 like Mac OS X) AppleWebKit/605.1.15 (KHTML, like Gecko) GSA/424.4.924152415 Mobile/15E148 Safari/604.1"
186.6.57.229 - - [15/Jun/2026:05:26:26 +0200] "GET /uploadfiles/products/mini/15639520010reveil-orang%C3%A9-1.jpg HTTP/1.1" 200 13700 "https://www.vracandbio.com/produit-395-gel-douche-neutre-liquide-500-g" "Mozilla/5.0 (iPhone; CPU iPhone OS 26_5_0 like Mac OS X) AppleWebKit/605.1.15 (KHTML, like Gecko) GSA/424.4.924152415 Mobile/15E148 Safari/604.1"
186.6.57.229 - - [15/Jun/2026:05:26:26 +0200] "GET /templates/shop/img/panier_vide.png HTTP/1.1" 200 3914 "https://www.vracandbio.com/produit-395-gel-douche-neutre-liquide-500-g" "Mozilla/5.0 (iPhone; CPU iPhone OS 26_5_0 like Mac OS X) AppleWebKit/605.1.15 (KHTML, like Gecko) GSA/424.4.924152415 Mobile/15E148 Safari/604.1"
186.6.57.229 - - [15/Jun/2026:05:26:26 +0200] "GET /templates/shop/img/events.png HTTP/1.1" 200 3571 "https://www.vracandbio.com/produit-395-gel-douche-neutre-liquide-500-g" "Mozilla/5.0 (iPhone; CPU iPhone OS 26_5_0 like Mac OS X) AppleWebKit/605.1.15 (KHTML, like Gecko) GSA/424.4.924152415 Mobile/15E148 Safari/604.1"
186.6.57.229 - - [15/Jun/2026:05:26:26 +0200] "GET /uploadfiles/slide1_internal/0Zero.jpg HTTP/1.1" 200 270843 "https://www.vracandbio.com/produit-395-gel-douche-neutre-liquide-500-g" "Mozilla/5.0 (iPhone; CPU iPhone OS 26_5_0 like Mac OS X) AppleWebKit/605.1.15 (KHTML, like Gecko) GSA/424.4.924152415 Mobile/15E148 Safari/604.1"
186.6.57.229 - - [15/Jun/2026:05:26:26 +0200] "GET /uploadfiles/slide1_internal/0Vracandbio.png HTTP/1.1" 200 43097 "https://www.vracandbio.com/produit-395-gel-douche-neutre-liquide-500-g" "Mozilla/5.0 (iPhone; CPU iPhone OS 26_5_0 like Mac OS X) AppleWebKit/605.1.15 (KHTML, like Gecko) GSA/424.4.924152415 Mobile/15E148 Safari/604.1"
186.6.57.229 - - [15/Jun/2026:05:26:26 +0200] "GET /uploadfiles/slide1_internal/0Cosmetique.jpg HTTP/1.1" 200 29160 "https://www.vracandbio.com/produit-395-gel-douche-neutre-liquide-500-g" "Mozilla/5.0 (iPhone; CPU iPhone OS 26_5_0 like Mac OS X) AppleWebKit/605.1.15 (KHTML, like Gecko) GSA/424.4.924152415 Mobile/15E148 Safari/604.1"
186.6.57.229 - - [15/Jun/2026:05:26:26 +0200] "GET /uploadfiles/slide1_internal/0Paiement.jpg HTTP/1.1" 200 70030 "https://www.vracandbio.com/produit-395-gel-douche-neutre-liquide-500-g" "Mozilla/5.0 (iPhone; CPU iPhone OS 26_5_0 like Mac OS X) AppleWebKit/605.1.15 (KHTML, like Gecko) GSA/424.4.924152415 Mobile/15E148 Safari/604.1"
186.6.57.229 - - [15/Jun/2026:05:26:26 +0200] "GET /uploadfiles/LAgumes_Bio_Locaux_en_Vrac.jpg HTTP/1.1" 200 3089189 "https://www.vracandbio.com/produit-395-gel-douche-neutre-liquide-500-g" "Mozilla/5.0 (iPhone; CPU iPhone OS 26_5_0 like Mac OS X) AppleWebKit/605.1.15 (KHTML, like Gecko) GSA/424.4.924152415 Mobile/15E148 Safari/604.1"
186.6.57.229 - - [15/Jun/2026:05:26:26 +0200] "GET /templates/shop/img/facebook.png HTTP/1.1" 200 4816 "https://www.vracandbio.com/produit-395-gel-douche-neutre-liquide-500-g" "Mozilla/5.0 (iPhone; CPU iPhone OS 26_5_0 like Mac OS X) AppleWebKit/605.1.15 (KHTML, like Gecko) GSA/424.4.924152415 Mobile/15E148 Safari/604.1"
186.6.57.229 - - [15/Jun/2026:05:26:26 +0200] "GET /templates/shop/img/logo_signature_picto.png HTTP/1.1" 200 6299 "https://www.vracandbio.com/produit-395-gel-douche-neutre-liquide-500-g" "Mozilla/5.0 (iPhone; CPU iPhone OS 26_5_0 like Mac OS X) AppleWebKit/605.1.15 (KHTML, like Gecko) GSA/424.4.924152415 Mobile/15E148 Safari/604.1"
186.6.57.229 - - [15/Jun/2026:05:26:26 +0200] "GET /templates/shop/img/marques_liv.png HTTP/1.1" 200 3355 "https://www.vracandbio.com/produit-395-gel-douche-neutre-liquide-500-g" "Mozilla/5.0 (iPhone; CPU iPhone OS 26_5_0 like Mac OS X) AppleWebKit/605.1.15 (KHTML, like Gecko) GSA/424.4.924152415 Mobile/15E148 Safari/604.1"
186.6.57.229 - - [15/Jun/2026:05:26:26 +0200] "GET /templates/shop/img/categories_liv.png HTTP/1.1" 200 3232 "https://www.vracandbio.com/produit-395-gel-douche-neutre-liquide-500-g" "Mozilla/5.0 (iPhone; CPU iPhone OS 26_5_0 like Mac OS X) AppleWebKit/605.1.15 (KHTML, like Gecko) GSA/424.4.924152415 Mobile/15E148 Safari/604.1"
186.6.57.229 - - [15/Jun/2026:05:26:26 +0200] "GET /start_to_top/img/cd-top-arrow.svg HTTP/1.1" 200 555 "https://www.vracandbio.com/produit-395-gel-douche-neutre-liquide-500-g" "Mozilla/5.0 (iPhone; CPU iPhone OS 26_5_0 like Mac OS X) AppleWebKit/605.1.15 (KHTML, like Gecko) GSA/424.4.924152415 Mobile/15E148 Safari/604.1"
186.6.57.229 - - [15/Jun/2026:05:26:26 +0200] "GET /templates/shop/css/images/close.png HTTP/1.1" 200 280 "https://www.vracandbio.com/produit-395-gel-douche-neutre-liquide-500-g" "Mozilla/5.0 (iPhone; CPU iPhone OS 26_5_0 like Mac OS X) AppleWebKit/605.1.15 (KHTML, like Gecko) GSA/424.4.924152415 Mobile/15E148 Safari/604.1"
186.6.57.229 - - [15/Jun/2026:05:26:26 +0200] "GET /templates/shop/css/images/loading.gif HTTP/1.1" 200 8476 "https://www.vracandbio.com/produit-395-gel-douche-neutre-liquide-500-g" "Mozilla/5.0 (iPhone; CPU iPhone OS 26_5_0 like Mac OS X) AppleWebKit/605.1.15 (KHTML, like Gecko) GSA/424.4.924152415 Mobile/15E148 Safari/604.1"
186.6.57.229 - - [15/Jun/2026:05:26:26 +0200] "GET /templates/shop/css/images/prev.png HTTP/1.1" 200 1360 "https://www.vracandbio.com/produit-395-gel-douche-neutre-liquide-500-g" "Mozilla/5.0 (iPhone; CPU iPhone OS 26_5_0 like Mac OS X) AppleWebKit/605.1.15 (KHTML, like Gecko) GSA/424.4.924152415 Mobile/15E148 Safari/604.1"
186.6.57.229 - - [15/Jun/2026:05:26:26 +0200] "GET /templates/shop/css/images/next.png HTTP/1.1" 200 1350 "https://www.vracandbio.com/produit-395-gel-douche-neutre-liquide-500-g" "Mozilla/5.0 (iPhone; CPU iPhone OS 26_5_0 like Mac OS X) AppleWebKit/605.1.15 (KHTML, like Gecko) GSA/424.4.924152415 Mobile/15E148 Safari/604.1"
54.38.147.80 - - [15/Jun/2026:05:26:27 +0200] "GET /?m=07&y=2046 HTTP/1.1" 200 212231 "-" "Mozilla/5.0 (compatible; AhrefsBot/7.0; +http://ahrefs.com/robot/)"
185.191.171.2 - - [15/Jun/2026:05:26:35 +0200] "GET /new-products.php?a=12&a=12&b=1&b=1&debut=0&debut=0&debut=48&debut=72&m=07&seo_cat&seo_cat&x23=1&x26=1&y=2025 HTTP/1.1" 200 94924 "-" "Mozilla/5.0 (compatible; SemrushBot/7~bl; +http://www.semrush.com/bot.html)"
85.208.96.211 - - [15/Jun/2026:05:26:39 +0200] "GET /new-products.php?a=12&a=12&b=1&b=1&debut=0&debut=0&debut=0&debut=0&debut=12&debut=48&m=10&seo_cat&x23=1&y=2020 HTTP/1.1" 200 128215 "-" "Mozilla/5.0 (compatible; SemrushBot/7~bl; +http://www.semrush.com/bot.html)"
85.208.96.202 - - [15/Jun/2026:05:26:58 +0200] "GET /new-products.php?a=12&a=12&b=1&b=1&debut=0&debut=0&debut=0&debut=0&debut=24&debut=372&debut=396&debut=48&m=01&y=2022 HTTP/1.1" 200 130855 "-" "Mozilla/5.0 (compatible; SemrushBot/7~bl; +http://www.semrush.com/bot.html)"
185.191.171.11 - - [15/Jun/2026:05:27:01 +0200] "GET /new-products.php?a=12&a=12&a=12&b=1&b=1&b=1&debut=0&debut=0&debut=0&debut=60&debut=72&debut=96&m=03&y=2021 HTTP/1.1" 200 130917 "-" "Mozilla/5.0 (compatible; SemrushBot/7~bl; +http://www.semrush.com/bot.html)"
185.191.171.9 - - [15/Jun/2026:05:27:17 +0200] "GET /new-products.php?a=12&a=12&b=1&b=1&debut=0&debut=0&debut=48&debut=60&m=09&seo_cat&seo_cat&x23=1&x24=1&y=2019 HTTP/1.1" 200 129315 "-" "Mozilla/5.0 (compatible; SemrushBot/7~bl; +http://www.semrush.com/bot.html)"
191.101.181.179 - - [15/Jun/2026:05:27:44 +0200] "GET /robots.txt HTTP/1.1" 200 89 "-" "Googlebot"
185.191.171.7 - - [15/Jun/2026:05:28:13 +0200] "GET /new-products.php?a=12&a=12&b=1&b=1&debut=12&debut=360&debut=372&debut=372&debut=408&debut=60&histo_track=1&m=04&y=2020 HTTP/1.1" 200 130352 "-" "Mozilla/5.0 (compatible; SemrushBot/7~bl; +http://www.semrush.com/bot.html)"
