40.77.167.13 - - [15/Jun/2026:02:10:19 +0200] "GET /categorie-76-cafe-chicoree?m=06&y=2026 HTTP/1.1" 200 105128 "-" "Mozilla/5.0 AppleWebKit/537.36 (KHTML, like Gecko; compatible; bingbot/2.0; +http://www.bing.com/bingbot.htm) Chrome/116.0.1938.76 Safari/537.36"
52.251.49.203 - - [15/Jun/2026:02:10:25 +0200] "GET / HTTP/1.1" 301 274 "-" "Mozilla/5.0 (Macintosh; Intel Mac OS X 10_15_7) AppleWebKit/537.36 (KHTML, like Gecko) Chrome/91.0.4472.124 Safari/537.36"
52.251.49.203 - - [15/Jun/2026:02:10:26 +0200] "GET / HTTP/1.1" 200 212275 "-" "Mozilla/5.0 (Macintosh; Intel Mac OS X 10_15_7) AppleWebKit/537.36 (KHTML, like Gecko) Chrome/91.0.4472.124 Safari/537.36"
52.251.49.203 - - [15/Jun/2026:02:10:27 +0200] "GET / HTTP/1.1" 301 274 "-" "Mozilla/5.0 (Windows NT 10.0; Win64; x64; rv:89.0) Gecko/20100101 Firefox/89.0"
52.251.49.203 - - [15/Jun/2026:02:10:27 +0200] "GET / HTTP/1.1" 200 212794 "-" "Mozilla/5.0 (Windows NT 10.0; Win64; x64; rv:89.0) Gecko/20100101 Firefox/89.0"
185.191.171.16 - - [15/Jun/2026:02:10:42 +0200] "GET /new-products.php?a=12&a=12&a=12&b=1&b=1&b=1&debut=120&debut=384&debut=396&debut=396&debut=60&debut=96&m=10&y=2018 HTTP/1.1" 200 131131 "-" "Mozilla/5.0 (compatible; SemrushBot/7~bl; +http://www.semrush.com/bot.html)"
185.191.171.3 - - [15/Jun/2026:02:10:47 +0200] "GET /robots.txt HTTP/1.1" 200 89 "-" "Mozilla/5.0 (compatible; SemrushBot/7~bl; +http://www.semrush.com/bot.html)"
85.208.96.198 - - [15/Jun/2026:02:10:48 +0200] "GET /new-products.php?a=12&a=12&b=1&b=1&debut=0&debut=0&debut=0&debut=0&debut=24&debut=396&debut=396&debut=48&m=02&y=2021 HTTP/1.1" 200 130637 "-" "Mozilla/5.0 (compatible; SemrushBot/7~bl; +http://www.semrush.com/bot.html)"
185.191.171.8 - - [15/Jun/2026:02:11:02 +0200] "GET /new-products.php?a=12&b=1&debut=0&debut=0&debut=372&debut=408&debut=408&debut=408&debut=432&debut=432&debut=48&histo_track=1 HTTP/1.1" 200 130933 "-" "Mozilla/5.0 (compatible; SemrushBot/7~bl; +http://www.semrush.com/bot.html)"
85.208.96.207 - - [15/Jun/2026:02:11:04 +0200] "GET /new-products.php?a=12&a=12&b=1&b=1&debut=0&debut=108&debut=408&debut=408&debut=60&m=04&seo_cat&x20=1&y=2022 HTTP/1.1" 200 74615 "-" "Mozilla/5.0 (compatible; SemrushBot/7~bl; +http://www.semrush.com/bot.html)"
185.191.171.16 - - [15/Jun/2026:02:11:09 +0200] "GET /new-products.php?a=12&a=12&b=1&b=1&debut=396&debut=396&debut=396&debut=396&debut=432&debut=84&debut=96&m=10&y=2021 HTTP/1.1" 200 131156 "-" "Mozilla/5.0 (compatible; SemrushBot/7~bl; +http://www.semrush.com/bot.html)"
185.191.171.3 - - [15/Jun/2026:02:11:26 +0200] "GET /new-products.php?a=12&b=1&debut=0&debut=0&debut=324&debut=396&m=04&seo_cat&seo_cat&x21=0&x21=1&y=2023 HTTP/1.1" 200 74573 "-" "Mozilla/5.0 (compatible; SemrushBot/7~bl; +http://www.semrush.com/bot.html)"
85.208.96.203 - - [15/Jun/2026:02:11:28 +0200] "GET /new-products.php?a=12&a=12&b=1&b=1&debut=0&debut=120&debut=372&debut=384&debut=396&debut=432&debut=84&m=09&y=2022 HTTP/1.1" 200 132335 "-" "Mozilla/5.0 (compatible; SemrushBot/7~bl; +http://www.semrush.com/bot.html)"
85.208.96.193 - - [15/Jun/2026:02:11:30 +0200] "GET /new-products.php?a=12&a=12&b=1&b=1&debut=0&debut=36&debut=60&histo_track=1&m=02&y=2024 HTTP/1.1" 200 129515 "-" "Mozilla/5.0 (compatible; SemrushBot/7~bl; +http://www.semrush.com/bot.html)"
185.191.171.1 - - [15/Jun/2026:02:11:45 +0200] "GET /new-products.php?a=12&a=12&a=12&a=12&b=1&b=1&b=1&b=1&debut=0&debut=12&debut=120&debut=72&debut=96&m=02&y=2024 HTTP/1.1" 200 131032 "-" "Mozilla/5.0 (compatible; SemrushBot/7~bl; +http://www.semrush.com/bot.html)"
85.208.96.208 - - [15/Jun/2026:02:11:48 +0200] "GET /new-products.php?a=12&a=12&b=1&b=1&debut=0&debut=24&debut=36&histo_track=1&seo_cat&x23=1 HTTP/1.1" 200 127982 "-" "Mozilla/5.0 (compatible; SemrushBot/7~bl; +http://www.semrush.com/bot.html)"
85.208.96.204 - - [15/Jun/2026:02:11:54 +0200] "GET /new-products.php?a=12&a=12&a=12&a=12&b=1&b=1&b=1&b=1&debut=0&debut=12&debut=36&debut=48&debut=60&m=10&y=2019 HTTP/1.1" 200 130064 "-" "Mozilla/5.0 (compatible; SemrushBot/7~bl; +http://www.semrush.com/bot.html)"
66.249.65.74 - - [15/Jun/2026:02:12:00 +0200] "GET /uploadfiles/products/mini/15639807870PChe.jpg HTTP/1.1" 200 17146 "-" "Googlebot-Image/1.0"
85.208.96.204 - - [15/Jun/2026:02:12:23 +0200] "GET /new-products.php?a=12&a=12&a=12&b=1&b=1&b=1&debut=384&debut=396&debut=48&debut=60&debut=84&histo_track=1&m=03&y=2018 HTTP/1.1" 200 132408 "-" "Mozilla/5.0 (compatible; SemrushBot/7~bl; +http://www.semrush.com/bot.html)"
66.249.65.73 - - [15/Jun/2026:02:12:26 +0200] "GET /produit-430-sirop-de-noisette-bio-equitable-50cl HTTP/1.1" 200 150661 "-" "Mozilla/5.0 (Linux; Android 6.0.1; Nexus 5X Build/MMB29P) AppleWebKit/537.36 (KHTML, like Gecko) Chrome/148.0.7778.96 Mobile Safari/537.36 (compatible; Googlebot/2.1; +http://www.google.com/bot.html)"
154.17.177.3 - - [15/Jun/2026:02:12:28 +0200] "GET /new-products.php?m=09&y=2023&debut=24&a=12&b=1&x26=1&debut=0&x24=1&debut=0&debut=48&a=12&b=1 HTTP/1.1" 200 119065 "-" "Mozilla/5.0 (Windows NT 10.0; Win64; x64) AppleWebKit/537.36 (KHTML, like Gecko) Chrome/149.0.0.0 Safari/537.36 Edg/149.0.0.0"
185.191.171.10 - - [15/Jun/2026:02:12:53 +0200] "GET /new-products.php?a=12&a=12&b=1&b=1&debut=0&debut=0&debut=372&debut=372&debut=408&debut=72&debut=96&m=07&y=2021 HTTP/1.1" 200 130867 "-" "Mozilla/5.0 (compatible; SemrushBot/7~bl; +http://www.semrush.com/bot.html)"
85.208.96.208 - - [15/Jun/2026:02:12:55 +0200] "GET /new-products.php?a=12&a=12&b=1&b=1&debut=0&debut=0&debut=0&debut=0&debut=0&debut=372&debut=432&debut=60&debut=96 HTTP/1.1" 200 130938 "-" "Mozilla/5.0 (compatible; SemrushBot/7~bl; +http://www.semrush.com/bot.html)"
201.209.188.84 - - [15/Jun/2026:02:13:14 +0200] "GET /categorie-74-infusions?m=05&y=2026 HTTP/1.1" 200 105289 "-" "Mozilla/5.0 (Linux; Android 6.0; Nexus 5 Build/MRA58N) AppleWebKit/537.36 (KHTML, like Gecko) Chrome/45.0.2551.1487 Mobile Safari/537.36"
85.208.96.207 - - [15/Jun/2026:02:13:16 +0200] "GET /new-products.php?a=12&a=12&a=12&a=12&b=1&b=1&b=1&b=1&debut=0&debut=36&debut=36&debut=48&debut=72&m=01&y=2025 HTTP/1.1" 200 129332 "-" "Mozilla/5.0 (compatible; SemrushBot/7~bl; +http://www.semrush.com/bot.html)"
170.75.148.36 - - [15/Jun/2026:02:13:17 +0200] "GET /start_to_top/style.css HTTP/1.1" 200 - "https://www.vracandbio.com/categorie-74-infusions?m=05&y=2026" "Mozilla/5.0 (Linux; Android 6.0; Nexus 5 Build/MRA58N) AppleWebKit/537.36 (KHTML, like Gecko) Chrome/45.0.2551.1487 Mobile Safari/537.36"
170.75.148.36 - - [15/Jun/2026:02:13:17 +0200] "GET /js/js.cookie.min.js HTTP/1.1" 200 - "https://www.vracandbio.com/categorie-74-infusions?m=05&y=2026" "Mozilla/5.0 (Linux; Android 6.0; Nexus 5 Build/MRA58N) AppleWebKit/537.36 (KHTML, like Gecko) Chrome/45.0.2551.1487 Mobile Safari/537.36"
170.75.148.36 - - [15/Jun/2026:02:13:17 +0200] "GET /includes/stats.php?ref= HTTP/1.1" 200 - "https://www.vracandbio.com/categorie-74-infusions?m=05&y=2026" "Mozilla/5.0 (Linux; Android 6.0; Nexus 5 Build/MRA58N) AppleWebKit/537.36 (KHTML, like Gecko) Chrome/45.0.2551.1487 Mobile Safari/537.36"
170.75.148.36 - - [15/Jun/2026:02:13:18 +0200] "GET /templates/shop/js/script.js HTTP/1.1" 200 - "https://www.vracandbio.com/categorie-74-infusions?m=05&y=2026" "Mozilla/5.0 (Linux; Android 6.0; Nexus 5 Build/MRA58N) AppleWebKit/537.36 (KHTML, like Gecko) Chrome/45.0.2551.1487 Mobile Safari/537.36"
170.75.148.36 - - [15/Jun/2026:02:13:18 +0200] "GET /uploadfiles/products/mini/15640634010lesherbesdusoir%20(2).png HTTP/1.1" 200 187410 "https://www.vracandbio.com/categorie-74-infusions?m=05&y=2026" "Mozilla/5.0 (Linux; Android 6.0; Nexus 5 Build/MRA58N) AppleWebKit/537.36 (KHTML, like Gecko) Chrome/45.0.2551.1487 Mobile Safari/537.36"
170.75.148.36 - - [15/Jun/2026:02:13:18 +0200] "GET /uploadfiles/products/mini/15640633200lesherbesdigest%20(2).png HTTP/1.1" 200 204003 "https://www.vracandbio.com/categorie-74-infusions?m=05&y=2026" "Mozilla/5.0 (Linux; Android 6.0; Nexus 5 Build/MRA58N) AppleWebKit/537.36 (KHTML, like Gecko) Chrome/45.0.2551.1487 Mobile Safari/537.36"
170.75.148.36 - - [15/Jun/2026:02:13:18 +0200] "GET /uploadfiles/products/mini/15640633530lesherbesrelax%20(2).png HTTP/1.1" 200 205319 "https://www.vracandbio.com/categorie-74-infusions?m=05&y=2026" "Mozilla/5.0 (Linux; Android 6.0; Nexus 5 Build/MRA58N) AppleWebKit/537.36 (KHTML, like Gecko) Chrome/45.0.2551.1487 Mobile Safari/537.36"
170.75.148.36 - - [15/Jun/2026:02:13:18 +0200] "GET /uploadfiles/products/mini/15640634370lesherbesdetox%20(2).png HTTP/1.1" 200 178564 "https://www.vracandbio.com/categorie-74-infusions?m=05&y=2026" "Mozilla/5.0 (Linux; Android 6.0; Nexus 5 Build/MRA58N) AppleWebKit/537.36 (KHTML, like Gecko) Chrome/45.0.2551.1487 Mobile Safari/537.36"
170.75.148.36 - - [15/Jun/2026:02:13:18 +0200] "GET /uploadfiles/products/mini/15640634680camomille%20(2).png HTTP/1.1" 200 197918 "https://www.vracandbio.com/categorie-74-infusions?m=05&y=2026" "Mozilla/5.0 (Linux; Android 6.0; Nexus 5 Build/MRA58N) AppleWebKit/537.36 (KHTML, like Gecko) Chrome/45.0.2551.1487 Mobile Safari/537.36"
170.75.148.36 - - [15/Jun/2026:02:13:18 +0200] "GET /uploadfiles/products/mini/15640635040verveine%20(2).png HTTP/1.1" 200 182948 "https://www.vracandbio.com/categorie-74-infusions?m=05&y=2026" "Mozilla/5.0 (Linux; Android 6.0; Nexus 5 Build/MRA58N) AppleWebKit/537.36 (KHTML, like Gecko) Chrome/45.0.2551.1487 Mobile Safari/537.36"
170.75.148.36 - - [15/Jun/2026:02:13:19 +0200] "GET /templates/shop/images/downArrow.png HTTP/1.1" 404 212537 "https://www.vracandbio.com/templates/shop/css/style.css" "Mozilla/5.0 (Linux; Android 6.0; Nexus 5 Build/MRA58N) AppleWebKit/537.36 (KHTML, like Gecko) Chrome/45.0.2551.1487 Mobile Safari/537.36"
85.208.96.209 - - [15/Jun/2026:02:13:48 +0200] "GET /new-products.php?a=12&a=12&b=1&b=1&debut=0&debut=0&debut=372&debut=384&debut=396&debut=72&debut=96&m=12&y=2024 HTTP/1.1" 200 130948 "-" "Mozilla/5.0 (compatible; SemrushBot/7~bl; +http://www.semrush.com/bot.html)"
85.208.96.194 - - [15/Jun/2026:02:13:57 +0200] "GET /new-products.php?a=12&a=12&a=12&b=1&b=1&b=1&debut=0&debut=0&debut=24&debut=36&debut=372&debut=444&debut=444&debut=60 HTTP/1.1" 200 130285 "-" "Mozilla/5.0 (compatible; SemrushBot/7~bl; +http://www.semrush.com/bot.html)"
85.208.96.206 - - [15/Jun/2026:02:14:16 +0200] "GET /new-products.php?a=12&a=12&a=12&a=12&b=1&b=1&b=1&b=1&debut=72&debut=84&debut=84&debut=96&m=04&y=2022 HTTP/1.1" 200 130612 "-" "Mozilla/5.0 (compatible; SemrushBot/7~bl; +http://www.semrush.com/bot.html)"
85.208.96.205 - - [15/Jun/2026:02:14:42 +0200] "GET /new-products.php?a=12&a=12&b=1&b=1&debut=0&debut=0&debut=0&debut=0&debut=288&debut=360&debut=372&seo_cat&x24=1 HTTP/1.1" 200 74662 "-" "Mozilla/5.0 (compatible; SemrushBot/7~bl; +http://www.semrush.com/bot.html)"
85.208.96.202 - - [15/Jun/2026:02:14:44 +0200] "GET /new-products.php?a=12&a=12&a=12&a=12&b=1&b=1&b=1&b=1&debut=0&debut=48&debut=48&debut=60&debut=84&m=08&y=2019 HTTP/1.1" 200 142604 "-" "Mozilla/5.0 (compatible; SemrushBot/7~bl; +http://www.semrush.com/bot.html)"
85.208.96.212 - - [15/Jun/2026:02:14:59 +0200] "GET /new-products.php?a=12&a=12&b=1&b=1&debut=0&debut=0&debut=24&debut=36&m=03&seo_cat&seo_cat&x20=0&x20=1&y=2023 HTTP/1.1" 200 74624 "-" "Mozilla/5.0 (compatible; SemrushBot/7~bl; +http://www.semrush.com/bot.html)"
185.191.171.6 - - [15/Jun/2026:02:15:01 +0200] "GET /new-products.php?debut=0&debut=0&debut=0&debut=384&histo_track=1&m=11&seo_cat&seo_cat&seo_cat&x23=0&x23=1&x24=1&y=2021 HTTP/1.1" 200 74695 "-" "Mozilla/5.0 (compatible; SemrushBot/7~bl; +http://www.semrush.com/bot.html)"
185.191.171.10 - - [15/Jun/2026:02:15:11 +0200] "GET /new-products.php?a=12&a=12&b=1&b=1&debut=0&debut=0&debut=0&debut=0&debut=72&debut=96&m=10&seo_cat&x21=1&y=2024 HTTP/1.1" 200 74749 "-" "Mozilla/5.0 (compatible; SemrushBot/7~bl; +http://www.semrush.com/bot.html)"
66.249.65.74 - - [15/Jun/2026:02:15:13 +0200] "GET /marques.php?seo=21-vegan&seo_marq=21&t113=1&debut=0&seo_marq=21&t113=0&debut=0&histo_track=1 HTTP/1.1" 200 125748 "-" "Mozilla/5.0 (Linux; Android 6.0.1; Nexus 5X Build/MMB29P) AppleWebKit/537.36 (KHTML, like Gecko) Chrome/148.0.7778.96 Mobile Safari/537.36 (compatible; Googlebot/2.1; +http://www.google.com/bot.html)"
185.191.171.6 - - [15/Jun/2026:02:15:15 +0200] "GET /new-products.php?a=12&a=12&a=12&b=1&b=1&b=1&debut=0&debut=108&debut=396&debut=48&debut=96&m=12&y=2019 HTTP/1.1" 200 130723 "-" "Mozilla/5.0 (compatible; SemrushBot/7~bl; +http://www.semrush.com/bot.html)"
185.191.171.11 - - [15/Jun/2026:02:15:22 +0200] "GET /new-products.php?a=12&a=12&a=12&b=1&b=1&b=1&debut=0&debut=36&debut=36&debut=72&m=10&seo_cat&x20=1&y=2024 HTTP/1.1" 200 74707 "-" "Mozilla/5.0 (compatible; SemrushBot/7~bl; +http://www.semrush.com/bot.html)"
85.208.96.201 - - [15/Jun/2026:02:15:31 +0200] "GET /new-products.php?a=12&b=1&debut=0&debut=384&debut=396&debut=396&debut=396&debut=396&debut=72&m=03&seo_cat&x20=1&y=2019 HTTP/1.1" 200 74694 "-" "Mozilla/5.0 (compatible; SemrushBot/7~bl; +http://www.semrush.com/bot.html)"
85.208.96.202 - - [15/Jun/2026:02:15:48 +0200] "GET /new-products.php?a=12&b=1&debut=0&debut=0&debut=0&debut=0&debut=396&debut=84&m=07&y=2023 HTTP/1.1" 200 142154 "-" "Mozilla/5.0 (compatible; SemrushBot/7~bl; +http://www.semrush.com/bot.html)"
85.208.96.193 - - [15/Jun/2026:02:15:50 +0200] "GET /new-products.php?a=12&a=12&b=1&b=1&debut=0&debut=396&debut=396&debut=396&debut=72&debut=84&m=12&seo_cat&x24=1&y=2020 HTTP/1.1" 200 74691 "-" "Mozilla/5.0 (compatible; SemrushBot/7~bl; +http://www.semrush.com/bot.html)"
85.208.96.195 - - [15/Jun/2026:02:15:55 +0200] "GET /new-products.php?a=12&b=1&debut=0&debut=372&debut=396&m=03&y=2021 HTTP/1.1" 200 74323 "-" "Mozilla/5.0 (compatible; SemrushBot/7~bl; +http://www.semrush.com/bot.html)"
185.191.171.6 - - [15/Jun/2026:02:15:57 +0200] "GET /new-products.php?a=12&a=12&b=1&b=1&debut=0&debut=36&debut=408&debut=432&debut=432&debut=48&m=08&seo_cat&x24=1&y=2022 HTTP/1.1" 200 74686 "-" "Mozilla/5.0 (compatible; SemrushBot/7~bl; +http://www.semrush.com/bot.html)"
66.249.65.73 - - [15/Jun/2026:02:16:17 +0200] "GET /uploadfiles/products/mini/15641529610col.jpg HTTP/1.1" 200 18738 "-" "Googlebot-Image/1.0"
85.208.96.198 - - [15/Jun/2026:02:16:39 +0200] "GET /new-products.php?a=12&a=12&a=12&a=12&b=1&b=1&b=1&b=1&debut=12&debut=12&debut=12&debut=24&m=02&y=2020 HTTP/1.1" 200 131398 "-" "Mozilla/5.0 (compatible; SemrushBot/7~bl; +http://www.semrush.com/bot.html)"
66.249.65.72 - - [15/Jun/2026:02:16:47 +0200] "GET /produit-562-crottin-de-chevre-bio HTTP/1.1" 200 132809 "-" "Mozilla/5.0 (compatible; Googlebot/2.1; +http://www.google.com/bot.html)"
185.191.171.15 - - [15/Jun/2026:02:16:54 +0200] "GET /new-products.php?a=12&a=12&b=1&b=1&debut=0&debut=12&debut=72&m=07&seo_cat&x20=1&y=2018 HTTP/1.1" 200 74546 "-" "Mozilla/5.0 (compatible; SemrushBot/7~bl; +http://www.semrush.com/bot.html)"
185.191.171.7 - - [15/Jun/2026:02:16:56 +0200] "GET /new-products.php?a=12&a=12&a=12&b=1&b=1&b=1&debut=0&debut=0&debut=0&debut=108&debut=72&debut=96&m=08&y=2021 HTTP/1.1" 200 131021 "-" "Mozilla/5.0 (compatible; SemrushBot/7~bl; +http://www.semrush.com/bot.html)"
185.191.171.3 - - [15/Jun/2026:02:17:03 +0200] "GET /new-products.php?a=12&a=12&a=12&b=1&b=1&b=1&debut=24&debut=324&debut=324&debut=408&m=06&y=2021 HTTP/1.1" 200 74523 "-" "Mozilla/5.0 (compatible; SemrushBot/7~bl; +http://www.semrush.com/bot.html)"
45.225.118.41 - - [15/Jun/2026:02:17:14 +0200] "GET /categorie-74-infusions?m=07&y=2026 HTTP/1.1" 200 105289 "-" "Mozilla/5.0 (Linux; Android 6.0; Nexus 5 Build/MRA58N) AppleWebKit/537.36 (KHTML, like Gecko) Chrome/39.0.3963.1457 Mobile Safari/537.36"
188.241.67.128 - - [15/Jun/2026:02:17:17 +0200] "GET /start_to_top/style.css HTTP/1.1" 200 - "https://www.vracandbio.com/categorie-74-infusions?m=07&y=2026" "Mozilla/5.0 (Linux; Android 6.0; Nexus 5 Build/MRA58N) AppleWebKit/537.36 (KHTML, like Gecko) Chrome/39.0.3963.1457 Mobile Safari/537.36"
188.241.67.128 - - [15/Jun/2026:02:17:17 +0200] "GET /js/js.cookie.min.js HTTP/1.1" 200 - "https://www.vracandbio.com/categorie-74-infusions?m=07&y=2026" "Mozilla/5.0 (Linux; Android 6.0; Nexus 5 Build/MRA58N) AppleWebKit/537.36 (KHTML, like Gecko) Chrome/39.0.3963.1457 Mobile Safari/537.36"
188.241.67.128 - - [15/Jun/2026:02:17:17 +0200] "GET /includes/stats.php?ref= HTTP/1.1" 200 - "https://www.vracandbio.com/categorie-74-infusions?m=07&y=2026" "Mozilla/5.0 (Linux; Android 6.0; Nexus 5 Build/MRA58N) AppleWebKit/537.36 (KHTML, like Gecko) Chrome/39.0.3963.1457 Mobile Safari/537.36"
188.241.67.128 - - [15/Jun/2026:02:17:17 +0200] "GET /templates/shop/js/script.js HTTP/1.1" 200 - "https://www.vracandbio.com/categorie-74-infusions?m=07&y=2026" "Mozilla/5.0 (Linux; Android 6.0; Nexus 5 Build/MRA58N) AppleWebKit/537.36 (KHTML, like Gecko) Chrome/39.0.3963.1457 Mobile Safari/537.36"
188.241.67.128 - - [15/Jun/2026:02:17:18 +0200] "GET /templates/shop/images/downArrow.png HTTP/1.1" 404 212953 "https://www.vracandbio.com/templates/shop/css/style.css" "Mozilla/5.0 (Linux; Android 6.0; Nexus 5 Build/MRA58N) AppleWebKit/537.36 (KHTML, like Gecko) Chrome/39.0.3963.1457 Mobile Safari/537.36"
85.208.96.196 - - [15/Jun/2026:02:17:35 +0200] "GET /new-products.php?a=12&b=1&debut=0&debut=384&debut=384&debut=396&debut=396&debut=396&debut=60&m=03&seo_cat&x23=1&y=2019 HTTP/1.1" 200 98940 "-" "Mozilla/5.0 (compatible; SemrushBot/7~bl; +http://www.semrush.com/bot.html)"
85.208.96.198 - - [15/Jun/2026:02:17:57 +0200] "GET /new-products.php?a=12&a=12&b=1&b=1&debut=0&debut=384&debut=396&debut=408&debut=60&debut=96&m=05&seo_cat&x20=1&y=2021 HTTP/1.1" 200 74752 "-" "Mozilla/5.0 (compatible; SemrushBot/7~bl; +http://www.semrush.com/bot.html)"
85.208.96.197 - - [15/Jun/2026:02:18:08 +0200] "GET /new-products.php?a=12&b=1&debut=0&debut=0&debut=0&debut=408&debut=408&debut=432&debut=432&debut=84&histo_track=1&m=07&y=2021 HTTP/1.1" 200 132611 "-" "Mozilla/5.0 (compatible; SemrushBot/7~bl; +http://www.semrush.com/bot.html)"
66.249.65.74 - - [15/Jun/2026:02:18:25 +0200] "GET /produit-290-miel-d-acacia-bio-500g HTTP/1.1" 200 136648 "-" "Mozilla/5.0 (Linux; Android 6.0.1; Nexus 5X Build/MMB29P) AppleWebKit/537.36 (KHTML, like Gecko) Chrome/148.0.7778.96 Mobile Safari/537.36 (compatible; Googlebot/2.1; +http://www.google.com/bot.html)"
85.208.96.194 - - [15/Jun/2026:02:18:35 +0200] "GET /new-products.php?a=12&a=12&b=1&b=1&debut=24&debut=396&debut=396&debut=396&debut=396&debut=72&m=05&y=2018 HTTP/1.1" 200 129201 "-" "Mozilla/5.0 (compatible; SemrushBot/7~bl; +http://www.semrush.com/bot.html)"
85.208.96.200 - - [15/Jun/2026:02:18:44 +0200] "GET /new-products.php?a=12&b=1&debut=0&debut=396&debut=396&debut=396&debut=396&debut=84&m=08&seo_cat&x23=1&y=2021 HTTP/1.1" 200 74703 "-" "Mozilla/5.0 (compatible; SemrushBot/7~bl; +http://www.semrush.com/bot.html)"
85.208.96.194 - - [15/Jun/2026:02:18:54 +0200] "GET /new-products.php?a=12&b=1&debut=0&debut=0&debut=0&debut=384&debut=432&m=01&seo_cat&seo_cat&x21=0&x21=1&y=2022 HTTP/1.1" 200 74707 "-" "Mozilla/5.0 (compatible; SemrushBot/7~bl; +http://www.semrush.com/bot.html)"
85.208.96.202 - - [15/Jun/2026:02:19:02 +0200] "GET /new-products.php?a=12&b=1&debut=0&debut=0&debut=0&debut=0&debut=360&debut=60&seo_cat&seo_cat&x21=1&x23=1 HTTP/1.1" 200 138268 "-" "Mozilla/5.0 (compatible; SemrushBot/7~bl; +http://www.semrush.com/bot.html)"
85.208.96.202 - - [15/Jun/2026:02:19:03 +0200] "GET /new-products.php?a=12&b=1&debut=0&debut=0&debut=0&debut=0&debut=360&debut=60&seo_cat&seo_cat&x21=1&x23=1 HTTP/1.1" 200 138257 "-" "Mozilla/5.0 (compatible; SemrushBot/7~bl; +http://www.semrush.com/bot.html)"
185.191.171.16 - - [15/Jun/2026:02:19:14 +0200] "GET /new-products.php?a=12&a=12&b=1&b=1&debut=0&debut=312&debut=372&debut=396&m=05&seo_cat&x20=1&y=2019 HTTP/1.1" 200 74553 "-" "Mozilla/5.0 (compatible; SemrushBot/7~bl; +http://www.semrush.com/bot.html)"
159.138.122.249 - - [15/Jun/2026:02:19:30 +0200] "GET /produit-224-the-vert-lumieres-de-noel-50g?m=12&y=2025 HTTP/1.1" 200 128454 "https://www.vracandbio.com/produit-224-the-vert-lumieres-de-noel-50g?m=12&y=2025" "Mozilla/5.0 (Macintosh; Intel Mac OS X 10_15_7) AppleWebKit/537.36 (KHTML, like Gecko) Chrome/131.0.0.0 Safari/537.36"
85.208.96.197 - - [15/Jun/2026:02:19:47 +0200] "GET /new-products.php?a=12&a=12&a=12&b=1&b=1&b=1&debut=0&debut=0&debut=312&debut=336&debut=384&debut=396&m=05&y=2020 HTTP/1.1" 200 74644 "-" "Mozilla/5.0 (compatible; SemrushBot/7~bl; +http://www.semrush.com/bot.html)"
85.208.96.212 - - [15/Jun/2026:02:19:49 +0200] "GET /new-products.php?a=12&a=12&b=1&b=1&debut=0&debut=0&debut=0&debut=336&debut=372&debut=396&histo_track=1&m=06&y=2023 HTTP/1.1" 200 74663 "-" "Mozilla/5.0 (compatible; SemrushBot/7~bl; +http://www.semrush.com/bot.html)"
185.191.171.16 - - [15/Jun/2026:02:19:51 +0200] "GET /new-products.php?a=12&b=1&debut=0&debut=372&debut=396&debut=396&debut=396&debut=84&seo_cat&x26=1 HTTP/1.1" 200 74564 "-" "Mozilla/5.0 (compatible; SemrushBot/7~bl; +http://www.semrush.com/bot.html)"
185.191.171.5 - - [15/Jun/2026:02:19:55 +0200] "GET /new-products.php?a=12&a=12&a=12&b=1&b=1&b=1&debut=0&debut=24&debut=396&debut=48&debut=60&histo_track=1&m=01&y=2020 HTTP/1.1" 200 130214 "-" "Mozilla/5.0 (compatible; SemrushBot/7~bl; +http://www.semrush.com/bot.html)"
185.191.171.4 - - [15/Jun/2026:02:20:04 +0200] "GET /new-products.php?a=12&a=12&b=1&b=1&debut=0&debut=12&debut=396&debut=396&debut=408&debut=48&histo_track=1&m=03&y=2023 HTTP/1.1" 200 130719 "-" "Mozilla/5.0 (compatible; SemrushBot/7~bl; +http://www.semrush.com/bot.html)"
185.191.171.8 - - [15/Jun/2026:02:20:07 +0200] "GET /new-products.php?a=12&a=12&b=1&b=1&debut=0&debut=0&debut=0&debut=0&debut=348&debut=348&debut=384&m=05&y=2024 HTTP/1.1" 200 74623 "-" "Mozilla/5.0 (compatible; SemrushBot/7~bl; +http://www.semrush.com/bot.html)"
40.77.167.14 - - [15/Jun/2026:02:20:17 +0200] "GET /categorie-56-brosses-a-dents-dentifrices?m=03&y=2026 HTTP/1.1" 200 120611 "-" "Mozilla/5.0 AppleWebKit/537.36 (KHTML, like Gecko; compatible; bingbot/2.0; +http://www.bing.com/bingbot.htm) Chrome/116.0.1938.76 Safari/537.36"
66.249.65.74 - - [15/Jun/2026:02:20:30 +0200] "GET /produit-402-melange-grillade-bio-25g?m=06&y=2022 HTTP/1.1" 200 159499 "-" "Mozilla/5.0 (Linux; Android 6.0.1; Nexus 5X Build/MMB29P) AppleWebKit/537.36 (KHTML, like Gecko) Chrome/148.0.7778.96 Mobile Safari/537.36 (compatible; Googlebot/2.1; +http://www.google.com/bot.html)"
66.249.65.72 - - [15/Jun/2026:02:20:35 +0200] "GET /uploadfiles/products/mini/15841223010HB.jpg HTTP/1.1" 200 19273 "-" "Googlebot-Image/1.0"
66.249.65.72 - - [15/Jun/2026:02:20:53 +0200] "GET /templates/shop/bootstrap/css/bootstrap.min.css HTTP/1.1" 200 106945 "https://www.vracandbio.com/produit-402-melange-grillade-bio-25g?m=06&y=2022" "Mozilla/5.0 (Linux; Android 6.0.1; Nexus 5X Build/MMB29P) AppleWebKit/537.36 (KHTML, like Gecko) Chrome/148.0.7778.96 Mobile Safari/537.36 (compatible; Googlebot/2.1; +http://www.google.com/bot.html)"
185.191.171.17 - - [15/Jun/2026:02:20:56 +0200] "GET /new-products.php?a=12&a=12&b=1&b=1&debut=0&debut=0&debut=324&debut=348&debut=396&m=05&y=2021 HTTP/1.1" 200 74584 "-" "Mozilla/5.0 (compatible; SemrushBot/7~bl; +http://www.semrush.com/bot.html)"
85.208.96.198 - - [15/Jun/2026:02:21:02 +0200] "GET /new-products.php?a=12&a=12&b=1&b=1&debut=0&debut=0&debut=0&debut=0&debut=324&debut=360&debut=384&m=05&y=2021 HTTP/1.1" 200 74696 "-" "Mozilla/5.0 (compatible; SemrushBot/7~bl; +http://www.semrush.com/bot.html)"
185.191.171.17 - - [15/Jun/2026:02:21:16 +0200] "GET /new-products.php?a=12&a=12&a=12&b=1&b=1&b=1&debut=0&debut=108&debut=24&debut=60&m=03&seo_cat&x26=1&y=2018 HTTP/1.1" 200 74603 "-" "Mozilla/5.0 (compatible; SemrushBot/7~bl; +http://www.semrush.com/bot.html)"
85.208.96.203 - - [15/Jun/2026:02:21:55 +0200] "GET /new-products.php?a=12&a=12&a=12&b=1&b=1&b=1&debut=0&debut=0&debut=0&debut=120&debut=48&debut=84&m=11&y=2017 HTTP/1.1" 200 132184 "-" "Mozilla/5.0 (compatible; SemrushBot/7~bl; +http://www.semrush.com/bot.html)"
66.249.65.74 - - [15/Jun/2026:02:22:01 +0200] "GET /uploadfiles/products/mini/15640594870rooibos-nature%20(2).png HTTP/1.1" 200 206294 "-" "Googlebot-Image/1.0"
54.38.147.53 - - [15/Jun/2026:02:22:01 +0200] "GET /?m=11&y=2040 HTTP/1.1" 200 212739 "-" "Mozilla/5.0 (compatible; AhrefsBot/7.0; +http://ahrefs.com/robot/)"
185.191.171.6 - - [15/Jun/2026:02:22:09 +0200] "GET /new-products.php?a=12&a=12&a=12&b=1&b=1&b=1&debut=36&debut=372&debut=372&debut=372&debut=72&debut=84 HTTP/1.1" 200 132032 "-" "Mozilla/5.0 (compatible; SemrushBot/7~bl; +http://www.semrush.com/bot.html)"
185.191.171.4 - - [15/Jun/2026:02:22:26 +0200] "GET /new-products.php?a=12&b=1&debut=0&debut=384&debut=396&debut=396&debut=396&debut=408&debut=48&m=08&y=2022 HTTP/1.1" 200 130485 "-" "Mozilla/5.0 (compatible; SemrushBot/7~bl; +http://www.semrush.com/bot.html)"
66.249.65.73 - - [15/Jun/2026:02:22:46 +0200] "GET /templates/shop/img/no_achat.png HTTP/1.1" 200 6534 "-" "Googlebot-Image/1.0"
34.82.84.107 - - [15/Jun/2026:02:23:02 +0200] "GET /uploadfiles/products/mini/16235059280CC.jpg HTTP/1.1" 200 15523 "-" "Mozilla/5.0 (X11; Linux x86_64) AppleWebKit/537.36 (KHTML, like Gecko) Chrome/91.0.4472.114 Safari/537.36"
185.191.171.2 - - [15/Jun/2026:02:23:03 +0200] "GET /marques.php?debut=0&debut=0&debut=0&seo=23-produits-locaux&seo_marq=23&seo_marq=23&seo_marq=23&t118=1&t78=1&t98=1 HTTP/1.1" 200 130255 "-" "Mozilla/5.0 (compatible; SemrushBot/7~bl; +http://www.semrush.com/bot.html)"
185.191.171.10 - - [15/Jun/2026:02:23:05 +0200] "GET /new-products.php?a=12&a=12&a=12&b=1&b=1&b=1&debut=144&debut=396&debut=72&debut=96&m=03&y=2023 HTTP/1.1" 200 130466 "-" "Mozilla/5.0 (compatible; SemrushBot/7~bl; +http://www.semrush.com/bot.html)"
185.191.171.12 - - [15/Jun/2026:02:23:07 +0200] "GET /new-products.php?a=12&a=12&b=1&b=1&debut=0&debut=324&debut=360&debut=396&m=03&y=2019 HTTP/1.1" 200 74456 "-" "Mozilla/5.0 (compatible; SemrushBot/7~bl; +http://www.semrush.com/bot.html)"
85.208.96.206 - - [15/Jun/2026:02:23:12 +0200] "GET /new-products.php?a=12&a=12&a=12&a=12&b=1&b=1&b=1&b=1&debut=108&debut=108&debut=36&debut=60&m=08&y=2020 HTTP/1.1" 200 130033 "-" "Mozilla/5.0 (compatible; SemrushBot/7~bl; +http://www.semrush.com/bot.html)"
185.191.171.17 - - [15/Jun/2026:02:23:14 +0200] "GET /new-products.php?a=12&a=12&b=1&b=1&debut=0&debut=372&debut=396&debut=396&debut=396&debut=48&debut=60&m=02&y=2018 HTTP/1.1" 200 130205 "-" "Mozilla/5.0 (compatible; SemrushBot/7~bl; +http://www.semrush.com/bot.html)"
85.208.96.199 - - [15/Jun/2026:02:23:46 +0200] "GET /new-products.php?a=12&a=12&b=1&b=1&debut=0&debut=0&debut=0&debut=36&debut=372&debut=48&m=12&y=2023 HTTP/1.1" 200 130340 "-" "Mozilla/5.0 (compatible; SemrushBot/7~bl; +http://www.semrush.com/bot.html)"
85.208.96.209 - - [15/Jun/2026:02:23:48 +0200] "GET /new-products.php?a=12&a=12&b=1&b=1&debut=0&debut=0&debut=36&debut=84&m=05&seo_cat&seo_cat&x23=1&x26=1&y=2018 HTTP/1.1" 200 74623 "-" "Mozilla/5.0 (compatible; SemrushBot/7~bl; +http://www.semrush.com/bot.html)"
185.191.171.16 - - [15/Jun/2026:02:23:58 +0200] "GET /new-products.php?debut=0&debut=0&debut=0&debut=0&debut=0&debut=0&debut=0&debut=0&debut=0&debut=0&debut=396&m=03&y=2022 HTTP/1.1" 200 74694 "-" "Mozilla/5.0 (compatible; SemrushBot/7~bl; +http://www.semrush.com/bot.html)"
85.208.96.201 - - [15/Jun/2026:02:24:00 +0200] "GET /new-products.php?a=12&a=12&b=1&b=1&debut=0&debut=396&debut=396&debut=396&debut=60&debut=72&histo_track=1&m=04&y=2022 HTTP/1.1" 200 129527 "-" "Mozilla/5.0 (compatible; SemrushBot/7~bl; +http://www.semrush.com/bot.html)"
85.208.96.202 - - [15/Jun/2026:02:24:03 +0200] "GET /new-products.php?a=12&b=1&debut=0&debut=0&debut=0&debut=372&debut=384&debut=396&debut=408&debut=48&m=03&y=2023 HTTP/1.1" 200 141021 "-" "Mozilla/5.0 (compatible; SemrushBot/7~bl; +http://www.semrush.com/bot.html)"
185.191.171.19 - - [15/Jun/2026:02:24:24 +0200] "GET /new-products.php?a=12&a=12&b=1&b=1&debut=0&debut=36&debut=384&debut=396&debut=396&debut=72&m=09&y=2018 HTTP/1.1" 200 129181 "-" "Mozilla/5.0 (compatible; SemrushBot/7~bl; +http://www.semrush.com/bot.html)"
2.57.70.237 - - [15/Jun/2026:02:24:32 +0200] "GET /produit-282-farine-de-sarrasin-bio-500g HTTP/1.1" 200 148431 "-" "Mozilla/5.0 (Windows NT 10.0; Win64; x64) AppleWebKit/537.36 (KHTML, like Gecko) Chrome/149.0.0.0 Safari/537.36 Edg/149.0.0.0"
198.244.183.24 - - [15/Jun/2026:02:24:43 +0200] "GET /?m=03&y=2046 HTTP/1.1" 200 212733 "-" "Mozilla/5.0 (compatible; AhrefsBot/7.0; +http://ahrefs.com/robot/)"
85.208.96.203 - - [15/Jun/2026:02:24:58 +0200] "GET /new-products.php?a=12&a=12&a=12&b=1&b=1&b=1&debut=108&debut=372&debut=372&debut=396&debut=48&debut=96&m=08&y=2019 HTTP/1.1" 200 131134 "-" "Mozilla/5.0 (compatible; SemrushBot/7~bl; +http://www.semrush.com/bot.html)"
85.208.96.212 - - [15/Jun/2026:02:25:05 +0200] "GET /new-products.php?a=12&a=12&a=12&b=1&b=1&b=1&debut=0&debut=108&debut=24&debut=372&debut=60&m=12&y=2018 HTTP/1.1" 200 129970 "-" "Mozilla/5.0 (compatible; SemrushBot/7~bl; +http://www.semrush.com/bot.html)"
85.208.96.200 - - [15/Jun/2026:02:25:23 +0200] "GET /new-products.php?a=12&b=1&debut=0&debut=0&debut=300&debut=372&seo_cat&seo_cat&x24=0&x24=1 HTTP/1.1" 200 74515 "-" "Mozilla/5.0 (compatible; SemrushBot/7~bl; +http://www.semrush.com/bot.html)"
85.208.96.198 - - [15/Jun/2026:02:25:25 +0200] "GET /new-products.php?a=12&a=12&b=1&b=1&debut=0&debut=24&debut=372&debut=396&debut=396&debut=72&m=10&seo_cat&x21=1&y=2017 HTTP/1.1" 200 74756 "-" "Mozilla/5.0 (compatible; SemrushBot/7~bl; +http://www.semrush.com/bot.html)"
185.191.171.6 - - [15/Jun/2026:02:26:07 +0200] "GET /new-products.php?a=12&b=1&debut=0&debut=0&debut=360&debut=372&m=11&seo_cat&seo_cat&x23=1&x24=1&y=2025 HTTP/1.1" 200 74576 "-" "Mozilla/5.0 (compatible; SemrushBot/7~bl; +http://www.semrush.com/bot.html)"
185.191.171.11 - - [15/Jun/2026:02:26:21 +0200] "GET /new-products.php?a=12&b=1&debut=0&debut=0&debut=0&debut=0&debut=324&debut=396&m=03&y=2025 HTTP/1.1" 200 74564 "-" "Mozilla/5.0 (compatible; SemrushBot/7~bl; +http://www.semrush.com/bot.html)"
185.191.171.17 - - [15/Jun/2026:02:26:45 +0200] "GET /new-products.php?a=12&a=12&b=1&b=1&debut=0&debut=0&debut=108&debut=84&m=10&seo_cat&seo_cat&x23=1&x24=1&y=2022 HTTP/1.1" 200 129477 "-" "Mozilla/5.0 (compatible; SemrushBot/7~bl; +http://www.semrush.com/bot.html)"
85.208.96.200 - - [15/Jun/2026:02:27:10 +0200] "GET /new-products.php?a=12&a=12&a=12&a=12&b=1&b=1&b=1&b=1&debut=0&debut=312&debut=336&debut=36&debut=372&m=12&y=2023 HTTP/1.1" 200 109674 "-" "Mozilla/5.0 (compatible; SemrushBot/7~bl; +http://www.semrush.com/bot.html)"
185.191.171.6 - - [15/Jun/2026:02:27:12 +0200] "GET /new-products.php?a=12&a=12&a=12&a=12&b=1&b=1&b=1&b=1&debut=0&debut=108&debut=24&debut=48&debut=60&m=08&y=2019 HTTP/1.1" 200 130092 "-" "Mozilla/5.0 (compatible; SemrushBot/7~bl; +http://www.semrush.com/bot.html)"
185.191.171.18 - - [15/Jun/2026:02:27:17 +0200] "GET /new-products.php?a=12&b=1&debut=0&debut=0&debut=396&debut=396&debut=408&debut=72&m=09&seo_cat&x21=1&y=2020 HTTP/1.1" 200 74612 "-" "Mozilla/5.0 (compatible; SemrushBot/7~bl; +http://www.semrush.com/bot.html)"
185.191.171.19 - - [15/Jun/2026:02:27:19 +0200] "GET /new-products.php?a=12&b=1&debut=0&debut=0&debut=312&debut=396&histo_track=1&m=08&seo_cat&seo_cat&x21=0&x21=1&y=2023 HTTP/1.1" 200 74679 "-" "Mozilla/5.0 (compatible; SemrushBot/7~bl; +http://www.semrush.com/bot.html)"
85.208.96.211 - - [15/Jun/2026:02:27:30 +0200] "GET /new-products.php?a=12&a=12&a=12&b=1&b=1&b=1&debut=0&debut=0&debut=24&debut=312&debut=312&debut=396&m=08&y=2017 HTTP/1.1" 200 74644 "-" "Mozilla/5.0 (compatible; SemrushBot/7~bl; +http://www.semrush.com/bot.html)"
185.191.171.19 - - [15/Jun/2026:02:27:32 +0200] "GET /new-products.php?a=12&a=12&a=12&a=12&b=1&b=1&b=1&b=1&debut=0&debut=108&debut=12&debut=48&debut=60&m=02&y=2019 HTTP/1.1" 200 130087 "-" "Mozilla/5.0 (compatible; SemrushBot/7~bl; +http://www.semrush.com/bot.html)"
185.191.171.17 - - [15/Jun/2026:02:27:48 +0200] "GET /new-products.php?a=12&a=12&b=1&b=1&debut=0&debut=384&debut=396&debut=396&debut=60&debut=96&m=03&y=2025 HTTP/1.1" 200 130926 "-" "Mozilla/5.0 (compatible; SemrushBot/7~bl; +http://www.semrush.com/bot.html)"
198.244.183.195 - - [15/Jun/2026:02:27:48 +0200] "GET /?m=05&y=2003 HTTP/1.1" 200 213007 "-" "Mozilla/5.0 (compatible; AhrefsBot/7.0; +http://ahrefs.com/robot/)"
185.191.171.1 - - [15/Jun/2026:02:27:52 +0200] "GET /new-products.php?a=12&a=12&b=1&b=1&debut=0&debut=0&debut=0&debut=0&debut=0&debut=360&debut=384&debut=396&m=10&y=2024 HTTP/1.1" 200 74791 "-" "Mozilla/5.0 (compatible; SemrushBot/7~bl; +http://www.semrush.com/bot.html)"
85.208.96.205 - - [15/Jun/2026:02:27:59 +0200] "GET /new-products.php?a=12&a=12&b=1&b=1&debut=0&debut=0&debut=312&debut=384&debut=396&m=05&seo_cat&x23=1&y=2020 HTTP/1.1" 200 74609 "-" "Mozilla/5.0 (compatible; SemrushBot/7~bl; +http://www.semrush.com/bot.html)"
185.191.171.7 - - [15/Jun/2026:02:28:04 +0200] "GET /new-products.php?a=12&a=12&a=12&b=1&b=1&b=1&debut=0&debut=0&debut=0&debut=48&debut=72&debut=96&m=04&y=2021 HTTP/1.1" 200 130951 "-" "Mozilla/5.0 (compatible; SemrushBot/7~bl; +http://www.semrush.com/bot.html)"
66.249.65.73 - - [15/Jun/2026:02:28:06 +0200] "GET /uploadfiles/products/mini/15645794160perle%20soja.jpg HTTP/1.1" 200 18697 "-" "Googlebot-Image/1.0"
85.208.96.194 - - [15/Jun/2026:02:28:17 +0200] "GET /new-products.php?a=12&a=12&b=1&b=1&debut=384&debut=384&debut=384&debut=396&debut=60&debut=72&m=03&y=2025 HTTP/1.1" 200 129302 "-" "Mozilla/5.0 (compatible; SemrushBot/7~bl; +http://www.semrush.com/bot.html)"
185.191.171.6 - - [15/Jun/2026:02:28:58 +0200] "GET /new-products.php?a=12&a=12&a=12&a=12&b=1&b=1&b=1&b=1&debut=108&debut=24&debut=372&debut=372&debut=60&debut=84 HTTP/1.1" 200 132321 "-" "Mozilla/5.0 (compatible; SemrushBot/7~bl; +http://www.semrush.com/bot.html)"
172.59.91.44 - - [15/Jun/2026:02:29:01 +0200] "GET /category.php?m=06&y=2025 HTTP/1.1" 200 73536 "-" "Mozilla/5.0 (Windows NT 10.0; Win64; x64) AppleWebKit/537.36 (KHTML, like Gecko) Chrome/99.0.4844.51 Safari/537.36"
85.208.96.200 - - [15/Jun/2026:02:29:14 +0200] "GET /new-products.php?a=12&a=12&b=1&b=1&debut=0&debut=0&debut=48&debut=84&histo_track=1&m=05&seo_cat&x26=1&y=2020 HTTP/1.1" 200 74623 "-" "Mozilla/5.0 (compatible; SemrushBot/7~bl; +http://www.semrush.com/bot.html)"
185.191.171.15 - - [15/Jun/2026:02:29:17 +0200] "GET /new-products.php?a=12&a=12&a=12&b=1&b=1&b=1&debut=120&debut=396&debut=48&debut=84&histo_track=1&m=09&y=2022 HTTP/1.1" 200 132249 "-" "Mozilla/5.0 (compatible; SemrushBot/7~bl; +http://www.semrush.com/bot.html)"
185.191.171.15 - - [15/Jun/2026:02:29:32 +0200] "GET /new-products.php?debut=0&debut=0&debut=0&debut=144&histo_track=1&m=06&seo_cat&seo_cat&seo_cat&x20=1&x23=1&x24=1&y=2020 HTTP/1.1" 200 74691 "-" "Mozilla/5.0 (compatible; SemrushBot/7~bl; +http://www.semrush.com/bot.html)"
85.208.96.206 - - [15/Jun/2026:02:30:09 +0200] "GET /new-products.php?a=12&a=12&b=1&b=1&debut=0&debut=12&debut=396&debut=432&debut=432&debut=60&histo_track=1&m=09&y=2022 HTTP/1.1" 200 130263 "-" "Mozilla/5.0 (compatible; SemrushBot/7~bl; +http://www.semrush.com/bot.html)"
157.55.39.204 - - [15/Jun/2026:02:30:20 +0200] "GET /produit-534-poudre-d-amandes-bio-100g?m=04&y=2026 HTTP/1.1" 200 151562 "-" "Mozilla/5.0 AppleWebKit/537.36 (KHTML, like Gecko; compatible; bingbot/2.0; +http://www.bing.com/bingbot.htm) Chrome/116.0.1938.76 Safari/537.36"
51.89.129.111 - - [15/Jun/2026:02:30:30 +0200] "GET /?m=08&y=2008 HTTP/1.1" 200 212809 "-" "Mozilla/5.0 (compatible; AhrefsBot/7.0; +http://ahrefs.com/robot/)"
85.208.96.193 - - [15/Jun/2026:02:31:05 +0200] "GET /new-products.php?a=12&a=12&b=1&b=1&debut=0&debut=12&debut=372&debut=384&debut=396&debut=84&m=02&seo_cat&x23=1&y=2020 HTTP/1.1" 200 74684 "-" "Mozilla/5.0 (compatible; SemrushBot/7~bl; +http://www.semrush.com/bot.html)"
85.208.96.196 - - [15/Jun/2026:02:31:08 +0200] "GET /new-products.php?a=12&a=12&b=1&b=1&debut=0&debut=108&debut=396&debut=396&debut=396&debut=396&debut=84&m=02&y=2024 HTTP/1.1" 200 132349 "-" "Mozilla/5.0 (compatible; SemrushBot/7~bl; +http://www.semrush.com/bot.html)"
185.191.171.19 - - [15/Jun/2026:02:31:13 +0200] "GET /new-products.php?a=12&a=12&a=12&b=1&b=1&b=1&debut=0&debut=120&debut=60&debut=84&m=10&seo_cat&x23=1&y=2021 HTTP/1.1" 200 74606 "-" "Mozilla/5.0 (compatible; SemrushBot/7~bl; +http://www.semrush.com/bot.html)"
47.79.51.141 - - [15/Jun/2026:02:31:15 +0200] "GET /marques.php?a=12&b=1&debut=36&debut=0&debut=0&debut=0&debut=0&debut=0&seo=24-idees-cadeaux&seo_marq=24&seo_marq=24&seo_marq=24&seo_marq=24&seo_marq=24&t121=1&t121=0&t63=1&t63=0&t64=1 HTTP/1.1" 200 106798 "-" "Mozilla/5.0 (Windows NT 10.0; Win64; x64) AppleWebKit/537.36 (KHTML, like Gecko) Chrome/146.0.0.0 Safari/537.36"
185.191.171.15 - - [15/Jun/2026:02:31:19 +0200] "GET /new-products.php?a=12&b=1&debut=0&debut=0&debut=0&debut=0&debut=396&debut=60&m=02&seo_cat&seo_cat&x23=0&x23=1&y=2017 HTTP/1.1" 200 98907 "-" "Mozilla/5.0 (compatible; SemrushBot/7~bl; +http://www.semrush.com/bot.html)"
85.208.96.210 - - [15/Jun/2026:02:31:21 +0200] "GET /new-products.php?a=12&a=12&a=12&b=1&b=1&b=1&debut=24&debut=396&debut=396&debut=60&debut=72&histo_track=1 HTTP/1.1" 200 129253 "-" "Mozilla/5.0 (compatible; SemrushBot/7~bl; +http://www.semrush.com/bot.html)"
85.208.96.206 - - [15/Jun/2026:02:31:25 +0200] "GET /new-products.php?a=12&a=12&a=12&a=12&b=1&b=1&b=1&b=1&debut=408&debut=408&debut=72&debut=72&debut=84&debut=96 HTTP/1.1" 200 131027 "-" "Mozilla/5.0 (compatible; SemrushBot/7~bl; +http://www.semrush.com/bot.html)"
170.168.29.67 - - [15/Jun/2026:02:31:27 +0200] "GET /categorie-111-oeufs?m=05&y=2026 HTTP/1.1" 200 78907 "-" "Mozilla/5.0 (Windows NT 10.0; Win64; x64) AppleWebKit/537.36 (KHTML, like Gecko) Chrome/149.0.0.0 Safari/537.36 Edg/149.0.0.0"
85.208.96.206 - - [15/Jun/2026:02:31:32 +0200] "GET /new-products.php?a=12&a=12&a=12&b=1&b=1&b=1&debut=0&debut=48&debut=60&debut=84&histo_track=1 HTTP/1.1" 200 131844 "-" "Mozilla/5.0 (compatible; SemrushBot/7~bl; +http://www.semrush.com/bot.html)"
185.191.171.10 - - [15/Jun/2026:02:31:33 +0200] "GET /robots.txt HTTP/1.1" 200 89 "-" "Mozilla/5.0 (compatible; SemrushBot/7~bl; +http://www.semrush.com/bot.html)"
185.191.171.11 - - [15/Jun/2026:02:31:35 +0200] "GET /new-products.php?a=12&a=12&b=1&b=1&debut=0&debut=0&debut=12&debut=24&m=09&seo_cat&seo_cat&x21=1&x24=1&y=2020 HTTP/1.1" 200 128075 "-" "Mozilla/5.0 (compatible; SemrushBot/7~bl; +http://www.semrush.com/bot.html)"
185.191.171.1 - - [15/Jun/2026:02:31:51 +0200] "GET /new-products.php?a=12&b=1&debut=0&debut=0&debut=432&debut=72&histo_track=1&m=12&seo_cat&x20=1&y=2019 HTTP/1.1" 200 74652 "-" "Mozilla/5.0 (compatible; SemrushBot/7~bl; +http://www.semrush.com/bot.html)"
85.208.96.201 - - [15/Jun/2026:02:31:53 +0200] "GET /new-products.php?debut=0&debut=0&debut=0&m=03&seo_cat&seo_cat&seo_cat&x23=1&x24=1&x26=1&y=2019 HTTP/1.1" 200 128912 "-" "Mozilla/5.0 (compatible; SemrushBot/7~bl; +http://www.semrush.com/bot.html)"
185.191.171.7 - - [15/Jun/2026:02:32:08 +0200] "GET /new-products.php?a=12&a=12&b=1&b=1&debut=0&debut=372&debut=384&debut=396&m=12&seo_cat&x26=1&y=2018 HTTP/1.1" 200 74638 "-" "Mozilla/5.0 (compatible; SemrushBot/7~bl; +http://www.semrush.com/bot.html)"
185.191.171.4 - - [15/Jun/2026:02:32:10 +0200] "GET /new-products.php?a=12&a=12&a=12&b=1&b=1&b=1&debut=0&debut=24&debut=48&debut=60&m=06&seo_cat&x21=1&y=2020 HTTP/1.1" 200 74593 "-" "Mozilla/5.0 (compatible; SemrushBot/7~bl; +http://www.semrush.com/bot.html)"
85.208.96.207 - - [15/Jun/2026:02:32:14 +0200] "GET /produit-552-precommande-boeuf-bio-juin-2025 HTTP/1.1" 200 72540 "-" "Mozilla/5.0 (compatible; SemrushBot/7~bl; +http://www.semrush.com/bot.html)"
85.208.96.196 - - [15/Jun/2026:02:32:39 +0200] "GET /page-nos-soutiens HTTP/1.1" 200 73117 "-" "Mozilla/5.0 (compatible; SemrushBot/7~bl; +http://www.semrush.com/bot.html)"
157.55.39.204 - - [15/Jun/2026:02:32:43 +0200] "GET /produit-23-savon-douce-france-100g HTTP/1.1" 200 164108 "-" "Mozilla/5.0 AppleWebKit/537.36 (KHTML, like Gecko; compatible; bingbot/2.0; +http://www.bing.com/bingbot.htm) Chrome/116.0.1938.76 Safari/537.36"
85.208.96.202 - - [15/Jun/2026:02:33:02 +0200] "GET /new-products.php?a=12&b=1&debut=0&debut=0&debut=360&debut=384&debut=396&debut=396&debut=396&debut=396&debut=48&m=10&y=2019 HTTP/1.1" 200 141266 "-" "Mozilla/5.0 (compatible; SemrushBot/7~bl; +http://www.semrush.com/bot.html)"
85.208.96.198 - - [15/Jun/2026:02:33:04 +0200] "GET /new-products.php?a=12&b=1&debut=0&debut=372&debut=396&debut=408&debut=432&debut=72&m=12&y=2021 HTTP/1.1" 200 128963 "-" "Mozilla/5.0 (compatible; SemrushBot/7~bl; +http://www.semrush.com/bot.html)"
198.244.226.159 - - [15/Jun/2026:02:33:28 +0200] "GET /?m=10&y=2043 HTTP/1.1" 200 212957 "-" "Mozilla/5.0 (compatible; AhrefsBot/7.0; +http://ahrefs.com/robot/)"
185.191.171.15 - - [15/Jun/2026:02:33:31 +0200] "GET /new-products.php?a=12&a=12&b=1&b=1&debut=0&debut=0&debut=120&debut=84&m=08&seo_cat&seo_cat&x20=1&x24=1&y=2024 HTTP/1.1" 200 74637 "-" "Mozilla/5.0 (compatible; SemrushBot/7~bl; +http://www.semrush.com/bot.html)"
185.191.171.19 - - [15/Jun/2026:02:33:33 +0200] "GET /new-products.php?a=12&a=12&b=1&b=1&debut=0&debut=0&debut=0&debut=0&debut=108&debut=432&debut=60&m=01&y=2020 HTTP/1.1" 200 130082 "-" "Mozilla/5.0 (compatible; SemrushBot/7~bl; +http://www.semrush.com/bot.html)"
85.208.96.208 - - [15/Jun/2026:02:34:01 +0200] "GET /new-products.php?a=12&a=12&b=1&b=1&debut=0&debut=24&debut=300&debut=372&seo_cat&x26=1 HTTP/1.1" 200 74487 "-" "Mozilla/5.0 (compatible; SemrushBot/7~bl; +http://www.semrush.com/bot.html)"
104.233.62.38 - - [15/Jun/2026:02:34:16 +0200] "GET / HTTP/1.1" 200 212634 "https://www.vracandbio.com/" "Mozilla/5.0 (Linux; Android 8.0.0; SM-J330G) AppleWebKit/537.36 (KHTML, like Gecko) Chrome/114.0.0.0 Mobile Safari/537.36 EdgA/114.0.1823.74"
104.233.62.38 - - [15/Jun/2026:02:34:18 +0200] "GET /produit-289-miel-de-foret-bio-500g?m=02&y=2026 HTTP/1.1" 200 134975 "https://www.vracandbio.com/" "Mozilla/5.0 (Linux; Android 8.0.0; SM-J330G) AppleWebKit/537.36 (KHTML, like Gecko) Chrome/114.0.0.0 Mobile Safari/537.36 EdgA/114.0.1823.74"
85.208.96.204 - - [15/Jun/2026:02:34:18 +0200] "GET /new-products.php?a=12&a=12&b=1&b=1&debut=0&debut=0&debut=0&debut=0&debut=36&debut=384&debut=384&debut=72&m=11&y=2020 HTTP/1.1" 200 129603 "-" "Mozilla/5.0 (compatible; SemrushBot/7~bl; +http://www.semrush.com/bot.html)"
208.66.93.33 - - [15/Jun/2026:02:34:20 +0200] "GET /start_to_top/style.css HTTP/1.1" 200 - "https://www.vracandbio.com/produit-289-miel-de-foret-bio-500g?m=02&y=2026" "Mozilla/5.0 (Macintosh; Intel Mac OS X 10_12_0) AppleWebKit/537.36 (KHTML, like Gecko) Chrome/48.0.4552.1420 Safari/537.36"
208.66.93.33 - - [15/Jun/2026:02:34:20 +0200] "GET /uploadfiles/products/16291215250Miel_de_foret_bio.jpg HTTP/1.1" 200 416729 "https://www.vracandbio.com/produit-289-miel-de-foret-bio-500g?m=02&y=2026" "Mozilla/5.0 (Macintosh; Intel Mac OS X 10_12_0) AppleWebKit/537.36 (KHTML, like Gecko) Chrome/48.0.4552.1420 Safari/537.36"
208.66.93.33 - - [15/Jun/2026:02:34:20 +0200] "GET /templates/shop/img/indispo.png HTTP/1.1" 200 893 "https://www.vracandbio.com/produit-289-miel-de-foret-bio-500g?m=02&y=2026" "Mozilla/5.0 (Macintosh; Intel Mac OS X 10_12_0) AppleWebKit/537.36 (KHTML, like Gecko) Chrome/48.0.4552.1420 Safari/537.36"
208.66.93.33 - - [15/Jun/2026:02:34:20 +0200] "GET /templates/shop/img/poursuivre.png HTTP/1.1" 200 5937 "https://www.vracandbio.com/produit-289-miel-de-foret-bio-500g?m=02&y=2026" "Mozilla/5.0 (Macintosh; Intel Mac OS X 10_12_0) AppleWebKit/537.36 (KHTML, like Gecko) Chrome/48.0.4552.1420 Safari/537.36"
208.66.93.33 - - [15/Jun/2026:02:34:20 +0200] "GET /templates/shop/img/hors_stock.png HTTP/1.1" 200 7797 "https://www.vracandbio.com/produit-289-miel-de-foret-bio-500g?m=02&y=2026" "Mozilla/5.0 (Macintosh; Intel Mac OS X 10_12_0) AppleWebKit/537.36 (KHTML, like Gecko) Chrome/48.0.4552.1420 Safari/537.36"
208.66.93.33 - - [15/Jun/2026:02:34:20 +0200] "GET /templates/shop/img/view_product.png HTTP/1.1" 200 19436 "https://www.vracandbio.com/produit-289-miel-de-foret-bio-500g?m=02&y=2026" "Mozilla/5.0 (Macintosh; Intel Mac OS X 10_12_0) AppleWebKit/537.36 (KHTML, like Gecko) Chrome/48.0.4552.1420 Safari/537.36"
208.66.93.33 - - [15/Jun/2026:02:34:20 +0200] "GET /uploadfiles/products/16291215250Miel_de_foret_bio.jpg HTTP/1.1" 200 416729 "https://www.vracandbio.com/produit-289-miel-de-foret-bio-500g?m=02&y=2026" "Mozilla/5.0 (Macintosh; Intel Mac OS X 10_12_0) AppleWebKit/537.36 (KHTML, like Gecko) Chrome/48.0.4552.1420 Safari/537.36"
208.66.93.33 - - [15/Jun/2026:02:34:21 +0200] "GET /uploadfiles/products/16291215250Miel_de_foret_bio.jpg HTTP/1.1" 200 416729 "https://www.vracandbio.com/produit-289-miel-de-foret-bio-500g?m=02&y=2026" "Mozilla/5.0 (Macintosh; Intel Mac OS X 10_12_0) AppleWebKit/537.36 (KHTML, like Gecko) Chrome/48.0.4552.1420 Safari/537.36"
66.249.65.72 - - [15/Jun/2026:02:34:34 +0200] "GET /uploadfiles/products/mini/15857543670IMG_20200326_155315_resized_20200326_050338352.jpg HTTP/1.1" 200 17881 "-" "Googlebot-Image/1.0"
85.208.96.199 - - [15/Jun/2026:02:34:51 +0200] "GET /new-products.php?a=12&a=12&b=1&b=1&debut=24&debut=384&debut=396&debut=396&debut=396&debut=60&m=06&y=2024 HTTP/1.1" 200 130001 "-" "Mozilla/5.0 (compatible; SemrushBot/7~bl; +http://www.semrush.com/bot.html)"
185.191.171.14 - - [15/Jun/2026:02:35:21 +0200] "GET /new-products.php?a=12&b=1&debut=0&debut=0&debut=12&debut=396&histo_track=1&m=06&seo_cat&seo_cat&x20=0&x20=1&y=2017 HTTP/1.1" 200 74663 "-" "Mozilla/5.0 (compatible; SemrushBot/7~bl; +http://www.semrush.com/bot.html)"
85.208.96.210 - - [15/Jun/2026:02:35:29 +0200] "GET /new-products.php?a=12&a=12&a=12&b=1&b=1&b=1&debut=0&debut=24&debut=48&debut=60&m=09&seo_cat&x23=1&y=2025 HTTP/1.1" 200 98708 "-" "Mozilla/5.0 (compatible; SemrushBot/7~bl; +http://www.semrush.com/bot.html)"
185.191.171.10 - - [15/Jun/2026:02:35:34 +0200] "GET /new-products.php?a=12&b=1&debut=0&debut=0&debut=0&debut=0&debut=432&debut=84&seo_cat&seo_cat&x20=1&x26=1 HTTP/1.1" 200 74620 "-" "Mozilla/5.0 (compatible; SemrushBot/7~bl; +http://www.semrush.com/bot.html)"
185.191.171.13 - - [15/Jun/2026:02:35:36 +0200] "GET /new-products.php?debut=0&debut=0&debut=0&debut=0&debut=96&m=05&seo_cat&seo_cat&seo_cat&x20=1&x23=1&x26=1&y=2024 HTTP/1.1" 200 74644 "-" "Mozilla/5.0 (compatible; SemrushBot/7~bl; +http://www.semrush.com/bot.html)"
85.208.96.212 - - [15/Jun/2026:02:35:40 +0200] "GET /new-products.php?a=12&a=12&b=1&b=1&debut=0&debut=372&debut=384&debut=396&debut=72&debut=96&histo_track=1&m=11&y=2023 HTTP/1.1" 200 131168 "-" "Mozilla/5.0 (compatible; SemrushBot/7~bl; +http://www.semrush.com/bot.html)"
185.191.171.7 - - [15/Jun/2026:02:35:49 +0200] "GET /new-products.php?a=12&a=12&a=12&b=1&b=1&b=1&debut=324&debut=324&debut=336&debut=396 HTTP/1.1" 200 74473 "-" "Mozilla/5.0 (compatible; SemrushBot/7~bl; +http://www.semrush.com/bot.html)"
185.191.171.13 - - [15/Jun/2026:02:35:54 +0200] "GET /new-products.php?a=12&b=1&debut=0&debut=0&debut=0&debut=0&debut=360&debut=396&debut=396&debut=84&m=09&y=2018 HTTP/1.1" 200 132274 "-" "Mozilla/5.0 (compatible; SemrushBot/7~bl; +http://www.semrush.com/bot.html)"
85.208.96.206 - - [15/Jun/2026:02:35:58 +0200] "GET /new-products.php?a=12&b=1&debut=0&debut=372&debut=84&m=11&y=2025 HTTP/1.1" 200 131173 "-" "Mozilla/5.0 (compatible; SemrushBot/7~bl; +http://www.semrush.com/bot.html)"
51.195.215.139 - - [15/Jun/2026:02:35:58 +0200] "GET /?m=10&y=2002 HTTP/1.1" 200 212547 "-" "Mozilla/5.0 (compatible; AhrefsBot/7.0; +http://ahrefs.com/robot/)"
85.208.96.208 - - [15/Jun/2026:02:36:08 +0200] "GET /new-products.php?a=12&b=1&debut=0&debut=396&debut=396&debut=432&debut=432&debut=432&debut=432&debut=60&m=02&y=2020 HTTP/1.1" 200 130258 "-" "Mozilla/5.0 (compatible; SemrushBot/7~bl; +http://www.semrush.com/bot.html)"
85.208.96.199 - - [15/Jun/2026:02:36:15 +0200] "GET /new-products.php?a=12&a=12&a=12&b=1&b=1&b=1&debut=0&debut=0&debut=360&debut=360&debut=432&debut=84&debut=84&debut=96 HTTP/1.1" 200 131191 "-" "Mozilla/5.0 (compatible; SemrushBot/7~bl; +http://www.semrush.com/bot.html)"
85.208.96.199 - - [15/Jun/2026:02:36:17 +0200] "GET /new-products.php?a=12&a=12&b=1&b=1&debut=0&debut=36&debut=84&m=11&seo_cat&x23=1&y=2025 HTTP/1.1" 200 74471 "-" "Mozilla/5.0 (compatible; SemrushBot/7~bl; +http://www.semrush.com/bot.html)"
85.208.96.204 - - [15/Jun/2026:02:36:55 +0200] "GET /new-products.php?a=12&a=12&b=1&b=1&debut=0&debut=0&debut=24&debut=48&m=05&seo_cat&seo_cat&x21=1&x23=1&y=2022 HTTP/1.1" 200 128517 "-" "Mozilla/5.0 (compatible; SemrushBot/7~bl; +http://www.semrush.com/bot.html)"
185.191.171.10 - - [15/Jun/2026:02:37:10 +0200] "GET /new-products.php?a=12&a=12&a=12&b=1&b=1&b=1&debut=12&debut=396&debut=408&debut=60&debut=84&m=05&y=2021 HTTP/1.1" 200 132194 "-" "Mozilla/5.0 (compatible; SemrushBot/7~bl; +http://www.semrush.com/bot.html)"
185.191.171.4 - - [15/Jun/2026:02:37:23 +0200] "GET /marques.php?a=12&b=1&debut=0&debut=0&debut=12&seo=23-produits-locaux&seo_marq=23&seo_marq=23&t2=1&t77=1 HTTP/1.1" 200 109656 "-" "Mozilla/5.0 (compatible; SemrushBot/7~bl; +http://www.semrush.com/bot.html)"
85.208.96.200 - - [15/Jun/2026:02:37:32 +0200] "GET /new-products.php?a=12&b=1&debut=0&debut=396&debut=396&debut=396&debut=408&debut=84&m=08&seo_cat&x23=1&y=2020 HTTP/1.1" 200 74703 "-" "Mozilla/5.0 (compatible; SemrushBot/7~bl; +http://www.semrush.com/bot.html)"
66.249.65.73 - - [15/Jun/2026:02:37:46 +0200] "GET /uploadfiles/products/mini/15892128900SC.jpg HTTP/1.1" 200 23104 "-" "Googlebot-Image/1.0"
85.208.96.196 - - [15/Jun/2026:02:38:21 +0200] "GET /new-products.php?a=12&a=12&b=1&b=1&debut=0&debut=0&debut=372&debut=396&debut=408&debut=84&debut=96&m=06&y=2021 HTTP/1.1" 200 131014 "-" "Mozilla/5.0 (compatible; SemrushBot/7~bl; +http://www.semrush.com/bot.html)"
185.191.171.8 - - [15/Jun/2026:02:38:23 +0200] "GET /new-products.php?a=12&a=12&b=1&b=1&debut=0&debut=12&debut=408&debut=72&m=08&seo_cat&x24=1&y=2020 HTTP/1.1" 200 74619 "-" "Mozilla/5.0 (compatible; SemrushBot/7~bl; +http://www.semrush.com/bot.html)"
