185.191.171.12 - - [15/Jun/2026:04:42:13 +0200] "GET /new-products.php?a=12&a=12&b=1&b=1&debut=0&debut=0&debut=108&debut=396&debut=408&debut=60&histo_track=1&m=02&y=2020 HTTP/1.1" 200 130240 "-" "Mozilla/5.0 (compatible; SemrushBot/7~bl; +http://www.semrush.com/bot.html)"
185.191.171.17 - - [15/Jun/2026:04:42:18 +0200] "GET /new-products.php?a=12&a=12&b=1&b=1&debut=12&debut=396&debut=408&debut=408&debut=408&debut=432&debut=48&m=05&y=2021 HTTP/1.1" 200 130790 "-" "Mozilla/5.0 (compatible; SemrushBot/7~bl; +http://www.semrush.com/bot.html)"
185.191.171.14 - - [15/Jun/2026:04:42:21 +0200] "GET /new-products.php?a=12&b=1&debut=0&debut=360&debut=360&debut=372&debut=372&debut=60&m=05&seo_cat&x20=1&y=2023 HTTP/1.1" 200 74623 "-" "Mozilla/5.0 (compatible; SemrushBot/7~bl; +http://www.semrush.com/bot.html)"
85.208.96.206 - - [15/Jun/2026:04:42:25 +0200] "GET /new-products.php?a=12&b=1&debut=0&debut=0&debut=0&debut=0&debut=360&debut=396&m=12&y=2024 HTTP/1.1" 200 74575 "-" "Mozilla/5.0 (compatible; SemrushBot/7~bl; +http://www.semrush.com/bot.html)"
185.191.171.15 - - [15/Jun/2026:04:42:40 +0200] "GET /new-products.php?a=12&b=1&debut=0&debut=384&debut=396&debut=396&debut=396&debut=396&debut=432&debut=48&m=04&y=2020 HTTP/1.1" 200 130716 "-" "Mozilla/5.0 (compatible; SemrushBot/7~bl; +http://www.semrush.com/bot.html)"
185.191.171.15 - - [15/Jun/2026:04:43:08 +0200] "GET /new-products.php?a=12&b=1&debut=0&debut=0&debut=408&debut=84&histo_track=1&m=03&seo_cat&seo_cat&x20=1&x23=1&y=2023 HTTP/1.1" 200 74666 "-" "Mozilla/5.0 (compatible; SemrushBot/7~bl; +http://www.semrush.com/bot.html)"
85.208.96.211 - - [15/Jun/2026:04:43:16 +0200] "GET /new-products.php?a=12&a=12&b=1&b=1&debut=0&debut=396&debut=60&debut=84&m=06&seo_cat&x26=1&y=2020 HTTP/1.1" 200 74537 "-" "Mozilla/5.0 (compatible; SemrushBot/7~bl; +http://www.semrush.com/bot.html)"
185.191.171.12 - - [15/Jun/2026:04:43:19 +0200] "GET /new-products.php?a=12&a=12&a=12&b=1&b=1&b=1&debut=312&debut=36&debut=360&debut=396&histo_track=1&m=08&y=2017 HTTP/1.1" 200 74630 "-" "Mozilla/5.0 (compatible; SemrushBot/7~bl; +http://www.semrush.com/bot.html)"
185.191.171.6 - - [15/Jun/2026:04:43:32 +0200] "GET /new-products.php?a=12&a=12&b=1&b=1&debut=0&debut=12&debut=336&debut=372&m=12&seo_cat&x21=1&y=2023 HTTP/1.1" 200 74558 "-" "Mozilla/5.0 (compatible; SemrushBot/7~bl; +http://www.semrush.com/bot.html)"
40.77.167.27 - - [15/Jun/2026:04:44:22 +0200] "GET /uploadfiles/products/15834203880CF.jpg HTTP/1.1" 200 934582 "-" "Mozilla/5.0 AppleWebKit/537.36 (KHTML, like Gecko; compatible; bingbot/2.0; +http://www.bing.com/bingbot.htm) Chrome/116.0.1938.76 Safari/537.36"
185.191.171.12 - - [15/Jun/2026:04:44:31 +0200] "GET /new-products.php?a=12&a=12&a=12&b=1&b=1&b=1&debut=0&debut=144&debut=372&debut=48&debut=96 HTTP/1.1" 200 130552 "-" "Mozilla/5.0 (compatible; SemrushBot/7~bl; +http://www.semrush.com/bot.html)"
85.208.96.199 - - [15/Jun/2026:04:44:33 +0200] "GET /new-products.php?debut=0&debut=0&debut=0&debut=0&debut=0&debut=0&debut=396&m=10&seo_cat&seo_cat&x20=1&x26=1&y=2022 HTTP/1.1" 200 74742 "-" "Mozilla/5.0 (compatible; SemrushBot/7~bl; +http://www.semrush.com/bot.html)"
85.208.96.209 - - [15/Jun/2026:04:44:37 +0200] "GET /new-products.php?a=12&a=12&a=12&b=1&b=1&b=1&debut=0&debut=0&debut=24&debut=84&m=06&seo_cat&x20=1&y=2023 HTTP/1.1" 200 74586 "-" "Mozilla/5.0 (compatible; SemrushBot/7~bl; +http://www.semrush.com/bot.html)"
85.208.96.195 - - [15/Jun/2026:04:45:00 +0200] "GET /new-products.php?a=12&b=1&debut=0&debut=0&debut=384&debut=408&histo_track=1&m=04&seo_cat&seo_cat&x23=1&x24=1&y=2021 HTTP/1.1" 200 74671 "-" "Mozilla/5.0 (compatible; SemrushBot/7~bl; +http://www.semrush.com/bot.html)"
66.249.65.73 - - [15/Jun/2026:04:45:09 +0200] "GET /uploadfiles/products/mini/15889434800TS.jpg HTTP/1.1" 200 21917 "-" "Googlebot-Image/1.0"
85.208.96.199 - - [15/Jun/2026:04:45:16 +0200] "GET /new-products.php?a=12&a=12&b=1&b=1&debut=36&debut=372&debut=372&debut=372&debut=372&debut=396&debut=60&m=02&y=2017 HTTP/1.1" 200 130212 "-" "Mozilla/5.0 (compatible; SemrushBot/7~bl; +http://www.semrush.com/bot.html)"
185.191.171.2 - - [15/Jun/2026:04:45:23 +0200] "GET /new-products.php?a=12&a=12&a=12&b=1&b=1&b=1&debut=0&debut=120&debut=132&debut=432&debut=84&histo_track=1&m=08&y=2022 HTTP/1.1" 200 132426 "-" "Mozilla/5.0 (compatible; SemrushBot/7~bl; +http://www.semrush.com/bot.html)"
185.191.171.18 - - [15/Jun/2026:04:45:25 +0200] "GET /new-products.php?a=12&a=12&a=12&a=12&b=1&b=1&b=1&b=1&debut=0&debut=0&debut=300&debut=36&debut=372&m=02&y=2025 HTTP/1.1" 200 109656 "-" "Mozilla/5.0 (compatible; SemrushBot/7~bl; +http://www.semrush.com/bot.html)"
85.208.96.200 - - [15/Jun/2026:04:45:27 +0200] "GET /new-products.php?a=12&b=1&debut=0&debut=0&debut=0&debut=0&debut=384&debut=432&histo_track=1&m=07&seo_cat&x20=1&y=2022 HTTP/1.1" 200 74690 "-" "Mozilla/5.0 (compatible; SemrushBot/7~bl; +http://www.semrush.com/bot.html)"
185.191.171.7 - - [15/Jun/2026:04:45:38 +0200] "GET /new-products.php?a=12&b=1&debut=0&debut=0&debut=0&debut=0&debut=432&debut=72&m=04&seo_cat&seo_cat&x20=1&x24=1&y=2021 HTTP/1.1" 200 74678 "-" "Mozilla/5.0 (compatible; SemrushBot/7~bl; +http://www.semrush.com/bot.html)"
185.191.171.11 - - [15/Jun/2026:04:45:46 +0200] "GET /new-products.php?a=12&a=12&a=12&b=1&b=1&b=1&debut=0&debut=0&debut=0&debut=36&debut=72&debut=96&m=10&y=2025 HTTP/1.1" 200 130956 "-" "Mozilla/5.0 (compatible; SemrushBot/7~bl; +http://www.semrush.com/bot.html)"
85.208.96.195 - - [15/Jun/2026:04:46:11 +0200] "GET /new-products.php?a=12&b=1&debut=0&debut=0&debut=372&debut=396&debut=60&m=12&seo_cat&x20=1&y=2023 HTTP/1.1" 200 74551 "-" "Mozilla/5.0 (compatible; SemrushBot/7~bl; +http://www.semrush.com/bot.html)"
85.208.96.206 - - [15/Jun/2026:04:46:14 +0200] "GET /new-products.php?a=12&a=12&a=12&b=1&b=1&b=1&debut=384&debut=396&debut=48&debut=72&debut=96&histo_track=1&m=07&y=2022 HTTP/1.1" 200 131206 "-" "Mozilla/5.0 (compatible; SemrushBot/7~bl; +http://www.semrush.com/bot.html)"
85.208.96.198 - - [15/Jun/2026:04:46:18 +0200] "GET /new-products.php?a=12&b=1&debut=0&debut=0&debut=0&debut=384&debut=396&debut=396&debut=396&debut=60&histo_track=1&m=05&y=2024 HTTP/1.1" 200 130460 "-" "Mozilla/5.0 (compatible; SemrushBot/7~bl; +http://www.semrush.com/bot.html)"
85.208.96.197 - - [15/Jun/2026:04:46:31 +0200] "GET /new-products.php?a=12&b=1&debut=0&debut=0&debut=408&debut=444&debut=444&debut=444&debut=60&m=12&seo_cat&x20=1&y=2021 HTTP/1.1" 200 74691 "-" "Mozilla/5.0 (compatible; SemrushBot/7~bl; +http://www.semrush.com/bot.html)"
85.208.96.205 - - [15/Jun/2026:04:46:59 +0200] "GET /new-products.php?a=12&a=12&a=12&b=1&b=1&b=1&debut=0&debut=120&debut=120&debut=360&debut=72&m=11&y=2025 HTTP/1.1" 200 129153 "-" "Mozilla/5.0 (compatible; SemrushBot/7~bl; +http://www.semrush.com/bot.html)"
85.208.96.201 - - [15/Jun/2026:04:47:04 +0200] "GET /new-products.php?a=12&a=12&b=1&b=1&debut=0&debut=0&debut=0&debut=0&debut=348&debut=384&debut=396&m=07&y=2025 HTTP/1.1" 200 74627 "-" "Mozilla/5.0 (compatible; SemrushBot/7~bl; +http://www.semrush.com/bot.html)"
185.191.171.4 - - [15/Jun/2026:04:47:17 +0200] "GET /new-products.php?a=12&b=1&debut=0&debut=0&debut=0&debut=0&debut=132&debut=60&m=01&seo_cat&seo_cat&x23=1&x24=1&y=2021 HTTP/1.1" 200 129427 "-" "Mozilla/5.0 (compatible; SemrushBot/7~bl; +http://www.semrush.com/bot.html)"
85.208.96.212 - - [15/Jun/2026:04:47:35 +0200] "GET /new-products.php?a=12&a=12&b=1&b=1&debut=0&debut=0&debut=0&debut=0&debut=12&debut=372&debut=396&m=01&y=2024 HTTP/1.1" 200 74620 "-" "Mozilla/5.0 (compatible; SemrushBot/7~bl; +http://www.semrush.com/bot.html)"
107.181.124.175 - - [15/Jun/2026:04:47:40 +0200] "GET /produit-476-biere-basque-iparrobio-bio-ipa-33cl HTTP/1.1" 200 72730 "https://www.google.com/" "Mozilla/5.0 (iPhone; CPU iPhone OS 14_6 like Mac OS X) AppleWebKit/537.36 (KHTML, like Gecko) Chrome/122.0.5437.144 Safari/537.36 OPR/85.0.3156.31"
193.228.59.66 - - [15/Jun/2026:04:47:43 +0200] "GET /start_to_top/style.css HTTP/1.1" 200 - "https://www.vracandbio.com/produit-476-biere-basque-iparrobio-bio-ipa-33cl" "Mozilla/5.0 (Macintosh; Intel Mac OS X 10_14_0) AppleWebKit/537.36 (KHTML, like Gecko) Chrome/43.0.7318.1756 Safari/537.36"
181.59.136.208 - - [15/Jun/2026:04:47:44 +0200] "GET /produit-245-piment-de-cayenne-poudre-bio-25g HTTP/1.1" 200 152749 "-" "Mozilla/5.0 (iPhone; CPU iPhone OS 11_0 like Mac OS X) AppleWebKit/537.36 (KHTML, like Gecko) Chrome/49.0.6400.1403 Mobile Safari/537.36"
185.171.99.48 - - [15/Jun/2026:04:47:46 +0200] "GET /templates/shop/css/helper.css HTTP/1.1" 200 4957 "https://www.vracandbio.com/produit-245-piment-de-cayenne-poudre-bio-25g" "Mozilla/5.0 (iPhone; CPU iPhone OS 11_0 like Mac OS X) AppleWebKit/537.36 (KHTML, like Gecko) Chrome/49.0.6400.1403 Mobile Safari/537.36"
185.171.99.48 - - [15/Jun/2026:04:47:46 +0200] "GET /start_to_top/style.css HTTP/1.1" 200 - "https://www.vracandbio.com/produit-245-piment-de-cayenne-poudre-bio-25g" "Mozilla/5.0 (iPhone; CPU iPhone OS 11_0 like Mac OS X) AppleWebKit/537.36 (KHTML, like Gecko) Chrome/49.0.6400.1403 Mobile Safari/537.36"
185.171.99.48 - - [15/Jun/2026:04:47:46 +0200] "GET /templates/shop/css/dropdown.linear.css HTTP/1.1" 200 605 "https://www.vracandbio.com/templates/shop/css/dropdown.linear.columnar.css" "Mozilla/5.0 (iPhone; CPU iPhone OS 11_0 like Mac OS X) AppleWebKit/537.36 (KHTML, like Gecko) Chrome/49.0.6400.1403 Mobile Safari/537.36"
185.171.99.48 - - [15/Jun/2026:04:47:47 +0200] "GET /templates/shop/css/jquery.bxslider.css HTTP/1.1" 200 3867 "https://www.vracandbio.com/produit-245-piment-de-cayenne-poudre-bio-25g" "Mozilla/5.0 (iPhone; CPU iPhone OS 11_0 like Mac OS X) AppleWebKit/537.36 (KHTML, like Gecko) Chrome/49.0.6400.1403 Mobile Safari/537.36"
185.171.99.48 - - [15/Jun/2026:04:47:47 +0200] "GET /js/js.cookie.min.js HTTP/1.1" 200 - "https://www.vracandbio.com/produit-245-piment-de-cayenne-poudre-bio-25g" "Mozilla/5.0 (iPhone; CPU iPhone OS 11_0 like Mac OS X) AppleWebKit/537.36 (KHTML, like Gecko) Chrome/49.0.6400.1403 Mobile Safari/537.36"
185.171.99.48 - - [15/Jun/2026:04:47:47 +0200] "GET /includes/stats.php?ref= HTTP/1.1" 200 - "https://www.vracandbio.com/produit-245-piment-de-cayenne-poudre-bio-25g" "Mozilla/5.0 (iPhone; CPU iPhone OS 11_0 like Mac OS X) AppleWebKit/537.36 (KHTML, like Gecko) Chrome/49.0.6400.1403 Mobile Safari/537.36"
185.171.99.48 - - [15/Jun/2026:04:47:47 +0200] "GET /templates/shop/img/15844333790logo_vrac_and_bio.png HTTP/1.1" 200 28253 "https://www.vracandbio.com/produit-245-piment-de-cayenne-poudre-bio-25g" "Mozilla/5.0 (iPhone; CPU iPhone OS 11_0 like Mac OS X) AppleWebKit/537.36 (KHTML, like Gecko) Chrome/49.0.6400.1403 Mobile Safari/537.36"
185.171.99.48 - - [15/Jun/2026:04:47:47 +0200] "GET /templates/shop/js/script.js HTTP/1.1" 200 - "https://www.vracandbio.com/produit-245-piment-de-cayenne-poudre-bio-25g" "Mozilla/5.0 (iPhone; CPU iPhone OS 11_0 like Mac OS X) AppleWebKit/537.36 (KHTML, like Gecko) Chrome/49.0.6400.1403 Mobile Safari/537.36"
185.171.99.48 - - [15/Jun/2026:04:47:47 +0200] "GET /templates/shop/js/holder.js HTTP/1.1" 200 10517 "https://www.vracandbio.com/produit-245-piment-de-cayenne-poudre-bio-25g" "Mozilla/5.0 (iPhone; CPU iPhone OS 11_0 like Mac OS X) AppleWebKit/537.36 (KHTML, like Gecko) Chrome/49.0.6400.1403 Mobile Safari/537.36"
185.171.99.48 - - [15/Jun/2026:04:47:47 +0200] "GET /templates/shop/js/lightbox.js HTTP/1.1" 200 14936 "https://www.vracandbio.com/produit-245-piment-de-cayenne-poudre-bio-25g" "Mozilla/5.0 (iPhone; CPU iPhone OS 11_0 like Mac OS X) AppleWebKit/537.36 (KHTML, like Gecko) Chrome/49.0.6400.1403 Mobile Safari/537.36"
185.171.99.48 - - [15/Jun/2026:04:47:47 +0200] "GET /start_to_top/main.js HTTP/1.1" 200 879 "https://www.vracandbio.com/produit-245-piment-de-cayenne-poudre-bio-25g" "Mozilla/5.0 (iPhone; CPU iPhone OS 11_0 like Mac OS X) AppleWebKit/537.36 (KHTML, like Gecko) Chrome/49.0.6400.1403 Mobile Safari/537.36"
185.171.99.48 - - [15/Jun/2026:04:47:48 +0200] "GET /uploadfiles/products/15641541350PCAY.jpg HTTP/1.1" 200 473597 "https://www.vracandbio.com/produit-245-piment-de-cayenne-poudre-bio-25g" "Mozilla/5.0 (iPhone; CPU iPhone OS 11_0 like Mac OS X) AppleWebKit/537.36 (KHTML, like Gecko) Chrome/49.0.6400.1403 Mobile Safari/537.36"
185.171.99.48 - - [15/Jun/2026:04:47:48 +0200] "GET /uploadfiles/products/mini/15641534110can.jpg HTTP/1.1" 200 17026 "https://www.vracandbio.com/produit-245-piment-de-cayenne-poudre-bio-25g" "Mozilla/5.0 (iPhone; CPU iPhone OS 11_0 like Mac OS X) AppleWebKit/537.36 (KHTML, like Gecko) Chrome/49.0.6400.1403 Mobile Safari/537.36"
185.171.99.48 - - [15/Jun/2026:04:47:48 +0200] "GET /uploadfiles/products/mini/15641531210qepi.jpg HTTP/1.1" 200 17646 "https://www.vracandbio.com/produit-245-piment-de-cayenne-poudre-bio-25g" "Mozilla/5.0 (iPhone; CPU iPhone OS 11_0 like Mac OS X) AppleWebKit/537.36 (KHTML, like Gecko) Chrome/49.0.6400.1403 Mobile Safari/537.36"
185.171.99.48 - - [15/Jun/2026:04:47:48 +0200] "GET /uploadfiles/products/mini/156415420303B.jpg HTTP/1.1" 200 18446 "https://www.vracandbio.com/produit-245-piment-de-cayenne-poudre-bio-25g" "Mozilla/5.0 (iPhone; CPU iPhone OS 11_0 like Mac OS X) AppleWebKit/537.36 (KHTML, like Gecko) Chrome/49.0.6400.1403 Mobile Safari/537.36"
185.171.99.48 - - [15/Jun/2026:04:47:48 +0200] "GET /uploadfiles/products/mini/15641541660PDo.jpg HTTP/1.1" 200 16793 "https://www.vracandbio.com/produit-245-piment-de-cayenne-poudre-bio-25g" "Mozilla/5.0 (iPhone; CPU iPhone OS 11_0 like Mac OS X) AppleWebKit/537.36 (KHTML, like Gecko) Chrome/49.0.6400.1403 Mobile Safari/537.36"
185.171.99.48 - - [15/Jun/2026:04:47:48 +0200] "GET /uploadfiles/products/15641541350PCAY.jpg HTTP/1.1" 200 473597 "https://www.vracandbio.com/produit-245-piment-de-cayenne-poudre-bio-25g" "Mozilla/5.0 (iPhone; CPU iPhone OS 11_0 like Mac OS X) AppleWebKit/537.36 (KHTML, like Gecko) Chrome/49.0.6400.1403 Mobile Safari/537.36"
185.171.99.48 - - [15/Jun/2026:04:47:48 +0200] "GET /uploadfiles/products/mini/15641529610col.jpg HTTP/1.1" 200 18738 "https://www.vracandbio.com/produit-245-piment-de-cayenne-poudre-bio-25g" "Mozilla/5.0 (iPhone; CPU iPhone OS 11_0 like Mac OS X) AppleWebKit/537.36 (KHTML, like Gecko) Chrome/49.0.6400.1403 Mobile Safari/537.36"
185.171.99.48 - - [15/Jun/2026:04:47:48 +0200] "GET /uploadfiles/products/mini/15641531540lau.jpg HTTP/1.1" 200 15466 "https://www.vracandbio.com/produit-245-piment-de-cayenne-poudre-bio-25g" "Mozilla/5.0 (iPhone; CPU iPhone OS 11_0 like Mac OS X) AppleWebKit/537.36 (KHTML, like Gecko) Chrome/49.0.6400.1403 Mobile Safari/537.36"
185.171.99.48 - - [15/Jun/2026:04:47:48 +0200] "GET /uploadfiles/products/mini/15641530800curry.jpg HTTP/1.1" 200 18538 "https://www.vracandbio.com/produit-245-piment-de-cayenne-poudre-bio-25g" "Mozilla/5.0 (iPhone; CPU iPhone OS 11_0 like Mac OS X) AppleWebKit/537.36 (KHTML, like Gecko) Chrome/49.0.6400.1403 Mobile Safari/537.36"
185.171.99.48 - - [15/Jun/2026:04:47:48 +0200] "GET /uploadfiles/slide1_internal/0Cosmetique.jpg HTTP/1.1" 200 29160 "https://www.vracandbio.com/produit-245-piment-de-cayenne-poudre-bio-25g" "Mozilla/5.0 (iPhone; CPU iPhone OS 11_0 like Mac OS X) AppleWebKit/537.36 (KHTML, like Gecko) Chrome/49.0.6400.1403 Mobile Safari/537.36"
185.171.99.48 - - [15/Jun/2026:04:47:48 +0200] "GET /uploadfiles/products/15641541350PCAY.jpg HTTP/1.1" 200 473597 "https://www.vracandbio.com/produit-245-piment-de-cayenne-poudre-bio-25g" "Mozilla/5.0 (iPhone; CPU iPhone OS 11_0 like Mac OS X) AppleWebKit/537.36 (KHTML, like Gecko) Chrome/49.0.6400.1403 Mobile Safari/537.36"
185.171.99.48 - - [15/Jun/2026:04:47:48 +0200] "GET /templates/shop/img/categories_liv.png HTTP/1.1" 200 3232 "https://www.vracandbio.com/templates/shop/css/global.php" "Mozilla/5.0 (iPhone; CPU iPhone OS 11_0 like Mac OS X) AppleWebKit/537.36 (KHTML, like Gecko) Chrome/49.0.6400.1403 Mobile Safari/537.36"
185.171.99.48 - - [15/Jun/2026:04:47:49 +0200] "GET /uploadfiles/slide1_internal/0Cosmetique.jpg HTTP/1.1" 200 29160 "https://www.vracandbio.com/produit-245-piment-de-cayenne-poudre-bio-25g" "Mozilla/5.0 (iPhone; CPU iPhone OS 11_0 like Mac OS X) AppleWebKit/537.36 (KHTML, like Gecko) Chrome/49.0.6400.1403 Mobile Safari/537.36"
185.171.99.48 - - [15/Jun/2026:04:47:48 +0200] "GET /templates/shop/images/downArrow.png HTTP/1.1" 404 212547 "https://www.vracandbio.com/templates/shop/css/style.css" "Mozilla/5.0 (iPhone; CPU iPhone OS 11_0 like Mac OS X) AppleWebKit/537.36 (KHTML, like Gecko) Chrome/49.0.6400.1403 Mobile Safari/537.36"
185.171.99.48 - - [15/Jun/2026:04:47:49 +0200] "GET /uploadfiles/slide1_internal/0Cosmetique.jpg HTTP/1.1" 200 29160 "https://www.vracandbio.com/produit-245-piment-de-cayenne-poudre-bio-25g" "Mozilla/5.0 (iPhone; CPU iPhone OS 11_0 like Mac OS X) AppleWebKit/537.36 (KHTML, like Gecko) Chrome/49.0.6400.1403 Mobile Safari/537.36"
85.208.96.212 - - [15/Jun/2026:04:47:58 +0200] "GET /new-products.php?debut=0&debut=0&debut=0&debut=396&histo_track=1&m=07&seo_cat&seo_cat&seo_cat&x20=0&x20=1&x21=1&y=2020 HTTP/1.1" 200 74697 "-" "Mozilla/5.0 (compatible; SemrushBot/7~bl; +http://www.semrush.com/bot.html)"
185.191.171.19 - - [15/Jun/2026:04:48:28 +0200] "GET /new-products.php?a=12&a=12&b=1&b=1&debut=24&debut=396&debut=396&debut=408&debut=408&debut=432&debut=60&m=04&y=2020 HTTP/1.1" 200 130209 "-" "Mozilla/5.0 (compatible; SemrushBot/7~bl; +http://www.semrush.com/bot.html)"
85.208.96.212 - - [15/Jun/2026:04:48:47 +0200] "GET /new-products.php?a=12&b=1&debut=0&debut=408&debut=432&debut=432&debut=432&debut=432&debut=60&m=10&seo_cat&x24=1&y=2021 HTTP/1.1" 200 74697 "-" "Mozilla/5.0 (compatible; SemrushBot/7~bl; +http://www.semrush.com/bot.html)"
185.191.171.12 - - [15/Jun/2026:04:49:07 +0200] "GET /new-products.php?a=12&a=12&b=1&b=1&debut=0&debut=24&debut=396&debut=48&histo_track=1&seo_cat&x23=1 HTTP/1.1" 200 128107 "-" "Mozilla/5.0 (compatible; SemrushBot/7~bl; +http://www.semrush.com/bot.html)"
85.208.96.200 - - [15/Jun/2026:04:49:18 +0200] "GET /new-products.php?a=12&a=12&a=12&b=1&b=1&b=1&debut=0&debut=108&debut=24&debut=60&m=05&seo_cat&x24=1&y=2023 HTTP/1.1" 200 74602 "-" "Mozilla/5.0 (compatible; SemrushBot/7~bl; +http://www.semrush.com/bot.html)"
85.208.96.198 - - [15/Jun/2026:04:49:20 +0200] "GET /new-products.php?a=12&b=1&debut=0&debut=0&debut=324&debut=396&histo_track=1&m=09&seo_cat&seo_cat&x20=1&x21=1&y=2025 HTTP/1.1" 200 74675 "-" "Mozilla/5.0 (compatible; SemrushBot/7~bl; +http://www.semrush.com/bot.html)"
185.191.171.8 - - [15/Jun/2026:04:49:28 +0200] "GET /new-products.php?a=12&b=1&debut=0&debut=0&debut=0&debut=0&debut=0&debut=396&debut=396&debut=72&m=04&y=2021 HTTP/1.1" 200 129250 "-" "Mozilla/5.0 (compatible; SemrushBot/7~bl; +http://www.semrush.com/bot.html)"
85.208.96.206 - - [15/Jun/2026:04:49:46 +0200] "GET /new-products.php?a=12&b=1&debut=372&debut=372&debut=384&debut=384&debut=396&debut=396&debut=48&histo_track=1&m=08&y=2021 HTTP/1.1" 200 130958 "-" "Mozilla/5.0 (compatible; SemrushBot/7~bl; +http://www.semrush.com/bot.html)"
185.191.171.6 - - [15/Jun/2026:04:50:12 +0200] "GET /new-products.php?a=12&a=12&b=1&b=1&debut=0&debut=0&debut=24&debut=432&histo_track=1&m=01&seo_cat&x20=1&y=2022 HTTP/1.1" 200 74707 "-" "Mozilla/5.0 (compatible; SemrushBot/7~bl; +http://www.semrush.com/bot.html)"
66.249.65.72 - - [15/Jun/2026:04:50:23 +0200] "GET /produit-236-melange-quatre-epices-bio-25g?m=04&y=2025 HTTP/1.1" 200 180763 "-" "Mozilla/5.0 (Linux; Android 6.0.1; Nexus 5X Build/MMB29P) AppleWebKit/537.36 (KHTML, like Gecko) Chrome/148.0.7778.96 Mobile Safari/537.36 (compatible; Googlebot/2.1; +http://www.google.com/bot.html)"
85.208.96.202 - - [15/Jun/2026:04:50:28 +0200] "GET /new-products.php?a=12&a=12&a=12&a=12&a=12&b=1&b=1&b=1&b=1&b=1&debut=120&debut=36&debut=60&debut=60&debut=96 HTTP/1.1" 200 130813 "-" "Mozilla/5.0 (compatible; SemrushBot/7~bl; +http://www.semrush.com/bot.html)"
85.208.96.206 - - [15/Jun/2026:04:50:32 +0200] "GET /new-products.php?a=12&b=1&debut=0&debut=0&debut=0&debut=372&debut=372&debut=396&debut=72&histo_track=1&m=11&y=2025 HTTP/1.1" 200 129480 "-" "Mozilla/5.0 (compatible; SemrushBot/7~bl; +http://www.semrush.com/bot.html)"
85.208.96.202 - - [15/Jun/2026:04:50:53 +0200] "GET /new-products.php?a=12&b=1&debut=0&debut=0&debut=0&debut=12&debut=396&m=05&seo_cat&seo_cat&x20=0&x20=1&y=2022 HTTP/1.1" 200 74696 "-" "Mozilla/5.0 (compatible; SemrushBot/7~bl; +http://www.semrush.com/bot.html)"
185.191.171.12 - - [15/Jun/2026:04:51:04 +0200] "GET /new-products.php?a=12&a=12&a=12&b=1&b=1&b=1&debut=0&debut=0&debut=0&debut=12&debut=120&debut=72&m=03&y=2021 HTTP/1.1" 200 129304 "-" "Mozilla/5.0 (compatible; SemrushBot/7~bl; +http://www.semrush.com/bot.html)"
185.191.171.7 - - [15/Jun/2026:04:51:17 +0200] "GET /new-products.php?a=12&a=12&a=12&b=1&b=1&b=1&debut=0&debut=144&debut=372&debut=84&debut=96&m=05&y=2020 HTTP/1.1" 200 130638 "-" "Mozilla/5.0 (compatible; SemrushBot/7~bl; +http://www.semrush.com/bot.html)"
185.191.171.16 - - [15/Jun/2026:04:51:20 +0200] "GET /new-products.php?a=12&b=1&debut=0&debut=372&debut=384&debut=396&debut=396&debut=396&debut=396&debut=396&debut=60&m=03&y=2023 HTTP/1.1" 200 130461 "-" "Mozilla/5.0 (compatible; SemrushBot/7~bl; +http://www.semrush.com/bot.html)"
185.191.171.16 - - [15/Jun/2026:04:51:44 +0200] "GET /new-products.php?a=12&a=12&b=1&b=1&debut=0&debut=0&debut=0&debut=36&debut=396&debut=396&debut=60&m=09&y=2020 HTTP/1.1" 200 130063 "-" "Mozilla/5.0 (compatible; SemrushBot/7~bl; +http://www.semrush.com/bot.html)"
47.79.51.222 - - [15/Jun/2026:04:52:10 +0200] "GET /marques.php?a=12&a=12&b=1&b=1&debut=24&debut=0&debut=0&debut=48&debut=0&seo=23-produits-locaux&seo_marq=23&seo_marq=23&seo_marq=23&t103=1&t114=1&t114=0 HTTP/1.1" 200 101376 "-" "Mozilla/5.0 (Macintosh; Intel Mac OS X 10_15_7) AppleWebKit/537.36 (KHTML, like Gecko) Chrome/143.0.0.0 Safari/537.36"
85.208.96.194 - - [15/Jun/2026:04:52:13 +0200] "GET /new-products.php?a=12&a=12&a=12&b=1&b=1&b=1&debut=0&debut=108&debut=120&debut=72&m=04&seo_cat&x21=1&y=2023 HTTP/1.1" 200 74608 "-" "Mozilla/5.0 (compatible; SemrushBot/7~bl; +http://www.semrush.com/bot.html)"
85.208.96.208 - - [15/Jun/2026:04:52:33 +0200] "GET /new-products.php?a=12&a=12&b=1&b=1&debut=0&debut=36&debut=432&debut=432&debut=72&histo_track=1&m=10&y=2022 HTTP/1.1" 200 129355 "-" "Mozilla/5.0 (compatible; SemrushBot/7~bl; +http://www.semrush.com/bot.html)"
85.208.96.203 - - [15/Jun/2026:04:52:35 +0200] "GET /new-products.php?a=12&a=12&b=1&b=1&debut=0&debut=36&debut=372&debut=372&debut=372&debut=396&debut=444&debut=60&histo_track=1 HTTP/1.1" 200 130485 "-" "Mozilla/5.0 (compatible; SemrushBot/7~bl; +http://www.semrush.com/bot.html)"
51.195.244.171 - - [15/Jun/2026:04:52:44 +0200] "GET /?m=03&y=2043 HTTP/1.1" 200 212856 "-" "Mozilla/5.0 (compatible; AhrefsBot/7.0; +http://ahrefs.com/robot/)"
66.249.65.74 - - [15/Jun/2026:04:52:56 +0200] "GET /uploadfiles/products/mini/15916313490MUS.jpg HTTP/1.1" 200 19636 "-" "Googlebot-Image/1.0"
185.191.171.8 - - [15/Jun/2026:04:53:08 +0200] "GET /new-products.php?a=12&a=12&b=1&b=1&debut=0&debut=24&debut=384&debut=432&debut=60&histo_track=1&m=06&y=2020 HTTP/1.1" 200 130008 "-" "Mozilla/5.0 (compatible; SemrushBot/7~bl; +http://www.semrush.com/bot.html)"
85.208.96.203 - - [15/Jun/2026:04:53:19 +0200] "GET /new-products.php?a=12&a=12&a=12&b=1&b=1&b=1&debut=0&debut=24&debut=48&debut=72&histo_track=1&m=08&y=2025 HTTP/1.1" 200 129235 "-" "Mozilla/5.0 (compatible; SemrushBot/7~bl; +http://www.semrush.com/bot.html)"
185.191.171.19 - - [15/Jun/2026:04:53:30 +0200] "GET /new-products.php?a=12&a=12&a=12&b=1&b=1&b=1&debut=0&debut=0&debut=36&debut=60&debut=72&m=01&y=2020 HTTP/1.1" 200 129082 "-" "Mozilla/5.0 (compatible; SemrushBot/7~bl; +http://www.semrush.com/bot.html)"
185.191.171.5 - - [15/Jun/2026:04:53:34 +0200] "GET /new-products.php?a=12&a=12&b=1&b=1&debut=108&debut=372&debut=372&debut=396&debut=60&m=12&y=2023 HTTP/1.1" 200 129747 "-" "Mozilla/5.0 (compatible; SemrushBot/7~bl; +http://www.semrush.com/bot.html)"
185.191.171.4 - - [15/Jun/2026:04:53:36 +0200] "GET /new-products.php?a=12&b=1&debut=396&debut=396&debut=396&debut=396&debut=432&debut=48&histo_track=1&m=03&y=2021 HTTP/1.1" 200 130629 "-" "Mozilla/5.0 (compatible; SemrushBot/7~bl; +http://www.semrush.com/bot.html)"
85.208.96.206 - - [15/Jun/2026:04:54:00 +0200] "GET /new-products.php?a=12&b=1&debut=0&debut=384&debut=384&debut=384&debut=384&debut=84&m=10&seo_cat&x20=1&y=2023 HTTP/1.1" 200 74700 "-" "Mozilla/5.0 (compatible; SemrushBot/7~bl; +http://www.semrush.com/bot.html)"
185.191.171.13 - - [15/Jun/2026:04:54:05 +0200] "GET /new-products.php?a=12&a=12&a=12&b=1&b=1&b=1&debut=0&debut=0&debut=0&debut=36&debut=60&debut=84&m=11&y=2017 HTTP/1.1" 200 132159 "-" "Mozilla/5.0 (compatible; SemrushBot/7~bl; +http://www.semrush.com/bot.html)"
185.191.171.5 - - [15/Jun/2026:04:54:12 +0200] "GET /new-products.php?a=12&b=1&debut=0&debut=0&debut=0&debut=384&debut=396&debut=408&debut=72&m=05&seo_cat&x24=1&y=2020 HTTP/1.1" 200 74665 "-" "Mozilla/5.0 (compatible; SemrushBot/7~bl; +http://www.semrush.com/bot.html)"
85.208.96.206 - - [15/Jun/2026:04:54:18 +0200] "GET /new-products.php?a=12&b=1&debut=0&debut=0&debut=0&debut=408&debut=48&m=05&seo_cat&seo_cat&x20=1&x24=1&y=2022 HTTP/1.1" 200 107090 "-" "Mozilla/5.0 (compatible; SemrushBot/7~bl; +http://www.semrush.com/bot.html)"
51.195.215.242 - - [15/Jun/2026:04:54:21 +0200] "GET /?m=05&y=2037 HTTP/1.1" 200 212753 "-" "Mozilla/5.0 (compatible; AhrefsBot/7.0; +http://ahrefs.com/robot/)"
185.191.171.10 - - [15/Jun/2026:04:54:50 +0200] "GET /new-products.php?a=12&a=12&a=12&b=1&b=1&b=1&debut=0&debut=372&debut=396&debut=48&debut=60&debut=96&m=09&y=2021 HTTP/1.1" 200 130866 "-" "Mozilla/5.0 (compatible; SemrushBot/7~bl; +http://www.semrush.com/bot.html)"
66.249.65.73 - - [15/Jun/2026:04:54:59 +0200] "GET /uploadfiles/products/mini/16914911450104761173_1136754563361709_5990994290314743701_n.jpeg HTTP/1.1" 200 29811 "-" "Googlebot-Image/1.0"
185.191.171.17 - - [15/Jun/2026:04:55:04 +0200] "GET /new-products.php?a=12&a=12&a=12&b=1&b=1&b=1&debut=0&debut=0&debut=12&debut=396&debut=396&debut=396&debut=72&debut=96 HTTP/1.1" 200 131038 "-" "Mozilla/5.0 (compatible; SemrushBot/7~bl; +http://www.semrush.com/bot.html)"
85.208.96.212 - - [15/Jun/2026:04:55:15 +0200] "GET /new-products.php?a=12&b=1&debut=396&debut=396&debut=396&debut=396&debut=432&debut=60&m=04&y=2021 HTTP/1.1" 200 129759 "-" "Mozilla/5.0 (compatible; SemrushBot/7~bl; +http://www.semrush.com/bot.html)"
185.191.171.2 - - [15/Jun/2026:04:55:18 +0200] "GET /new-products.php?a=12&b=1&debut=0&debut=360&debut=372&debut=384&debut=396&debut=396&debut=408&debut=432&debut=72&m=02&y=2022 HTTP/1.1" 200 129730 "-" "Mozilla/5.0 (compatible; SemrushBot/7~bl; +http://www.semrush.com/bot.html)"
85.208.96.203 - - [15/Jun/2026:04:55:20 +0200] "GET /new-products.php?a=12&a=12&a=12&b=1&b=1&b=1&debut=372&debut=84&debut=84&debut=96&histo_track=1&m=11&y=2020 HTTP/1.1" 200 130838 "-" "Mozilla/5.0 (compatible; SemrushBot/7~bl; +http://www.semrush.com/bot.html)"
185.191.171.10 - - [15/Jun/2026:04:55:48 +0200] "GET /new-products.php?a=12&a=12&b=1&b=1&debut=0&debut=0&debut=0&debut=0&debut=12&debut=372&debut=396&debut=72&m=12&y=2024 HTTP/1.1" 200 129613 "-" "Mozilla/5.0 (compatible; SemrushBot/7~bl; +http://www.semrush.com/bot.html)"
198.244.242.239 - - [15/Jun/2026:04:56:10 +0200] "GET /?m=03&y=2009 HTTP/1.1" 200 212526 "-" "Mozilla/5.0 (compatible; AhrefsBot/7.0; +http://ahrefs.com/robot/)"
85.208.96.197 - - [15/Jun/2026:04:56:32 +0200] "GET /new-products.php?a=12&a=12&b=1&b=1&debut=0&debut=0&debut=348&debut=348&debut=408&histo_track=1&m=01&y=2021 HTTP/1.1" 200 74613 "-" "Mozilla/5.0 (compatible; SemrushBot/7~bl; +http://www.semrush.com/bot.html)"
85.208.96.195 - - [15/Jun/2026:04:56:49 +0200] "GET /new-products.php?a=12&a=12&b=1&b=1&debut=0&debut=0&debut=12&debut=84&m=11&seo_cat&seo_cat&x23=1&x26=1&y=2021 HTTP/1.1" 200 74625 "-" "Mozilla/5.0 (compatible; SemrushBot/7~bl; +http://www.semrush.com/bot.html)"
85.208.96.203 - - [15/Jun/2026:04:57:00 +0200] "GET /new-products.php?a=12&b=1&debut=0&debut=0&debut=372&debut=384&debut=384&debut=384&debut=384&debut=60&m=03&y=2021 HTTP/1.1" 200 130161 "-" "Mozilla/5.0 (compatible; SemrushBot/7~bl; +http://www.semrush.com/bot.html)"
185.191.171.7 - - [15/Jun/2026:04:57:23 +0200] "GET /new-products.php?a=12&a=12&a=12&b=1&b=1&b=1&debut=144&debut=372&debut=396&debut=396&debut=48&debut=96&m=08&y=2021 HTTP/1.1" 200 131018 "-" "Mozilla/5.0 (compatible; SemrushBot/7~bl; +http://www.semrush.com/bot.html)"
185.191.171.14 - - [15/Jun/2026:04:57:37 +0200] "GET /new-products.php?a=12&a=12&a=12&b=1&b=1&b=1&debut=12&debut=36&debut=396&debut=408&debut=432&debut=48&m=12&y=2019 HTTP/1.1" 200 130763 "-" "Mozilla/5.0 (compatible; SemrushBot/7~bl; +http://www.semrush.com/bot.html)"
185.191.171.3 - - [15/Jun/2026:04:57:43 +0200] "GET /new-products.php?a=12&a=12&a=12&b=1&b=1&b=1&debut=0&debut=0&debut=120&debut=120&debut=420&debut=444&debut=72 HTTP/1.1" 200 129353 "-" "Mozilla/5.0 (compatible; SemrushBot/7~bl; +http://www.semrush.com/bot.html)"
185.191.171.6 - - [15/Jun/2026:04:57:47 +0200] "GET /new-products.php?a=12&a=12&b=1&b=1&debut=0&debut=0&debut=336&debut=348&debut=396&m=06&seo_cat&x24=1&y=2022 HTTP/1.1" 200 74607 "-" "Mozilla/5.0 (compatible; SemrushBot/7~bl; +http://www.semrush.com/bot.html)"
51.89.129.28 - - [15/Jun/2026:04:57:55 +0200] "GET /?m=08&y=2001 HTTP/1.1" 200 212032 "-" "Mozilla/5.0 (compatible; AhrefsBot/7.0; +http://ahrefs.com/robot/)"
85.208.96.200 - - [15/Jun/2026:04:57:58 +0200] "GET /new-products.php?a=12&b=1&debut=0&debut=0&debut=0&debut=0&debut=0&debut=396&debut=396&debut=396&debut=60&m=06&y=2022 HTTP/1.1" 200 130258 "-" "Mozilla/5.0 (compatible; SemrushBot/7~bl; +http://www.semrush.com/bot.html)"
185.191.171.2 - - [15/Jun/2026:04:58:09 +0200] "GET /new-products.php?a=12&b=1&debut=0&debut=0&debut=0&debut=0&debut=408&debut=72&histo_track=1&m=01&seo_cat&x26=1&y=2021 HTTP/1.1" 200 74683 "-" "Mozilla/5.0 (compatible; SemrushBot/7~bl; +http://www.semrush.com/bot.html)"
185.191.171.15 - - [15/Jun/2026:04:58:14 +0200] "GET /new-products.php?a=12&a=12&b=1&b=1&debut=0&debut=12&debut=396&debut=396&debut=396&debut=396&debut=60 HTTP/1.1" 200 129885 "-" "Mozilla/5.0 (compatible; SemrushBot/7~bl; +http://www.semrush.com/bot.html)"
185.191.171.13 - - [15/Jun/2026:04:58:17 +0200] "GET /new-products.php?a=12&b=1&debut=0&debut=0&debut=0&debut=0&debut=0&debut=0&debut=0&debut=384&debut=48&m=07&y=2021 HTTP/1.1" 200 130682 "-" "Mozilla/5.0 (compatible; SemrushBot/7~bl; +http://www.semrush.com/bot.html)"
85.208.96.206 - - [15/Jun/2026:04:58:23 +0200] "GET /new-products.php?a=12&a=12&b=1&b=1&debut=0&debut=12&debut=408&debut=408&debut=408&debut=408&debut=432&debut=48&histo_track=1 HTTP/1.1" 200 131003 "-" "Mozilla/5.0 (compatible; SemrushBot/7~bl; +http://www.semrush.com/bot.html)"
113.174.38.227 - - [15/Jun/2026:04:59:07 +0200] "GET /produit-385-fecule-de-mais-bio-200g?m=02&y=2026 HTTP/1.1" 200 132482 "-" "Mozilla/5.0 (Windows NT 10.0; Win64; x64) AppleWebKit/537.36 (KHTML, like Gecko) Chrome/91.0.4472.124 Safari/537.36"
185.191.171.16 - - [15/Jun/2026:04:59:10 +0200] "GET /new-products.php?a=12&a=12&b=1&b=1&debut=0&debut=0&debut=0&debut=36&debut=48&histo_track=1&m=07&seo_cat&x23=1&y=2020 HTTP/1.1" 200 128245 "-" "Mozilla/5.0 (compatible; SemrushBot/7~bl; +http://www.semrush.com/bot.html)"
85.208.96.203 - - [15/Jun/2026:04:59:12 +0200] "GET /new-products.php?a=12&a=12&b=1&b=1&debut=0&debut=0&debut=0&debut=48&debut=60&histo_track=1&m=01&y=2020 HTTP/1.1" 200 129957 "-" "Mozilla/5.0 (compatible; SemrushBot/7~bl; +http://www.semrush.com/bot.html)"
85.208.96.200 - - [15/Jun/2026:04:59:21 +0200] "GET /new-products.php?a=12&a=12&b=1&b=1&debut=0&debut=0&debut=24&debut=384&debut=384&debut=48&histo_track=1&m=11&y=2019 HTTP/1.1" 200 130670 "-" "Mozilla/5.0 (compatible; SemrushBot/7~bl; +http://www.semrush.com/bot.html)"
85.208.96.204 - - [15/Jun/2026:04:59:25 +0200] "GET /new-products.php?a=12&a=12&a=12&b=1&b=1&b=1&debut=0&debut=0&debut=0&debut=144&debut=84&debut=96&m=05&y=2023 HTTP/1.1" 200 130941 "-" "Mozilla/5.0 (compatible; SemrushBot/7~bl; +http://www.semrush.com/bot.html)"
51.195.244.51 - - [15/Jun/2026:04:59:26 +0200] "GET /?m=12&y=2005 HTTP/1.1" 200 212260 "-" "Mozilla/5.0 (compatible; AhrefsBot/7.0; +http://ahrefs.com/robot/)"
85.208.96.208 - - [15/Jun/2026:04:59:32 +0200] "GET /new-products.php?a=12&a=12&a=12&b=1&b=1&b=1&debut=36&debut=372&debut=384&debut=396&histo_track=1&m=01&y=2019 HTTP/1.1" 200 74627 "-" "Mozilla/5.0 (compatible; SemrushBot/7~bl; +http://www.semrush.com/bot.html)"
66.249.65.74 - - [15/Jun/2026:04:59:54 +0200] "GET /uploadfiles/products/mini/15641527960pepi.jpg HTTP/1.1" 200 14871 "-" "Googlebot-Image/1.0"
85.208.96.196 - - [15/Jun/2026:04:59:59 +0200] "GET /robots.txt HTTP/1.1" 200 89 "-" "Mozilla/5.0 (compatible; SemrushBot/7~bl; +http://www.semrush.com/bot.html)"
85.208.96.209 - - [15/Jun/2026:05:00:00 +0200] "GET /new-products.php?a=12&b=1&debut=0&debut=0&debut=0&debut=0&debut=372&debut=396&debut=60&m=01&seo_cat&x20=1&y=2022 HTTP/1.1" 200 74728 "-" "Mozilla/5.0 (compatible; SemrushBot/7~bl; +http://www.semrush.com/bot.html)"
185.191.171.16 - - [15/Jun/2026:05:00:02 +0200] "GET /new-products.php?a=12&a=12&b=1&b=1&debut=0&debut=0&debut=108&debut=396&debut=396&debut=60&histo_track=1&m=07&y=2018 HTTP/1.1" 200 130355 "-" "Mozilla/5.0 (compatible; SemrushBot/7~bl; +http://www.semrush.com/bot.html)"
185.191.171.18 - - [15/Jun/2026:05:00:50 +0200] "GET /new-products.php?debut=0&debut=0&debut=0&debut=0&m=01&seo_cat&seo_cat&seo_cat&seo_cat&x21=1&x23=1&x26=0&x26=1&y=2024 HTTP/1.1" 200 128737 "-" "Mozilla/5.0 (compatible; SemrushBot/7~bl; +http://www.semrush.com/bot.html)"
185.191.171.13 - - [15/Jun/2026:05:00:52 +0200] "GET /new-products.php?a=12&b=1&debut=0&debut=0&debut=0&debut=408&debut=72&histo_track=1&m=07&seo_cat&x26=1&y=2020 HTTP/1.1" 200 74627 "-" "Mozilla/5.0 (compatible; SemrushBot/7~bl; +http://www.semrush.com/bot.html)"
185.191.171.9 - - [15/Jun/2026:05:01:12 +0200] "GET /new-products.php?a=12&a=12&b=1&b=1&debut=0&debut=384&debut=396&debut=408&debut=48&debut=72&m=03&seo_cat&x20=1&y=2021 HTTP/1.1" 200 74680 "-" "Mozilla/5.0 (compatible; SemrushBot/7~bl; +http://www.semrush.com/bot.html)"
85.208.96.211 - - [15/Jun/2026:05:01:31 +0200] "GET /new-products.php?a=12&a=12&a=12&b=1&b=1&b=1&debut=0&debut=120&debut=396&debut=72&debut=96&m=08&y=2023 HTTP/1.1" 200 130798 "-" "Mozilla/5.0 (compatible; SemrushBot/7~bl; +http://www.semrush.com/bot.html)"
198.244.168.214 - - [15/Jun/2026:05:01:35 +0200] "GET /produit-571-fromage-blanc-battu-au-lait-de-vache-bio HTTP/1.1" 200 72681 "-" "Mozilla/5.0 (compatible; AhrefsBot/7.0; +http://ahrefs.com/robot/)"
185.191.171.11 - - [15/Jun/2026:05:01:45 +0200] "GET /new-products.php?a=12&a=12&a=12&a=12&b=1&b=1&b=1&b=1&debut=0&debut=36&debut=48&debut=60&debut=72&m=02&y=2019 HTTP/1.1" 200 129303 "-" "Mozilla/5.0 (compatible; SemrushBot/7~bl; +http://www.semrush.com/bot.html)"
185.191.171.15 - - [15/Jun/2026:05:01:52 +0200] "GET /new-products.php?a=12&a=12&b=1&b=1&debut=0&debut=396&debut=396&debut=408&debut=48&debut=84&m=05&seo_cat&x20=1&y=2020 HTTP/1.1" 200 74679 "-" "Mozilla/5.0 (compatible; SemrushBot/7~bl; +http://www.semrush.com/bot.html)"
85.208.96.200 - - [15/Jun/2026:05:02:10 +0200] "GET /new-products.php?a=12&a=12&b=1&b=1&debut=0&debut=0&debut=0&debut=0&debut=60&debut=84&m=11&seo_cat&x20=1&y=2025 HTTP/1.1" 200 74639 "-" "Mozilla/5.0 (compatible; SemrushBot/7~bl; +http://www.semrush.com/bot.html)"
185.191.171.5 - - [15/Jun/2026:05:02:17 +0200] "GET /new-products.php?a=12&a=12&b=1&b=1&debut=0&debut=432&debut=444&debut=444&debut=48&debut=60&m=01&y=2022 HTTP/1.1" 200 130030 "-" "Mozilla/5.0 (compatible; SemrushBot/7~bl; +http://www.semrush.com/bot.html)"
185.191.171.10 - - [15/Jun/2026:05:02:19 +0200] "GET /new-products.php?a=12&a=12&a=12&b=1&b=1&b=1&debut=0&debut=0&debut=36&debut=384&debut=48&debut=60&m=11&y=2024 HTTP/1.1" 200 130105 "-" "Mozilla/5.0 (compatible; SemrushBot/7~bl; +http://www.semrush.com/bot.html)"
85.208.96.205 - - [15/Jun/2026:05:02:21 +0200] "GET /new-products.php?a=12&a=12&a=12&b=1&b=1&b=1&debut=0&debut=12&debut=408&debut=48&debut=96&m=11&y=2022 HTTP/1.1" 200 130804 "-" "Mozilla/5.0 (compatible; SemrushBot/7~bl; +http://www.semrush.com/bot.html)"
85.208.96.209 - - [15/Jun/2026:05:02:46 +0200] "GET /new-products.php?a=12&a=12&b=1&b=1&debut=0&debut=372&debut=372&debut=396&debut=396&debut=48&debut=84&m=09&y=2018 HTTP/1.1" 200 132371 "-" "Mozilla/5.0 (compatible; SemrushBot/7~bl; +http://www.semrush.com/bot.html)"
85.208.96.200 - - [15/Jun/2026:05:03:04 +0200] "GET /new-products.php?a=12&a=12&a=12&a=12&b=1&b=1&b=1&b=1&debut=108&debut=120&debut=36&debut=72&m=07&y=2021 HTTP/1.1" 200 129155 "-" "Mozilla/5.0 (compatible; SemrushBot/7~bl; +http://www.semrush.com/bot.html)"
185.191.171.6 - - [15/Jun/2026:05:03:28 +0200] "GET /new-products.php?a=12&a=12&b=1&b=1&debut=0&debut=0&debut=384&debut=48&debut=96&histo_track=1&m=08&y=2021 HTTP/1.1" 200 130982 "-" "Mozilla/5.0 (compatible; SemrushBot/7~bl; +http://www.semrush.com/bot.html)"
185.191.171.12 - - [15/Jun/2026:05:03:34 +0200] "GET /new-products.php?a=12&b=1&debut=0&debut=384&debut=396&debut=396&debut=396&debut=432&debut=48&m=12&y=2020 HTTP/1.1" 200 130490 "-" "Mozilla/5.0 (compatible; SemrushBot/7~bl; +http://www.semrush.com/bot.html)"
66.249.65.73 - - [15/Jun/2026:05:03:36 +0200] "GET /uploadfiles/products/mini/16109118620CM.jpg HTTP/1.1" 200 18307 "-" "Googlebot-Image/1.0"
185.191.171.14 - - [15/Jun/2026:05:03:45 +0200] "GET /new-products.php?a=12&b=1&debut=0&debut=0&debut=384&debut=396&debut=396&debut=396&debut=48&m=06&seo_cat&x21=1&y=2022 HTTP/1.1" 200 74677 "-" "Mozilla/5.0 (compatible; SemrushBot/7~bl; +http://www.semrush.com/bot.html)"
85.208.96.207 - - [15/Jun/2026:05:03:52 +0200] "GET /new-products.php?a=12&a=12&b=1&b=1&debut=0&debut=0&debut=12&debut=84&m=07&seo_cat&seo_cat&x20=1&x21=1&y=2024 HTTP/1.1" 200 74627 "-" "Mozilla/5.0 (compatible; SemrushBot/7~bl; +http://www.semrush.com/bot.html)"
185.191.171.19 - - [15/Jun/2026:05:04:05 +0200] "GET /new-products.php?a=12&a=12&b=1&b=1&debut=0&debut=0&debut=0&debut=48&debut=60&histo_track=1&m=04&seo_cat&x23=1&y=2022 HTTP/1.1" 200 98904 "-" "Mozilla/5.0 (compatible; SemrushBot/7~bl; +http://www.semrush.com/bot.html)"
85.208.96.193 - - [15/Jun/2026:05:04:13 +0200] "GET /new-products.php?a=12&a=12&a=12&b=1&b=1&b=1&debut=324&debut=324&debut=348&debut=396&m=05&y=2024 HTTP/1.1" 200 74532 "-" "Mozilla/5.0 (compatible; SemrushBot/7~bl; +http://www.semrush.com/bot.html)"
66.249.65.74 - - [15/Jun/2026:05:04:49 +0200] "GET /uploadfiles/products/mini/16056479080famille-presque-zero-dechet-ze-jeu.jpg HTTP/1.1" 200 18539 "-" "Googlebot-Image/1.0"
85.208.96.205 - - [15/Jun/2026:05:04:53 +0200] "GET /new-products.php?a=12&b=1&debut=0&debut=0&debut=372&debut=372&debut=72&seo_cat&seo_cat&x23=0&x23=1 HTTP/1.1" 200 74578 "-" "Mozilla/5.0 (compatible; SemrushBot/7~bl; +http://www.semrush.com/bot.html)"
185.191.171.5 - - [15/Jun/2026:05:05:11 +0200] "GET /new-products.php?a=12&a=12&b=1&b=1&debut=0&debut=36&debut=396&debut=396&debut=48&seo_cat&x24=1 HTTP/1.1" 200 74550 "-" "Mozilla/5.0 (compatible; SemrushBot/7~bl; +http://www.semrush.com/bot.html)"
185.191.171.16 - - [15/Jun/2026:05:05:14 +0200] "GET /new-products.php?a=12&b=1&debut=0&debut=0&debut=0&debut=0&debut=0&debut=0&debut=396&debut=432&debut=432&debut=432&debut=72 HTTP/1.1" 200 129676 "-" "Mozilla/5.0 (compatible; SemrushBot/7~bl; +http://www.semrush.com/bot.html)"
185.191.171.5 - - [15/Jun/2026:05:05:39 +0200] "GET /new-products.php?a=12&a=12&a=12&b=1&b=1&b=1&debut=0&debut=36&debut=396&debut=396&debut=48&m=12&y=2018 HTTP/1.1" 200 130488 "-" "Mozilla/5.0 (compatible; SemrushBot/7~bl; +http://www.semrush.com/bot.html)"
85.208.96.204 - - [15/Jun/2026:05:05:54 +0200] "GET /new-products.php?a=12&a=12&b=1&b=1&debut=0&debut=0&debut=36&debut=396&debut=396&debut=60&m=06&seo_cat&x23=1&y=2024 HTTP/1.1" 200 98941 "-" "Mozilla/5.0 (compatible; SemrushBot/7~bl; +http://www.semrush.com/bot.html)"
185.191.171.7 - - [15/Jun/2026:05:06:04 +0200] "GET /new-products.php?a=12&a=12&b=1&b=1&debut=396&debut=408&debut=432&debut=84&debut=96&histo_track=1&m=10&y=2022 HTTP/1.1" 200 131079 "-" "Mozilla/5.0 (compatible; SemrushBot/7~bl; +http://www.semrush.com/bot.html)"
47.79.51.218 - - [15/Jun/2026:05:06:07 +0200] "GET /marques.php?debut=0&debut=0&debut=0&debut=0&debut=0&histo_track=1&seo=23-produits-locaux&seo_marq=23&seo_marq=23&seo_marq=23&seo_marq=23&seo_marq=23&t109=1&t113=1&t117=1&t117=0&t98=1 HTTP/1.1" 200 118767 "-" "Mozilla/5.0 (Windows NT 10.0; Win64; x64) AppleWebKit/537.36 (KHTML, like Gecko) Chrome/144.0.0.0 Safari/537.36"
85.208.96.203 - - [15/Jun/2026:05:06:21 +0200] "GET /new-products.php?a=12&a=12&b=1&b=1&debut=0&debut=0&debut=396&debut=396&debut=48&debut=72&m=06&seo_cat&x23=1&y=2018 HTTP/1.1" 200 74663 "-" "Mozilla/5.0 (compatible; SemrushBot/7~bl; +http://www.semrush.com/bot.html)"
185.191.171.16 - - [15/Jun/2026:05:06:28 +0200] "GET /new-products.php?a=12&b=1&debut=0&debut=0&debut=0&debut=0&debut=408&debut=408&debut=408&debut=408&debut=48&m=10&y=2020 HTTP/1.1" 200 130832 "-" "Mozilla/5.0 (compatible; SemrushBot/7~bl; +http://www.semrush.com/bot.html)"
142.93.246.121 - - [15/Jun/2026:05:06:31 +0200] "GET /uploadfiles/products/mini/1744276550027.JPG HTTP/1.1" 301 317 "https://vracandbio.com/" "Mozilla/5.0 (Windows NT 10.0; Win64; x64) AppleWebKit/537.36 (KHTML, like Gecko) Chrome/104.0.5112.81 Safari/537.36"
185.191.171.13 - - [15/Jun/2026:05:06:32 +0200] "GET /new-products.php?a=12&a=12&a=12&a=12&b=1&b=1&b=1&b=1&debut=24&debut=48&debut=84&debut=96&m=08&y=2025 HTTP/1.1" 200 130809 "-" "Mozilla/5.0 (compatible; SemrushBot/7~bl; +http://www.semrush.com/bot.html)"
142.93.246.121 - - [15/Jun/2026:05:06:33 +0200] "GET /uploadfiles/products/mini/1744276550027.JPG HTTP/1.1" 200 18890 "https://vracandbio.com/" "Mozilla/5.0 (Windows NT 10.0; Win64; x64) AppleWebKit/537.36 (KHTML, like Gecko) Chrome/104.0.5112.81 Safari/537.36"
85.208.96.196 - - [15/Jun/2026:05:06:35 +0200] "GET /new-products.php?a=12&a=12&a=12&a=12&b=1&b=1&b=1&b=1&debut=0&debut=108&debut=12&debut=36&debut=60&m=07&y=2025 HTTP/1.1" 200 130132 "-" "Mozilla/5.0 (compatible; SemrushBot/7~bl; +http://www.semrush.com/bot.html)"
185.191.171.12 - - [15/Jun/2026:05:06:38 +0200] "GET /new-products.php?a=12&a=12&a=12&b=1&b=1&b=1&debut=0&debut=24&debut=396&debut=60&debut=96&histo_track=1&seo_cat&x21=1 HTTP/1.1" 200 74704 "-" "Mozilla/5.0 (compatible; SemrushBot/7~bl; +http://www.semrush.com/bot.html)"
185.191.171.6 - - [15/Jun/2026:05:07:02 +0200] "GET /new-products.php?a=12&b=1&debut=0&debut=0&debut=0&debut=372&debut=432&m=03&seo_cat&seo_cat&x24=1&x26=1&y=2022 HTTP/1.1" 200 74631 "-" "Mozilla/5.0 (compatible; SemrushBot/7~bl; +http://www.semrush.com/bot.html)"
185.191.171.2 - - [15/Jun/2026:05:07:04 +0200] "GET /new-products.php?a=12&b=1&debut=0&debut=0&debut=0&debut=0&debut=0&debut=372&debut=48&histo_track=1&m=05&y=2020 HTTP/1.1" 200 130628 "-" "Mozilla/5.0 (compatible; SemrushBot/7~bl; +http://www.semrush.com/bot.html)"
185.191.171.5 - - [15/Jun/2026:05:07:31 +0200] "GET /new-products.php?a=12&b=1&debut=0&debut=0&debut=0&debut=84&histo_track=1&m=04&seo_cat&x23=1&y=2024 HTTP/1.1" 200 74552 "-" "Mozilla/5.0 (compatible; SemrushBot/7~bl; +http://www.semrush.com/bot.html)"
185.191.171.15 - - [15/Jun/2026:05:07:40 +0200] "GET /new-products.php?a=12&a=12&b=1&b=1&debut=372&debut=372&debut=396&debut=396&debut=48&debut=84&m=11&y=2025 HTTP/1.1" 200 132170 "-" "Mozilla/5.0 (compatible; SemrushBot/7~bl; +http://www.semrush.com/bot.html)"
185.191.171.14 - - [15/Jun/2026:05:07:58 +0200] "GET /new-products.php?a=12&b=1&debut=0&debut=0&debut=372&debut=396&debut=396&debut=432&debut=60&histo_track=1&seo_cat&x23=1 HTTP/1.1" 200 98964 "-" "Mozilla/5.0 (compatible; SemrushBot/7~bl; +http://www.semrush.com/bot.html)"
85.208.96.204 - - [15/Jun/2026:05:08:08 +0200] "GET /new-products.php?a=12&a=12&b=1&b=1&debut=0&debut=24&debut=396&debut=396&debut=432&debut=72&histo_track=1&m=12&y=2021 HTTP/1.1" 200 129513 "-" "Mozilla/5.0 (compatible; SemrushBot/7~bl; +http://www.semrush.com/bot.html)"
85.208.96.210 - - [15/Jun/2026:05:08:11 +0200] "GET /new-products.php?a=12&a=12&b=1&b=1&debut=0&debut=0&debut=324&debut=372&debut=396&seo_cat&x26=1 HTTP/1.1" 200 74550 "-" "Mozilla/5.0 (compatible; SemrushBot/7~bl; +http://www.semrush.com/bot.html)"
121.37.87.148 - - [15/Jun/2026:05:08:47 +0200] "GET /produit-622-recharge-liquide-vaisselle-agrumes?m=03&y=2026 HTTP/1.1" 200 110849 "https://www.vracandbio.com/produit-622-recharge-liquide-vaisselle-agrumes?m=03&y=2026" "Mozilla/5.0 (Macintosh; Intel Mac OS X 10_15_7) AppleWebKit/537.36 (KHTML, like Gecko) Chrome/119.0.0.0 Safari/537.36"
85.208.96.205 - - [15/Jun/2026:05:09:31 +0200] "GET /new-products.php?a=12&b=1&debut=0&debut=0&debut=396&debut=72&histo_track=1&m=11&seo_cat&seo_cat&x20=0&x20=1&y=2023 HTTP/1.1" 200 74667 "-" "Mozilla/5.0 (compatible; SemrushBot/7~bl; +http://www.semrush.com/bot.html)"
185.191.171.11 - - [15/Jun/2026:05:09:34 +0200] "GET /new-products.php?a=12&a=12&b=1&b=1&debut=108&debut=396&debut=396&debut=396&debut=396&debut=396&debut=72&m=06&y=2023 HTTP/1.1" 200 129474 "-" "Mozilla/5.0 (compatible; SemrushBot/7~bl; +http://www.semrush.com/bot.html)"
66.249.65.72 - - [15/Jun/2026:05:09:44 +0200] "GET /uploadfiles/products/mini/15641526930PNG.jpg HTTP/1.1" 200 17291 "-" "Googlebot-Image/1.0"
185.191.171.5 - - [15/Jun/2026:05:09:43 +0200] "GET /new-products.php?a=12&a=12&b=1&b=1&debut=0&debut=0&debut=0&debut=312&debut=324&debut=396&m=03&seo_cat&x24=1&y=2021 HTTP/1.1" 200 74666 "-" "Mozilla/5.0 (compatible; SemrushBot/7~bl; +http://www.semrush.com/bot.html)"
185.191.171.15 - - [15/Jun/2026:05:09:59 +0200] "GET /new-products.php?a=12&a=12&b=1&b=1&debut=384&debut=384&debut=396&debut=396&debut=60&debut=84&histo_track=1&m=03&y=2024 HTTP/1.1" 200 132522 "-" "Mozilla/5.0 (compatible; SemrushBot/7~bl; +http://www.semrush.com/bot.html)"
66.249.65.72 - - [15/Jun/2026:05:10:00 +0200] "GET /categorie-52-savons HTTP/1.1" 200 158106 "-" "Mozilla/5.0 (Linux; Android 6.0.1; Nexus 5X Build/MMB29P) AppleWebKit/537.36 (KHTML, like Gecko) Chrome/148.0.7778.96 Mobile Safari/537.36 (compatible; Googlebot/2.1; +http://www.google.com/bot.html)"
185.191.171.15 - - [15/Jun/2026:05:10:03 +0200] "GET /new-products.php?a=12&a=12&a=12&a=12&b=1&b=1&b=1&b=1&debut=48&debut=72&debut=72&debut=84 HTTP/1.1" 200 131796 "-" "Mozilla/5.0 (compatible; SemrushBot/7~bl; +http://www.semrush.com/bot.html)"
85.208.96.195 - - [15/Jun/2026:05:10:24 +0200] "GET /new-products.php?a=12&a=12&b=1&b=1&debut=0&debut=0&debut=0&debut=108&debut=360&debut=360&debut=372&debut=372&debut=84 HTTP/1.1" 200 132521 "-" "Mozilla/5.0 (compatible; SemrushBot/7~bl; +http://www.semrush.com/bot.html)"
85.208.96.198 - - [15/Jun/2026:05:10:26 +0200] "GET /new-products.php?a=12&a=12&a=12&b=1&b=1&b=1&debut=384&debut=408&debut=48&debut=60&debut=84&histo_track=1&m=03&y=2022 HTTP/1.1" 200 132472 "-" "Mozilla/5.0 (compatible; SemrushBot/7~bl; +http://www.semrush.com/bot.html)"
85.208.96.210 - - [15/Jun/2026:05:10:28 +0200] "GET /new-products.php?a=12&a=12&a=12&b=1&b=1&b=1&debut=24&debut=360&debut=360&debut=396&histo_track=1&m=04&y=2020 HTTP/1.1" 200 74622 "-" "Mozilla/5.0 (compatible; SemrushBot/7~bl; +http://www.semrush.com/bot.html)"
185.191.171.19 - - [15/Jun/2026:05:10:36 +0200] "GET /new-products.php?a=12&a=12&a=12&b=1&b=1&b=1&debut=0&debut=0&debut=0&debut=36&debut=384&m=01&y=2018 HTTP/1.1" 200 74557 "-" "Mozilla/5.0 (compatible; SemrushBot/7~bl; +http://www.semrush.com/bot.html)"
54.86.115.253 - - [15/Jun/2026:05:10:48 +0200] "GET / HTTP/1.1" 200 212483 "https://109.234.164.53:443" "RecordedFuture Global Inventory Crawler"
185.191.171.18 - - [15/Jun/2026:05:11:21 +0200] "GET /new-products.php?a=12&a=12&b=1&b=1&debut=0&debut=0&debut=72&debut=96&m=06&seo_cat&seo_cat&x24=0&x24=1&y=2019 HTTP/1.1" 200 74621 "-" "Mozilla/5.0 (compatible; SemrushBot/7~bl; +http://www.semrush.com/bot.html)"
185.191.171.13 - - [15/Jun/2026:05:11:24 +0200] "GET /new-products.php?a=12&a=12&b=1&b=1&debut=0&debut=372&debut=408&debut=432&debut=432&debut=48&debut=60&m=11&y=2021 HTTP/1.1" 200 130205 "-" "Mozilla/5.0 (compatible; SemrushBot/7~bl; +http://www.semrush.com/bot.html)"
185.191.171.8 - - [15/Jun/2026:05:11:46 +0200] "GET /new-products.php?a=12&a=12&b=1&b=1&debut=0&debut=0&debut=372&debut=396&debut=60&debut=96&seo_cat&seo_cat&x21=0&x21=1 HTTP/1.1" 200 74704 "-" "Mozilla/5.0 (compatible; SemrushBot/7~bl; +http://www.semrush.com/bot.html)"
185.191.171.1 - - [15/Jun/2026:05:11:58 +0200] "GET /new-products.php?a=12&a=12&a=12&b=1&b=1&b=1&debut=0&debut=108&debut=120&debut=384&debut=72&histo_track=1&m=02&y=2021 HTTP/1.1" 200 129430 "-" "Mozilla/5.0 (compatible; SemrushBot/7~bl; +http://www.semrush.com/bot.html)"
85.208.96.198 - - [15/Jun/2026:05:12:16 +0200] "GET /new-products.php?a=12&a=12&a=12&b=1&b=1&b=1&debut=0&debut=108&debut=24&debut=60&m=05&seo_cat&x20=1&y=2024 HTTP/1.1" 200 74602 "-" "Mozilla/5.0 (compatible; SemrushBot/7~bl; +http://www.semrush.com/bot.html)"
66.249.65.73 - - [15/Jun/2026:05:12:27 +0200] "GET /produit-251-fusilli-encre-de-seiche-bio-250g HTTP/1.1" 200 83140 "-" "Mozilla/5.0 (Linux; Android 6.0.1; Nexus 5X Build/MMB29P) AppleWebKit/537.36 (KHTML, like Gecko) Chrome/148.0.7778.96 Mobile Safari/537.36 (compatible; Googlebot/2.1; +http://www.google.com/bot.html)"
85.208.96.196 - - [15/Jun/2026:05:12:28 +0200] "GET /new-products.php?a=12&a=12&b=1&b=1&debut=0&debut=0&debut=72&debut=84&m=04&seo_cat&seo_cat&x24=1&x26=1&y=2022 HTTP/1.1" 200 74622 "-" "Mozilla/5.0 (compatible; SemrushBot/7~bl; +http://www.semrush.com/bot.html)"
85.208.96.210 - - [15/Jun/2026:05:12:57 +0200] "GET /new-products.php?a=12&b=1&debut=0&debut=0&debut=0&debut=372&debut=396&debut=432&debut=432&debut=432&debut=60&m=03&y=2021 HTTP/1.1" 200 130404 "-" "Mozilla/5.0 (compatible; SemrushBot/7~bl; +http://www.semrush.com/bot.html)"
