185.191.171.5 - - [20/Aug/2026:08:42:21 +0200] "GET /new-products.php?a=12&b=1&debut=0&debut=84&m=06&seo_cat&x20=1&y=2025 HTTP/1.1" 200 74414 "-" "Mozilla/5.0 (compatible; SemrushBot/7~bl; +http://www.semrush.com/bot.html)"
85.208.96.207 - - [20/Aug/2026:08:42:24 +0200] "GET /new-products.php?a=12&a=12&b=1&b=1&debut=384&debut=384&debut=384&debut=396&debut=396&debut=48&debut=60 HTTP/1.1" 200 129803 "-" "Mozilla/5.0 (compatible; SemrushBot/7~bl; +http://www.semrush.com/bot.html)"
185.191.171.14 - - [20/Aug/2026:08:42:28 +0200] "GET /new-products.php?a=12&b=1&debut=0&debut=0&debut=372&debut=432&m=12&seo_cat&seo_cat&x21=1&x23=1&y=2021 HTTP/1.1" 200 74586 "-" "Mozilla/5.0 (compatible; SemrushBot/7~bl; +http://www.semrush.com/bot.html)"
37.59.204.144 - - [20/Aug/2026:08:42:32 +0200] "GET /nous-contacter?m=09&y=2026 HTTP/1.1" 200 78212 "-" "Mozilla/5.0 (compatible; AhrefsBot/7.0; +http://ahrefs.com/robot/)"
92.222.104.202 - - [20/Aug/2026:08:43:17 +0200] "GET /?m=11&y=2055 HTTP/1.1" 200 212743 "-" "Mozilla/5.0 (compatible; AhrefsBot/7.0; +http://ahrefs.com/robot/)"
185.191.171.11 - - [20/Aug/2026:08:43:26 +0200] "GET /new-products.php?a=12&a=12&a=12&b=1&b=1&b=1&debut=0&debut=408&debut=60&debut=60&debut=96&histo_track=1&m=03&y=2021 HTTP/1.1" 200 130034 "-" "Mozilla/5.0 (compatible; SemrushBot/7~bl; +http://www.semrush.com/bot.html)"
185.191.171.14 - - [20/Aug/2026:08:43:53 +0200] "GET /new-products.php?a=12&b=1&debut=0&debut=0&debut=396&debut=396&debut=84&m=03&seo_cat&seo_cat&x23=1&x26=1&y=2025 HTTP/1.1" 200 74711 "-" "Mozilla/5.0 (compatible; SemrushBot/7~bl; +http://www.semrush.com/bot.html)"
185.191.171.14 - - [20/Aug/2026:08:43:59 +0200] "GET /new-products.php?a=12&a=12&a=12&a=12&b=1&b=1&b=1&b=1&debut=120&debut=36&debut=432&debut=60&debut=72&histo_track=1 HTTP/1.1" 200 129577 "-" "Mozilla/5.0 (compatible; SemrushBot/7~bl; +http://www.semrush.com/bot.html)"
157.55.39.7 - - [20/Aug/2026:08:44:05 +0200] "GET /uploadfiles/products/mini/16055498960MBC.jpg HTTP/1.1" 200 13832 "-" "Mozilla/5.0 AppleWebKit/537.36 (KHTML, like Gecko; compatible; bingbot/2.0; +http://www.bing.com/bingbot.htm) Chrome/116.0.1938.76 Safari/537.36"
185.191.171.14 - - [20/Aug/2026:08:44:06 +0200] "GET /new-products.php?a=12&a=12&a=12&b=1&b=1&b=1&debut=120&debut=372&debut=396&debut=408&debut=60&debut=96&m=07&y=2021 HTTP/1.1" 200 130012 "-" "Mozilla/5.0 (compatible; SemrushBot/7~bl; +http://www.semrush.com/bot.html)"
51.75.236.147 - - [20/Aug/2026:08:44:07 +0200] "GET /?m=09&y=2045 HTTP/1.1" 200 212509 "-" "Mozilla/5.0 (compatible; AhrefsBot/7.0; +http://ahrefs.com/robot/)"
40.77.167.132 - - [20/Aug/2026:08:44:24 +0200] "GET /uploadfiles/products/mini/15645833470datte.jpg HTTP/1.1" 200 16886 "-" "Mozilla/5.0 AppleWebKit/537.36 (KHTML, like Gecko; compatible; bingbot/2.0; +http://www.bing.com/bingbot.htm) Chrome/116.0.1938.76 Safari/537.36"
85.208.96.210 - - [20/Aug/2026:08:44:39 +0200] "GET /new-products.php?a=12&a=12&a=12&b=1&b=1&b=1&debut=396&debut=396&debut=396&debut=72&debut=84&debut=96&m=03&y=2019 HTTP/1.1" 200 129984 "-" "Mozilla/5.0 (compatible; SemrushBot/7~bl; +http://www.semrush.com/bot.html)"
85.208.96.206 - - [20/Aug/2026:08:44:43 +0200] "GET /marques.php?debut=0&seo=23-produits-locaux&seo_marq=23&t114=1 HTTP/1.1" 200 90911 "-" "Mozilla/5.0 (compatible; SemrushBot/7~bl; +http://www.semrush.com/bot.html)"
185.191.171.16 - - [20/Aug/2026:08:44:46 +0200] "GET /new-products.php?a=12&a=12&b=1&b=1&debut=0&debut=24&debut=396&debut=432&debut=432&debut=60&m=01&y=2022 HTTP/1.1" 200 129773 "-" "Mozilla/5.0 (compatible; SemrushBot/7~bl; +http://www.semrush.com/bot.html)"
85.208.96.203 - - [20/Aug/2026:08:44:49 +0200] "GET /new-products.php?a=12&a=12&b=1&b=1&debut=372&debut=372&debut=372&debut=48&debut=96&histo_track=1&m=09&y=2023 HTTP/1.1" 200 129886 "-" "Mozilla/5.0 (compatible; SemrushBot/7~bl; +http://www.semrush.com/bot.html)"
92.222.108.126 - - [20/Aug/2026:08:45:01 +0200] "GET /?m=11&y=2048 HTTP/1.1" 200 213115 "-" "Mozilla/5.0 (compatible; AhrefsBot/7.0; +http://ahrefs.com/robot/)"
185.191.171.14 - - [20/Aug/2026:08:45:09 +0200] "GET /new-products.php?a=12&a=12&a=12&b=1&b=1&b=1&debut=0&debut=120&debut=360&debut=60&debut=84&m=09&y=2020 HTTP/1.1" 200 133108 "-" "Mozilla/5.0 (compatible; SemrushBot/7~bl; +http://www.semrush.com/bot.html)"
185.191.171.3 - - [20/Aug/2026:08:45:18 +0200] "GET /new-products.php?a=12&a=12&a=12&b=1&b=1&b=1&debut=396&debut=432&debut=432&debut=60&debut=84&debut=96&m=03&y=2020 HTTP/1.1" 200 130057 "-" "Mozilla/5.0 (compatible; SemrushBot/7~bl; +http://www.semrush.com/bot.html)"
185.191.171.7 - - [20/Aug/2026:08:45:21 +0200] "GET /new-products.php?a=12&a=12&a=12&a=12&b=1&b=1&b=1&b=1&debut=312&debut=336&debut=36&debut=360&debut=372 HTTP/1.1" 200 96428 "-" "Mozilla/5.0 (compatible; SemrushBot/7~bl; +http://www.semrush.com/bot.html)"
85.208.96.206 - - [20/Aug/2026:08:45:28 +0200] "GET /new-products.php?a=12&b=1&debut=0&debut=0&debut=0&debut=0&debut=0&debut=0&debut=336&debut=396&histo_track=1&m=02&y=2020 HTTP/1.1" 200 74705 "-" "Mozilla/5.0 (compatible; SemrushBot/7~bl; +http://www.semrush.com/bot.html)"
157.55.39.7 - - [20/Aug/2026:08:45:48 +0200] "GET /blog-upcycling-d-un-touret-etape-par-etape HTTP/1.1" 200 115616 "-" "Mozilla/5.0 AppleWebKit/537.36 (KHTML, like Gecko; compatible; bingbot/2.0; +http://www.bing.com/bingbot.htm) Chrome/116.0.1938.76 Safari/537.36"
37.59.204.140 - - [20/Aug/2026:08:45:54 +0200] "GET /?m=02&y=2058 HTTP/1.1" 200 212883 "-" "Mozilla/5.0 (compatible; AhrefsBot/7.0; +http://ahrefs.com/robot/)"
85.208.96.206 - - [20/Aug/2026:08:46:03 +0200] "GET /new-products.php?a=12&a=12&b=1&b=1&debut=0&debut=0&debut=0&debut=24&debut=408&debut=48&m=12&seo_cat&x24=1&y=2022 HTTP/1.1" 200 74663 "-" "Mozilla/5.0 (compatible; SemrushBot/7~bl; +http://www.semrush.com/bot.html)"
185.191.171.3 - - [20/Aug/2026:08:46:07 +0200] "GET /new-products.php?a=12&a=12&a=12&b=1&b=1&b=1&debut=0&debut=0&debut=0&debut=12&debut=372&debut=60&m=03&y=2025 HTTP/1.1" 200 129895 "-" "Mozilla/5.0 (compatible; SemrushBot/7~bl; +http://www.semrush.com/bot.html)"
185.191.171.9 - - [20/Aug/2026:08:46:09 +0200] "GET /new-products.php?a=12&b=1&debut=0&debut=396&debut=396&debut=396&debut=60&histo_track=1&m=01&y=2022 HTTP/1.1" 200 129673 "-" "Mozilla/5.0 (compatible; SemrushBot/7~bl; +http://www.semrush.com/bot.html)"
85.208.96.200 - - [20/Aug/2026:08:46:23 +0200] "GET /new-products.php?a=12&a=12&a=12&b=1&b=1&b=1&debut=108&debut=24&debut=396&debut=396&debut=60&m=05&y=2020 HTTP/1.1" 200 129721 "-" "Mozilla/5.0 (compatible; SemrushBot/7~bl; +http://www.semrush.com/bot.html)"
54.37.118.69 - - [20/Aug/2026:08:46:39 +0200] "GET /?m=05&y=1996 HTTP/1.1" 200 213121 "-" "Mozilla/5.0 (compatible; AhrefsBot/7.0; +http://ahrefs.com/robot/)"
185.191.171.14 - - [20/Aug/2026:08:46:46 +0200] "GET /new-products.php?a=12&a=12&b=1&b=1&debut=0&debut=396&debut=84&debut=96&histo_track=1&m=05&seo_cat&x26=1&y=2024 HTTP/1.1" 200 74637 "-" "Mozilla/5.0 (compatible; SemrushBot/7~bl; +http://www.semrush.com/bot.html)"
85.208.96.207 - - [20/Aug/2026:08:47:23 +0200] "GET /new-products.php?a=12&b=1&debut=0&debut=0&debut=0&debut=360&debut=384&m=05&seo_cat&seo_cat&x21=1&x24=1&y=2021 HTTP/1.1" 200 74703 "-" "Mozilla/5.0 (compatible; SemrushBot/7~bl; +http://www.semrush.com/bot.html)"
37.59.204.157 - - [20/Aug/2026:08:47:25 +0200] "GET /?m=11&y=1983 HTTP/1.1" 200 212902 "-" "Mozilla/5.0 (compatible; AhrefsBot/7.0; +http://ahrefs.com/robot/)"
185.191.171.18 - - [20/Aug/2026:08:47:33 +0200] "GET /new-products.php?a=12&b=1&debut=0&debut=0&debut=0&debut=0&debut=396&debut=432&debut=48&histo_track=1&m=02&y=2020 HTTP/1.1" 200 130640 "-" "Mozilla/5.0 (compatible; SemrushBot/7~bl; +http://www.semrush.com/bot.html)"
185.191.171.16 - - [20/Aug/2026:08:47:37 +0200] "GET /new-products.php?a=12&a=12&b=1&b=1&debut=0&debut=0&debut=0&debut=36&debut=384&debut=60&m=01&seo_cat&x23=1&y=2025 HTTP/1.1" 200 82267 "-" "Mozilla/5.0 (compatible; SemrushBot/7~bl; +http://www.semrush.com/bot.html)"
185.191.171.16 - - [20/Aug/2026:08:47:39 +0200] "GET /new-products.php?a=12&a=12&b=1&b=1&debut=0&debut=0&debut=0&debut=36&debut=384&debut=60&m=01&seo_cat&x23=1&y=2025 HTTP/1.1" 200 82267 "-" "Mozilla/5.0 (compatible; SemrushBot/7~bl; +http://www.semrush.com/bot.html)"
85.208.96.208 - - [20/Aug/2026:08:47:43 +0200] "GET /new-products.php?a=12&b=1&debut=0&debut=0&debut=0&debut=24&debut=396&histo_track=1&m=12&seo_cat&x24=1&y=2023 HTTP/1.1" 200 74635 "-" "Mozilla/5.0 (compatible; SemrushBot/7~bl; +http://www.semrush.com/bot.html)"
40.77.167.26 - - [20/Aug/2026:08:47:49 +0200] "GET /produit-553-precommande-veau-bio-octobre-2025?m=08&y=2026 HTTP/1.1" 200 102096 "-" "Mozilla/5.0 AppleWebKit/537.36 (KHTML, like Gecko; compatible; bingbot/2.0; +http://www.bing.com/bingbot.htm) Chrome/116.0.1938.76 Safari/537.36"
57.141.12.55 - - [20/Aug/2026:08:47:57 +0200] "GET / HTTP/1.1" 200 212681 "-" "facebookexternalhit/1.1 (+http://www.facebook.com/externalhit_uatext.php)"
185.191.171.17 - - [20/Aug/2026:08:47:58 +0200] "GET /new-products.php?a=12&a=12&a=12&b=1&b=1&b=1&debut=0&debut=0&debut=0&debut=48&debut=72&debut=96&m=12&y=2021 HTTP/1.1" 200 129845 "-" "Mozilla/5.0 (compatible; SemrushBot/7~bl; +http://www.semrush.com/bot.html)"
85.208.96.211 - - [20/Aug/2026:08:48:05 +0200] "GET /new-products.php?a=12&b=1&debut=0&debut=0&debut=384&debut=396&m=11&seo_cat&x26=1&y=2017 HTTP/1.1" 200 74478 "-" "Mozilla/5.0 (compatible; SemrushBot/7~bl; +http://www.semrush.com/bot.html)"
66.249.72.2 - - [20/Aug/2026:08:48:11 +0200] "GET /produit-395-gel-douche-neutre-liquide-500-g?m=09&y=2026 HTTP/1.1" 200 143075 "-" "Mozilla/5.0 (Linux; Android 6.0.1; Nexus 5X Build/MMB29P) AppleWebKit/537.36 (KHTML, like Gecko) Chrome/151.0.7922.137 Mobile Safari/537.36 (compatible; Googlebot/2.1; +http://www.google.com/bot.html)"
5.39.1.242 - - [20/Aug/2026:08:48:14 +0200] "GET /?m=07&y=1985 HTTP/1.1" 200 212797 "-" "Mozilla/5.0 (compatible; AhrefsBot/7.0; +http://ahrefs.com/robot/)"
66.249.72.2 - - [20/Aug/2026:08:48:24 +0200] "GET /new-products.php?m=04&y=2006&debut=60&a=12&b=1 HTTP/1.1" 200 136211 "-" "Mozilla/5.0 (Linux; Android 6.0.1; Nexus 5X Build/MMB29P) AppleWebKit/537.36 (KHTML, like Gecko) Chrome/151.0.7922.137 Mobile Safari/537.36 (compatible; Googlebot/2.1; +http://www.google.com/bot.html)"
85.208.96.208 - - [20/Aug/2026:08:48:32 +0200] "GET /new-products.php?a=12&a=12&a=12&b=1&b=1&b=1&debut=0&debut=12&debut=36&debut=432&debut=456&debut=48&m=12&y=2020 HTTP/1.1" 200 130597 "-" "Mozilla/5.0 (compatible; SemrushBot/7~bl; +http://www.semrush.com/bot.html)"
85.208.96.197 - - [20/Aug/2026:08:48:41 +0200] "GET /new-products.php?a=12&a=12&a=12&b=1&b=1&b=1&debut=0&debut=0&debut=108&debut=72&debut=96&seo_cat&x26=1 HTTP/1.1" 200 74681 "-" "Mozilla/5.0 (compatible; SemrushBot/7~bl; +http://www.semrush.com/bot.html)"
185.191.171.9 - - [20/Aug/2026:08:48:43 +0200] "GET /new-products.php?a=12&b=1&debut=0&debut=0&debut=120&debut=24&histo_track=1&seo_cat&seo_cat&x23=1&x24=1 HTTP/1.1" 200 128947 "-" "Mozilla/5.0 (compatible; SemrushBot/7~bl; +http://www.semrush.com/bot.html)"
185.191.171.3 - - [20/Aug/2026:08:48:50 +0200] "GET /new-products.php?a=12&b=1&debut=0&debut=408&debut=408&debut=408&debut=408&debut=408&debut=72&m=09&seo_cat&x23=1&y=2020 HTTP/1.1" 200 74696 "-" "Mozilla/5.0 (compatible; SemrushBot/7~bl; +http://www.semrush.com/bot.html)"
57.141.2.6 - - [20/Aug/2026:08:48:58 +0200] "GET / HTTP/1.1" 200 213161 "-" "facebookexternalhit/1.1 (+http://www.facebook.com/externalhit_uatext.php)"
92.222.108.101 - - [20/Aug/2026:08:48:58 +0200] "GET /?m=08&y=2052 HTTP/1.1" 200 212544 "-" "Mozilla/5.0 (compatible; AhrefsBot/7.0; +http://ahrefs.com/robot/)"
185.191.171.11 - - [20/Aug/2026:08:49:16 +0200] "GET /new-products.php?a=12&a=12&b=1&b=1&debut=0&debut=0&debut=12&debut=396&debut=60&m=01&seo_cat&x21=1&y=2019 HTTP/1.1" 200 74599 "-" "Mozilla/5.0 (compatible; SemrushBot/7~bl; +http://www.semrush.com/bot.html)"
185.191.171.16 - - [20/Aug/2026:08:49:19 +0200] "GET /new-products.php?a=12&a=12&a=12&b=1&b=1&b=1&debut=0&debut=36&debut=36&debut=72&m=12&y=2020 HTTP/1.1" 200 129219 "-" "Mozilla/5.0 (compatible; SemrushBot/7~bl; +http://www.semrush.com/bot.html)"
185.191.171.16 - - [20/Aug/2026:08:49:31 +0200] "GET /new-products.php?a=12&a=12&b=1&b=1&debut=372&debut=372&debut=396&debut=396&debut=60&debut=72&m=07&y=2021 HTTP/1.1" 200 129561 "-" "Mozilla/5.0 (compatible; SemrushBot/7~bl; +http://www.semrush.com/bot.html)"
85.208.96.210 - - [20/Aug/2026:08:49:36 +0200] "GET /new-products.php?a=12&a=12&b=1&b=1&debut=0&debut=372&debut=372&debut=372&debut=72&debut=84&m=05&seo_cat&x21=1&y=2023 HTTP/1.1" 200 74679 "-" "Mozilla/5.0 (compatible; SemrushBot/7~bl; +http://www.semrush.com/bot.html)"
92.222.104.193 - - [20/Aug/2026:08:49:43 +0200] "GET /?m=10&y=2054 HTTP/1.1" 200 212576 "-" "Mozilla/5.0 (compatible; AhrefsBot/7.0; +http://ahrefs.com/robot/)"
85.208.96.199 - - [20/Aug/2026:08:50:15 +0200] "GET /new-products.php?a=12&b=1&debut=0&debut=0&debut=0&debut=0&debut=396&debut=408&debut=408&debut=408&debut=48&m=03&y=2022 HTTP/1.1" 200 130786 "-" "Mozilla/5.0 (compatible; SemrushBot/7~bl; +http://www.semrush.com/bot.html)"
57.141.6.52 - - [20/Aug/2026:08:50:25 +0200] "GET / HTTP/1.1" 200 213064 "-" "facebookexternalhit/1.1 (+http://www.facebook.com/externalhit_uatext.php)"
85.208.96.201 - - [20/Aug/2026:08:50:28 +0200] "GET /new-products.php?a=12&a=12&a=12&b=1&b=1&b=1&debut=0&debut=132&debut=432&debut=432&debut=60&debut=84&m=12&y=2019 HTTP/1.1" 200 133440 "-" "Mozilla/5.0 (compatible; SemrushBot/7~bl; +http://www.semrush.com/bot.html)"
85.208.96.206 - - [20/Aug/2026:08:50:31 +0200] "GET /new-products.php?a=12&a=12&a=12&b=1&b=1&b=1&debut=0&debut=132&debut=24&debut=372&debut=408&debut=84&m=06&y=2022 HTTP/1.1" 200 133353 "-" "Mozilla/5.0 (compatible; SemrushBot/7~bl; +http://www.semrush.com/bot.html)"
5.39.1.245 - - [20/Aug/2026:08:50:31 +0200] "GET /?m=07&y=2043 HTTP/1.1" 200 212543 "-" "Mozilla/5.0 (compatible; AhrefsBot/7.0; +http://ahrefs.com/robot/)"
185.191.171.2 - - [20/Aug/2026:08:50:39 +0200] "GET /new-products.php?a=12&a=12&a=12&b=1&b=1&b=1&debut=0&debut=0&debut=24&debut=384&debut=60&debut=72&m=06&y=2018 HTTP/1.1" 200 129655 "-" "Mozilla/5.0 (compatible; SemrushBot/7~bl; +http://www.semrush.com/bot.html)"
185.191.171.16 - - [20/Aug/2026:08:51:06 +0200] "GET /new-products.php?a=12&a=12&b=1&b=1&debut=36&debut=372&debut=372&debut=396&debut=396&debut=396&debut=48&m=04&y=2019 HTTP/1.1" 200 130684 "-" "Mozilla/5.0 (compatible; SemrushBot/7~bl; +http://www.semrush.com/bot.html)"
5.39.1.236 - - [20/Aug/2026:08:51:14 +0200] "GET /?m=09&y=1986 HTTP/1.1" 200 212370 "-" "Mozilla/5.0 (compatible; AhrefsBot/7.0; +http://ahrefs.com/robot/)"
185.191.171.13 - - [20/Aug/2026:08:51:22 +0200] "GET /new-products.php?a=12&b=1&debut=0&debut=0&debut=0&debut=36&m=10&seo_cat&seo_cat&seo_cat&x23=1&x24=1&x26=1&y=2022 HTTP/1.1" 200 129087 "-" "Mozilla/5.0 (compatible; SemrushBot/7~bl; +http://www.semrush.com/bot.html)"
66.249.72.3 - - [20/Aug/2026:08:51:28 +0200] "GET /blog-upcycling-d-un-touret-etape-par-etape HTTP/1.1" 200 123563 "-" "Mozilla/5.0 (Linux; Android 6.0.1; Nexus 5X Build/MMB29P) AppleWebKit/537.36 (KHTML, like Gecko) Chrome/151.0.7922.169 Mobile Safari/537.36 (compatible; Googlebot/2.1; +http://www.google.com/bot.html)"
185.191.171.3 - - [20/Aug/2026:08:51:34 +0200] "GET /new-products.php?a=12&a=12&b=1&b=1&debut=0&debut=0&debut=60&debut=96&m=11&seo_cat&seo_cat&x21=1&x26=1&y=2024 HTTP/1.1" 200 74625 "-" "Mozilla/5.0 (compatible; SemrushBot/7~bl; +http://www.semrush.com/bot.html)"
185.191.171.18 - - [20/Aug/2026:08:51:36 +0200] "GET /new-products.php?a=12&a=12&b=1&b=1&debut=0&debut=396&debut=60&debut=72&histo_track=1&m=09&seo_cat&x26=1&y=2020 HTTP/1.1" 200 74640 "-" "Mozilla/5.0 (compatible; SemrushBot/7~bl; +http://www.semrush.com/bot.html)"
85.208.96.211 - - [20/Aug/2026:08:51:52 +0200] "GET /new-products.php?a=12&b=1&debut=0&debut=336&debut=396&m=01&seo_cat&x21=1&y=2018 HTTP/1.1" 200 74424 "-" "Mozilla/5.0 (compatible; SemrushBot/7~bl; +http://www.semrush.com/bot.html)"
194.187.171.138 - - [20/Aug/2026:08:51:54 +0200] "GET /produit-321-blanc-de-meudon-500-g?m=02&y=2025 HTTP/1.1" 200 133826 "-" "Mozilla/5.0 (compatible; Qwantbot/1.0_5201344; +https://help.qwant.com/bot/)"
85.208.96.194 - - [20/Aug/2026:08:52:05 +0200] "GET /new-products.php?a=12&a=12&a=12&b=1&b=1&b=1&debut=120&debut=372&debut=384&debut=384&debut=72&debut=96&m=04&y=2018 HTTP/1.1" 200 130080 "-" "Mozilla/5.0 (compatible; SemrushBot/7~bl; +http://www.semrush.com/bot.html)"
185.191.171.18 - - [20/Aug/2026:08:52:27 +0200] "GET /new-products.php?a=12&a=12&b=1&b=1&debut=0&debut=0&debut=0&debut=12&debut=384&debut=396&m=10&seo_cat&x23=1&y=2018 HTTP/1.1" 200 74662 "-" "Mozilla/5.0 (compatible; SemrushBot/7~bl; +http://www.semrush.com/bot.html)"
86.71.54.100 - - [20/Aug/2026:08:52:29 +0200] "GET /uploadfiles/IMG_3140-min.jpg HTTP/1.1" 200 761272 "https://www.google.com/" "Mozilla/5.0 (Linux; Android 16; SM-G990B2 Build/BP2A.250605.031.A3; wv) AppleWebKit/537.36 (KHTML, like Gecko) Version/4.0 Chrome/150.0.7871.183 Mobile Safari/537.36 GoogleApp/17.50.14.ve.arm64"
86.71.54.100 - - [20/Aug/2026:08:52:38 +0200] "GET /templates/shop/bootstrap/css/bootstrap.min.css HTTP/1.1" 200 106945 "-" "Mozilla/5.0 (Linux; Android 10; K) AppleWebKit/537.36 (KHTML, like Gecko) Chrome/151.0.0.0 Mobile Safari/537.36"
86.71.54.100 - - [20/Aug/2026:08:52:38 +0200] "GET /templates/shop/bootstrap/css/bootstrap-responsive.min.css HTTP/1.1" 200 19072 "-" "Mozilla/5.0 (Linux; Android 10; K) AppleWebKit/537.36 (KHTML, like Gecko) Chrome/151.0.0.0 Mobile Safari/537.36"
86.71.54.100 - - [20/Aug/2026:08:52:39 +0200] "GET /templates/shop/bootstrap/css/bootstrap.min2.css HTTP/1.1" 200 85843 "-" "Mozilla/5.0 (Linux; Android 10; K) AppleWebKit/537.36 (KHTML, like Gecko) Chrome/151.0.0.0 Mobile Safari/537.36"
86.71.54.100 - - [20/Aug/2026:08:52:38 +0200] "GET /blog-upcycling-d-un-touret-etape-par-etape HTTP/1.1" 200 115647 "https://www.google.com/" "Mozilla/5.0 (Linux; Android 10; K) AppleWebKit/537.36 (KHTML, like Gecko) Chrome/151.0.0.0 Mobile Safari/537.36"
86.71.54.100 - - [20/Aug/2026:08:52:39 +0200] "GET /templates/shop/css/font-awesome/css/font-awesome.min.css HTTP/1.1" 200 19431 "-" "Mozilla/5.0 (Linux; Android 10; K) AppleWebKit/537.36 (KHTML, like Gecko) Chrome/151.0.0.0 Mobile Safari/537.36"
86.71.54.100 - - [20/Aug/2026:08:52:39 +0200] "GET /templates/shop/css/font-awesome/css/font-awesome.css HTTP/1.1" 200 28747 "-" "Mozilla/5.0 (Linux; Android 10; K) AppleWebKit/537.36 (KHTML, like Gecko) Chrome/151.0.0.0 Mobile Safari/537.36"
86.71.54.100 - - [20/Aug/2026:08:52:39 +0200] "GET /templates/shop/css/animate.min.css HTTP/1.1" 200 55844 "https://www.vracandbio.com/blog-upcycling-d-un-touret-etape-par-etape" "Mozilla/5.0 (Linux; Android 10; K) AppleWebKit/537.36 (KHTML, like Gecko) Chrome/151.0.0.0 Mobile Safari/537.36"
86.71.54.100 - - [20/Aug/2026:08:52:39 +0200] "GET /templates/shop/css/jssocials-theme-minima.css HTTP/1.1" 200 4308 "https://www.vracandbio.com/blog-upcycling-d-un-touret-etape-par-etape" "Mozilla/5.0 (Linux; Android 10; K) AppleWebKit/537.36 (KHTML, like Gecko) Chrome/151.0.0.0 Mobile Safari/537.36"
86.71.54.100 - - [20/Aug/2026:08:52:39 +0200] "GET /templates/shop/css/jssocials.css HTTP/1.1" 200 1327 "https://www.vracandbio.com/blog-upcycling-d-un-touret-etape-par-etape" "Mozilla/5.0 (Linux; Android 10; K) AppleWebKit/537.36 (KHTML, like Gecko) Chrome/151.0.0.0 Mobile Safari/537.36"
86.71.54.100 - - [20/Aug/2026:08:52:39 +0200] "GET /templates/shop/css/helper.css HTTP/1.1" 200 4957 "https://www.vracandbio.com/blog-upcycling-d-un-touret-etape-par-etape" "Mozilla/5.0 (Linux; Android 10; K) AppleWebKit/537.36 (KHTML, like Gecko) Chrome/151.0.0.0 Mobile Safari/537.36"
86.71.54.100 - - [20/Aug/2026:08:52:39 +0200] "GET /templates/shop/css/dropdown.linear.columnar.css HTTP/1.1" 200 800 "https://www.vracandbio.com/blog-upcycling-d-un-touret-etape-par-etape" "Mozilla/5.0 (Linux; Android 10; K) AppleWebKit/537.36 (KHTML, like Gecko) Chrome/151.0.0.0 Mobile Safari/537.36"
86.71.54.100 - - [20/Aug/2026:08:52:39 +0200] "GET /templates/shop/css/default.advanced.css HTTP/1.1" 200 1652 "https://www.vracandbio.com/blog-upcycling-d-un-touret-etape-par-etape" "Mozilla/5.0 (Linux; Android 10; K) AppleWebKit/537.36 (KHTML, like Gecko) Chrome/151.0.0.0 Mobile Safari/537.36"
86.71.54.100 - - [20/Aug/2026:08:52:39 +0200] "GET /templates/shop/css/style.css HTTP/1.1" 200 12038 "https://www.vracandbio.com/blog-upcycling-d-un-touret-etape-par-etape" "Mozilla/5.0 (Linux; Android 10; K) AppleWebKit/537.36 (KHTML, like Gecko) Chrome/151.0.0.0 Mobile Safari/537.36"
86.71.54.100 - - [20/Aug/2026:08:52:39 +0200] "GET /templates/shop/css/global.php HTTP/1.1" 200 26242 "https://www.vracandbio.com/blog-upcycling-d-un-touret-etape-par-etape" "Mozilla/5.0 (Linux; Android 10; K) AppleWebKit/537.36 (KHTML, like Gecko) Chrome/151.0.0.0 Mobile Safari/537.36"
86.71.54.100 - - [20/Aug/2026:08:52:39 +0200] "GET /templates/shop/css/global_cookies_css.php HTTP/1.1" 200 31 "https://www.vracandbio.com/blog-upcycling-d-un-touret-etape-par-etape" "Mozilla/5.0 (Linux; Android 10; K) AppleWebKit/537.36 (KHTML, like Gecko) Chrome/151.0.0.0 Mobile Safari/537.36"
86.71.54.100 - - [20/Aug/2026:08:52:39 +0200] "GET /templates/shop/css/lightbox.css HTTP/1.1" 200 3875 "https://www.vracandbio.com/blog-upcycling-d-un-touret-etape-par-etape" "Mozilla/5.0 (Linux; Android 10; K) AppleWebKit/537.36 (KHTML, like Gecko) Chrome/151.0.0.0 Mobile Safari/537.36"
86.71.54.100 - - [20/Aug/2026:08:52:39 +0200] "GET /start_to_top/style.css HTTP/1.1" 200 - "https://www.vracandbio.com/blog-upcycling-d-un-touret-etape-par-etape" "Mozilla/5.0 (Linux; Android 10; K) AppleWebKit/537.36 (KHTML, like Gecko) Chrome/151.0.0.0 Mobile Safari/537.36"
86.71.54.100 - - [20/Aug/2026:08:52:39 +0200] "GET /templates/shop/jssor/jssor.css HTTP/1.1" 200 5585 "https://www.vracandbio.com/blog-upcycling-d-un-touret-etape-par-etape" "Mozilla/5.0 (Linux; Android 10; K) AppleWebKit/537.36 (KHTML, like Gecko) Chrome/151.0.0.0 Mobile Safari/537.36"
86.71.54.100 - - [20/Aug/2026:08:52:39 +0200] "GET /templates/shop/css/jquery.bxslider.css HTTP/1.1" 200 3867 "https://www.vracandbio.com/blog-upcycling-d-un-touret-etape-par-etape" "Mozilla/5.0 (Linux; Android 10; K) AppleWebKit/537.36 (KHTML, like Gecko) Chrome/151.0.0.0 Mobile Safari/537.36"
86.71.54.100 - - [20/Aug/2026:08:52:39 +0200] "GET /templates/shop/css/global_end.css HTTP/1.1" 200 1106 "https://www.vracandbio.com/blog-upcycling-d-un-touret-etape-par-etape" "Mozilla/5.0 (Linux; Android 10; K) AppleWebKit/537.36 (KHTML, like Gecko) Chrome/151.0.0.0 Mobile Safari/537.36"
86.71.54.100 - - [20/Aug/2026:08:52:39 +0200] "GET /start_to_top/modernizr.js HTTP/1.1" 200 51364 "https://www.vracandbio.com/blog-upcycling-d-un-touret-etape-par-etape" "Mozilla/5.0 (Linux; Android 10; K) AppleWebKit/537.36 (KHTML, like Gecko) Chrome/151.0.0.0 Mobile Safari/537.36"
86.71.54.100 - - [20/Aug/2026:08:52:39 +0200] "GET /templates/shop/js/jquery.bxslider.js HTTP/1.1" 200 50573 "https://www.vracandbio.com/blog-upcycling-d-un-touret-etape-par-etape" "Mozilla/5.0 (Linux; Android 10; K) AppleWebKit/537.36 (KHTML, like Gecko) Chrome/151.0.0.0 Mobile Safari/537.36"
86.71.54.100 - - [20/Aug/2026:08:52:39 +0200] "GET /js/js.cookie.min.js HTTP/1.1" 200 - "https://www.vracandbio.com/blog-upcycling-d-un-touret-etape-par-etape" "Mozilla/5.0 (Linux; Android 10; K) AppleWebKit/537.36 (KHTML, like Gecko) Chrome/151.0.0.0 Mobile Safari/537.36"
86.71.54.100 - - [20/Aug/2026:08:52:39 +0200] "GET /templates/shop/css/dropdown.linear.css HTTP/1.1" 200 605 "https://www.vracandbio.com/templates/shop/css/dropdown.linear.columnar.css" "Mozilla/5.0 (Linux; Android 10; K) AppleWebKit/537.36 (KHTML, like Gecko) Chrome/151.0.0.0 Mobile Safari/537.36"
86.71.54.100 - - [20/Aug/2026:08:52:39 +0200] "GET /templates/shop/img/15844333790logo_vrac_and_bio.png HTTP/1.1" 200 28253 "https://www.vracandbio.com/blog-upcycling-d-un-touret-etape-par-etape" "Mozilla/5.0 (Linux; Android 10; K) AppleWebKit/537.36 (KHTML, like Gecko) Chrome/151.0.0.0 Mobile Safari/537.36"
86.71.54.100 - - [20/Aug/2026:08:52:39 +0200] "GET /templates/shop/css/dropdown.css HTTP/1.1" 200 937 "https://www.vracandbio.com/templates/shop/css/dropdown.linear.css" "Mozilla/5.0 (Linux; Android 10; K) AppleWebKit/537.36 (KHTML, like Gecko) Chrome/151.0.0.0 Mobile Safari/537.36"
86.71.54.100 - - [20/Aug/2026:08:52:39 +0200] "GET /templates/shop/img/add_cart_hover.png HTTP/1.1" 200 6598 "https://www.vracandbio.com/blog-upcycling-d-un-touret-etape-par-etape" "Mozilla/5.0 (Linux; Android 10; K) AppleWebKit/537.36 (KHTML, like Gecko) Chrome/151.0.0.0 Mobile Safari/537.36"
86.71.54.100 - - [20/Aug/2026:08:52:39 +0200] "GET /includes/stats.php?ref=https%3A%2F%2Fwww.google.com%2F HTTP/1.1" 200 - "https://www.vracandbio.com/blog-upcycling-d-un-touret-etape-par-etape" "Mozilla/5.0 (Linux; Android 10; K) AppleWebKit/537.36 (KHTML, like Gecko) Chrome/151.0.0.0 Mobile Safari/537.36"
86.71.54.100 - - [20/Aug/2026:08:52:39 +0200] "GET /templates/shop/img/back_hover.png HTTP/1.1" 200 6257 "https://www.vracandbio.com/blog-upcycling-d-un-touret-etape-par-etape" "Mozilla/5.0 (Linux; Android 10; K) AppleWebKit/537.36 (KHTML, like Gecko) Chrome/151.0.0.0 Mobile Safari/537.36"
86.71.54.100 - - [20/Aug/2026:08:52:39 +0200] "GET /templates/shop/bootstrap/js/bootstrap.min.js HTTP/1.1" 200 28631 "https://www.vracandbio.com/blog-upcycling-d-un-touret-etape-par-etape" "Mozilla/5.0 (Linux; Android 10; K) AppleWebKit/537.36 (KHTML, like Gecko) Chrome/151.0.0.0 Mobile Safari/537.36"
86.71.54.100 - - [20/Aug/2026:08:52:39 +0200] "GET /templates/shop/js/holder.js HTTP/1.1" 200 10517 "https://www.vracandbio.com/blog-upcycling-d-un-touret-etape-par-etape" "Mozilla/5.0 (Linux; Android 10; K) AppleWebKit/537.36 (KHTML, like Gecko) Chrome/151.0.0.0 Mobile Safari/537.36"
86.71.54.100 - - [20/Aug/2026:08:52:39 +0200] "GET /templates/shop/js/script.js HTTP/1.1" 200 - "https://www.vracandbio.com/blog-upcycling-d-un-touret-etape-par-etape" "Mozilla/5.0 (Linux; Android 10; K) AppleWebKit/537.36 (KHTML, like Gecko) Chrome/151.0.0.0 Mobile Safari/537.36"
86.71.54.100 - - [20/Aug/2026:08:52:39 +0200] "GET /templates/shop/js/verif.js HTTP/1.1" 200 5312 "https://www.vracandbio.com/blog-upcycling-d-un-touret-etape-par-etape" "Mozilla/5.0 (Linux; Android 10; K) AppleWebKit/537.36 (KHTML, like Gecko) Chrome/151.0.0.0 Mobile Safari/537.36"
86.71.54.100 - - [20/Aug/2026:08:52:39 +0200] "GET /templates/shop/css/font-awesome/fonts/fontawesome-webfont.woff2?v=4.3.0 HTTP/1.1" 200 56780 "https://www.vracandbio.com/templates/shop/css/font-awesome/css/font-awesome.css" "Mozilla/5.0 (Linux; Android 10; K) AppleWebKit/537.36 (KHTML, like Gecko) Chrome/151.0.0.0 Mobile Safari/537.36"
86.71.54.100 - - [20/Aug/2026:08:52:39 +0200] "GET /templates/shop/js/menu.js HTTP/1.1" 200 1268 "https://www.vracandbio.com/blog-upcycling-d-un-touret-etape-par-etape" "Mozilla/5.0 (Linux; Android 10; K) AppleWebKit/537.36 (KHTML, like Gecko) Chrome/151.0.0.0 Mobile Safari/537.36"
86.71.54.100 - - [20/Aug/2026:08:52:39 +0200] "GET /templates/shop/js/lightbox.js HTTP/1.1" 200 14936 "https://www.vracandbio.com/blog-upcycling-d-un-touret-etape-par-etape" "Mozilla/5.0 (Linux; Android 10; K) AppleWebKit/537.36 (KHTML, like Gecko) Chrome/151.0.0.0 Mobile Safari/537.36"
86.71.54.100 - - [20/Aug/2026:08:52:40 +0200] "GET /templates/shop/js/jssocials.js HTTP/1.1" 200 13101 "https://www.vracandbio.com/blog-upcycling-d-un-touret-etape-par-etape" "Mozilla/5.0 (Linux; Android 10; K) AppleWebKit/537.36 (KHTML, like Gecko) Chrome/151.0.0.0 Mobile Safari/537.36"
86.71.54.100 - - [20/Aug/2026:08:52:40 +0200] "GET /templates/shop/js/jquery.bootstrap-autohidingnavbar.js HTTP/1.1" 200 5863 "https://www.vracandbio.com/blog-upcycling-d-un-touret-etape-par-etape" "Mozilla/5.0 (Linux; Android 10; K) AppleWebKit/537.36 (KHTML, like Gecko) Chrome/151.0.0.0 Mobile Safari/537.36"
86.71.54.100 - - [20/Aug/2026:08:52:40 +0200] "GET /start_to_top/main.js HTTP/1.1" 200 879 "https://www.vracandbio.com/blog-upcycling-d-un-touret-etape-par-etape" "Mozilla/5.0 (Linux; Android 10; K) AppleWebKit/537.36 (KHTML, like Gecko) Chrome/151.0.0.0 Mobile Safari/537.36"
86.71.54.100 - - [20/Aug/2026:08:52:40 +0200] "GET /ad_cookie_marmiton/mes_donnees.js HTTP/1.1" 200 13112 "https://www.vracandbio.com/blog-upcycling-d-un-touret-etape-par-etape" "Mozilla/5.0 (Linux; Android 10; K) AppleWebKit/537.36 (KHTML, like Gecko) Chrome/151.0.0.0 Mobile Safari/537.36"
86.71.54.100 - - [20/Aug/2026:08:52:40 +0200] "GET /templates/shop/img/Ete_header.png HTTP/1.1" 200 245153 "https://www.vracandbio.com/blog-upcycling-d-un-touret-etape-par-etape" "Mozilla/5.0 (Linux; Android 10; K) AppleWebKit/537.36 (KHTML, like Gecko) Chrome/151.0.0.0 Mobile Safari/537.36"
86.71.54.100 - - [20/Aug/2026:08:52:40 +0200] "GET /templates/shop/img/poursuivre_hover.png HTTP/1.1" 200 5941 "https://www.vracandbio.com/blog-upcycling-d-un-touret-etape-par-etape" "Mozilla/5.0 (Linux; Android 10; K) AppleWebKit/537.36 (KHTML, like Gecko) Chrome/151.0.0.0 Mobile Safari/537.36"
86.71.54.100 - - [20/Aug/2026:08:52:40 +0200] "GET /templates/shop/img/go_search_hover.png HTTP/1.1" 200 3420 "https://www.vracandbio.com/blog-upcycling-d-un-touret-etape-par-etape" "Mozilla/5.0 (Linux; Android 10; K) AppleWebKit/537.36 (KHTML, like Gecko) Chrome/151.0.0.0 Mobile Safari/537.36"
86.71.54.100 - - [20/Aug/2026:08:52:40 +0200] "GET /templates/shop/img/empty_cart_hover.png HTTP/1.1" 200 5916 "https://www.vracandbio.com/blog-upcycling-d-un-touret-etape-par-etape" "Mozilla/5.0 (Linux; Android 10; K) AppleWebKit/537.36 (KHTML, like Gecko) Chrome/151.0.0.0 Mobile Safari/537.36"
86.71.54.100 - - [20/Aug/2026:08:52:40 +0200] "GET /templates/shop/img/retour_liste_hover.png HTTP/1.1" 200 1494 "https://www.vracandbio.com/blog-upcycling-d-un-touret-etape-par-etape" "Mozilla/5.0 (Linux; Android 10; K) AppleWebKit/537.36 (KHTML, like Gecko) Chrome/151.0.0.0 Mobile Safari/537.36"
86.71.54.100 - - [20/Aug/2026:08:52:40 +0200] "GET /templates/shop/img/cart_hover.png HTTP/1.1" 200 6395 "https://www.vracandbio.com/blog-upcycling-d-un-touret-etape-par-etape" "Mozilla/5.0 (Linux; Android 10; K) AppleWebKit/537.36 (KHTML, like Gecko) Chrome/151.0.0.0 Mobile Safari/537.36"
86.71.54.100 - - [20/Aug/2026:08:52:40 +0200] "GET /templates/shop/img/valid_cart_hover.png HTTP/1.1" 200 6567 "https://www.vracandbio.com/blog-upcycling-d-un-touret-etape-par-etape" "Mozilla/5.0 (Linux; Android 10; K) AppleWebKit/537.36 (KHTML, like Gecko) Chrome/151.0.0.0 Mobile Safari/537.36"
86.71.54.100 - - [20/Aug/2026:08:52:40 +0200] "GET /uploadfiles/slide1_internal/0les_infos_de_vrac_and_bio.png HTTP/1.1" 200 19769 "https://www.vracandbio.com/blog-upcycling-d-un-touret-etape-par-etape" "Mozilla/5.0 (Linux; Android 10; K) AppleWebKit/537.36 (KHTML, like Gecko) Chrome/151.0.0.0 Mobile Safari/537.36"
86.71.54.100 - - [20/Aug/2026:08:52:40 +0200] "GET /templates/shop/img/view_product_hover.png HTTP/1.1" 200 18983 "https://www.vracandbio.com/blog-upcycling-d-un-touret-etape-par-etape" "Mozilla/5.0 (Linux; Android 10; K) AppleWebKit/537.36 (KHTML, like Gecko) Chrome/151.0.0.0 Mobile Safari/537.36"
86.71.54.100 - - [20/Aug/2026:08:52:40 +0200] "GET /templates/shop/img/icon-menu.png HTTP/1.1" 200 177 "https://www.vracandbio.com/blog-upcycling-d-un-touret-etape-par-etape" "Mozilla/5.0 (Linux; Android 10; K) AppleWebKit/537.36 (KHTML, like Gecko) Chrome/151.0.0.0 Mobile Safari/537.36"
86.71.54.100 - - [20/Aug/2026:08:52:40 +0200] "GET /uploadfiles/slide1_internal/0l_actualite_de_vrac_and_bio.png HTTP/1.1" 200 17959 "https://www.vracandbio.com/blog-upcycling-d-un-touret-etape-par-etape" "Mozilla/5.0 (Linux; Android 10; K) AppleWebKit/537.36 (KHTML, like Gecko) Chrome/151.0.0.0 Mobile Safari/537.36"
86.71.54.100 - - [20/Aug/2026:08:52:40 +0200] "GET /uploadfiles/IMG_2678.jpg HTTP/1.1" 200 1079220 "https://www.vracandbio.com/blog-upcycling-d-un-touret-etape-par-etape" "Mozilla/5.0 (Linux; Android 10; K) AppleWebKit/537.36 (KHTML, like Gecko) Chrome/151.0.0.0 Mobile Safari/537.36"
86.71.54.100 - - [20/Aug/2026:08:52:40 +0200] "GET /uploadfiles/IMG_3084.jpg HTTP/1.1" 200 1017273 "https://www.vracandbio.com/blog-upcycling-d-un-touret-etape-par-etape" "Mozilla/5.0 (Linux; Android 10; K) AppleWebKit/537.36 (KHTML, like Gecko) Chrome/151.0.0.0 Mobile Safari/537.36"
86.71.54.100 - - [20/Aug/2026:08:52:40 +0200] "GET /uploadfiles/IMG_3134.jpg HTTP/1.1" 200 1519827 "https://www.vracandbio.com/blog-upcycling-d-un-touret-etape-par-etape" "Mozilla/5.0 (Linux; Android 10; K) AppleWebKit/537.36 (KHTML, like Gecko) Chrome/151.0.0.0 Mobile Safari/537.36"
86.71.54.100 - - [20/Aug/2026:08:52:40 +0200] "GET /uploadfiles/IMG_3140-min.jpg HTTP/1.1" 200 761272 "https://www.vracandbio.com/blog-upcycling-d-un-touret-etape-par-etape" "Mozilla/5.0 (Linux; Android 10; K) AppleWebKit/537.36 (KHTML, like Gecko) Chrome/151.0.0.0 Mobile Safari/537.36"
86.71.54.100 - - [20/Aug/2026:08:52:40 +0200] "GET /uploadfiles/IMG_3142-min.jpg HTTP/1.1" 200 600253 "https://www.vracandbio.com/blog-upcycling-d-un-touret-etape-par-etape" "Mozilla/5.0 (Linux; Android 10; K) AppleWebKit/537.36 (KHTML, like Gecko) Chrome/151.0.0.0 Mobile Safari/537.36"
86.71.54.100 - - [20/Aug/2026:08:52:40 +0200] "GET /uploadfiles/slide1_internal/0Vracandbio.png HTTP/1.1" 200 43097 "https://www.vracandbio.com/blog-upcycling-d-un-touret-etape-par-etape" "Mozilla/5.0 (Linux; Android 10; K) AppleWebKit/537.36 (KHTML, like Gecko) Chrome/151.0.0.0 Mobile Safari/537.36"
86.71.54.100 - - [20/Aug/2026:08:52:40 +0200] "GET /uploadfiles/IMG_3112-min.jpg HTTP/1.1" 200 534653 "https://www.vracandbio.com/blog-upcycling-d-un-touret-etape-par-etape" "Mozilla/5.0 (Linux; Android 10; K) AppleWebKit/537.36 (KHTML, like Gecko) Chrome/151.0.0.0 Mobile Safari/537.36"
86.71.54.100 - - [20/Aug/2026:08:52:40 +0200] "GET /uploadfiles/slide1_internal/0Cosmetique.jpg HTTP/1.1" 200 29160 "https://www.vracandbio.com/blog-upcycling-d-un-touret-etape-par-etape" "Mozilla/5.0 (Linux; Android 10; K) AppleWebKit/537.36 (KHTML, like Gecko) Chrome/151.0.0.0 Mobile Safari/537.36"
86.71.54.100 - - [20/Aug/2026:08:52:40 +0200] "GET /templates/shop/img/events.png HTTP/1.1" 200 3571 "https://www.vracandbio.com/blog-upcycling-d-un-touret-etape-par-etape" "Mozilla/5.0 (Linux; Android 10; K) AppleWebKit/537.36 (KHTML, like Gecko) Chrome/151.0.0.0 Mobile Safari/537.36"
86.71.54.100 - - [20/Aug/2026:08:52:40 +0200] "GET /templates/shop/img/panier_vide.png HTTP/1.1" 200 3914 "https://www.vracandbio.com/blog-upcycling-d-un-touret-etape-par-etape" "Mozilla/5.0 (Linux; Android 10; K) AppleWebKit/537.36 (KHTML, like Gecko) Chrome/151.0.0.0 Mobile Safari/537.36"
86.71.54.100 - - [20/Aug/2026:08:52:40 +0200] "GET /templates/shop/img/logo_signature_picto.png HTTP/1.1" 200 6299 "https://www.vracandbio.com/blog-upcycling-d-un-touret-etape-par-etape" "Mozilla/5.0 (Linux; Android 10; K) AppleWebKit/537.36 (KHTML, like Gecko) Chrome/151.0.0.0 Mobile Safari/537.36"
86.71.54.100 - - [20/Aug/2026:08:52:40 +0200] "GET /templates/shop/img/marques_liv.png HTTP/1.1" 200 3355 "https://www.vracandbio.com/templates/shop/css/global.php" "Mozilla/5.0 (Linux; Android 10; K) AppleWebKit/537.36 (KHTML, like Gecko) Chrome/151.0.0.0 Mobile Safari/537.36"
86.71.54.100 - - [20/Aug/2026:08:52:40 +0200] "GET /templates/shop/img/facebook.png HTTP/1.1" 200 4816 "https://www.vracandbio.com/blog-upcycling-d-un-touret-etape-par-etape" "Mozilla/5.0 (Linux; Android 10; K) AppleWebKit/537.36 (KHTML, like Gecko) Chrome/151.0.0.0 Mobile Safari/537.36"
86.71.54.100 - - [20/Aug/2026:08:52:40 +0200] "GET /uploadfiles/IMG_3145-min.jpg HTTP/1.1" 200 749782 "https://www.vracandbio.com/blog-upcycling-d-un-touret-etape-par-etape" "Mozilla/5.0 (Linux; Android 10; K) AppleWebKit/537.36 (KHTML, like Gecko) Chrome/151.0.0.0 Mobile Safari/537.36"
86.71.54.100 - - [20/Aug/2026:08:52:40 +0200] "GET /uploadfiles/IMG_3137-min.jpg HTTP/1.1" 200 871821 "https://www.vracandbio.com/blog-upcycling-d-un-touret-etape-par-etape" "Mozilla/5.0 (Linux; Android 10; K) AppleWebKit/537.36 (KHTML, like Gecko) Chrome/151.0.0.0 Mobile Safari/537.36"
86.71.54.100 - - [20/Aug/2026:08:52:40 +0200] "GET /templates/shop/img/categories_liv.png HTTP/1.1" 200 3232 "https://www.vracandbio.com/templates/shop/css/global.php" "Mozilla/5.0 (Linux; Android 10; K) AppleWebKit/537.36 (KHTML, like Gecko) Chrome/151.0.0.0 Mobile Safari/537.36"
86.71.54.100 - - [20/Aug/2026:08:52:40 +0200] "GET /uploadfiles/slide1_internal/0Zero.jpg HTTP/1.1" 200 270843 "https://www.vracandbio.com/blog-upcycling-d-un-touret-etape-par-etape" "Mozilla/5.0 (Linux; Android 10; K) AppleWebKit/537.36 (KHTML, like Gecko) Chrome/151.0.0.0 Mobile Safari/537.36"
86.71.54.100 - - [20/Aug/2026:08:52:40 +0200] "GET /start_to_top/img/cd-top-arrow.svg HTTP/1.1" 200 555 "https://www.vracandbio.com/templates/shop/css/global.php" "Mozilla/5.0 (Linux; Android 10; K) AppleWebKit/537.36 (KHTML, like Gecko) Chrome/151.0.0.0 Mobile Safari/537.36"
86.71.54.100 - - [20/Aug/2026:08:52:40 +0200] "GET /templates/shop/css/images/close.png HTTP/1.1" 200 280 "https://www.vracandbio.com/templates/shop/css/lightbox.css" "Mozilla/5.0 (Linux; Android 10; K) AppleWebKit/537.36 (KHTML, like Gecko) Chrome/151.0.0.0 Mobile Safari/537.36"
86.71.54.100 - - [20/Aug/2026:08:52:40 +0200] "GET /templates/shop/css/images/prev.png HTTP/1.1" 200 1360 "https://www.vracandbio.com/templates/shop/css/lightbox.css" "Mozilla/5.0 (Linux; Android 10; K) AppleWebKit/537.36 (KHTML, like Gecko) Chrome/151.0.0.0 Mobile Safari/537.36"
86.71.54.100 - - [20/Aug/2026:08:52:40 +0200] "GET /templates/shop/css/images/next.png HTTP/1.1" 200 1350 "https://www.vracandbio.com/templates/shop/css/lightbox.css" "Mozilla/5.0 (Linux; Android 10; K) AppleWebKit/537.36 (KHTML, like Gecko) Chrome/151.0.0.0 Mobile Safari/537.36"
86.71.54.100 - - [20/Aug/2026:08:52:40 +0200] "GET /templates/shop/css/images/loading.gif HTTP/1.1" 200 8476 "https://www.vracandbio.com/templates/shop/css/lightbox.css" "Mozilla/5.0 (Linux; Android 10; K) AppleWebKit/537.36 (KHTML, like Gecko) Chrome/151.0.0.0 Mobile Safari/537.36"
86.71.54.100 - - [20/Aug/2026:08:52:40 +0200] "GET /uploadfiles/IMG_3089.jpg HTTP/1.1" 200 771307 "https://www.vracandbio.com/blog-upcycling-d-un-touret-etape-par-etape" "Mozilla/5.0 (Linux; Android 10; K) AppleWebKit/537.36 (KHTML, like Gecko) Chrome/151.0.0.0 Mobile Safari/537.36"
86.71.54.100 - - [20/Aug/2026:08:52:40 +0200] "GET /uploadfiles/LAgumes_Bio_Locaux_en_Vrac.jpg HTTP/1.1" 200 3089189 "https://www.vracandbio.com/blog-upcycling-d-un-touret-etape-par-etape" "Mozilla/5.0 (Linux; Android 10; K) AppleWebKit/537.36 (KHTML, like Gecko) Chrome/151.0.0.0 Mobile Safari/537.36"
86.71.54.100 - - [20/Aug/2026:08:52:40 +0200] "GET /uploadfiles/IMG_20181013_151117-min1.jpg HTTP/1.1" 200 446960 "https://www.vracandbio.com/blog-upcycling-d-un-touret-etape-par-etape" "Mozilla/5.0 (Linux; Android 10; K) AppleWebKit/537.36 (KHTML, like Gecko) Chrome/151.0.0.0 Mobile Safari/537.36"
86.71.54.100 - - [20/Aug/2026:08:52:40 +0200] "GET /templates/shop/images/downArrow.png HTTP/1.1" 404 213171 "https://www.vracandbio.com/templates/shop/css/style.css" "Mozilla/5.0 (Linux; Android 10; K) AppleWebKit/537.36 (KHTML, like Gecko) Chrome/151.0.0.0 Mobile Safari/537.36"
86.71.54.100 - - [20/Aug/2026:08:52:41 +0200] "GET /favicon/manifest.json HTTP/1.1" 200 720 "https://www.vracandbio.com/blog-upcycling-d-un-touret-etape-par-etape" "Mozilla/5.0 (Linux; Android 10; K) AppleWebKit/537.36 (KHTML, like Gecko) Chrome/151.0.0.0 Mobile Safari/537.36"
86.71.54.100 - - [20/Aug/2026:08:52:43 +0200] "GET /favicon/android-icon-192x192.png HTTP/1.1" 200 24697 "https://www.vracandbio.com/blog-upcycling-d-un-touret-etape-par-etape" "Mozilla/5.0 (Linux; Android 10; K) AppleWebKit/537.36 (KHTML, like Gecko) Chrome/151.0.0.0 Mobile Safari/537.36"
86.71.54.100 - - [20/Aug/2026:08:52:43 +0200] "GET /favicon/apple-icon-180x180.png HTTP/1.1" 200 25008 "https://www.vracandbio.com/blog-upcycling-d-un-touret-etape-par-etape" "Mozilla/5.0 (Linux; Android 10; K) AppleWebKit/537.36 (KHTML, like Gecko) Chrome/151.0.0.0 Mobile Safari/537.36"
86.71.54.100 - - [20/Aug/2026:08:52:43 +0200] "GET /android-icon-144x144.png HTTP/1.1" 404 212890 "https://www.vracandbio.com/blog-upcycling-d-un-touret-etape-par-etape" "Mozilla/5.0 (Linux; Android 10; K) AppleWebKit/537.36 (KHTML, like Gecko) Chrome/151.0.0.0 Mobile Safari/537.36"
86.71.54.100 - - [20/Aug/2026:08:52:50 +0200] "GET /blog-upcycling-d-un-touret-etape-par-etape HTTP/1.1" 200 115666 "https://www.vracandbio.com/blog-upcycling-d-un-touret-etape-par-etape" "Mozilla/5.0 (Linux; Android 10; K) AppleWebKit/537.36 (KHTML, like Gecko) Chrome/151.0.0.0 Mobile Safari/537.36"
86.71.54.100 - - [20/Aug/2026:08:52:50 +0200] "GET /templates/shop/css/global.php HTTP/1.1" 200 26242 "https://www.vracandbio.com/blog-upcycling-d-un-touret-etape-par-etape" "Mozilla/5.0 (Linux; Android 10; K) AppleWebKit/537.36 (KHTML, like Gecko) Chrome/151.0.0.0 Mobile Safari/537.36"
86.71.54.100 - - [20/Aug/2026:08:52:50 +0200] "GET /includes/stats.php?ref=https%3A%2F%2Fwww.vracandbio.com%2Fblog-upcycling-d-un-touret-etape-par-etape HTTP/1.1" 200 - "https://www.vracandbio.com/blog-upcycling-d-un-touret-etape-par-etape" "Mozilla/5.0 (Linux; Android 10; K) AppleWebKit/537.36 (KHTML, like Gecko) Chrome/151.0.0.0 Mobile Safari/537.36"
85.208.96.195 - - [20/Aug/2026:08:52:50 +0200] "GET /new-products.php?a=12&a=12&a=12&b=1&b=1&b=1&debut=36&debut=36&debut=372&debut=48 HTTP/1.1" 200 129847 "-" "Mozilla/5.0 (compatible; SemrushBot/7~bl; +http://www.semrush.com/bot.html)"
86.71.54.100 - - [20/Aug/2026:08:52:51 +0200] "GET /android-icon-144x144.png HTTP/1.1" 404 213040 "https://www.vracandbio.com/blog-upcycling-d-un-touret-etape-par-etape" "Mozilla/5.0 (Linux; Android 10; K) AppleWebKit/537.36 (KHTML, like Gecko) Chrome/151.0.0.0 Mobile Safari/537.36"
185.191.171.6 - - [20/Aug/2026:08:52:53 +0200] "GET /new-products.php?a=12&b=1&debut=372&debut=372&debut=372&debut=384&debut=396&debut=396&debut=396&debut=60&m=12&y=2021 HTTP/1.1" 200 130058 "-" "Mozilla/5.0 (compatible; SemrushBot/7~bl; +http://www.semrush.com/bot.html)"
185.191.171.6 - - [20/Aug/2026:08:53:09 +0200] "GET /new-products.php?a=12&a=12&b=1&b=1&debut=0&debut=0&debut=384&debut=408&debut=60&debut=72&seo_cat&seo_cat&x23=1&x26=1 HTTP/1.1" 200 74786 "-" "Mozilla/5.0 (compatible; SemrushBot/7~bl; +http://www.semrush.com/bot.html)"
162.120.187.130 - - [20/Aug/2026:08:53:27 +0200] "GET /produit-151-amandes-bio-100g HTTP/1.1" 200 152486 "https://www.google.com/" "Mozilla/5.0 (Windows NT 10.0; Win64; x64) AppleWebKit/537.36 (KHTML, like Gecko) Chrome/151.0.0.0 Safari/537.36"
66.249.93.193 - - [20/Aug/2026:08:53:27 +0200] "GET /.well-known/traffic-advice HTTP/1.1" 404 212770 "-" "Chrome Privacy Preserving Prefetch Proxy"
57.141.24.60 - - [20/Aug/2026:08:53:33 +0200] "GET / HTTP/1.1" 200 212866 "-" "facebookexternalhit/1.1 (+http://www.facebook.com/externalhit_uatext.php)"
85.208.96.197 - - [20/Aug/2026:08:53:35 +0200] "GET /new-products.php?a=12&a=12&a=12&b=1&b=1&b=1&debut=0&debut=0&debut=36&debut=372&debut=48&debut=96&m=05&y=2020 HTTP/1.1" 200 129883 "-" "Mozilla/5.0 (compatible; SemrushBot/7~bl; +http://www.semrush.com/bot.html)"
85.208.96.195 - - [20/Aug/2026:08:53:38 +0200] "GET /new-products.php?a=12&b=1&debut=0&debut=0&debut=408&debut=444&debut=60&m=09&seo_cat&seo_cat&x20=0&x20=1&y=2021 HTTP/1.1" 200 74640 "-" "Mozilla/5.0 (compatible; SemrushBot/7~bl; +http://www.semrush.com/bot.html)"
193.251.76.72 - - [20/Aug/2026:08:53:51 +0200] "GET /templates/shop/bootstrap/css/bootstrap.min.css HTTP/1.1" 200 106945 "https://www.vracandbio.com/produit-151-amandes-bio-100g" "Mozilla/5.0 (Windows NT 10.0; Win64; x64) AppleWebKit/537.36 (KHTML, like Gecko) Chrome/151.0.0.0 Safari/537.36"
193.251.76.72 - - [20/Aug/2026:08:53:51 +0200] "GET /templates/shop/bootstrap/css/bootstrap-responsive.min.css HTTP/1.1" 200 19072 "https://www.vracandbio.com/produit-151-amandes-bio-100g" "Mozilla/5.0 (Windows NT 10.0; Win64; x64) AppleWebKit/537.36 (KHTML, like Gecko) Chrome/151.0.0.0 Safari/537.36"
193.251.76.72 - - [20/Aug/2026:08:53:51 +0200] "GET /templates/shop/css/jssocials-theme-minima.css HTTP/1.1" 200 4308 "https://www.vracandbio.com/produit-151-amandes-bio-100g" "Mozilla/5.0 (Windows NT 10.0; Win64; x64) AppleWebKit/537.36 (KHTML, like Gecko) Chrome/151.0.0.0 Safari/537.36"
193.251.76.72 - - [20/Aug/2026:08:53:51 +0200] "GET /templates/shop/css/animate.min.css HTTP/1.1" 200 55844 "https://www.vracandbio.com/produit-151-amandes-bio-100g" "Mozilla/5.0 (Windows NT 10.0; Win64; x64) AppleWebKit/537.36 (KHTML, like Gecko) Chrome/151.0.0.0 Safari/537.36"
193.251.76.72 - - [20/Aug/2026:08:53:51 +0200] "GET /templates/shop/css/global_end.css HTTP/1.1" 200 1106 "https://www.vracandbio.com/produit-151-amandes-bio-100g" "Mozilla/5.0 (Windows NT 10.0; Win64; x64) AppleWebKit/537.36 (KHTML, like Gecko) Chrome/151.0.0.0 Safari/537.36"
193.251.76.72 - - [20/Aug/2026:08:53:51 +0200] "GET /templates/shop/css/font-awesome/css/font-awesome.css HTTP/1.1" 200 28747 "https://www.vracandbio.com/produit-151-amandes-bio-100g" "Mozilla/5.0 (Windows NT 10.0; Win64; x64) AppleWebKit/537.36 (KHTML, like Gecko) Chrome/151.0.0.0 Safari/537.36"
193.251.76.72 - - [20/Aug/2026:08:53:51 +0200] "GET /templates/shop/css/jssocials.css HTTP/1.1" 200 1327 "https://www.vracandbio.com/produit-151-amandes-bio-100g" "Mozilla/5.0 (Windows NT 10.0; Win64; x64) AppleWebKit/537.36 (KHTML, like Gecko) Chrome/151.0.0.0 Safari/537.36"
193.251.76.72 - - [20/Aug/2026:08:53:51 +0200] "GET /templates/shop/bootstrap/css/bootstrap.min2.css HTTP/1.1" 200 85843 "https://www.vracandbio.com/produit-151-amandes-bio-100g" "Mozilla/5.0 (Windows NT 10.0; Win64; x64) AppleWebKit/537.36 (KHTML, like Gecko) Chrome/151.0.0.0 Safari/537.36"
193.251.76.72 - - [20/Aug/2026:08:53:51 +0200] "GET /templates/shop/css/font-awesome/css/font-awesome.min.css HTTP/1.1" 200 19431 "https://www.vracandbio.com/produit-151-amandes-bio-100g" "Mozilla/5.0 (Windows NT 10.0; Win64; x64) AppleWebKit/537.36 (KHTML, like Gecko) Chrome/151.0.0.0 Safari/537.36"
193.251.76.72 - - [20/Aug/2026:08:53:51 +0200] "GET /templates/shop/css/style.css HTTP/1.1" 200 12038 "https://www.vracandbio.com/produit-151-amandes-bio-100g" "Mozilla/5.0 (Windows NT 10.0; Win64; x64) AppleWebKit/537.36 (KHTML, like Gecko) Chrome/151.0.0.0 Safari/537.36"
193.251.76.72 - - [20/Aug/2026:08:53:51 +0200] "GET /templates/shop/css/default.advanced.css HTTP/1.1" 200 1652 "https://www.vracandbio.com/produit-151-amandes-bio-100g" "Mozilla/5.0 (Windows NT 10.0; Win64; x64) AppleWebKit/537.36 (KHTML, like Gecko) Chrome/151.0.0.0 Safari/537.36"
193.251.76.72 - - [20/Aug/2026:08:53:51 +0200] "GET /templates/shop/css/dropdown.linear.columnar.css HTTP/1.1" 200 800 "https://www.vracandbio.com/produit-151-amandes-bio-100g" "Mozilla/5.0 (Windows NT 10.0; Win64; x64) AppleWebKit/537.36 (KHTML, like Gecko) Chrome/151.0.0.0 Safari/537.36"
193.251.76.72 - - [20/Aug/2026:08:53:51 +0200] "GET /templates/shop/js/jquery.bxslider.js HTTP/1.1" 200 50573 "https://www.vracandbio.com/produit-151-amandes-bio-100g" "Mozilla/5.0 (Windows NT 10.0; Win64; x64) AppleWebKit/537.36 (KHTML, like Gecko) Chrome/151.0.0.0 Safari/537.36"
193.251.76.72 - - [20/Aug/2026:08:53:51 +0200] "GET /templates/shop/css/global_cookies_css.php HTTP/1.1" 200 31 "https://www.vracandbio.com/produit-151-amandes-bio-100g" "Mozilla/5.0 (Windows NT 10.0; Win64; x64) AppleWebKit/537.36 (KHTML, like Gecko) Chrome/151.0.0.0 Safari/537.36"
193.251.76.72 - - [20/Aug/2026:08:53:51 +0200] "GET /templates/shop/css/global.php HTTP/1.1" 200 26242 "https://www.vracandbio.com/produit-151-amandes-bio-100g" "Mozilla/5.0 (Windows NT 10.0; Win64; x64) AppleWebKit/537.36 (KHTML, like Gecko) Chrome/151.0.0.0 Safari/537.36"
193.251.76.72 - - [20/Aug/2026:08:53:51 +0200] "GET /start_to_top/style.css HTTP/1.1" 200 - "https://www.vracandbio.com/produit-151-amandes-bio-100g" "Mozilla/5.0 (Windows NT 10.0; Win64; x64) AppleWebKit/537.36 (KHTML, like Gecko) Chrome/151.0.0.0 Safari/537.36"
193.251.76.72 - - [20/Aug/2026:08:53:51 +0200] "GET /templates/shop/css/jquery.bxslider.css HTTP/1.1" 200 3867 "https://www.vracandbio.com/produit-151-amandes-bio-100g" "Mozilla/5.0 (Windows NT 10.0; Win64; x64) AppleWebKit/537.36 (KHTML, like Gecko) Chrome/151.0.0.0 Safari/537.36"
193.251.76.72 - - [20/Aug/2026:08:53:51 +0200] "GET /templates/shop/css/helper.css HTTP/1.1" 200 4957 "https://www.vracandbio.com/produit-151-amandes-bio-100g" "Mozilla/5.0 (Windows NT 10.0; Win64; x64) AppleWebKit/537.36 (KHTML, like Gecko) Chrome/151.0.0.0 Safari/537.36"
193.251.76.72 - - [20/Aug/2026:08:53:51 +0200] "GET /templates/shop/jssor/jssor.css HTTP/1.1" 200 5585 "https://www.vracandbio.com/produit-151-amandes-bio-100g" "Mozilla/5.0 (Windows NT 10.0; Win64; x64) AppleWebKit/537.36 (KHTML, like Gecko) Chrome/151.0.0.0 Safari/537.36"
193.251.76.72 - - [20/Aug/2026:08:53:51 +0200] "GET /start_to_top/modernizr.js HTTP/1.1" 200 51364 "https://www.vracandbio.com/produit-151-amandes-bio-100g" "Mozilla/5.0 (Windows NT 10.0; Win64; x64) AppleWebKit/537.36 (KHTML, like Gecko) Chrome/151.0.0.0 Safari/537.36"
193.251.76.72 - - [20/Aug/2026:08:53:51 +0200] "GET /templates/shop/css/lightbox.css HTTP/1.1" 200 3875 "https://www.vracandbio.com/produit-151-amandes-bio-100g" "Mozilla/5.0 (Windows NT 10.0; Win64; x64) AppleWebKit/537.36 (KHTML, like Gecko) Chrome/151.0.0.0 Safari/537.36"
193.251.76.72 - - [20/Aug/2026:08:53:51 +0200] "GET /js/js.cookie.min.js HTTP/1.1" 200 - "https://www.vracandbio.com/produit-151-amandes-bio-100g" "Mozilla/5.0 (Windows NT 10.0; Win64; x64) AppleWebKit/537.36 (KHTML, like Gecko) Chrome/151.0.0.0 Safari/537.36"
