197.149.242.220 - - [20/Aug/2026:10:43:03 +0200] "GET /templates/shop/css/font-awesome/css/font-awesome.css HTTP/1.1" 200 28747 "https://www.vracandbio.com/categorie-103-confitures-coulis" "Mozilla/5.0 (iPhone; CPU iPhone OS 26_6_0 like Mac OS X) AppleWebKit/605.1.15 (KHTML, like Gecko) GSA/434.2.961627397 Mobile/15E148 Safari/604.1"
197.149.242.220 - - [20/Aug/2026:10:43:03 +0200] "GET /templates/shop/css/animate.min.css HTTP/1.1" 200 55844 "https://www.vracandbio.com/categorie-103-confitures-coulis" "Mozilla/5.0 (iPhone; CPU iPhone OS 26_6_0 like Mac OS X) AppleWebKit/605.1.15 (KHTML, like Gecko) GSA/434.2.961627397 Mobile/15E148 Safari/604.1"
197.149.242.220 - - [20/Aug/2026:10:43:03 +0200] "GET /templates/shop/css/jssocials-theme-minima.css HTTP/1.1" 200 4308 "https://www.vracandbio.com/categorie-103-confitures-coulis" "Mozilla/5.0 (iPhone; CPU iPhone OS 26_6_0 like Mac OS X) AppleWebKit/605.1.15 (KHTML, like Gecko) GSA/434.2.961627397 Mobile/15E148 Safari/604.1"
197.149.242.220 - - [20/Aug/2026:10:43:03 +0200] "GET /templates/shop/css/jssocials.css HTTP/1.1" 200 1327 "https://www.vracandbio.com/categorie-103-confitures-coulis" "Mozilla/5.0 (iPhone; CPU iPhone OS 26_6_0 like Mac OS X) AppleWebKit/605.1.15 (KHTML, like Gecko) GSA/434.2.961627397 Mobile/15E148 Safari/604.1"
197.149.242.220 - - [20/Aug/2026:10:43:03 +0200] "GET /templates/shop/css/helper.css HTTP/1.1" 200 4957 "https://www.vracandbio.com/categorie-103-confitures-coulis" "Mozilla/5.0 (iPhone; CPU iPhone OS 26_6_0 like Mac OS X) AppleWebKit/605.1.15 (KHTML, like Gecko) GSA/434.2.961627397 Mobile/15E148 Safari/604.1"
197.149.242.220 - - [20/Aug/2026:10:43:03 +0200] "GET /templates/shop/css/global.php HTTP/1.1" 200 26242 "https://www.vracandbio.com/categorie-103-confitures-coulis" "Mozilla/5.0 (iPhone; CPU iPhone OS 26_6_0 like Mac OS X) AppleWebKit/605.1.15 (KHTML, like Gecko) GSA/434.2.961627397 Mobile/15E148 Safari/604.1"
197.149.242.220 - - [20/Aug/2026:10:43:03 +0200] "GET /templates/shop/css/global_cookies_css.php HTTP/1.1" 200 31 "https://www.vracandbio.com/categorie-103-confitures-coulis" "Mozilla/5.0 (iPhone; CPU iPhone OS 26_6_0 like Mac OS X) AppleWebKit/605.1.15 (KHTML, like Gecko) GSA/434.2.961627397 Mobile/15E148 Safari/604.1"
197.149.242.220 - - [20/Aug/2026:10:43:03 +0200] "GET /templates/shop/css/dropdown.linear.columnar.css HTTP/1.1" 200 800 "https://www.vracandbio.com/categorie-103-confitures-coulis" "Mozilla/5.0 (iPhone; CPU iPhone OS 26_6_0 like Mac OS X) AppleWebKit/605.1.15 (KHTML, like Gecko) GSA/434.2.961627397 Mobile/15E148 Safari/604.1"
197.149.242.220 - - [20/Aug/2026:10:43:03 +0200] "GET /templates/shop/css/default.advanced.css HTTP/1.1" 200 1652 "https://www.vracandbio.com/categorie-103-confitures-coulis" "Mozilla/5.0 (iPhone; CPU iPhone OS 26_6_0 like Mac OS X) AppleWebKit/605.1.15 (KHTML, like Gecko) GSA/434.2.961627397 Mobile/15E148 Safari/604.1"
197.149.242.220 - - [20/Aug/2026:10:43:03 +0200] "GET /templates/shop/css/style.css HTTP/1.1" 200 12038 "https://www.vracandbio.com/categorie-103-confitures-coulis" "Mozilla/5.0 (iPhone; CPU iPhone OS 26_6_0 like Mac OS X) AppleWebKit/605.1.15 (KHTML, like Gecko) GSA/434.2.961627397 Mobile/15E148 Safari/604.1"
197.149.242.220 - - [20/Aug/2026:10:43:03 +0200] "GET /templates/shop/css/lightbox.css HTTP/1.1" 200 3875 "https://www.vracandbio.com/categorie-103-confitures-coulis" "Mozilla/5.0 (iPhone; CPU iPhone OS 26_6_0 like Mac OS X) AppleWebKit/605.1.15 (KHTML, like Gecko) GSA/434.2.961627397 Mobile/15E148 Safari/604.1"
197.149.242.220 - - [20/Aug/2026:10:43:03 +0200] "GET /start_to_top/style.css HTTP/1.1" 200 - "https://www.vracandbio.com/categorie-103-confitures-coulis" "Mozilla/5.0 (iPhone; CPU iPhone OS 26_6_0 like Mac OS X) AppleWebKit/605.1.15 (KHTML, like Gecko) GSA/434.2.961627397 Mobile/15E148 Safari/604.1"
197.149.242.220 - - [20/Aug/2026:10:43:03 +0200] "GET /start_to_top/modernizr.js HTTP/1.1" 200 51364 "https://www.vracandbio.com/categorie-103-confitures-coulis" "Mozilla/5.0 (iPhone; CPU iPhone OS 26_6_0 like Mac OS X) AppleWebKit/605.1.15 (KHTML, like Gecko) GSA/434.2.961627397 Mobile/15E148 Safari/604.1"
197.149.242.220 - - [20/Aug/2026:10:43:03 +0200] "GET /templates/shop/jssor/jssor.css HTTP/1.1" 200 5585 "https://www.vracandbio.com/categorie-103-confitures-coulis" "Mozilla/5.0 (iPhone; CPU iPhone OS 26_6_0 like Mac OS X) AppleWebKit/605.1.15 (KHTML, like Gecko) GSA/434.2.961627397 Mobile/15E148 Safari/604.1"
197.149.242.220 - - [20/Aug/2026:10:43:03 +0200] "GET /templates/shop/js/jquery.bxslider.js HTTP/1.1" 200 50573 "https://www.vracandbio.com/categorie-103-confitures-coulis" "Mozilla/5.0 (iPhone; CPU iPhone OS 26_6_0 like Mac OS X) AppleWebKit/605.1.15 (KHTML, like Gecko) GSA/434.2.961627397 Mobile/15E148 Safari/604.1"
197.149.242.220 - - [20/Aug/2026:10:43:03 +0200] "GET /templates/shop/css/jquery.bxslider.css HTTP/1.1" 200 3867 "https://www.vracandbio.com/categorie-103-confitures-coulis" "Mozilla/5.0 (iPhone; CPU iPhone OS 26_6_0 like Mac OS X) AppleWebKit/605.1.15 (KHTML, like Gecko) GSA/434.2.961627397 Mobile/15E148 Safari/604.1"
197.149.242.220 - - [20/Aug/2026:10:43:03 +0200] "GET /templates/shop/css/global_end.css HTTP/1.1" 200 1106 "https://www.vracandbio.com/categorie-103-confitures-coulis" "Mozilla/5.0 (iPhone; CPU iPhone OS 26_6_0 like Mac OS X) AppleWebKit/605.1.15 (KHTML, like Gecko) GSA/434.2.961627397 Mobile/15E148 Safari/604.1"
197.149.242.220 - - [20/Aug/2026:10:43:03 +0200] "GET /js/js.cookie.min.js HTTP/1.1" 200 - "https://www.vracandbio.com/categorie-103-confitures-coulis" "Mozilla/5.0 (iPhone; CPU iPhone OS 26_6_0 like Mac OS X) AppleWebKit/605.1.15 (KHTML, like Gecko) GSA/434.2.961627397 Mobile/15E148 Safari/604.1"
197.149.242.220 - - [20/Aug/2026:10:43:03 +0200] "GET /templates/shop/bootstrap/js/bootstrap.min.js HTTP/1.1" 200 28631 "https://www.vracandbio.com/categorie-103-confitures-coulis" "Mozilla/5.0 (iPhone; CPU iPhone OS 26_6_0 like Mac OS X) AppleWebKit/605.1.15 (KHTML, like Gecko) GSA/434.2.961627397 Mobile/15E148 Safari/604.1"
197.149.242.220 - - [20/Aug/2026:10:43:03 +0200] "GET /templates/shop/js/holder.js HTTP/1.1" 200 10517 "https://www.vracandbio.com/categorie-103-confitures-coulis" "Mozilla/5.0 (iPhone; CPU iPhone OS 26_6_0 like Mac OS X) AppleWebKit/605.1.15 (KHTML, like Gecko) GSA/434.2.961627397 Mobile/15E148 Safari/604.1"
197.149.242.220 - - [20/Aug/2026:10:43:03 +0200] "GET /templates/shop/js/script.js HTTP/1.1" 200 - "https://www.vracandbio.com/categorie-103-confitures-coulis" "Mozilla/5.0 (iPhone; CPU iPhone OS 26_6_0 like Mac OS X) AppleWebKit/605.1.15 (KHTML, like Gecko) GSA/434.2.961627397 Mobile/15E148 Safari/604.1"
197.149.242.220 - - [20/Aug/2026:10:43:03 +0200] "GET /templates/shop/js/verif.js HTTP/1.1" 200 5312 "https://www.vracandbio.com/categorie-103-confitures-coulis" "Mozilla/5.0 (iPhone; CPU iPhone OS 26_6_0 like Mac OS X) AppleWebKit/605.1.15 (KHTML, like Gecko) GSA/434.2.961627397 Mobile/15E148 Safari/604.1"
197.149.242.220 - - [20/Aug/2026:10:43:03 +0200] "GET /templates/shop/js/menu.js HTTP/1.1" 200 1268 "https://www.vracandbio.com/categorie-103-confitures-coulis" "Mozilla/5.0 (iPhone; CPU iPhone OS 26_6_0 like Mac OS X) AppleWebKit/605.1.15 (KHTML, like Gecko) GSA/434.2.961627397 Mobile/15E148 Safari/604.1"
197.149.242.220 - - [20/Aug/2026:10:43:03 +0200] "GET /templates/shop/js/lightbox.js HTTP/1.1" 200 14936 "https://www.vracandbio.com/categorie-103-confitures-coulis" "Mozilla/5.0 (iPhone; CPU iPhone OS 26_6_0 like Mac OS X) AppleWebKit/605.1.15 (KHTML, like Gecko) GSA/434.2.961627397 Mobile/15E148 Safari/604.1"
197.149.242.220 - - [20/Aug/2026:10:43:03 +0200] "GET /templates/shop/js/jssocials.js HTTP/1.1" 200 13101 "https://www.vracandbio.com/categorie-103-confitures-coulis" "Mozilla/5.0 (iPhone; CPU iPhone OS 26_6_0 like Mac OS X) AppleWebKit/605.1.15 (KHTML, like Gecko) GSA/434.2.961627397 Mobile/15E148 Safari/604.1"
197.149.242.220 - - [20/Aug/2026:10:43:03 +0200] "GET /templates/shop/js/jquery.bootstrap-autohidingnavbar.js HTTP/1.1" 200 5863 "https://www.vracandbio.com/categorie-103-confitures-coulis" "Mozilla/5.0 (iPhone; CPU iPhone OS 26_6_0 like Mac OS X) AppleWebKit/605.1.15 (KHTML, like Gecko) GSA/434.2.961627397 Mobile/15E148 Safari/604.1"
197.149.242.220 - - [20/Aug/2026:10:43:03 +0200] "GET /start_to_top/main.js HTTP/1.1" 200 879 "https://www.vracandbio.com/categorie-103-confitures-coulis" "Mozilla/5.0 (iPhone; CPU iPhone OS 26_6_0 like Mac OS X) AppleWebKit/605.1.15 (KHTML, like Gecko) GSA/434.2.961627397 Mobile/15E148 Safari/604.1"
197.149.242.220 - - [20/Aug/2026:10:43:03 +0200] "GET /ad_cookie_marmiton/mes_donnees.js HTTP/1.1" 200 13112 "https://www.vracandbio.com/categorie-103-confitures-coulis" "Mozilla/5.0 (iPhone; CPU iPhone OS 26_6_0 like Mac OS X) AppleWebKit/605.1.15 (KHTML, like Gecko) GSA/434.2.961627397 Mobile/15E148 Safari/604.1"
197.149.242.220 - - [20/Aug/2026:10:43:03 +0200] "GET /templates/shop/img/15844333790logo_vrac_and_bio.png HTTP/1.1" 200 28253 "https://www.vracandbio.com/categorie-103-confitures-coulis" "Mozilla/5.0 (iPhone; CPU iPhone OS 26_6_0 like Mac OS X) AppleWebKit/605.1.15 (KHTML, like Gecko) GSA/434.2.961627397 Mobile/15E148 Safari/604.1"
197.149.242.220 - - [20/Aug/2026:10:43:03 +0200] "GET /templates/shop/img/add_cart_hover.png HTTP/1.1" 200 6598 "https://www.vracandbio.com/categorie-103-confitures-coulis" "Mozilla/5.0 (iPhone; CPU iPhone OS 26_6_0 like Mac OS X) AppleWebKit/605.1.15 (KHTML, like Gecko) GSA/434.2.961627397 Mobile/15E148 Safari/604.1"
197.149.242.220 - - [20/Aug/2026:10:43:03 +0200] "GET /templates/shop/img/back_hover.png HTTP/1.1" 200 6257 "https://www.vracandbio.com/categorie-103-confitures-coulis" "Mozilla/5.0 (iPhone; CPU iPhone OS 26_6_0 like Mac OS X) AppleWebKit/605.1.15 (KHTML, like Gecko) GSA/434.2.961627397 Mobile/15E148 Safari/604.1"
197.149.242.220 - - [20/Aug/2026:10:43:03 +0200] "GET /templates/shop/img/cart_hover.png HTTP/1.1" 200 6395 "https://www.vracandbio.com/categorie-103-confitures-coulis" "Mozilla/5.0 (iPhone; CPU iPhone OS 26_6_0 like Mac OS X) AppleWebKit/605.1.15 (KHTML, like Gecko) GSA/434.2.961627397 Mobile/15E148 Safari/604.1"
197.149.242.220 - - [20/Aug/2026:10:43:03 +0200] "GET /templates/shop/img/Ete_header.png HTTP/1.1" 200 245153 "https://www.vracandbio.com/categorie-103-confitures-coulis" "Mozilla/5.0 (iPhone; CPU iPhone OS 26_6_0 like Mac OS X) AppleWebKit/605.1.15 (KHTML, like Gecko) GSA/434.2.961627397 Mobile/15E148 Safari/604.1"
197.149.242.220 - - [20/Aug/2026:10:43:03 +0200] "GET /templates/shop/img/empty_cart_hover.png HTTP/1.1" 200 5916 "https://www.vracandbio.com/categorie-103-confitures-coulis" "Mozilla/5.0 (iPhone; CPU iPhone OS 26_6_0 like Mac OS X) AppleWebKit/605.1.15 (KHTML, like Gecko) GSA/434.2.961627397 Mobile/15E148 Safari/604.1"
197.149.242.220 - - [20/Aug/2026:10:43:03 +0200] "GET /templates/shop/img/go_search_hover.png HTTP/1.1" 200 3420 "https://www.vracandbio.com/categorie-103-confitures-coulis" "Mozilla/5.0 (iPhone; CPU iPhone OS 26_6_0 like Mac OS X) AppleWebKit/605.1.15 (KHTML, like Gecko) GSA/434.2.961627397 Mobile/15E148 Safari/604.1"
197.149.242.220 - - [20/Aug/2026:10:43:03 +0200] "GET /templates/shop/img/poursuivre_hover.png HTTP/1.1" 200 5941 "https://www.vracandbio.com/categorie-103-confitures-coulis" "Mozilla/5.0 (iPhone; CPU iPhone OS 26_6_0 like Mac OS X) AppleWebKit/605.1.15 (KHTML, like Gecko) GSA/434.2.961627397 Mobile/15E148 Safari/604.1"
197.149.242.220 - - [20/Aug/2026:10:43:03 +0200] "GET /templates/shop/img/retour_liste_hover.png HTTP/1.1" 200 1494 "https://www.vracandbio.com/categorie-103-confitures-coulis" "Mozilla/5.0 (iPhone; CPU iPhone OS 26_6_0 like Mac OS X) AppleWebKit/605.1.15 (KHTML, like Gecko) GSA/434.2.961627397 Mobile/15E148 Safari/604.1"
197.149.242.220 - - [20/Aug/2026:10:43:03 +0200] "GET /templates/shop/img/valid_cart_hover.png HTTP/1.1" 200 6567 "https://www.vracandbio.com/categorie-103-confitures-coulis" "Mozilla/5.0 (iPhone; CPU iPhone OS 26_6_0 like Mac OS X) AppleWebKit/605.1.15 (KHTML, like Gecko) GSA/434.2.961627397 Mobile/15E148 Safari/604.1"
197.149.242.220 - - [20/Aug/2026:10:43:03 +0200] "GET /templates/shop/img/view_product_hover.png HTTP/1.1" 200 18983 "https://www.vracandbio.com/categorie-103-confitures-coulis" "Mozilla/5.0 (iPhone; CPU iPhone OS 26_6_0 like Mac OS X) AppleWebKit/605.1.15 (KHTML, like Gecko) GSA/434.2.961627397 Mobile/15E148 Safari/604.1"
197.149.242.220 - - [20/Aug/2026:10:43:03 +0200] "GET /templates/shop/img/icon-menu.png HTTP/1.1" 200 177 "https://www.vracandbio.com/categorie-103-confitures-coulis" "Mozilla/5.0 (iPhone; CPU iPhone OS 26_6_0 like Mac OS X) AppleWebKit/605.1.15 (KHTML, like Gecko) GSA/434.2.961627397 Mobile/15E148 Safari/604.1"
197.149.242.220 - - [20/Aug/2026:10:43:03 +0200] "GET /uploadfiles/slide1_internal/0l_actualite_de_vrac_and_bio.png HTTP/1.1" 200 17959 "https://www.vracandbio.com/categorie-103-confitures-coulis" "Mozilla/5.0 (iPhone; CPU iPhone OS 26_6_0 like Mac OS X) AppleWebKit/605.1.15 (KHTML, like Gecko) GSA/434.2.961627397 Mobile/15E148 Safari/604.1"
197.149.242.220 - - [20/Aug/2026:10:43:03 +0200] "GET /uploadfiles/slide1_internal/0les_infos_de_vrac_and_bio.png HTTP/1.1" 200 19769 "https://www.vracandbio.com/categorie-103-confitures-coulis" "Mozilla/5.0 (iPhone; CPU iPhone OS 26_6_0 like Mac OS X) AppleWebKit/605.1.15 (KHTML, like Gecko) GSA/434.2.961627397 Mobile/15E148 Safari/604.1"
197.149.242.220 - - [20/Aug/2026:10:43:04 +0200] "GET /uploadfiles/products/mini/15834203880CF.jpg HTTP/1.1" 200 19139 "https://www.vracandbio.com/categorie-103-confitures-coulis" "Mozilla/5.0 (iPhone; CPU iPhone OS 26_6_0 like Mac OS X) AppleWebKit/605.1.15 (KHTML, like Gecko) GSA/434.2.961627397 Mobile/15E148 Safari/604.1"
197.149.242.220 - - [20/Aug/2026:10:43:04 +0200] "GET /templates/shop/img/dispo.png HTTP/1.1" 200 3031 "https://www.vracandbio.com/categorie-103-confitures-coulis" "Mozilla/5.0 (iPhone; CPU iPhone OS 26_6_0 like Mac OS X) AppleWebKit/605.1.15 (KHTML, like Gecko) GSA/434.2.961627397 Mobile/15E148 Safari/604.1"
197.149.242.220 - - [20/Aug/2026:10:43:04 +0200] "GET /templates/shop/img/view_product.png HTTP/1.1" 200 19436 "https://www.vracandbio.com/categorie-103-confitures-coulis" "Mozilla/5.0 (iPhone; CPU iPhone OS 26_6_0 like Mac OS X) AppleWebKit/605.1.15 (KHTML, like Gecko) GSA/434.2.961627397 Mobile/15E148 Safari/604.1"
197.149.242.220 - - [20/Aug/2026:10:43:04 +0200] "GET /templates/shop/img/no_achat.png HTTP/1.1" 200 6534 "https://www.vracandbio.com/categorie-103-confitures-coulis" "Mozilla/5.0 (iPhone; CPU iPhone OS 26_6_0 like Mac OS X) AppleWebKit/605.1.15 (KHTML, like Gecko) GSA/434.2.961627397 Mobile/15E148 Safari/604.1"
197.149.242.220 - - [20/Aug/2026:10:43:04 +0200] "GET /uploadfiles/products/mini/15834191990PV.jpg HTTP/1.1" 200 19605 "https://www.vracandbio.com/categorie-103-confitures-coulis" "Mozilla/5.0 (iPhone; CPU iPhone OS 26_6_0 like Mac OS X) AppleWebKit/605.1.15 (KHTML, like Gecko) GSA/434.2.961627397 Mobile/15E148 Safari/604.1"
197.149.242.220 - - [20/Aug/2026:10:43:04 +0200] "GET /uploadfiles/products/mini/15834195460PO.jpg HTTP/1.1" 200 21173 "https://www.vracandbio.com/categorie-103-confitures-coulis" "Mozilla/5.0 (iPhone; CPU iPhone OS 26_6_0 like Mac OS X) AppleWebKit/605.1.15 (KHTML, like Gecko) GSA/434.2.961627397 Mobile/15E148 Safari/604.1"
197.149.242.220 - - [20/Aug/2026:10:43:04 +0200] "GET /uploadfiles/products/mini/15834200290PA.jpg HTTP/1.1" 200 19169 "https://www.vracandbio.com/categorie-103-confitures-coulis" "Mozilla/5.0 (iPhone; CPU iPhone OS 26_6_0 like Mac OS X) AppleWebKit/605.1.15 (KHTML, like Gecko) GSA/434.2.961627397 Mobile/15E148 Safari/604.1"
197.149.242.220 - - [20/Aug/2026:10:43:04 +0200] "GET /uploadfiles/products/mini/15834213470CFI.jpg HTTP/1.1" 200 20025 "https://www.vracandbio.com/categorie-103-confitures-coulis" "Mozilla/5.0 (iPhone; CPU iPhone OS 26_6_0 like Mac OS X) AppleWebKit/605.1.15 (KHTML, like Gecko) GSA/434.2.961627397 Mobile/15E148 Safari/604.1"
197.149.242.220 - - [20/Aug/2026:10:43:04 +0200] "GET /templates/shop/img/indispo.png HTTP/1.1" 200 893 "https://www.vracandbio.com/categorie-103-confitures-coulis" "Mozilla/5.0 (iPhone; CPU iPhone OS 26_6_0 like Mac OS X) AppleWebKit/605.1.15 (KHTML, like Gecko) GSA/434.2.961627397 Mobile/15E148 Safari/604.1"
197.149.242.220 - - [20/Aug/2026:10:43:04 +0200] "GET /templates/shop/img/hors_stock.png HTTP/1.1" 200 7797 "https://www.vracandbio.com/categorie-103-confitures-coulis" "Mozilla/5.0 (iPhone; CPU iPhone OS 26_6_0 like Mac OS X) AppleWebKit/605.1.15 (KHTML, like Gecko) GSA/434.2.961627397 Mobile/15E148 Safari/604.1"
197.149.242.220 - - [20/Aug/2026:10:43:04 +0200] "GET /uploadfiles/products/mini/15834218640CMS.jpg HTTP/1.1" 200 19348 "https://www.vracandbio.com/categorie-103-confitures-coulis" "Mozilla/5.0 (iPhone; CPU iPhone OS 26_6_0 like Mac OS X) AppleWebKit/605.1.15 (KHTML, like Gecko) GSA/434.2.961627397 Mobile/15E148 Safari/604.1"
197.149.242.220 - - [20/Aug/2026:10:43:04 +0200] "GET /templates/shop/img/nocheck.png HTTP/1.1" 200 3212 "https://www.vracandbio.com/categorie-103-confitures-coulis" "Mozilla/5.0 (iPhone; CPU iPhone OS 26_6_0 like Mac OS X) AppleWebKit/605.1.15 (KHTML, like Gecko) GSA/434.2.961627397 Mobile/15E148 Safari/604.1"
197.149.242.220 - - [20/Aug/2026:10:43:04 +0200] "GET /templates/shop/img/cancel12.png HTTP/1.1" 200 236 "https://www.vracandbio.com/categorie-103-confitures-coulis" "Mozilla/5.0 (iPhone; CPU iPhone OS 26_6_0 like Mac OS X) AppleWebKit/605.1.15 (KHTML, like Gecko) GSA/434.2.961627397 Mobile/15E148 Safari/604.1"
197.149.242.220 - - [20/Aug/2026:10:43:04 +0200] "GET /templates/shop/img/panier_vide.png HTTP/1.1" 200 3914 "https://www.vracandbio.com/categorie-103-confitures-coulis" "Mozilla/5.0 (iPhone; CPU iPhone OS 26_6_0 like Mac OS X) AppleWebKit/605.1.15 (KHTML, like Gecko) GSA/434.2.961627397 Mobile/15E148 Safari/604.1"
197.149.242.220 - - [20/Aug/2026:10:43:04 +0200] "GET /uploadfiles/slide1_internal/0Vracandbio.png HTTP/1.1" 200 43097 "https://www.vracandbio.com/categorie-103-confitures-coulis" "Mozilla/5.0 (iPhone; CPU iPhone OS 26_6_0 like Mac OS X) AppleWebKit/605.1.15 (KHTML, like Gecko) GSA/434.2.961627397 Mobile/15E148 Safari/604.1"
197.149.242.220 - - [20/Aug/2026:10:43:04 +0200] "GET /uploadfiles/slide1_internal/0Zero.jpg HTTP/1.1" 200 270843 "https://www.vracandbio.com/categorie-103-confitures-coulis" "Mozilla/5.0 (iPhone; CPU iPhone OS 26_6_0 like Mac OS X) AppleWebKit/605.1.15 (KHTML, like Gecko) GSA/434.2.961627397 Mobile/15E148 Safari/604.1"
197.149.242.220 - - [20/Aug/2026:10:43:04 +0200] "GET /templates/shop/img/events.png HTTP/1.1" 200 3571 "https://www.vracandbio.com/categorie-103-confitures-coulis" "Mozilla/5.0 (iPhone; CPU iPhone OS 26_6_0 like Mac OS X) AppleWebKit/605.1.15 (KHTML, like Gecko) GSA/434.2.961627397 Mobile/15E148 Safari/604.1"
197.149.242.220 - - [20/Aug/2026:10:43:04 +0200] "GET /uploadfiles/slide1_internal/0Cosmetique.jpg HTTP/1.1" 200 29160 "https://www.vracandbio.com/categorie-103-confitures-coulis" "Mozilla/5.0 (iPhone; CPU iPhone OS 26_6_0 like Mac OS X) AppleWebKit/605.1.15 (KHTML, like Gecko) GSA/434.2.961627397 Mobile/15E148 Safari/604.1"
197.149.242.220 - - [20/Aug/2026:10:43:04 +0200] "GET /uploadfiles/slide1_internal/0Paiement.jpg HTTP/1.1" 200 70030 "https://www.vracandbio.com/categorie-103-confitures-coulis" "Mozilla/5.0 (iPhone; CPU iPhone OS 26_6_0 like Mac OS X) AppleWebKit/605.1.15 (KHTML, like Gecko) GSA/434.2.961627397 Mobile/15E148 Safari/604.1"
197.149.242.220 - - [20/Aug/2026:10:43:04 +0200] "GET /templates/shop/img/facebook.png HTTP/1.1" 200 4816 "https://www.vracandbio.com/categorie-103-confitures-coulis" "Mozilla/5.0 (iPhone; CPU iPhone OS 26_6_0 like Mac OS X) AppleWebKit/605.1.15 (KHTML, like Gecko) GSA/434.2.961627397 Mobile/15E148 Safari/604.1"
197.149.242.220 - - [20/Aug/2026:10:43:04 +0200] "GET /templates/shop/img/logo_signature_picto.png HTTP/1.1" 200 6299 "https://www.vracandbio.com/categorie-103-confitures-coulis" "Mozilla/5.0 (iPhone; CPU iPhone OS 26_6_0 like Mac OS X) AppleWebKit/605.1.15 (KHTML, like Gecko) GSA/434.2.961627397 Mobile/15E148 Safari/604.1"
197.149.242.220 - - [20/Aug/2026:10:43:04 +0200] "GET /uploadfiles/LAgumes_Bio_Locaux_en_Vrac.jpg HTTP/1.1" 200 3089189 "https://www.vracandbio.com/categorie-103-confitures-coulis" "Mozilla/5.0 (iPhone; CPU iPhone OS 26_6_0 like Mac OS X) AppleWebKit/605.1.15 (KHTML, like Gecko) GSA/434.2.961627397 Mobile/15E148 Safari/604.1"
197.149.242.220 - - [20/Aug/2026:10:43:04 +0200] "GET /templates/shop/css/dropdown.linear.css HTTP/1.1" 200 605 "https://www.vracandbio.com/categorie-103-confitures-coulis" "Mozilla/5.0 (iPhone; CPU iPhone OS 26_6_0 like Mac OS X) AppleWebKit/605.1.15 (KHTML, like Gecko) GSA/434.2.961627397 Mobile/15E148 Safari/604.1"
197.149.242.220 - - [20/Aug/2026:10:43:04 +0200] "GET /templates/shop/css/dropdown.css HTTP/1.1" 200 937 "https://www.vracandbio.com/categorie-103-confitures-coulis" "Mozilla/5.0 (iPhone; CPU iPhone OS 26_6_0 like Mac OS X) AppleWebKit/605.1.15 (KHTML, like Gecko) GSA/434.2.961627397 Mobile/15E148 Safari/604.1"
197.149.242.220 - - [20/Aug/2026:10:43:04 +0200] "GET /includes/stats.php?ref=https%3A%2F%2Fwww.vracandbio.com%2Fcategorie-103-confitures-coulis HTTP/1.1" 200 - "https://www.vracandbio.com/categorie-103-confitures-coulis" "Mozilla/5.0 (iPhone; CPU iPhone OS 26_6_0 like Mac OS X) AppleWebKit/605.1.15 (KHTML, like Gecko) GSA/434.2.961627397 Mobile/15E148 Safari/604.1"
197.149.242.220 - - [20/Aug/2026:10:43:05 +0200] "GET /templates/shop/css/font-awesome/fonts/fontawesome-webfont.woff2?v=4.3.0 HTTP/1.1" 200 56780 "https://www.vracandbio.com/categorie-103-confitures-coulis" "Mozilla/5.0 (iPhone; CPU iPhone OS 26_6_0 like Mac OS X) AppleWebKit/605.1.15 (KHTML, like Gecko) GSA/434.2.961627397 Mobile/15E148 Safari/604.1"
197.149.242.220 - - [20/Aug/2026:10:43:05 +0200] "GET /templates/shop/img/categories_liv.png HTTP/1.1" 200 3232 "https://www.vracandbio.com/categorie-103-confitures-coulis" "Mozilla/5.0 (iPhone; CPU iPhone OS 26_6_0 like Mac OS X) AppleWebKit/605.1.15 (KHTML, like Gecko) GSA/434.2.961627397 Mobile/15E148 Safari/604.1"
197.149.242.220 - - [20/Aug/2026:10:43:05 +0200] "GET /templates/shop/img/marques_liv.png HTTP/1.1" 200 3355 "https://www.vracandbio.com/categorie-103-confitures-coulis" "Mozilla/5.0 (iPhone; CPU iPhone OS 26_6_0 like Mac OS X) AppleWebKit/605.1.15 (KHTML, like Gecko) GSA/434.2.961627397 Mobile/15E148 Safari/604.1"
197.149.242.220 - - [20/Aug/2026:10:43:05 +0200] "GET /templates/shop/css/images/close.png HTTP/1.1" 200 280 "https://www.vracandbio.com/categorie-103-confitures-coulis" "Mozilla/5.0 (iPhone; CPU iPhone OS 26_6_0 like Mac OS X) AppleWebKit/605.1.15 (KHTML, like Gecko) GSA/434.2.961627397 Mobile/15E148 Safari/604.1"
197.149.242.220 - - [20/Aug/2026:10:43:05 +0200] "GET /templates/shop/css/images/loading.gif HTTP/1.1" 200 8476 "https://www.vracandbio.com/categorie-103-confitures-coulis" "Mozilla/5.0 (iPhone; CPU iPhone OS 26_6_0 like Mac OS X) AppleWebKit/605.1.15 (KHTML, like Gecko) GSA/434.2.961627397 Mobile/15E148 Safari/604.1"
197.149.242.220 - - [20/Aug/2026:10:43:05 +0200] "GET /templates/shop/css/images/prev.png HTTP/1.1" 200 1360 "https://www.vracandbio.com/categorie-103-confitures-coulis" "Mozilla/5.0 (iPhone; CPU iPhone OS 26_6_0 like Mac OS X) AppleWebKit/605.1.15 (KHTML, like Gecko) GSA/434.2.961627397 Mobile/15E148 Safari/604.1"
197.149.242.220 - - [20/Aug/2026:10:43:05 +0200] "GET /templates/shop/css/images/next.png HTTP/1.1" 200 1350 "https://www.vracandbio.com/categorie-103-confitures-coulis" "Mozilla/5.0 (iPhone; CPU iPhone OS 26_6_0 like Mac OS X) AppleWebKit/605.1.15 (KHTML, like Gecko) GSA/434.2.961627397 Mobile/15E148 Safari/604.1"
197.149.242.220 - - [20/Aug/2026:10:43:05 +0200] "GET /start_to_top/img/cd-top-arrow.svg HTTP/1.1" 200 555 "https://www.vracandbio.com/categorie-103-confitures-coulis" "Mozilla/5.0 (iPhone; CPU iPhone OS 26_6_0 like Mac OS X) AppleWebKit/605.1.15 (KHTML, like Gecko) GSA/434.2.961627397 Mobile/15E148 Safari/604.1"
207.46.13.31 - - [20/Aug/2026:10:43:14 +0200] "GET /produit-246-piment-doux-poudre-bio-25g HTTP/1.1" 200 152511 "-" "Mozilla/5.0 AppleWebKit/537.36 (KHTML, like Gecko; compatible; bingbot/2.0; +http://www.bing.com/bingbot.htm) Chrome/116.0.1938.76 Safari/537.36"
94.23.188.208 - - [20/Aug/2026:10:43:23 +0200] "GET /?m=02&y=2000 HTTP/1.1" 200 212882 "-" "Mozilla/5.0 (compatible; AhrefsBot/7.0; +http://ahrefs.com/robot/)"
185.191.171.6 - - [20/Aug/2026:10:43:27 +0200] "GET /new-products.php?a=12&a=12&a=12&a=12&b=1&b=1&b=1&b=1&debut=24&debut=288&debut=324&debut=348&debut=372 HTTP/1.1" 200 96572 "-" "Mozilla/5.0 (compatible; SemrushBot/7~bl; +http://www.semrush.com/bot.html)"
85.208.96.200 - - [20/Aug/2026:10:43:36 +0200] "GET /new-products.php?a=12&a=12&b=1&b=1&debut=0&debut=24&debut=396&debut=396&debut=408&debut=72&m=12&y=2022 HTTP/1.1" 200 129538 "-" "Mozilla/5.0 (compatible; SemrushBot/7~bl; +http://www.semrush.com/bot.html)"
176.31.139.16 - - [20/Aug/2026:10:44:28 +0200] "GET /?m=01&y=2048 HTTP/1.1" 200 219200 "-" "Mozilla/5.0 (compatible; AhrefsBot/7.0; +http://ahrefs.com/robot/)"
185.191.171.16 - - [20/Aug/2026:10:44:31 +0200] "GET /robots.txt HTTP/1.1" 200 89 "-" "Mozilla/5.0 (compatible; SemrushBot/7~bl; +http://www.semrush.com/bot.html)"
185.191.171.7 - - [20/Aug/2026:10:44:45 +0200] "GET /new-products.php?a=12&b=1&debut=0&debut=0&debut=384&debut=396&debut=72&m=09&seo_cat&seo_cat&x24=1&x26=1&y=2019 HTTP/1.1" 200 74713 "-" "Mozilla/5.0 (compatible; SemrushBot/7~bl; +http://www.semrush.com/bot.html)"
85.208.96.210 - - [20/Aug/2026:10:44:49 +0200] "GET /new-products.php?a=12&a=12&b=1&b=1&debut=0&debut=0&debut=384&debut=384&debut=396&debut=60&debut=72&m=12&y=2024 HTTP/1.1" 200 129811 "-" "Mozilla/5.0 (compatible; SemrushBot/7~bl; +http://www.semrush.com/bot.html)"
185.191.171.8 - - [20/Aug/2026:10:45:06 +0200] "GET /new-products.php?a=12&b=1&debut=0&debut=0&debut=84&m=06&seo_cat&seo_cat&x21=1&x26=1&y=2024 HTTP/1.1" 200 74495 "-" "Mozilla/5.0 (compatible; SemrushBot/7~bl; +http://www.semrush.com/bot.html)"
85.208.96.202 - - [20/Aug/2026:10:45:26 +0200] "GET /new-products.php?a=12&a=12&b=1&b=1&debut=0&debut=0&debut=0&debut=24&debut=312&debut=396&m=02&seo_cat&x21=1&y=2024 HTTP/1.1" 200 74663 "-" "Mozilla/5.0 (compatible; SemrushBot/7~bl; +http://www.semrush.com/bot.html)"
85.208.96.196 - - [20/Aug/2026:10:45:40 +0200] "GET /new-products.php?a=12&a=12&a=12&b=1&b=1&b=1&debut=0&debut=36&debut=372&debut=384&debut=48&debut=60&m=01&y=2018 HTTP/1.1" 200 129900 "-" "Mozilla/5.0 (compatible; SemrushBot/7~bl; +http://www.semrush.com/bot.html)"
51.75.236.152 - - [20/Aug/2026:10:45:42 +0200] "GET /?m=08&y=2043 HTTP/1.1" 200 212957 "-" "Mozilla/5.0 (compatible; AhrefsBot/7.0; +http://ahrefs.com/robot/)"
85.208.96.210 - - [20/Aug/2026:10:45:45 +0200] "GET /new-products.php?a=12&a=12&a=12&b=1&b=1&b=1&debut=0&debut=0&debut=0&debut=12&debut=48&debut=96&m=03&y=2020 HTTP/1.1" 200 129907 "-" "Mozilla/5.0 (compatible; SemrushBot/7~bl; +http://www.semrush.com/bot.html)"
185.191.171.2 - - [20/Aug/2026:10:45:56 +0200] "GET /new-products.php?a=12&a=12&a=12&b=1&b=1&b=1&debut=0&debut=0&debut=0&debut=36&m=12&seo_cat&x26=1&y=2024 HTTP/1.1" 200 74666 "-" "Mozilla/5.0 (compatible; SemrushBot/7~bl; +http://www.semrush.com/bot.html)"
85.208.96.201 - - [20/Aug/2026:10:46:10 +0200] "GET /new-products.php?a=12&a=12&b=1&b=1&debut=0&debut=0&debut=0&debut=0&debut=0&debut=12&debut=372&debut=84&m=07&y=2025 HTTP/1.1" 200 133434 "-" "Mozilla/5.0 (compatible; SemrushBot/7~bl; +http://www.semrush.com/bot.html)"
185.191.171.14 - - [20/Aug/2026:10:46:14 +0200] "GET /new-products.php?a=12&a=12&b=1&b=1&debut=0&debut=48&debut=72&histo_track=1&m=10&seo_cat&x24=1&y=2023 HTTP/1.1" 200 74644 "-" "Mozilla/5.0 (compatible; SemrushBot/7~bl; +http://www.semrush.com/bot.html)"
85.208.96.206 - - [20/Aug/2026:10:46:19 +0200] "GET /new-products.php?a=12&a=12&a=12&b=1&b=1&b=1&debut=0&debut=0&debut=108&debut=132&debut=396&debut=84&m=12&y=2023 HTTP/1.1" 200 133342 "-" "Mozilla/5.0 (compatible; SemrushBot/7~bl; +http://www.semrush.com/bot.html)"
185.191.171.10 - - [20/Aug/2026:10:46:21 +0200] "GET /new-products.php?a=12&a=12&a=12&b=1&b=1&b=1&debut=24&debut=36&debut=396&debut=60&m=08&y=2019 HTTP/1.1" 200 129453 "-" "Mozilla/5.0 (compatible; SemrushBot/7~bl; +http://www.semrush.com/bot.html)"
85.208.96.204 - - [20/Aug/2026:10:46:24 +0200] "GET /new-products.php?a=12&b=1&debut=0&debut=0&debut=372&debut=384&m=11&seo_cat&seo_cat&x23=0&x23=1&y=2021 HTTP/1.1" 200 74576 "-" "Mozilla/5.0 (compatible; SemrushBot/7~bl; +http://www.semrush.com/bot.html)"
185.191.171.2 - - [20/Aug/2026:10:46:30 +0200] "GET /new-products.php?a=12&a=12&b=1&b=1&debut=0&debut=384&debut=60&debut=84&histo_track=1&m=04&seo_cat&x26=1&y=2018 HTTP/1.1" 200 74709 "-" "Mozilla/5.0 (compatible; SemrushBot/7~bl; +http://www.semrush.com/bot.html)"
185.191.171.12 - - [20/Aug/2026:10:46:34 +0200] "GET /new-products.php?a=12&b=1&debut=0&debut=0&debut=0&debut=360&debut=396&m=08&seo_cat&seo_cat&x24=1&x26=1&y=2017 HTTP/1.1" 200 74637 "-" "Mozilla/5.0 (compatible; SemrushBot/7~bl; +http://www.semrush.com/bot.html)"
92.222.104.221 - - [20/Aug/2026:10:46:38 +0200] "GET /?m=04&y=2045 HTTP/1.1" 200 225937 "-" "Mozilla/5.0 (compatible; AhrefsBot/7.0; +http://ahrefs.com/robot/)"
57.141.12.58 - - [20/Aug/2026:10:46:49 +0200] "GET / HTTP/1.1" 200 212676 "-" "facebookexternalhit/1.1 (+http://www.facebook.com/externalhit_uatext.php)"
46.140.144.180 - - [20/Aug/2026:10:47:16 +0200] "GET /uploadfiles/products/mini/15920496420iso2.jpg HTTP/1.1" 200 22071 "https://www.google.com/" "Mozilla/5.0 (Windows NT 10.0; Win64; x64; rv:153.0) Gecko/20100101 Firefox/153.0"
185.191.171.17 - - [20/Aug/2026:10:47:36 +0200] "GET /new-products.php?a=12&a=12&a=12&b=1&b=1&b=1&debut=0&debut=0&debut=300&debut=336&debut=36&debut=372&m=11&y=2025 HTTP/1.1" 200 96674 "-" "Mozilla/5.0 (compatible; SemrushBot/7~bl; +http://www.semrush.com/bot.html)"
185.191.171.7 - - [20/Aug/2026:10:47:40 +0200] "GET /new-products.php?a=12&a=12&a=12&b=1&b=1&b=1&debut=36&debut=396&debut=48&debut=84 HTTP/1.1" 200 132687 "-" "Mozilla/5.0 (compatible; SemrushBot/7~bl; +http://www.semrush.com/bot.html)"
92.222.104.205 - - [20/Aug/2026:10:47:42 +0200] "GET /?m=02&y=2060 HTTP/1.1" 200 212766 "-" "Mozilla/5.0 (compatible; AhrefsBot/7.0; +http://ahrefs.com/robot/)"
185.191.171.6 - - [20/Aug/2026:10:47:43 +0200] "GET /new-products.php?a=12&b=1&debut=0&debut=0&debut=0&debut=0&debut=396&debut=432&debut=432&debut=60&histo_track=1&m=03&y=2022 HTTP/1.1" 200 130197 "-" "Mozilla/5.0 (compatible; SemrushBot/7~bl; +http://www.semrush.com/bot.html)"
85.208.96.204 - - [20/Aug/2026:10:47:45 +0200] "GET /new-products.php?a=12&a=12&a=12&b=1&b=1&b=1&debut=0&debut=108&debut=24&debut=372&debut=396&debut=72&m=03&y=2019 HTTP/1.1" 200 129752 "-" "Mozilla/5.0 (compatible; SemrushBot/7~bl; +http://www.semrush.com/bot.html)"
57.141.2.50 - - [20/Aug/2026:10:47:48 +0200] "GET / HTTP/1.1" 200 212712 "-" "facebookexternalhit/1.1 (+http://www.facebook.com/externalhit_uatext.php)"
207.46.13.31 - - [20/Aug/2026:10:47:54 +0200] "GET /produit-477-brosse-a-legumes-fsc?m=09&y=2026 HTTP/1.1" 200 120724 "-" "Mozilla/5.0 AppleWebKit/537.36 (KHTML, like Gecko; compatible; bingbot/2.0; +http://www.bing.com/bingbot.htm) Chrome/116.0.1938.76 Safari/537.36"
185.191.171.11 - - [20/Aug/2026:10:48:29 +0200] "GET /new-products.php?a=12&a=12&a=12&b=1&b=1&b=1&debut=0&debut=348&debut=348&debut=372&debut=384&m=02&y=2025 HTTP/1.1" 200 74590 "-" "Mozilla/5.0 (compatible; SemrushBot/7~bl; +http://www.semrush.com/bot.html)"
185.191.171.3 - - [20/Aug/2026:10:48:38 +0200] "GET /new-products.php?a=12&a=12&b=1&b=1&debut=0&debut=324&debut=336&debut=396&histo_track=1&m=03&seo_cat&x24=1&y=2017 HTTP/1.1" 200 74652 "-" "Mozilla/5.0 (compatible; SemrushBot/7~bl; +http://www.semrush.com/bot.html)"
51.75.236.150 - - [20/Aug/2026:10:48:50 +0200] "GET /?m=04&y=1992 HTTP/1.1" 200 212543 "-" "Mozilla/5.0 (compatible; AhrefsBot/7.0; +http://ahrefs.com/robot/)"
185.191.171.6 - - [20/Aug/2026:10:49:09 +0200] "GET /new-products.php?a=12&b=1&debut=0&debut=0&debut=0&debut=360&debut=432&m=01&seo_cat&seo_cat&x20=1&x24=1&y=2022 HTTP/1.1" 200 74707 "-" "Mozilla/5.0 (compatible; SemrushBot/7~bl; +http://www.semrush.com/bot.html)"
57.141.6.21 - - [20/Aug/2026:10:49:11 +0200] "GET / HTTP/1.1" 200 212643 "-" "facebookexternalhit/1.1 (+http://www.facebook.com/externalhit_uatext.php)"
85.208.96.195 - - [20/Aug/2026:10:49:30 +0200] "GET /marques.php?debut=0&debut=0&debut=0&seo=23-produits-locaux&seo_marq=23&seo_marq=23&seo_marq=23&t103=1&t104=1&t118=1 HTTP/1.1" 200 116949 "-" "Mozilla/5.0 (compatible; SemrushBot/7~bl; +http://www.semrush.com/bot.html)"
85.208.96.196 - - [20/Aug/2026:10:49:34 +0200] "GET /new-products.php?a=12&a=12&b=1&b=1&debut=0&debut=0&debut=0&debut=0&debut=0&debut=0&debut=36&debut=72&m=11&y=2022 HTTP/1.1" 200 129428 "-" "Mozilla/5.0 (compatible; SemrushBot/7~bl; +http://www.semrush.com/bot.html)"
185.191.171.3 - - [20/Aug/2026:10:49:45 +0200] "GET /new-products.php?a=12&a=12&b=1&b=1&debut=0&debut=0&debut=0&debut=36&debut=384&debut=384&debut=396&debut=72&m=09&y=2023 HTTP/1.1" 200 129579 "-" "Mozilla/5.0 (compatible; SemrushBot/7~bl; +http://www.semrush.com/bot.html)"
85.208.96.193 - - [20/Aug/2026:10:49:47 +0200] "GET /new-products.php?a=12&a=12&a=12&b=1&b=1&b=1&debut=348&debut=360&debut=360&debut=396&histo_track=1&m=11&y=2022 HTTP/1.1" 200 74632 "-" "Mozilla/5.0 (compatible; SemrushBot/7~bl; +http://www.semrush.com/bot.html)"
5.39.1.253 - - [20/Aug/2026:10:49:54 +0200] "GET /?m=06&y=1997 HTTP/1.1" 200 212653 "-" "Mozilla/5.0 (compatible; AhrefsBot/7.0; +http://ahrefs.com/robot/)"
85.208.96.211 - - [20/Aug/2026:10:50:08 +0200] "GET /new-products.php?a=12&a=12&b=1&b=1&debut=0&debut=36&debut=360&debut=372&debut=372&debut=372&debut=84&m=12&y=2023 HTTP/1.1" 200 133392 "-" "Mozilla/5.0 (compatible; SemrushBot/7~bl; +http://www.semrush.com/bot.html)"
185.191.171.11 - - [20/Aug/2026:10:50:12 +0200] "GET /new-products.php?a=12&a=12&b=1&b=1&debut=0&debut=0&debut=0&debut=0&debut=0&debut=36&debut=60&m=05&y=2022 HTTP/1.1" 200 129819 "-" "Mozilla/5.0 (compatible; SemrushBot/7~bl; +http://www.semrush.com/bot.html)"
85.208.96.208 - - [20/Aug/2026:10:50:15 +0200] "GET /new-products.php?a=12&a=12&b=1&b=1&debut=372&debut=372&debut=396&debut=408&debut=72&debut=96&histo_track=1&m=07&y=2021 HTTP/1.1" 200 130137 "-" "Mozilla/5.0 (compatible; SemrushBot/7~bl; +http://www.semrush.com/bot.html)"
185.191.171.15 - - [20/Aug/2026:10:50:18 +0200] "GET /product.php?histo_track=1&seo=37-shampoing-solide-lalexandrin-100g HTTP/1.1" 200 122814 "-" "Mozilla/5.0 (compatible; SemrushBot/7~bl; +http://www.semrush.com/bot.html)"
185.191.171.13 - - [20/Aug/2026:10:50:21 +0200] "GET /new-products.php?a=12&b=1&debut=0&debut=0&debut=0&debut=0&debut=0&debut=384&debut=396&m=07&seo_cat&x21=1&y=2024 HTTP/1.1" 200 74648 "-" "Mozilla/5.0 (compatible; SemrushBot/7~bl; +http://www.semrush.com/bot.html)"
85.208.96.210 - - [20/Aug/2026:10:50:33 +0200] "GET /new-products.php?a=12&a=12&b=1&b=1&debut=108&debut=372&debut=372&debut=396&debut=396&debut=60&histo_track=1&m=08&y=2020 HTTP/1.1" 200 130182 "-" "Mozilla/5.0 (compatible; SemrushBot/7~bl; +http://www.semrush.com/bot.html)"
85.208.96.194 - - [20/Aug/2026:10:50:41 +0200] "GET /new-products.php?a=12&a=12&b=1&b=1&debut=0&debut=0&debut=0&debut=24&debut=384&debut=408&debut=84&histo_track=1 HTTP/1.1" 200 133106 "-" "Mozilla/5.0 (compatible; SemrushBot/7~bl; +http://www.semrush.com/bot.html)"
85.208.96.203 - - [20/Aug/2026:10:50:49 +0200] "GET /new-products.php?a=12&a=12&a=12&b=1&b=1&b=1&debut=0&debut=144&debut=60&debut=96&m=12&seo_cat&x20=1&y=2022 HTTP/1.1" 200 74614 "-" "Mozilla/5.0 (compatible; SemrushBot/7~bl; +http://www.semrush.com/bot.html)"
185.191.171.14 - - [20/Aug/2026:10:50:52 +0200] "GET /new-products.php?a=12&a=12&a=12&b=1&b=1&b=1&debut=0&debut=108&debut=384&debut=84&debut=96&histo_track=1&m=02&y=2019 HTTP/1.1" 200 130060 "-" "Mozilla/5.0 (compatible; SemrushBot/7~bl; +http://www.semrush.com/bot.html)"
92.222.108.117 - - [20/Aug/2026:10:50:52 +0200] "GET /?m=09&y=2058 HTTP/1.1" 200 213092 "-" "Mozilla/5.0 (compatible; AhrefsBot/7.0; +http://ahrefs.com/robot/)"
85.208.96.198 - - [20/Aug/2026:10:51:36 +0200] "GET /new-products.php?a=12&a=12&b=1&b=1&debut=0&debut=0&debut=384&debut=408&debut=408&debut=432&debut=60&debut=84 HTTP/1.1" 200 133056 "-" "Mozilla/5.0 (compatible; SemrushBot/7~bl; +http://www.semrush.com/bot.html)"
85.208.96.211 - - [20/Aug/2026:10:51:44 +0200] "GET /new-products.php?debut=0&debut=0&debut=0&debut=0&debut=0&debut=0&debut=0&debut=0&debut=0&debut=396&m=06&y=2018 HTTP/1.1" 200 74635 "-" "Mozilla/5.0 (compatible; SemrushBot/7~bl; +http://www.semrush.com/bot.html)"
85.208.96.202 - - [20/Aug/2026:10:51:47 +0200] "GET /new-products.php?a=12&a=12&b=1&b=1&debut=0&debut=0&debut=60&debut=72&m=02&seo_cat&x23=1&y=2022 HTTP/1.1" 200 74527 "-" "Mozilla/5.0 (compatible; SemrushBot/7~bl; +http://www.semrush.com/bot.html)"
54.37.118.71 - - [20/Aug/2026:10:51:51 +0200] "GET /?m=08&y=2048 HTTP/1.1" 200 219314 "-" "Mozilla/5.0 (compatible; AhrefsBot/7.0; +http://ahrefs.com/robot/)"
85.208.96.203 - - [20/Aug/2026:10:51:51 +0200] "GET /new-products.php?a=12&a=12&b=1&b=1&debut=0&debut=24&debut=396&debut=396&debut=72&histo_track=1&m=03&y=2021 HTTP/1.1" 200 129296 "-" "Mozilla/5.0 (compatible; SemrushBot/7~bl; +http://www.semrush.com/bot.html)"
57.141.24.30 - - [20/Aug/2026:10:52:08 +0200] "GET / HTTP/1.1" 200 213130 "-" "facebookexternalhit/1.1 (+http://www.facebook.com/externalhit_uatext.php)"
172.245.157.241 - - [20/Aug/2026:10:52:18 +0200] "GET /produit-208-the-vert-bio-menthe-mangue-citron-50g HTTP/1.1" 200 144923 "-" "Mozilla/5.0 (compatible; Googlebot/2.1; +http://www.google.com/bot.html)"
185.191.171.18 - - [20/Aug/2026:10:52:29 +0200] "GET /new-products.php?a=12&a=12&a=12&b=1&b=1&b=1&debut=108&debut=120&debut=360&debut=72&histo_track=1&m=12&y=2023 HTTP/1.1" 200 129669 "-" "Mozilla/5.0 (compatible; SemrushBot/7~bl; +http://www.semrush.com/bot.html)"
185.191.171.18 - - [20/Aug/2026:10:52:39 +0200] "GET /new-products.php?a=12&a=12&a=12&b=1&b=1&b=1&debut=0&debut=12&debut=336&debut=396&histo_track=1&m=02&y=2018 HTTP/1.1" 200 74611 "-" "Mozilla/5.0 (compatible; SemrushBot/7~bl; +http://www.semrush.com/bot.html)"
37.59.204.133 - - [20/Aug/2026:10:53:09 +0200] "GET /?m=07&y=2003 HTTP/1.1" 200 213140 "-" "Mozilla/5.0 (compatible; AhrefsBot/7.0; +http://ahrefs.com/robot/)"
85.208.96.211 - - [20/Aug/2026:10:53:16 +0200] "GET /marques.php?debut=0&debut=0&debut=0&seo=23-produits-locaux&seo_marq=23&seo_marq=23&seo_marq=23&t105=1&t5=1&t98=1 HTTP/1.1" 200 130105 "-" "Mozilla/5.0 (compatible; SemrushBot/7~bl; +http://www.semrush.com/bot.html)"
85.208.96.210 - - [20/Aug/2026:10:53:35 +0200] "GET /new-products.php?a=12&b=1&debut=0&debut=396&debut=408&debut=408&debut=408&debut=408&debut=84&histo_track=1&m=05&y=2021 HTTP/1.1" 200 133603 "-" "Mozilla/5.0 (compatible; SemrushBot/7~bl; +http://www.semrush.com/bot.html)"
85.208.96.196 - - [20/Aug/2026:10:53:37 +0200] "GET /new-products.php?a=12&a=12&b=1&b=1&debut=0&debut=0&debut=0&debut=36&debut=396&debut=396&debut=408&debut=48&m=08&y=2021 HTTP/1.1" 200 130865 "-" "Mozilla/5.0 (compatible; SemrushBot/7~bl; +http://www.semrush.com/bot.html)"
185.191.171.14 - - [20/Aug/2026:10:53:48 +0200] "GET /new-products.php?a=12&b=1&debut=0&debut=0&debut=0&debut=24&m=04&seo_cat&seo_cat&seo_cat&x21=1&x23=0&x23=1&y=2024 HTTP/1.1" 200 128424 "-" "Mozilla/5.0 (compatible; SemrushBot/7~bl; +http://www.semrush.com/bot.html)"
185.191.171.8 - - [20/Aug/2026:10:53:51 +0200] "GET /new-products.php?a=12&b=1&debut=0&debut=0&debut=0&debut=48&m=01&seo_cat&seo_cat&seo_cat&x23=1&x26=0&x26=1&y=2024 HTTP/1.1" 200 128381 "-" "Mozilla/5.0 (compatible; SemrushBot/7~bl; +http://www.semrush.com/bot.html)"
157.55.39.59 - - [20/Aug/2026:10:53:56 +0200] "GET /produit-251-fusilli-encre-de-seiche-bio-250g HTTP/1.1" 200 79279 "-" "Mozilla/5.0 AppleWebKit/537.36 (KHTML, like Gecko; compatible; bingbot/2.0; +http://www.bing.com/bingbot.htm) Chrome/116.0.1938.76 Safari/537.36"
85.208.96.196 - - [20/Aug/2026:10:54:00 +0200] "GET /new-products.php?a=12&a=12&a=12&b=1&b=1&b=1&debut=0&debut=0&debut=108&debut=372&debut=60&debut=84&m=10&y=2025 HTTP/1.1" 200 132978 "-" "Mozilla/5.0 (compatible; SemrushBot/7~bl; +http://www.semrush.com/bot.html)"
185.191.171.15 - - [20/Aug/2026:10:54:14 +0200] "GET /new-products.php?a=12&b=1&debut=0&debut=0&debut=384&debut=384&debut=60&histo_track=1&m=02&seo_cat&x24=1&y=2020 HTTP/1.1" 200 74642 "-" "Mozilla/5.0 (compatible; SemrushBot/7~bl; +http://www.semrush.com/bot.html)"
185.191.171.14 - - [20/Aug/2026:10:54:27 +0200] "GET /new-products.php?a=12&a=12&a=12&b=1&b=1&b=1&debut=0&debut=0&debut=108&debut=24&debut=72&histo_track=1&m=06&y=2018 HTTP/1.1" 200 129780 "-" "Mozilla/5.0 (compatible; SemrushBot/7~bl; +http://www.semrush.com/bot.html)"
85.208.96.196 - - [20/Aug/2026:10:54:37 +0200] "GET /new-products.php?a=12&b=1&debut=0&debut=0&debut=0&debut=24&m=09&seo_cat&seo_cat&seo_cat&x20=1&x24=1&x26=1&y=2019 HTTP/1.1" 200 128096 "-" "Mozilla/5.0 (compatible; SemrushBot/7~bl; +http://www.semrush.com/bot.html)"
85.208.96.200 - - [20/Aug/2026:10:54:40 +0200] "GET /new-products.php?a=12&b=1&debut=0&debut=0&debut=0&debut=408&debut=408&debut=84&m=03&seo_cat&x20=1&y=2023 HTTP/1.1" 200 74596 "-" "Mozilla/5.0 (compatible; SemrushBot/7~bl; +http://www.semrush.com/bot.html)"
85.208.96.194 - - [20/Aug/2026:10:54:43 +0200] "GET /new-products.php?a=12&a=12&a=12&a=12&b=1&b=1&b=1&b=1&debut=120&debut=144&debut=48&debut=96&m=09&y=2023 HTTP/1.1" 200 129736 "-" "Mozilla/5.0 (compatible; SemrushBot/7~bl; +http://www.semrush.com/bot.html)"
85.208.96.194 - - [20/Aug/2026:10:54:45 +0200] "GET /new-products.php?a=12&a=12&b=1&b=1&debut=0&debut=0&debut=0&debut=0&debut=0&debut=108&debut=84&m=11&y=2025 HTTP/1.1" 200 132876 "-" "Mozilla/5.0 (compatible; SemrushBot/7~bl; +http://www.semrush.com/bot.html)"
85.208.96.199 - - [20/Aug/2026:10:54:47 +0200] "GET /new-products.php?a=12&a=12&b=1&b=1&debut=0&debut=0&debut=0&debut=24&debut=372&debut=432&debut=432&debut=60&m=04&y=2022 HTTP/1.1" 200 130095 "-" "Mozilla/5.0 (compatible; SemrushBot/7~bl; +http://www.semrush.com/bot.html)"
85.208.96.208 - - [20/Aug/2026:10:54:52 +0200] "GET /new-products.php?a=12&a=12&b=1&b=1&debut=0&debut=312&debut=324&debut=396&m=06&seo_cat&x24=1&y=2023 HTTP/1.1" 200 74551 "-" "Mozilla/5.0 (compatible; SemrushBot/7~bl; +http://www.semrush.com/bot.html)"
57.141.18.73 - - [20/Aug/2026:10:55:06 +0200] "GET / HTTP/1.1" 200 213208 "-" "facebookexternalhit/1.1 (+http://www.facebook.com/externalhit_uatext.php)"
185.191.171.15 - - [20/Aug/2026:10:55:45 +0200] "GET /new-products.php?a=12&a=12&a=12&b=1&b=1&b=1&debut=0&debut=24&debut=36&debut=372&debut=384&debut=432&debut=432&debut=60 HTTP/1.1" 200 130203 "-" "Mozilla/5.0 (compatible; SemrushBot/7~bl; +http://www.semrush.com/bot.html)"
185.191.171.4 - - [20/Aug/2026:10:55:52 +0200] "GET /new-products.php?a=12&a=12&a=12&b=1&b=1&b=1&debut=384&debut=384&debut=384&debut=60&debut=60&debut=96&m=03&y=2018 HTTP/1.1" 200 129984 "-" "Mozilla/5.0 (compatible; SemrushBot/7~bl; +http://www.semrush.com/bot.html)"
185.191.171.3 - - [20/Aug/2026:10:55:54 +0200] "GET /new-products.php?a=12&b=1&debut=0&debut=0&debut=0&debut=432&debut=432&debut=60&m=06&seo_cat&seo_cat&x23=1&x24=1&y=2021 HTTP/1.1" 200 129466 "-" "Mozilla/5.0 (compatible; SemrushBot/7~bl; +http://www.semrush.com/bot.html)"
85.208.96.210 - - [20/Aug/2026:10:56:13 +0200] "GET /new-products.php?a=12&a=12&b=1&b=1&debut=0&debut=324&debut=360&debut=396&histo_track=1&m=01&seo_cat&x21=1&y=2021 HTTP/1.1" 200 74655 "-" "Mozilla/5.0 (compatible; SemrushBot/7~bl; +http://www.semrush.com/bot.html)"
197.149.242.220 - - [20/Aug/2026:10:56:22 +0200] "GET /categorie-103-confitures-coulis HTTP/1.1" 200 100457 "https://www.google.com/url?q=https://www.vracandbio.com/categorie-103-confitures-coulis&sa=U&sqi=2&ved=2ahUKEwjrrpmw6K6WAxVRnycCHfl5LTkQFnoECEQQAQ&usg=AOvVaw3e9GrH9QoDwwwLO7zFzn9q" "Mozilla/5.0 (iPhone; CPU iPhone OS 26_6_0 like Mac OS X) AppleWebKit/605.1.15 (KHTML, like Gecko) GSA/434.2.961627397 Mobile/15E148 Safari/604.1"
197.149.242.220 - - [20/Aug/2026:10:56:23 +0200] "GET /templates/shop/css/global.php HTTP/1.1" 200 26242 "https://www.vracandbio.com/categorie-103-confitures-coulis" "Mozilla/5.0 (iPhone; CPU iPhone OS 26_6_0 like Mac OS X) AppleWebKit/605.1.15 (KHTML, like Gecko) GSA/434.2.961627397 Mobile/15E148 Safari/604.1"
197.149.242.220 - - [20/Aug/2026:10:56:23 +0200] "GET /templates/shop/css/global_cookies_css.php HTTP/1.1" 200 31 "https://www.vracandbio.com/categorie-103-confitures-coulis" "Mozilla/5.0 (iPhone; CPU iPhone OS 26_6_0 like Mac OS X) AppleWebKit/605.1.15 (KHTML, like Gecko) GSA/434.2.961627397 Mobile/15E148 Safari/604.1"
197.149.242.220 - - [20/Aug/2026:10:56:23 +0200] "GET /includes/stats.php?ref=https%3A%2F%2Fwww.google.com%2Furl%3Fq%3Dhttps%3A%2F%2Fwww.vracandbio.com%2Fcategorie-103-confitures-coulis%26sa%3DU%26sqi%3D2%26ved%3D2ahUKEwjrrpmw6K6WAxVRnycCHfl5LTkQFnoECEQQAQ%26usg%3DAOvVaw3e9GrH9QoDwwwLO7zFzn9q HTTP/1.1" 200 - "https://www.vracandbio.com/categorie-103-confitures-coulis" "Mozilla/5.0 (iPhone; CPU iPhone OS 26_6_0 like Mac OS X) AppleWebKit/605.1.15 (KHTML, like Gecko) GSA/434.2.961627397 Mobile/15E148 Safari/604.1"
197.149.242.220 - - [20/Aug/2026:10:56:28 +0200] "GET /categorie-103-confitures-coulis HTTP/1.1" 200 100457 "https://www.google.com/url?q=https://www.vracandbio.com/categorie-103-confitures-coulis&sa=U&sqi=2&ved=2ahUKEwjrrpmw6K6WAxVRnycCHfl5LTkQFnoECEQQAQ&usg=AOvVaw3e9GrH9QoDwwwLO7zFzn9q" "Mozilla/5.0 (iPhone; CPU iPhone OS 26_6_0 like Mac OS X) AppleWebKit/605.1.15 (KHTML, like Gecko) GSA/434.2.961627397 Mobile/15E148 Safari/604.1"
197.149.242.220 - - [20/Aug/2026:10:56:29 +0200] "GET /templates/shop/css/global.php HTTP/1.1" 200 26242 "https://www.vracandbio.com/categorie-103-confitures-coulis" "Mozilla/5.0 (iPhone; CPU iPhone OS 26_6_0 like Mac OS X) AppleWebKit/605.1.15 (KHTML, like Gecko) GSA/434.2.961627397 Mobile/15E148 Safari/604.1"
197.149.242.220 - - [20/Aug/2026:10:56:29 +0200] "GET /templates/shop/css/global_cookies_css.php HTTP/1.1" 200 31 "https://www.vracandbio.com/categorie-103-confitures-coulis" "Mozilla/5.0 (iPhone; CPU iPhone OS 26_6_0 like Mac OS X) AppleWebKit/605.1.15 (KHTML, like Gecko) GSA/434.2.961627397 Mobile/15E148 Safari/604.1"
197.149.242.220 - - [20/Aug/2026:10:56:29 +0200] "GET /includes/stats.php?ref=https%3A%2F%2Fwww.google.com%2Furl%3Fq%3Dhttps%3A%2F%2Fwww.vracandbio.com%2Fcategorie-103-confitures-coulis%26sa%3DU%26sqi%3D2%26ved%3D2ahUKEwjrrpmw6K6WAxVRnycCHfl5LTkQFnoECEQQAQ%26usg%3DAOvVaw3e9GrH9QoDwwwLO7zFzn9q HTTP/1.1" 200 - "https://www.vracandbio.com/categorie-103-confitures-coulis" "Mozilla/5.0 (iPhone; CPU iPhone OS 26_6_0 like Mac OS X) AppleWebKit/605.1.15 (KHTML, like Gecko) GSA/434.2.961627397 Mobile/15E148 Safari/604.1"
185.191.171.8 - - [20/Aug/2026:10:56:30 +0200] "GET /new-products.php?a=12&b=1&debut=0&debut=0&debut=324&debut=396&seo_cat&seo_cat&x20=1&x23=1 HTTP/1.1" 200 74597 "-" "Mozilla/5.0 (compatible; SemrushBot/7~bl; +http://www.semrush.com/bot.html)"
185.191.171.1 - - [20/Aug/2026:10:56:53 +0200] "GET /new-products.php?a=12&a=12&a=12&b=1&b=1&b=1&debut=0&debut=0&debut=120&debut=408&debut=72&debut=96&seo_cat&x26=1 HTTP/1.1" 200 74751 "-" "Mozilla/5.0 (compatible; SemrushBot/7~bl; +http://www.semrush.com/bot.html)"
185.191.171.13 - - [20/Aug/2026:10:57:24 +0200] "GET /new-products.php?a=12&a=12&b=1&b=1&debut=0&debut=0&debut=0&debut=24&debut=372&debut=60&histo_track=1&m=02&y=2024 HTTP/1.1" 200 129951 "-" "Mozilla/5.0 (compatible; SemrushBot/7~bl; +http://www.semrush.com/bot.html)"
85.208.96.195 - - [20/Aug/2026:10:57:41 +0200] "GET /new-products.php?a=12&a=12&b=1&b=1&debut=0&debut=0&debut=0&debut=384&debut=408&debut=432&debut=72&debut=84&m=06&y=2020 HTTP/1.1" 200 133197 "-" "Mozilla/5.0 (compatible; SemrushBot/7~bl; +http://www.semrush.com/bot.html)"
185.191.171.12 - - [20/Aug/2026:10:57:51 +0200] "GET /new-products.php?a=12&b=1&debut=0&debut=384&debut=408&debut=408&debut=408&debut=432&debut=72&histo_track=1&m=07&y=2021 HTTP/1.1" 200 129911 "-" "Mozilla/5.0 (compatible; SemrushBot/7~bl; +http://www.semrush.com/bot.html)"
57.141.8.63 - - [20/Aug/2026:10:58:00 +0200] "GET / HTTP/1.1" 200 212970 "-" "facebookexternalhit/1.1 (+http://www.facebook.com/externalhit_uatext.php)"
185.191.171.16 - - [20/Aug/2026:10:58:01 +0200] "GET /new-products.php?a=12&b=1&debut=0&debut=0&debut=0&debut=0&debut=396&debut=396&debut=72&m=10&seo_cat&x23=1&y=2025 HTTP/1.1" 200 74655 "-" "Mozilla/5.0 (compatible; SemrushBot/7~bl; +http://www.semrush.com/bot.html)"
173.252.95.67 - - [20/Aug/2026:10:58:03 +0200] "GET /templates/shop/css/global_end.css HTTP/1.1" 200 1106 "https://www.vracandbio.com/category.php?seo=61-lessive-vaisselle" "Mozilla/5.0 (Macintosh; Intel Mac OS X 10_15_7) AppleWebKit/537.36 (KHTML, like Gecko) Chrome/145.0.0.0 Safari/537.36 (compatible; meta-webindexer/1.1 (+https://developers.facebook.com/docs/sharing/webmasters/crawler))"
173.252.87.4 - - [20/Aug/2026:10:58:05 +0200] "GET /templates/shop/images/downArrow.png HTTP/1.1" 404 212961 "https://www.vracandbio.com/templates/shop/css/style.css" "Mozilla/5.0 (Macintosh; Intel Mac OS X 10_15_7) AppleWebKit/537.36 (KHTML, like Gecko) Chrome/145.0.0.0 Safari/537.36 (compatible; meta-webindexer/1.1 (+https://developers.facebook.com/docs/sharing/webmasters/crawler))"
185.191.171.6 - - [20/Aug/2026:10:58:12 +0200] "GET /new-products.php?a=12&a=12&a=12&b=1&b=1&b=1&debut=12&debut=36&debut=372&debut=396&debut=48&histo_track=1&m=11&y=2019 HTTP/1.1" 200 130737 "-" "Mozilla/5.0 (compatible; SemrushBot/7~bl; +http://www.semrush.com/bot.html)"
185.191.171.11 - - [20/Aug/2026:10:58:32 +0200] "GET /new-products.php?a=12&a=12&b=1&b=1&debut=0&debut=12&debut=372&debut=396&debut=396&debut=72&histo_track=1&m=06&y=2022 HTTP/1.1" 200 129855 "-" "Mozilla/5.0 (compatible; SemrushBot/7~bl; +http://www.semrush.com/bot.html)"
