185.191.171.8 - - [20/Aug/2026:10:28:25 +0200] "GET /new-products.php?a=12&b=1&debut=0&debut=0&debut=0&debut=0&debut=396&debut=48&m=08&seo_cat&x21=1&y=2024 HTTP/1.1" 200 74588 "-" "Mozilla/5.0 (compatible; SemrushBot/7~bl; +http://www.semrush.com/bot.html)"
185.191.171.7 - - [20/Aug/2026:10:28:33 +0200] "GET /new-products.php?a=12&b=1&debut=396&debut=396&debut=396&debut=396&debut=408&debut=60&histo_track=1&m=03&y=2021 HTTP/1.1" 200 129897 "-" "Mozilla/5.0 (compatible; SemrushBot/7~bl; +http://www.semrush.com/bot.html)"
185.191.171.9 - - [20/Aug/2026:10:28:50 +0200] "GET /new-products.php?a=12&b=1&debut=0&debut=0&debut=0&debut=0&debut=0&debut=312&debut=372&m=12&y=2023 HTTP/1.1" 200 96241 "-" "Mozilla/5.0 (compatible; SemrushBot/7~bl; +http://www.semrush.com/bot.html)"
185.191.171.1 - - [20/Aug/2026:10:29:03 +0200] "GET /new-products.php?a=12&a=12&a=12&b=1&b=1&b=1&debut=0&debut=0&debut=12&debut=12&debut=36&debut=372&m=05&y=2023 HTTP/1.1" 200 96482 "-" "Mozilla/5.0 (compatible; SemrushBot/7~bl; +http://www.semrush.com/bot.html)"
185.191.171.14 - - [20/Aug/2026:10:29:29 +0200] "GET /new-products.php?a=12&a=12&a=12&a=12&b=1&b=1&b=1&b=1&debut=12&debut=24&debut=24&debut=372&debut=432&debut=60 HTTP/1.1" 200 129953 "-" "Mozilla/5.0 (compatible; SemrushBot/7~bl; +http://www.semrush.com/bot.html)"
185.191.171.15 - - [20/Aug/2026:10:29:37 +0200] "GET /new-products.php?a=12&a=12&a=12&b=1&b=1&b=1&debut=0&debut=36&debut=384&debut=432&debut=432&debut=60&debut=96 HTTP/1.1" 200 129990 "-" "Mozilla/5.0 (compatible; SemrushBot/7~bl; +http://www.semrush.com/bot.html)"
85.208.96.193 - - [20/Aug/2026:10:29:48 +0200] "GET /new-products.php?a=12&b=1&debut=0&debut=0&debut=372&debut=372&debut=396&debut=396&debut=444&debut=444&debut=60&m=10&y=2020 HTTP/1.1" 200 130200 "-" "Mozilla/5.0 (compatible; SemrushBot/7~bl; +http://www.semrush.com/bot.html)"
40.77.167.76 - - [20/Aug/2026:10:30:06 +0200] "GET /produit-442-jus-de-pomme-bio-sud-ouest-25cl?m=08&y=2026 HTTP/1.1" 200 90168 "-" "Mozilla/5.0 AppleWebKit/537.36 (KHTML, like Gecko; compatible; bingbot/2.0; +http://www.bing.com/bingbot.htm) Chrome/116.0.1938.76 Safari/537.36"
185.191.171.11 - - [20/Aug/2026:10:30:09 +0200] "GET /new-products.php?a=12&a=12&b=1&b=1&debut=0&debut=0&debut=0&debut=0&debut=444&debut=48&debut=60&histo_track=1 HTTP/1.1" 200 129953 "-" "Mozilla/5.0 (compatible; SemrushBot/7~bl; +http://www.semrush.com/bot.html)"
85.208.96.206 - - [20/Aug/2026:10:30:12 +0200] "GET /new-products.php?a=12&a=12&a=12&b=1&b=1&b=1&debut=0&debut=0&debut=108&debut=24&debut=84&m=01&y=2018 HTTP/1.1" 200 132728 "-" "Mozilla/5.0 (compatible; SemrushBot/7~bl; +http://www.semrush.com/bot.html)"
85.208.96.200 - - [20/Aug/2026:10:30:24 +0200] "GET /new-products.php?a=12&a=12&a=12&b=1&b=1&b=1&debut=120&debut=48&debut=72&histo_track=1&m=06&y=2017 HTTP/1.1" 200 129380 "-" "Mozilla/5.0 (compatible; SemrushBot/7~bl; +http://www.semrush.com/bot.html)"
85.208.96.211 - - [20/Aug/2026:10:30:27 +0200] "GET /new-products.php?a=12&a=12&b=1&b=1&debut=0&debut=36&debut=396&debut=48&histo_track=1&m=07&seo_cat&x20=1&y=2023 HTTP/1.1" 200 74714 "-" "Mozilla/5.0 (compatible; SemrushBot/7~bl; +http://www.semrush.com/bot.html)"
85.208.96.206 - - [20/Aug/2026:10:30:44 +0200] "GET /new-products.php?a=12&a=12&a=12&b=1&b=1&b=1&debut=0&debut=0&debut=312&debut=372&debut=372&debut=396&m=07&y=2021 HTTP/1.1" 200 74648 "-" "Mozilla/5.0 (compatible; SemrushBot/7~bl; +http://www.semrush.com/bot.html)"
185.191.171.14 - - [20/Aug/2026:10:30:50 +0200] "GET /new-products.php?a=12&b=1&debut=0&debut=0&debut=0&debut=0&debut=0&debut=336&debut=396&m=09&seo_cat&x23=1&y=2018 HTTP/1.1" 200 74647 "-" "Mozilla/5.0 (compatible; SemrushBot/7~bl; +http://www.semrush.com/bot.html)"
85.208.96.200 - - [20/Aug/2026:10:31:17 +0200] "GET /new-products.php?a=12&a=12&b=1&b=1&debut=0&debut=120&debut=396&debut=72&histo_track=1&m=11&seo_cat&x20=1&y=2020 HTTP/1.1" 200 74719 "-" "Mozilla/5.0 (compatible; SemrushBot/7~bl; +http://www.semrush.com/bot.html)"
185.191.171.16 - - [20/Aug/2026:10:31:19 +0200] "GET /marques.php?debut=0&debut=0&debut=0&seo=23-produits-locaux&seo_marq=23&seo_marq=23&seo_marq=23&t111=1&t117=1&t2=1 HTTP/1.1" 200 117354 "-" "Mozilla/5.0 (compatible; SemrushBot/7~bl; +http://www.semrush.com/bot.html)"
185.191.171.8 - - [20/Aug/2026:10:31:41 +0200] "GET /new-products.php?a=12&a=12&b=1&b=1&debut=0&debut=0&debut=312&debut=324&debut=372&histo_track=1&m=12&y=2023 HTTP/1.1" 200 96592 "-" "Mozilla/5.0 (compatible; SemrushBot/7~bl; +http://www.semrush.com/bot.html)"
57.141.20.44 - - [20/Aug/2026:10:31:44 +0200] "GET / HTTP/1.1" 200 212712 "-" "facebookexternalhit/1.1 (+http://www.facebook.com/externalhit_uatext.php)"
185.191.171.19 - - [20/Aug/2026:10:31:59 +0200] "GET /new-products.php?a=12&a=12&a=12&b=1&b=1&b=1&debut=0&debut=0&debut=0&debut=60&debut=84&debut=96&m=07&y=2019 HTTP/1.1" 200 129837 "-" "Mozilla/5.0 (compatible; SemrushBot/7~bl; +http://www.semrush.com/bot.html)"
185.191.171.14 - - [20/Aug/2026:10:32:10 +0200] "GET /new-products.php?a=12&b=1&debut=0&debut=0&debut=384&debut=396&debut=84&m=10&seo_cat&seo_cat&x23=1&x24=1&y=2018 HTTP/1.1" 200 129340 "-" "Mozilla/5.0 (compatible; SemrushBot/7~bl; +http://www.semrush.com/bot.html)"
185.191.171.6 - - [20/Aug/2026:10:32:37 +0200] "GET /new-products.php?a=12&b=1&debut=0&debut=0&debut=0&debut=312&debut=396&m=06&seo_cat&x23=1&y=2019 HTTP/1.1" 200 74530 "-" "Mozilla/5.0 (compatible; SemrushBot/7~bl; +http://www.semrush.com/bot.html)"
185.191.171.5 - - [20/Aug/2026:10:32:48 +0200] "GET /new-products.php?a=12&a=12&b=1&b=1&debut=0&debut=0&debut=0&debut=384&debut=432&debut=432&debut=72&debut=96&m=04&y=2021 HTTP/1.1" 200 130132 "-" "Mozilla/5.0 (compatible; SemrushBot/7~bl; +http://www.semrush.com/bot.html)"
185.191.171.4 - - [20/Aug/2026:10:32:51 +0200] "GET /new-products.php?a=12&b=1&debut=0&debut=372&debut=72 HTTP/1.1" 200 128383 "-" "Mozilla/5.0 (compatible; SemrushBot/7~bl; +http://www.semrush.com/bot.html)"
205.188.48.100 - - [20/Aug/2026:10:32:57 +0200] "GET /uploadfiles/products/mini/15641381420CN.jpg HTTP/1.1" 301 317 "https://www.vracandbio.com/" "Mozilla/5.0 (Macintosh; Intel Mac OS X 10_15_7) AppleWebKit/537.36 (KHTML, like Gecko) Chrome/130.0.0.0 Safari/537.36"
172.120.126.86 - - [20/Aug/2026:10:33:01 +0200] "GET /uploadfiles/products/mini/15641381420CN.jpg HTTP/1.1" 200 16722 "https://www.vracandbio.com/" "Mozilla/5.0 (Macintosh; Intel Mac OS X 10_15_7) AppleWebKit/537.36 (KHTML, like Gecko) Chrome/130.0.0.0 Safari/537.36"
185.191.171.12 - - [20/Aug/2026:10:33:05 +0200] "GET /new-products.php?a=12&b=1&debut=0&debut=384&debut=384&debut=396&debut=48&histo_track=1&m=04&seo_cat&x20=1&y=2022 HTTP/1.1" 200 74650 "-" "Mozilla/5.0 (compatible; SemrushBot/7~bl; +http://www.semrush.com/bot.html)"
185.191.171.11 - - [20/Aug/2026:10:33:28 +0200] "GET /new-products.php?a=12&b=1&debut=0&debut=0&debut=396&debut=60&seo_cat&seo_cat&x20=1&x26=1 HTTP/1.1" 200 74590 "-" "Mozilla/5.0 (compatible; SemrushBot/7~bl; +http://www.semrush.com/bot.html)"
57.141.10.31 - - [20/Aug/2026:10:33:30 +0200] "GET / HTTP/1.1" 200 213144 "-" "facebookexternalhit/1.1 (+http://www.facebook.com/externalhit_uatext.php)"
85.208.96.207 - - [20/Aug/2026:10:33:38 +0200] "GET /new-products.php?a=12&b=1&debut=0&debut=0&debut=372&debut=396&seo_cat&seo_cat&x21=1&x23=1 HTTP/1.1" 200 74597 "-" "Mozilla/5.0 (compatible; SemrushBot/7~bl; +http://www.semrush.com/bot.html)"
185.191.171.16 - - [20/Aug/2026:10:33:50 +0200] "GET /new-products.php?a=12&a=12&a=12&b=1&b=1&b=1&debut=0&debut=12&debut=36&debut=372&m=05&y=2022 HTTP/1.1" 200 96164 "-" "Mozilla/5.0 (compatible; SemrushBot/7~bl; +http://www.semrush.com/bot.html)"
185.191.171.15 - - [20/Aug/2026:10:33:57 +0200] "GET /new-products.php?a=12&a=12&b=1&b=1&debut=108&debut=396&debut=396&debut=60&histo_track=1&m=03&y=2018 HTTP/1.1" 200 129622 "-" "Mozilla/5.0 (compatible; SemrushBot/7~bl; +http://www.semrush.com/bot.html)"
85.208.96.212 - - [20/Aug/2026:10:34:03 +0200] "GET /new-products.php?a=12&a=12&b=1&b=1&debut=0&debut=396&debut=396&debut=48&debut=96&m=03&y=2021 HTTP/1.1" 200 129484 "-" "Mozilla/5.0 (compatible; SemrushBot/7~bl; +http://www.semrush.com/bot.html)"
85.208.96.207 - - [20/Aug/2026:10:34:06 +0200] "GET /new-products.php?a=12&b=1&debut=0&debut=0&debut=0&debut=0&debut=0&debut=12&debut=396&m=04&seo_cat&x23=1&y=2025 HTTP/1.1" 200 74636 "-" "Mozilla/5.0 (compatible; SemrushBot/7~bl; +http://www.semrush.com/bot.html)"
85.208.96.202 - - [20/Aug/2026:10:34:10 +0200] "GET /new-products.php?a=12&a=12&b=1&b=1&debut=108&debut=372&debut=432&debut=432&debut=60&m=05&y=2022 HTTP/1.1" 200 129594 "-" "Mozilla/5.0 (compatible; SemrushBot/7~bl; +http://www.semrush.com/bot.html)"
85.208.96.207 - - [20/Aug/2026:10:34:20 +0200] "GET /new-products.php?a=12&a=12&a=12&b=1&b=1&b=1&debut=396&debut=396&debut=396&debut=48&debut=48&debut=72&m=01&y=2019 HTTP/1.1" 200 129780 "-" "Mozilla/5.0 (compatible; SemrushBot/7~bl; +http://www.semrush.com/bot.html)"
85.208.96.209 - - [20/Aug/2026:10:34:33 +0200] "GET /new-products.php?a=12&a=12&b=1&b=1&debut=0&debut=0&debut=0&debut=24&debut=348&debut=396&m=03&seo_cat&x21=1&y=2025 HTTP/1.1" 200 74732 "-" "Mozilla/5.0 (compatible; SemrushBot/7~bl; +http://www.semrush.com/bot.html)"
142.93.255.165 - - [20/Aug/2026:10:34:39 +0200] "GET / HTTP/1.1" 401 36 "-" "Mozilla/5.0 (X11; Linux x86_64) AppleWebKit/537.36 (KHTML, like Gecko) Chrome/142.0.0.0 Safari/537.36"
142.93.255.165 - - [20/Aug/2026:10:34:42 +0200] "GET /favicon.ico HTTP/1.1" 401 36 "https://cpcalendars.vracandbio.com/" "Mozilla/5.0 (X11; Linux x86_64) AppleWebKit/537.36 (KHTML, like Gecko) Chrome/142.0.0.0 Safari/537.36"
185.191.171.19 - - [20/Aug/2026:10:35:06 +0200] "GET /new-products.php?a=12&a=12&b=1&b=1&debut=0&debut=0&debut=396&debut=60&debut=84&m=05&seo_cat&x23=1&y=2023 HTTP/1.1" 200 74595 "-" "Mozilla/5.0 (compatible; SemrushBot/7~bl; +http://www.semrush.com/bot.html)"
85.208.96.206 - - [20/Aug/2026:10:35:22 +0200] "GET /new-products.php?a=12&b=1&debut=0&debut=384&debut=384&debut=384&debut=384&debut=432&debut=72&histo_track=1&m=05&y=2020 HTTP/1.1" 200 129926 "-" "Mozilla/5.0 (compatible; SemrushBot/7~bl; +http://www.semrush.com/bot.html)"
185.191.171.8 - - [20/Aug/2026:10:35:26 +0200] "GET /new-products.php?a=12&b=1&debut=0&debut=0&debut=0&debut=0&debut=0&debut=384&debut=396&debut=432&debut=72 HTTP/1.1" 200 129683 "-" "Mozilla/5.0 (compatible; SemrushBot/7~bl; +http://www.semrush.com/bot.html)"
57.141.22.113 - - [20/Aug/2026:10:35:27 +0200] "GET / HTTP/1.1" 200 212901 "-" "facebookexternalhit/1.1 (+http://www.facebook.com/externalhit_uatext.php)"
185.191.171.6 - - [20/Aug/2026:10:35:43 +0200] "GET /new-products.php?a=12&a=12&a=12&b=1&b=1&b=1&debut=0&debut=0&debut=24&debut=48&debut=84&histo_track=1&m=03&y=2020 HTTP/1.1" 200 133454 "-" "Mozilla/5.0 (compatible; SemrushBot/7~bl; +http://www.semrush.com/bot.html)"
185.191.171.6 - - [20/Aug/2026:10:36:05 +0200] "GET /new-products.php?a=12&a=12&b=1&b=1&debut=0&debut=372&debut=432&debut=432&debut=48&debut=96&m=12&y=2019 HTTP/1.1" 200 129818 "-" "Mozilla/5.0 (compatible; SemrushBot/7~bl; +http://www.semrush.com/bot.html)"
185.191.171.1 - - [20/Aug/2026:10:36:20 +0200] "GET /new-products.php?a=12&a=12&a=12&b=1&b=1&b=1&debut=0&debut=0&debut=0&debut=0&debut=0&debut=12&debut=72 HTTP/1.1" 200 129608 "-" "Mozilla/5.0 (compatible; SemrushBot/7~bl; +http://www.semrush.com/bot.html)"
185.191.171.15 - - [20/Aug/2026:10:36:44 +0200] "GET /new-products.php?a=12&a=12&b=1&b=1&debut=0&debut=0&debut=0&debut=36&debut=384&debut=60&m=07&seo_cat&x23=1&y=2022 HTTP/1.1" 200 82267 "-" "Mozilla/5.0 (compatible; SemrushBot/7~bl; +http://www.semrush.com/bot.html)"
185.191.171.15 - - [20/Aug/2026:10:36:45 +0200] "GET /new-products.php?a=12&a=12&b=1&b=1&debut=0&debut=0&debut=0&debut=36&debut=384&debut=60&m=07&seo_cat&x23=1&y=2022 HTTP/1.1" 200 82267 "-" "Mozilla/5.0 (compatible; SemrushBot/7~bl; +http://www.semrush.com/bot.html)"
85.208.96.210 - - [20/Aug/2026:10:36:47 +0200] "GET /new-products.php?a=12&b=1&debut=0&debut=0&debut=0&debut=36&m=11&seo_cat&seo_cat&seo_cat&x23=1&x24=1&x26=1&y=2021 HTTP/1.1" 200 129012 "-" "Mozilla/5.0 (compatible; SemrushBot/7~bl; +http://www.semrush.com/bot.html)"
185.191.171.1 - - [20/Aug/2026:10:36:54 +0200] "GET /marques.php?debut=0&histo_track=1&seo=21-vegan&seo_marq=21&t113=1 HTTP/1.1" 200 87307 "-" "Mozilla/5.0 (compatible; SemrushBot/7~bl; +http://www.semrush.com/bot.html)"
185.191.171.19 - - [20/Aug/2026:10:37:05 +0200] "GET /new-products.php?a=12&b=1&debut=0&debut=372&debut=372&debut=372&debut=48&histo_track=1&m=11&y=2025 HTTP/1.1" 200 130192 "-" "Mozilla/5.0 (compatible; SemrushBot/7~bl; +http://www.semrush.com/bot.html)"
66.249.72.3 - - [20/Aug/2026:10:37:14 +0200] "GET /uploadfiles/products/mini/15835189660CAB.jpg HTTP/1.1" 200 19988 "-" "Googlebot-Image/1.0"
185.191.171.12 - - [20/Aug/2026:10:37:17 +0200] "GET /new-products.php?a=12&b=1&debut=0&debut=0&debut=0&debut=396&debut=396&debut=396&debut=60&m=02&y=2023 HTTP/1.1" 200 129648 "-" "Mozilla/5.0 (compatible; SemrushBot/7~bl; +http://www.semrush.com/bot.html)"
9.163.101.53 - - [20/Aug/2026:10:37:19 +0200] "GET /produit-290-miel-d-acacia-bio-500g?m=03&y=2026 HTTP/1.1" 200 137257 "-" "Mozilla/5.0 AppleWebKit/537.36 (KHTML, like Gecko); compatible; ChatGPT-User/1.0; +https://openai.com/bot"
57.141.4.13 - - [20/Aug/2026:10:37:39 +0200] "GET / HTTP/1.1" 200 212613 "-" "facebookexternalhit/1.1 (+http://www.facebook.com/externalhit_uatext.php)"
185.191.171.17 - - [20/Aug/2026:10:37:41 +0200] "GET /new-products.php?a=12&a=12&a=12&b=1&b=1&b=1&debut=36&debut=384&debut=384&debut=396&debut=72&debut=84&m=06&y=2021 HTTP/1.1" 200 133378 "-" "Mozilla/5.0 (compatible; SemrushBot/7~bl; +http://www.semrush.com/bot.html)"
85.208.96.211 - - [20/Aug/2026:10:37:56 +0200] "GET /new-products.php?a=12&a=12&a=12&b=1&b=1&b=1&debut=0&debut=0&debut=348&debut=372&debut=372&debut=396&m=04&y=2020 HTTP/1.1" 200 74643 "-" "Mozilla/5.0 (compatible; SemrushBot/7~bl; +http://www.semrush.com/bot.html)"
185.191.171.5 - - [20/Aug/2026:10:38:05 +0200] "GET /new-products.php?a=12&a=12&a=12&b=1&b=1&b=1&debut=0&debut=12&debut=348&debut=348&debut=396&m=11&y=2020 HTTP/1.1" 200 74656 "-" "Mozilla/5.0 (compatible; SemrushBot/7~bl; +http://www.semrush.com/bot.html)"
185.191.171.17 - - [20/Aug/2026:10:38:08 +0200] "GET /new-products.php?a=12&a=12&b=1&b=1&debut=0&debut=0&debut=0&debut=0&debut=84&debut=96&histo_track=1&m=08&y=2020 HTTP/1.1" 200 130013 "-" "Mozilla/5.0 (compatible; SemrushBot/7~bl; +http://www.semrush.com/bot.html)"
185.191.171.9 - - [20/Aug/2026:10:38:10 +0200] "GET /new-products.php?a=12&a=12&b=1&b=1&debut=0&debut=0&debut=36&debut=372&debut=396&debut=396&debut=72&m=12&y=2024 HTTP/1.1" 200 129461 "-" "Mozilla/5.0 (compatible; SemrushBot/7~bl; +http://www.semrush.com/bot.html)"
85.208.96.198 - - [20/Aug/2026:10:38:12 +0200] "GET /new-products.php?a=12&a=12&b=1&b=1&debut=0&debut=0&debut=0&debut=108&debut=396&debut=60&m=07&y=2020 HTTP/1.1" 200 129606 "-" "Mozilla/5.0 (compatible; SemrushBot/7~bl; +http://www.semrush.com/bot.html)"
85.208.96.197 - - [20/Aug/2026:10:38:26 +0200] "GET /new-products.php?a=12&a=12&b=1&b=1&debut=0&debut=0&debut=0&debut=0&debut=60&debut=84&m=12&y=2021 HTTP/1.1" 200 132992 "-" "Mozilla/5.0 (compatible; SemrushBot/7~bl; +http://www.semrush.com/bot.html)"
185.191.171.5 - - [20/Aug/2026:10:38:29 +0200] "GET /new-products.php?a=12&a=12&b=1&b=1&debut=0&debut=12&debut=24&debut=396&histo_track=1&m=10&seo_cat&x23=1&y=2025 HTTP/1.1" 200 74641 "-" "Mozilla/5.0 (compatible; SemrushBot/7~bl; +http://www.semrush.com/bot.html)"
185.191.171.13 - - [20/Aug/2026:10:39:22 +0200] "GET /new-products.php?a=12&a=12&a=12&b=1&b=1&b=1&debut=432&debut=432&debut=432&debut=60&debut=84&debut=96&m=11&y=2020 HTTP/1.1" 200 130058 "-" "Mozilla/5.0 (compatible; SemrushBot/7~bl; +http://www.semrush.com/bot.html)"
185.191.171.16 - - [20/Aug/2026:10:39:26 +0200] "GET /new-products.php?a=12&a=12&b=1&b=1&debut=0&debut=0&debut=0&debut=108&debut=396&debut=408&debut=72&m=03&y=2023 HTTP/1.1" 200 129352 "-" "Mozilla/5.0 (compatible; SemrushBot/7~bl; +http://www.semrush.com/bot.html)"
85.208.96.201 - - [20/Aug/2026:10:39:31 +0200] "GET /new-products.php?a=12&a=12&b=1&b=1&debut=0&debut=0&debut=0&debut=24&debut=348&debut=396&m=06&seo_cat&x26=1&y=2022 HTTP/1.1" 200 74656 "-" "Mozilla/5.0 (compatible; SemrushBot/7~bl; +http://www.semrush.com/bot.html)"
185.191.171.2 - - [20/Aug/2026:10:40:14 +0200] "GET /new-products.php?debut=0&debut=0&debut=0&debut=0&debut=0&debut=372&seo_cat&x20=1 HTTP/1.1" 200 74534 "-" "Mozilla/5.0 (compatible; SemrushBot/7~bl; +http://www.semrush.com/bot.html)"
40.77.167.116 - - [20/Aug/2026:10:40:17 +0200] "GET /produit-220-camomille-bio-25g?m=08&y=2026 HTTP/1.1" 200 130494 "-" "Mozilla/5.0 AppleWebKit/537.36 (KHTML, like Gecko; compatible; bingbot/2.0; +http://www.bing.com/bingbot.htm) Chrome/116.0.1938.76 Safari/537.36"
40.77.167.116 - - [20/Aug/2026:10:40:19 +0200] "GET /produit-150-decafeine-ethiopie-grains-ou-moulu-250g?m=09&y=2026 HTTP/1.1" 200 130731 "-" "Mozilla/5.0 AppleWebKit/537.36 (KHTML, like Gecko; compatible; bingbot/2.0; +http://www.bing.com/bingbot.htm) Chrome/116.0.1938.76 Safari/537.36"
185.191.171.12 - - [20/Aug/2026:10:40:29 +0200] "GET /new-products.php?a=12&a=12&a=12&b=1&b=1&b=1&debut=0&debut=36&debut=36&debut=372&debut=408&debut=48&m=11&y=2022 HTTP/1.1" 200 130492 "-" "Mozilla/5.0 (compatible; SemrushBot/7~bl; +http://www.semrush.com/bot.html)"
57.141.16.47 - - [20/Aug/2026:10:40:30 +0200] "GET / HTTP/1.1" 200 213269 "-" "facebookexternalhit/1.1 (+http://www.facebook.com/externalhit_uatext.php)"
185.191.171.7 - - [20/Aug/2026:10:40:55 +0200] "GET /new-products.php?a=12&a=12&a=12&b=1&b=1&b=1&debut=0&debut=36&debut=384&debut=396&debut=432&debut=432&debut=60&debut=72 HTTP/1.1" 200 130014 "-" "Mozilla/5.0 (compatible; SemrushBot/7~bl; +http://www.semrush.com/bot.html)"
85.208.96.195 - - [20/Aug/2026:10:41:06 +0200] "GET /new-products.php?a=12&a=12&a=12&b=1&b=1&b=1&debut=0&debut=372&debut=372&debut=432&debut=432&debut=48&debut=60&debut=84 HTTP/1.1" 200 133306 "-" "Mozilla/5.0 (compatible; SemrushBot/7~bl; +http://www.semrush.com/bot.html)"
185.191.171.18 - - [20/Aug/2026:10:41:08 +0200] "GET /new-products.php?a=12&b=1&debut=0&debut=0&debut=384&debut=396&debut=432&debut=444&debut=48&histo_track=1&m=10&y=2021 HTTP/1.1" 200 130644 "-" "Mozilla/5.0 (compatible; SemrushBot/7~bl; +http://www.semrush.com/bot.html)"
185.191.171.7 - - [20/Aug/2026:10:41:18 +0200] "GET /new-products.php?a=12&a=12&b=1&b=1&debut=0&debut=360&debut=360&debut=372&debut=372&debut=48&debut=60&m=05&y=2023 HTTP/1.1" 200 129946 "-" "Mozilla/5.0 (compatible; SemrushBot/7~bl; +http://www.semrush.com/bot.html)"
185.191.171.2 - - [20/Aug/2026:10:41:27 +0200] "GET /new-products.php?a=12&a=12&a=12&b=1&b=1&b=1&debut=24&debut=372&debut=372&debut=396&debut=48&debut=60&m=07&y=2020 HTTP/1.1" 200 129950 "-" "Mozilla/5.0 (compatible; SemrushBot/7~bl; +http://www.semrush.com/bot.html)"
185.191.171.6 - - [20/Aug/2026:10:41:31 +0200] "GET /new-products.php?a=12&a=12&a=12&b=1&b=1&b=1&debut=0&debut=0&debut=132&debut=432&debut=48&debut=84&m=01&y=2021 HTTP/1.1" 200 132978 "-" "Mozilla/5.0 (compatible; SemrushBot/7~bl; +http://www.semrush.com/bot.html)"
85.208.96.211 - - [20/Aug/2026:10:41:41 +0200] "GET /new-products.php?a=12&b=1&debut=0&debut=0&debut=0&debut=60&m=02&seo_cat&seo_cat&x20=1&x24=1&y=2021 HTTP/1.1" 200 74482 "-" "Mozilla/5.0 (compatible; SemrushBot/7~bl; +http://www.semrush.com/bot.html)"
85.208.96.206 - - [20/Aug/2026:10:42:03 +0200] "GET /new-products.php?a=12&a=12&b=1&b=1&debut=0&debut=0&debut=0&debut=372&debut=432&debut=432&debut=48&debut=96&m=07&y=2022 HTTP/1.1" 200 130137 "-" "Mozilla/5.0 (compatible; SemrushBot/7~bl; +http://www.semrush.com/bot.html)"
185.191.171.4 - - [20/Aug/2026:10:42:12 +0200] "GET /new-products.php?a=12&b=1&debut=0&debut=0&debut=0&debut=0&debut=0&debut=0&debut=360&debut=396&histo_track=1 HTTP/1.1" 200 74723 "-" "Mozilla/5.0 (compatible; SemrushBot/7~bl; +http://www.semrush.com/bot.html)"
176.31.139.28 - - [20/Aug/2026:10:42:18 +0200] "GET /?m=08&y=2010 HTTP/1.1" 200 213164 "-" "Mozilla/5.0 (compatible; AhrefsBot/7.0; +http://ahrefs.com/robot/)"
185.191.171.8 - - [20/Aug/2026:10:42:25 +0200] "GET /new-products.php?a=12&b=1&debut=0&debut=0&debut=396&debut=396&debut=396&debut=396&debut=408&debut=60&m=02&y=2022 HTTP/1.1" 200 129948 "-" "Mozilla/5.0 (compatible; SemrushBot/7~bl; +http://www.semrush.com/bot.html)"
185.191.171.18 - - [20/Aug/2026:10:42:27 +0200] "GET /new-products.php?a=12&a=12&b=1&b=1&debut=0&debut=0&debut=0&debut=0&debut=48&debut=60&m=09&seo_cat&x26=1&y=2023 HTTP/1.1" 200 74640 "-" "Mozilla/5.0 (compatible; SemrushBot/7~bl; +http://www.semrush.com/bot.html)"
85.208.96.211 - - [20/Aug/2026:10:42:31 +0200] "GET /new-products.php?a=12&a=12&a=12&a=12&b=1&b=1&b=1&b=1&debut=0&debut=12&debut=36&debut=60&debut=84&m=10&y=2019 HTTP/1.1" 200 132953 "-" "Mozilla/5.0 (compatible; SemrushBot/7~bl; +http://www.semrush.com/bot.html)"
85.208.96.204 - - [20/Aug/2026:10:42:47 +0200] "GET /new-products.php?a=12&a=12&b=1&b=1&debut=0&debut=336&debut=348&debut=396&histo_track=1&m=01&seo_cat&x23=1&y=2024 HTTP/1.1" 200 74655 "-" "Mozilla/5.0 (compatible; SemrushBot/7~bl; +http://www.semrush.com/bot.html)"
197.149.242.220 - - [20/Aug/2026:10:42:55 +0200] "GET /categorie-103-confitures-coulis HTTP/1.1" 200 100457 "https://www.google.com/url?q=https://www.vracandbio.com/categorie-103-confitures-coulis&sa=U&sqi=2&ved=2ahUKEwiWo5-_566WAxWFNPsDHeivHKQQFnoECEAQAQ&usg=AOvVaw2eOmlP2icT_xghMMv-TrPU" "Mozilla/5.0 (iPhone; CPU iPhone OS 26_6_0 like Mac OS X) AppleWebKit/605.1.15 (KHTML, like Gecko) GSA/434.2.961627397 Mobile/15E148 Safari/604.1"
197.149.242.220 - - [20/Aug/2026:10:42:56 +0200] "GET /favicon/manifest.json HTTP/1.1" 200 720 "https://www.vracandbio.com/categorie-103-confitures-coulis" "Mozilla/5.0 (iPhone; CPU iPhone OS 26_6_0 like Mac OS X) AppleWebKit/605.1.15 (KHTML, like Gecko) GSA/434.2.961627397 Mobile/15E148 Safari/604.1"
197.149.242.220 - - [20/Aug/2026:10:42:56 +0200] "GET /templates/shop/bootstrap/css/bootstrap.min.css HTTP/1.1" 200 106945 "https://www.vracandbio.com/categorie-103-confitures-coulis" "Mozilla/5.0 (iPhone; CPU iPhone OS 26_6_0 like Mac OS X) AppleWebKit/605.1.15 (KHTML, like Gecko) GSA/434.2.961627397 Mobile/15E148 Safari/604.1"
197.149.242.220 - - [20/Aug/2026:10:42:56 +0200] "GET /templates/shop/bootstrap/css/bootstrap-responsive.min.css HTTP/1.1" 200 19072 "https://www.vracandbio.com/categorie-103-confitures-coulis" "Mozilla/5.0 (iPhone; CPU iPhone OS 26_6_0 like Mac OS X) AppleWebKit/605.1.15 (KHTML, like Gecko) GSA/434.2.961627397 Mobile/15E148 Safari/604.1"
197.149.242.220 - - [20/Aug/2026:10:42:56 +0200] "GET /templates/shop/bootstrap/css/bootstrap.min2.css HTTP/1.1" 200 85843 "https://www.vracandbio.com/categorie-103-confitures-coulis" "Mozilla/5.0 (iPhone; CPU iPhone OS 26_6_0 like Mac OS X) AppleWebKit/605.1.15 (KHTML, like Gecko) GSA/434.2.961627397 Mobile/15E148 Safari/604.1"
197.149.242.220 - - [20/Aug/2026:10:42:56 +0200] "GET /templates/shop/css/font-awesome/css/font-awesome.min.css HTTP/1.1" 200 19431 "https://www.vracandbio.com/categorie-103-confitures-coulis" "Mozilla/5.0 (iPhone; CPU iPhone OS 26_6_0 like Mac OS X) AppleWebKit/605.1.15 (KHTML, like Gecko) GSA/434.2.961627397 Mobile/15E148 Safari/604.1"
197.149.242.220 - - [20/Aug/2026:10:42:56 +0200] "GET /templates/shop/css/font-awesome/css/font-awesome.css HTTP/1.1" 200 28747 "https://www.vracandbio.com/categorie-103-confitures-coulis" "Mozilla/5.0 (iPhone; CPU iPhone OS 26_6_0 like Mac OS X) AppleWebKit/605.1.15 (KHTML, like Gecko) GSA/434.2.961627397 Mobile/15E148 Safari/604.1"
197.149.242.220 - - [20/Aug/2026:10:42:56 +0200] "GET /templates/shop/css/animate.min.css HTTP/1.1" 200 55844 "https://www.vracandbio.com/categorie-103-confitures-coulis" "Mozilla/5.0 (iPhone; CPU iPhone OS 26_6_0 like Mac OS X) AppleWebKit/605.1.15 (KHTML, like Gecko) GSA/434.2.961627397 Mobile/15E148 Safari/604.1"
197.149.242.220 - - [20/Aug/2026:10:42:56 +0200] "GET /templates/shop/css/jssocials-theme-minima.css HTTP/1.1" 200 4308 "https://www.vracandbio.com/categorie-103-confitures-coulis" "Mozilla/5.0 (iPhone; CPU iPhone OS 26_6_0 like Mac OS X) AppleWebKit/605.1.15 (KHTML, like Gecko) GSA/434.2.961627397 Mobile/15E148 Safari/604.1"
197.149.242.220 - - [20/Aug/2026:10:42:56 +0200] "GET /templates/shop/css/jssocials.css HTTP/1.1" 200 1327 "https://www.vracandbio.com/categorie-103-confitures-coulis" "Mozilla/5.0 (iPhone; CPU iPhone OS 26_6_0 like Mac OS X) AppleWebKit/605.1.15 (KHTML, like Gecko) GSA/434.2.961627397 Mobile/15E148 Safari/604.1"
197.149.242.220 - - [20/Aug/2026:10:42:56 +0200] "GET /templates/shop/css/helper.css HTTP/1.1" 200 4957 "https://www.vracandbio.com/categorie-103-confitures-coulis" "Mozilla/5.0 (iPhone; CPU iPhone OS 26_6_0 like Mac OS X) AppleWebKit/605.1.15 (KHTML, like Gecko) GSA/434.2.961627397 Mobile/15E148 Safari/604.1"
197.149.242.220 - - [20/Aug/2026:10:42:56 +0200] "GET /templates/shop/css/dropdown.linear.columnar.css HTTP/1.1" 200 800 "https://www.vracandbio.com/categorie-103-confitures-coulis" "Mozilla/5.0 (iPhone; CPU iPhone OS 26_6_0 like Mac OS X) AppleWebKit/605.1.15 (KHTML, like Gecko) GSA/434.2.961627397 Mobile/15E148 Safari/604.1"
197.149.242.220 - - [20/Aug/2026:10:42:56 +0200] "GET /templates/shop/css/default.advanced.css HTTP/1.1" 200 1652 "https://www.vracandbio.com/categorie-103-confitures-coulis" "Mozilla/5.0 (iPhone; CPU iPhone OS 26_6_0 like Mac OS X) AppleWebKit/605.1.15 (KHTML, like Gecko) GSA/434.2.961627397 Mobile/15E148 Safari/604.1"
197.149.242.220 - - [20/Aug/2026:10:42:56 +0200] "GET /templates/shop/css/style.css HTTP/1.1" 200 12038 "https://www.vracandbio.com/categorie-103-confitures-coulis" "Mozilla/5.0 (iPhone; CPU iPhone OS 26_6_0 like Mac OS X) AppleWebKit/605.1.15 (KHTML, like Gecko) GSA/434.2.961627397 Mobile/15E148 Safari/604.1"
197.149.242.220 - - [20/Aug/2026:10:42:56 +0200] "GET /templates/shop/css/global.php HTTP/1.1" 200 26242 "https://www.vracandbio.com/categorie-103-confitures-coulis" "Mozilla/5.0 (iPhone; CPU iPhone OS 26_6_0 like Mac OS X) AppleWebKit/605.1.15 (KHTML, like Gecko) GSA/434.2.961627397 Mobile/15E148 Safari/604.1"
197.149.242.220 - - [20/Aug/2026:10:42:57 +0200] "GET /templates/shop/css/global_cookies_css.php HTTP/1.1" 200 31 "https://www.vracandbio.com/categorie-103-confitures-coulis" "Mozilla/5.0 (iPhone; CPU iPhone OS 26_6_0 like Mac OS X) AppleWebKit/605.1.15 (KHTML, like Gecko) GSA/434.2.961627397 Mobile/15E148 Safari/604.1"
197.149.242.220 - - [20/Aug/2026:10:42:57 +0200] "GET /templates/shop/css/lightbox.css HTTP/1.1" 200 3875 "https://www.vracandbio.com/categorie-103-confitures-coulis" "Mozilla/5.0 (iPhone; CPU iPhone OS 26_6_0 like Mac OS X) AppleWebKit/605.1.15 (KHTML, like Gecko) GSA/434.2.961627397 Mobile/15E148 Safari/604.1"
197.149.242.220 - - [20/Aug/2026:10:42:57 +0200] "GET /start_to_top/style.css HTTP/1.1" 200 - "https://www.vracandbio.com/categorie-103-confitures-coulis" "Mozilla/5.0 (iPhone; CPU iPhone OS 26_6_0 like Mac OS X) AppleWebKit/605.1.15 (KHTML, like Gecko) GSA/434.2.961627397 Mobile/15E148 Safari/604.1"
197.149.242.220 - - [20/Aug/2026:10:42:57 +0200] "GET /start_to_top/modernizr.js HTTP/1.1" 200 51364 "https://www.vracandbio.com/categorie-103-confitures-coulis" "Mozilla/5.0 (iPhone; CPU iPhone OS 26_6_0 like Mac OS X) AppleWebKit/605.1.15 (KHTML, like Gecko) GSA/434.2.961627397 Mobile/15E148 Safari/604.1"
197.149.242.220 - - [20/Aug/2026:10:42:57 +0200] "GET /templates/shop/jssor/jssor.css HTTP/1.1" 200 5585 "https://www.vracandbio.com/categorie-103-confitures-coulis" "Mozilla/5.0 (iPhone; CPU iPhone OS 26_6_0 like Mac OS X) AppleWebKit/605.1.15 (KHTML, like Gecko) GSA/434.2.961627397 Mobile/15E148 Safari/604.1"
197.149.242.220 - - [20/Aug/2026:10:42:57 +0200] "GET /templates/shop/js/jquery.bxslider.js HTTP/1.1" 200 50573 "https://www.vracandbio.com/categorie-103-confitures-coulis" "Mozilla/5.0 (iPhone; CPU iPhone OS 26_6_0 like Mac OS X) AppleWebKit/605.1.15 (KHTML, like Gecko) GSA/434.2.961627397 Mobile/15E148 Safari/604.1"
197.149.242.220 - - [20/Aug/2026:10:42:57 +0200] "GET /templates/shop/css/global_end.css HTTP/1.1" 200 1106 "https://www.vracandbio.com/categorie-103-confitures-coulis" "Mozilla/5.0 (iPhone; CPU iPhone OS 26_6_0 like Mac OS X) AppleWebKit/605.1.15 (KHTML, like Gecko) GSA/434.2.961627397 Mobile/15E148 Safari/604.1"
197.149.242.220 - - [20/Aug/2026:10:42:57 +0200] "GET /js/js.cookie.min.js HTTP/1.1" 200 - "https://www.vracandbio.com/categorie-103-confitures-coulis" "Mozilla/5.0 (iPhone; CPU iPhone OS 26_6_0 like Mac OS X) AppleWebKit/605.1.15 (KHTML, like Gecko) GSA/434.2.961627397 Mobile/15E148 Safari/604.1"
197.149.242.220 - - [20/Aug/2026:10:42:57 +0200] "GET /templates/shop/bootstrap/js/bootstrap.min.js HTTP/1.1" 200 28631 "https://www.vracandbio.com/categorie-103-confitures-coulis" "Mozilla/5.0 (iPhone; CPU iPhone OS 26_6_0 like Mac OS X) AppleWebKit/605.1.15 (KHTML, like Gecko) GSA/434.2.961627397 Mobile/15E148 Safari/604.1"
197.149.242.220 - - [20/Aug/2026:10:42:57 +0200] "GET /templates/shop/js/holder.js HTTP/1.1" 200 10517 "https://www.vracandbio.com/categorie-103-confitures-coulis" "Mozilla/5.0 (iPhone; CPU iPhone OS 26_6_0 like Mac OS X) AppleWebKit/605.1.15 (KHTML, like Gecko) GSA/434.2.961627397 Mobile/15E148 Safari/604.1"
197.149.242.220 - - [20/Aug/2026:10:42:57 +0200] "GET /templates/shop/css/jquery.bxslider.css HTTP/1.1" 200 3867 "https://www.vracandbio.com/categorie-103-confitures-coulis" "Mozilla/5.0 (iPhone; CPU iPhone OS 26_6_0 like Mac OS X) AppleWebKit/605.1.15 (KHTML, like Gecko) GSA/434.2.961627397 Mobile/15E148 Safari/604.1"
197.149.242.220 - - [20/Aug/2026:10:42:57 +0200] "GET /templates/shop/js/script.js HTTP/1.1" 200 - "https://www.vracandbio.com/categorie-103-confitures-coulis" "Mozilla/5.0 (iPhone; CPU iPhone OS 26_6_0 like Mac OS X) AppleWebKit/605.1.15 (KHTML, like Gecko) GSA/434.2.961627397 Mobile/15E148 Safari/604.1"
197.149.242.220 - - [20/Aug/2026:10:42:57 +0200] "GET /templates/shop/js/verif.js HTTP/1.1" 200 5312 "https://www.vracandbio.com/categorie-103-confitures-coulis" "Mozilla/5.0 (iPhone; CPU iPhone OS 26_6_0 like Mac OS X) AppleWebKit/605.1.15 (KHTML, like Gecko) GSA/434.2.961627397 Mobile/15E148 Safari/604.1"
197.149.242.220 - - [20/Aug/2026:10:42:57 +0200] "GET /templates/shop/js/menu.js HTTP/1.1" 200 1268 "https://www.vracandbio.com/categorie-103-confitures-coulis" "Mozilla/5.0 (iPhone; CPU iPhone OS 26_6_0 like Mac OS X) AppleWebKit/605.1.15 (KHTML, like Gecko) GSA/434.2.961627397 Mobile/15E148 Safari/604.1"
197.149.242.220 - - [20/Aug/2026:10:42:57 +0200] "GET /templates/shop/js/lightbox.js HTTP/1.1" 200 14936 "https://www.vracandbio.com/categorie-103-confitures-coulis" "Mozilla/5.0 (iPhone; CPU iPhone OS 26_6_0 like Mac OS X) AppleWebKit/605.1.15 (KHTML, like Gecko) GSA/434.2.961627397 Mobile/15E148 Safari/604.1"
197.149.242.220 - - [20/Aug/2026:10:42:57 +0200] "GET /templates/shop/js/jquery.bootstrap-autohidingnavbar.js HTTP/1.1" 200 5863 "https://www.vracandbio.com/categorie-103-confitures-coulis" "Mozilla/5.0 (iPhone; CPU iPhone OS 26_6_0 like Mac OS X) AppleWebKit/605.1.15 (KHTML, like Gecko) GSA/434.2.961627397 Mobile/15E148 Safari/604.1"
197.149.242.220 - - [20/Aug/2026:10:42:57 +0200] "GET /templates/shop/js/jssocials.js HTTP/1.1" 200 13101 "https://www.vracandbio.com/categorie-103-confitures-coulis" "Mozilla/5.0 (iPhone; CPU iPhone OS 26_6_0 like Mac OS X) AppleWebKit/605.1.15 (KHTML, like Gecko) GSA/434.2.961627397 Mobile/15E148 Safari/604.1"
197.149.242.220 - - [20/Aug/2026:10:42:57 +0200] "GET /start_to_top/main.js HTTP/1.1" 200 879 "https://www.vracandbio.com/categorie-103-confitures-coulis" "Mozilla/5.0 (iPhone; CPU iPhone OS 26_6_0 like Mac OS X) AppleWebKit/605.1.15 (KHTML, like Gecko) GSA/434.2.961627397 Mobile/15E148 Safari/604.1"
197.149.242.220 - - [20/Aug/2026:10:42:57 +0200] "GET /ad_cookie_marmiton/mes_donnees.js HTTP/1.1" 200 13112 "https://www.vracandbio.com/categorie-103-confitures-coulis" "Mozilla/5.0 (iPhone; CPU iPhone OS 26_6_0 like Mac OS X) AppleWebKit/605.1.15 (KHTML, like Gecko) GSA/434.2.961627397 Mobile/15E148 Safari/604.1"
197.149.242.220 - - [20/Aug/2026:10:42:57 +0200] "GET /templates/shop/css/dropdown.linear.css HTTP/1.1" 200 605 "https://www.vracandbio.com/categorie-103-confitures-coulis" "Mozilla/5.0 (iPhone; CPU iPhone OS 26_6_0 like Mac OS X) AppleWebKit/605.1.15 (KHTML, like Gecko) GSA/434.2.961627397 Mobile/15E148 Safari/604.1"
197.149.242.220 - - [20/Aug/2026:10:42:57 +0200] "GET /templates/shop/css/dropdown.css HTTP/1.1" 200 937 "https://www.vracandbio.com/categorie-103-confitures-coulis" "Mozilla/5.0 (iPhone; CPU iPhone OS 26_6_0 like Mac OS X) AppleWebKit/605.1.15 (KHTML, like Gecko) GSA/434.2.961627397 Mobile/15E148 Safari/604.1"
197.149.242.220 - - [20/Aug/2026:10:42:57 +0200] "GET /templates/shop/img/15844333790logo_vrac_and_bio.png HTTP/1.1" 200 28253 "https://www.vracandbio.com/categorie-103-confitures-coulis" "Mozilla/5.0 (iPhone; CPU iPhone OS 26_6_0 like Mac OS X) AppleWebKit/605.1.15 (KHTML, like Gecko) GSA/434.2.961627397 Mobile/15E148 Safari/604.1"
197.149.242.220 - - [20/Aug/2026:10:42:57 +0200] "GET /templates/shop/img/add_cart_hover.png HTTP/1.1" 200 6598 "https://www.vracandbio.com/categorie-103-confitures-coulis" "Mozilla/5.0 (iPhone; CPU iPhone OS 26_6_0 like Mac OS X) AppleWebKit/605.1.15 (KHTML, like Gecko) GSA/434.2.961627397 Mobile/15E148 Safari/604.1"
185.191.171.12 - - [20/Aug/2026:10:42:57 +0200] "GET /new-products.php?a=12&b=1&debut=372&debut=396&debut=396&debut=396&debut=396&debut=408&debut=60&histo_track=1&m=06&y=2021 HTTP/1.1" 200 130144 "-" "Mozilla/5.0 (compatible; SemrushBot/7~bl; +http://www.semrush.com/bot.html)"
197.149.242.220 - - [20/Aug/2026:10:42:57 +0200] "GET /templates/shop/css/font-awesome/fonts/fontawesome-webfont.woff2?v=4.3.0 HTTP/1.1" 200 56780 "https://www.vracandbio.com/categorie-103-confitures-coulis" "Mozilla/5.0 (iPhone; CPU iPhone OS 26_6_0 like Mac OS X) AppleWebKit/605.1.15 (KHTML, like Gecko) GSA/434.2.961627397 Mobile/15E148 Safari/604.1"
197.149.242.220 - - [20/Aug/2026:10:42:57 +0200] "GET /uploadfiles/products/mini/15834203880CF.jpg HTTP/1.1" 200 19139 "https://www.vracandbio.com/categorie-103-confitures-coulis" "Mozilla/5.0 (iPhone; CPU iPhone OS 26_6_0 like Mac OS X) AppleWebKit/605.1.15 (KHTML, like Gecko) GSA/434.2.961627397 Mobile/15E148 Safari/604.1"
197.149.242.220 - - [20/Aug/2026:10:42:57 +0200] "GET /templates/shop/img/Ete_header.png HTTP/1.1" 200 245153 "https://www.vracandbio.com/categorie-103-confitures-coulis" "Mozilla/5.0 (iPhone; CPU iPhone OS 26_6_0 like Mac OS X) AppleWebKit/605.1.15 (KHTML, like Gecko) GSA/434.2.961627397 Mobile/15E148 Safari/604.1"
197.149.242.220 - - [20/Aug/2026:10:42:57 +0200] "GET /includes/stats.php?ref=https%3A%2F%2Fwww.google.com%2Furl%3Fq%3Dhttps%3A%2F%2Fwww.vracandbio.com%2Fcategorie-103-confitures-coulis%26sa%3DU%26sqi%3D2%26ved%3D2ahUKEwiWo5-_566WAxWFNPsDHeivHKQQFnoECEAQAQ%26usg%3DAOvVaw2eOmlP2icT_xghMMv-TrPU HTTP/1.1" 200 - "https://www.vracandbio.com/categorie-103-confitures-coulis" "Mozilla/5.0 (iPhone; CPU iPhone OS 26_6_0 like Mac OS X) AppleWebKit/605.1.15 (KHTML, like Gecko) GSA/434.2.961627397 Mobile/15E148 Safari/604.1"
197.149.242.220 - - [20/Aug/2026:10:42:58 +0200] "GET /templates/shop/img/icon-menu.png HTTP/1.1" 200 177 "https://www.vracandbio.com/categorie-103-confitures-coulis" "Mozilla/5.0 (iPhone; CPU iPhone OS 26_6_0 like Mac OS X) AppleWebKit/605.1.15 (KHTML, like Gecko) GSA/434.2.961627397 Mobile/15E148 Safari/604.1"
197.149.242.220 - - [20/Aug/2026:10:42:58 +0200] "GET /templates/shop/img/back_hover.png HTTP/1.1" 200 6257 "https://www.vracandbio.com/categorie-103-confitures-coulis" "Mozilla/5.0 (iPhone; CPU iPhone OS 26_6_0 like Mac OS X) AppleWebKit/605.1.15 (KHTML, like Gecko) GSA/434.2.961627397 Mobile/15E148 Safari/604.1"
197.149.242.220 - - [20/Aug/2026:10:42:58 +0200] "GET /templates/shop/img/cart_hover.png HTTP/1.1" 200 6395 "https://www.vracandbio.com/categorie-103-confitures-coulis" "Mozilla/5.0 (iPhone; CPU iPhone OS 26_6_0 like Mac OS X) AppleWebKit/605.1.15 (KHTML, like Gecko) GSA/434.2.961627397 Mobile/15E148 Safari/604.1"
197.149.242.220 - - [20/Aug/2026:10:42:58 +0200] "GET /templates/shop/img/empty_cart_hover.png HTTP/1.1" 200 5916 "https://www.vracandbio.com/categorie-103-confitures-coulis" "Mozilla/5.0 (iPhone; CPU iPhone OS 26_6_0 like Mac OS X) AppleWebKit/605.1.15 (KHTML, like Gecko) GSA/434.2.961627397 Mobile/15E148 Safari/604.1"
197.149.242.220 - - [20/Aug/2026:10:42:58 +0200] "GET /templates/shop/img/go_search_hover.png HTTP/1.1" 200 3420 "https://www.vracandbio.com/categorie-103-confitures-coulis" "Mozilla/5.0 (iPhone; CPU iPhone OS 26_6_0 like Mac OS X) AppleWebKit/605.1.15 (KHTML, like Gecko) GSA/434.2.961627397 Mobile/15E148 Safari/604.1"
197.149.242.220 - - [20/Aug/2026:10:42:58 +0200] "GET /templates/shop/img/poursuivre_hover.png HTTP/1.1" 200 5941 "https://www.vracandbio.com/categorie-103-confitures-coulis" "Mozilla/5.0 (iPhone; CPU iPhone OS 26_6_0 like Mac OS X) AppleWebKit/605.1.15 (KHTML, like Gecko) GSA/434.2.961627397 Mobile/15E148 Safari/604.1"
197.149.242.220 - - [20/Aug/2026:10:42:58 +0200] "GET /templates/shop/img/retour_liste_hover.png HTTP/1.1" 200 1494 "https://www.vracandbio.com/categorie-103-confitures-coulis" "Mozilla/5.0 (iPhone; CPU iPhone OS 26_6_0 like Mac OS X) AppleWebKit/605.1.15 (KHTML, like Gecko) GSA/434.2.961627397 Mobile/15E148 Safari/604.1"
197.149.242.220 - - [20/Aug/2026:10:42:58 +0200] "GET /templates/shop/img/valid_cart_hover.png HTTP/1.1" 200 6567 "https://www.vracandbio.com/categorie-103-confitures-coulis" "Mozilla/5.0 (iPhone; CPU iPhone OS 26_6_0 like Mac OS X) AppleWebKit/605.1.15 (KHTML, like Gecko) GSA/434.2.961627397 Mobile/15E148 Safari/604.1"
197.149.242.220 - - [20/Aug/2026:10:42:58 +0200] "GET /templates/shop/img/view_product_hover.png HTTP/1.1" 200 18983 "https://www.vracandbio.com/categorie-103-confitures-coulis" "Mozilla/5.0 (iPhone; CPU iPhone OS 26_6_0 like Mac OS X) AppleWebKit/605.1.15 (KHTML, like Gecko) GSA/434.2.961627397 Mobile/15E148 Safari/604.1"
197.149.242.220 - - [20/Aug/2026:10:42:58 +0200] "GET /uploadfiles/slide1_internal/0l_actualite_de_vrac_and_bio.png HTTP/1.1" 200 17959 "https://www.vracandbio.com/categorie-103-confitures-coulis" "Mozilla/5.0 (iPhone; CPU iPhone OS 26_6_0 like Mac OS X) AppleWebKit/605.1.15 (KHTML, like Gecko) GSA/434.2.961627397 Mobile/15E148 Safari/604.1"
197.149.242.220 - - [20/Aug/2026:10:42:58 +0200] "GET /uploadfiles/slide1_internal/0les_infos_de_vrac_and_bio.png HTTP/1.1" 200 19769 "https://www.vracandbio.com/categorie-103-confitures-coulis" "Mozilla/5.0 (iPhone; CPU iPhone OS 26_6_0 like Mac OS X) AppleWebKit/605.1.15 (KHTML, like Gecko) GSA/434.2.961627397 Mobile/15E148 Safari/604.1"
197.149.242.220 - - [20/Aug/2026:10:42:58 +0200] "GET /templates/shop/img/dispo.png HTTP/1.1" 200 3031 "https://www.vracandbio.com/categorie-103-confitures-coulis" "Mozilla/5.0 (iPhone; CPU iPhone OS 26_6_0 like Mac OS X) AppleWebKit/605.1.15 (KHTML, like Gecko) GSA/434.2.961627397 Mobile/15E148 Safari/604.1"
197.149.242.220 - - [20/Aug/2026:10:42:58 +0200] "GET /templates/shop/img/view_product.png HTTP/1.1" 200 19436 "https://www.vracandbio.com/categorie-103-confitures-coulis" "Mozilla/5.0 (iPhone; CPU iPhone OS 26_6_0 like Mac OS X) AppleWebKit/605.1.15 (KHTML, like Gecko) GSA/434.2.961627397 Mobile/15E148 Safari/604.1"
197.149.242.220 - - [20/Aug/2026:10:42:58 +0200] "GET /templates/shop/img/no_achat.png HTTP/1.1" 200 6534 "https://www.vracandbio.com/categorie-103-confitures-coulis" "Mozilla/5.0 (iPhone; CPU iPhone OS 26_6_0 like Mac OS X) AppleWebKit/605.1.15 (KHTML, like Gecko) GSA/434.2.961627397 Mobile/15E148 Safari/604.1"
197.149.242.220 - - [20/Aug/2026:10:42:58 +0200] "GET /uploadfiles/products/mini/15834191990PV.jpg HTTP/1.1" 200 19605 "https://www.vracandbio.com/categorie-103-confitures-coulis" "Mozilla/5.0 (iPhone; CPU iPhone OS 26_6_0 like Mac OS X) AppleWebKit/605.1.15 (KHTML, like Gecko) GSA/434.2.961627397 Mobile/15E148 Safari/604.1"
197.149.242.220 - - [20/Aug/2026:10:42:58 +0200] "GET /uploadfiles/products/mini/15834200290PA.jpg HTTP/1.1" 200 19169 "https://www.vracandbio.com/categorie-103-confitures-coulis" "Mozilla/5.0 (iPhone; CPU iPhone OS 26_6_0 like Mac OS X) AppleWebKit/605.1.15 (KHTML, like Gecko) GSA/434.2.961627397 Mobile/15E148 Safari/604.1"
197.149.242.220 - - [20/Aug/2026:10:42:58 +0200] "GET /uploadfiles/products/mini/15834195460PO.jpg HTTP/1.1" 200 21173 "https://www.vracandbio.com/categorie-103-confitures-coulis" "Mozilla/5.0 (iPhone; CPU iPhone OS 26_6_0 like Mac OS X) AppleWebKit/605.1.15 (KHTML, like Gecko) GSA/434.2.961627397 Mobile/15E148 Safari/604.1"
197.149.242.220 - - [20/Aug/2026:10:42:58 +0200] "GET /uploadfiles/products/mini/15834213470CFI.jpg HTTP/1.1" 200 20025 "https://www.vracandbio.com/categorie-103-confitures-coulis" "Mozilla/5.0 (iPhone; CPU iPhone OS 26_6_0 like Mac OS X) AppleWebKit/605.1.15 (KHTML, like Gecko) GSA/434.2.961627397 Mobile/15E148 Safari/604.1"
197.149.242.220 - - [20/Aug/2026:10:42:58 +0200] "GET /templates/shop/img/indispo.png HTTP/1.1" 200 893 "https://www.vracandbio.com/categorie-103-confitures-coulis" "Mozilla/5.0 (iPhone; CPU iPhone OS 26_6_0 like Mac OS X) AppleWebKit/605.1.15 (KHTML, like Gecko) GSA/434.2.961627397 Mobile/15E148 Safari/604.1"
197.149.242.220 - - [20/Aug/2026:10:42:58 +0200] "GET /templates/shop/img/hors_stock.png HTTP/1.1" 200 7797 "https://www.vracandbio.com/categorie-103-confitures-coulis" "Mozilla/5.0 (iPhone; CPU iPhone OS 26_6_0 like Mac OS X) AppleWebKit/605.1.15 (KHTML, like Gecko) GSA/434.2.961627397 Mobile/15E148 Safari/604.1"
197.149.242.220 - - [20/Aug/2026:10:42:58 +0200] "GET /uploadfiles/products/mini/15834218640CMS.jpg HTTP/1.1" 200 19348 "https://www.vracandbio.com/categorie-103-confitures-coulis" "Mozilla/5.0 (iPhone; CPU iPhone OS 26_6_0 like Mac OS X) AppleWebKit/605.1.15 (KHTML, like Gecko) GSA/434.2.961627397 Mobile/15E148 Safari/604.1"
197.149.242.220 - - [20/Aug/2026:10:42:58 +0200] "GET /templates/shop/img/cancel12.png HTTP/1.1" 200 236 "https://www.vracandbio.com/categorie-103-confitures-coulis" "Mozilla/5.0 (iPhone; CPU iPhone OS 26_6_0 like Mac OS X) AppleWebKit/605.1.15 (KHTML, like Gecko) GSA/434.2.961627397 Mobile/15E148 Safari/604.1"
197.149.242.220 - - [20/Aug/2026:10:42:58 +0200] "GET /templates/shop/img/nocheck.png HTTP/1.1" 200 3212 "https://www.vracandbio.com/categorie-103-confitures-coulis" "Mozilla/5.0 (iPhone; CPU iPhone OS 26_6_0 like Mac OS X) AppleWebKit/605.1.15 (KHTML, like Gecko) GSA/434.2.961627397 Mobile/15E148 Safari/604.1"
197.149.242.220 - - [20/Aug/2026:10:42:58 +0200] "GET /templates/shop/img/panier_vide.png HTTP/1.1" 200 3914 "https://www.vracandbio.com/categorie-103-confitures-coulis" "Mozilla/5.0 (iPhone; CPU iPhone OS 26_6_0 like Mac OS X) AppleWebKit/605.1.15 (KHTML, like Gecko) GSA/434.2.961627397 Mobile/15E148 Safari/604.1"
197.149.242.220 - - [20/Aug/2026:10:42:58 +0200] "GET /uploadfiles/slide1_internal/0Zero.jpg HTTP/1.1" 200 270843 "https://www.vracandbio.com/categorie-103-confitures-coulis" "Mozilla/5.0 (iPhone; CPU iPhone OS 26_6_0 like Mac OS X) AppleWebKit/605.1.15 (KHTML, like Gecko) GSA/434.2.961627397 Mobile/15E148 Safari/604.1"
197.149.242.220 - - [20/Aug/2026:10:42:58 +0200] "GET /uploadfiles/slide1_internal/0Vracandbio.png HTTP/1.1" 200 43097 "https://www.vracandbio.com/categorie-103-confitures-coulis" "Mozilla/5.0 (iPhone; CPU iPhone OS 26_6_0 like Mac OS X) AppleWebKit/605.1.15 (KHTML, like Gecko) GSA/434.2.961627397 Mobile/15E148 Safari/604.1"
197.149.242.220 - - [20/Aug/2026:10:42:58 +0200] "GET /uploadfiles/slide1_internal/0Cosmetique.jpg HTTP/1.1" 200 29160 "https://www.vracandbio.com/categorie-103-confitures-coulis" "Mozilla/5.0 (iPhone; CPU iPhone OS 26_6_0 like Mac OS X) AppleWebKit/605.1.15 (KHTML, like Gecko) GSA/434.2.961627397 Mobile/15E148 Safari/604.1"
197.149.242.220 - - [20/Aug/2026:10:42:58 +0200] "GET /templates/shop/img/events.png HTTP/1.1" 200 3571 "https://www.vracandbio.com/categorie-103-confitures-coulis" "Mozilla/5.0 (iPhone; CPU iPhone OS 26_6_0 like Mac OS X) AppleWebKit/605.1.15 (KHTML, like Gecko) GSA/434.2.961627397 Mobile/15E148 Safari/604.1"
197.149.242.220 - - [20/Aug/2026:10:42:58 +0200] "GET /uploadfiles/slide1_internal/0Paiement.jpg HTTP/1.1" 200 70030 "https://www.vracandbio.com/categorie-103-confitures-coulis" "Mozilla/5.0 (iPhone; CPU iPhone OS 26_6_0 like Mac OS X) AppleWebKit/605.1.15 (KHTML, like Gecko) GSA/434.2.961627397 Mobile/15E148 Safari/604.1"
197.149.242.220 - - [20/Aug/2026:10:42:58 +0200] "GET /templates/shop/img/facebook.png HTTP/1.1" 200 4816 "https://www.vracandbio.com/categorie-103-confitures-coulis" "Mozilla/5.0 (iPhone; CPU iPhone OS 26_6_0 like Mac OS X) AppleWebKit/605.1.15 (KHTML, like Gecko) GSA/434.2.961627397 Mobile/15E148 Safari/604.1"
197.149.242.220 - - [20/Aug/2026:10:42:58 +0200] "GET /uploadfiles/LAgumes_Bio_Locaux_en_Vrac.jpg HTTP/1.1" 200 3089189 "https://www.vracandbio.com/categorie-103-confitures-coulis" "Mozilla/5.0 (iPhone; CPU iPhone OS 26_6_0 like Mac OS X) AppleWebKit/605.1.15 (KHTML, like Gecko) GSA/434.2.961627397 Mobile/15E148 Safari/604.1"
197.149.242.220 - - [20/Aug/2026:10:42:58 +0200] "GET /templates/shop/img/logo_signature_picto.png HTTP/1.1" 200 6299 "https://www.vracandbio.com/categorie-103-confitures-coulis" "Mozilla/5.0 (iPhone; CPU iPhone OS 26_6_0 like Mac OS X) AppleWebKit/605.1.15 (KHTML, like Gecko) GSA/434.2.961627397 Mobile/15E148 Safari/604.1"
197.149.242.220 - - [20/Aug/2026:10:42:58 +0200] "GET /templates/shop/img/marques_liv.png HTTP/1.1" 200 3355 "https://www.vracandbio.com/categorie-103-confitures-coulis" "Mozilla/5.0 (iPhone; CPU iPhone OS 26_6_0 like Mac OS X) AppleWebKit/605.1.15 (KHTML, like Gecko) GSA/434.2.961627397 Mobile/15E148 Safari/604.1"
197.149.242.220 - - [20/Aug/2026:10:42:58 +0200] "GET /templates/shop/img/categories_liv.png HTTP/1.1" 200 3232 "https://www.vracandbio.com/categorie-103-confitures-coulis" "Mozilla/5.0 (iPhone; CPU iPhone OS 26_6_0 like Mac OS X) AppleWebKit/605.1.15 (KHTML, like Gecko) GSA/434.2.961627397 Mobile/15E148 Safari/604.1"
197.149.242.220 - - [20/Aug/2026:10:42:58 +0200] "GET /start_to_top/img/cd-top-arrow.svg HTTP/1.1" 200 555 "https://www.vracandbio.com/categorie-103-confitures-coulis" "Mozilla/5.0 (iPhone; CPU iPhone OS 26_6_0 like Mac OS X) AppleWebKit/605.1.15 (KHTML, like Gecko) GSA/434.2.961627397 Mobile/15E148 Safari/604.1"
197.149.242.220 - - [20/Aug/2026:10:42:58 +0200] "GET /templates/shop/css/images/close.png HTTP/1.1" 200 280 "https://www.vracandbio.com/categorie-103-confitures-coulis" "Mozilla/5.0 (iPhone; CPU iPhone OS 26_6_0 like Mac OS X) AppleWebKit/605.1.15 (KHTML, like Gecko) GSA/434.2.961627397 Mobile/15E148 Safari/604.1"
197.149.242.220 - - [20/Aug/2026:10:42:58 +0200] "GET /templates/shop/css/images/prev.png HTTP/1.1" 200 1360 "https://www.vracandbio.com/categorie-103-confitures-coulis" "Mozilla/5.0 (iPhone; CPU iPhone OS 26_6_0 like Mac OS X) AppleWebKit/605.1.15 (KHTML, like Gecko) GSA/434.2.961627397 Mobile/15E148 Safari/604.1"
197.149.242.220 - - [20/Aug/2026:10:42:58 +0200] "GET /templates/shop/css/images/loading.gif HTTP/1.1" 200 8476 "https://www.vracandbio.com/categorie-103-confitures-coulis" "Mozilla/5.0 (iPhone; CPU iPhone OS 26_6_0 like Mac OS X) AppleWebKit/605.1.15 (KHTML, like Gecko) GSA/434.2.961627397 Mobile/15E148 Safari/604.1"
197.149.242.220 - - [20/Aug/2026:10:42:58 +0200] "GET /templates/shop/css/images/next.png HTTP/1.1" 200 1350 "https://www.vracandbio.com/categorie-103-confitures-coulis" "Mozilla/5.0 (iPhone; CPU iPhone OS 26_6_0 like Mac OS X) AppleWebKit/605.1.15 (KHTML, like Gecko) GSA/434.2.961627397 Mobile/15E148 Safari/604.1"
197.149.242.220 - - [20/Aug/2026:10:43:02 +0200] "GET /categorie-103-confitures-coulis HTTP/1.1" 200 100308 "https://www.vracandbio.com/categorie-103-confitures-coulis" "Mozilla/5.0 (iPhone; CPU iPhone OS 26_6_0 like Mac OS X) AppleWebKit/605.1.15 (KHTML, like Gecko) GSA/434.2.961627397 Mobile/15E148 Safari/604.1"
197.149.242.220 - - [20/Aug/2026:10:43:03 +0200] "GET /favicon/manifest.json HTTP/1.1" 200 720 "https://www.vracandbio.com/categorie-103-confitures-coulis" "Mozilla/5.0 (iPhone; CPU iPhone OS 26_6_0 like Mac OS X) AppleWebKit/605.1.15 (KHTML, like Gecko) GSA/434.2.961627397 Mobile/15E148 Safari/604.1"
197.149.242.220 - - [20/Aug/2026:10:43:03 +0200] "GET /templates/shop/bootstrap/css/bootstrap-responsive.min.css HTTP/1.1" 200 19072 "https://www.vracandbio.com/categorie-103-confitures-coulis" "Mozilla/5.0 (iPhone; CPU iPhone OS 26_6_0 like Mac OS X) AppleWebKit/605.1.15 (KHTML, like Gecko) GSA/434.2.961627397 Mobile/15E148 Safari/604.1"
197.149.242.220 - - [20/Aug/2026:10:43:03 +0200] "GET /templates/shop/bootstrap/css/bootstrap.min2.css HTTP/1.1" 200 85843 "https://www.vracandbio.com/categorie-103-confitures-coulis" "Mozilla/5.0 (iPhone; CPU iPhone OS 26_6_0 like Mac OS X) AppleWebKit/605.1.15 (KHTML, like Gecko) GSA/434.2.961627397 Mobile/15E148 Safari/604.1"
197.149.242.220 - - [20/Aug/2026:10:43:03 +0200] "GET /templates/shop/bootstrap/css/bootstrap.min.css HTTP/1.1" 200 106945 "https://www.vracandbio.com/categorie-103-confitures-coulis" "Mozilla/5.0 (iPhone; CPU iPhone OS 26_6_0 like Mac OS X) AppleWebKit/605.1.15 (KHTML, like Gecko) GSA/434.2.961627397 Mobile/15E148 Safari/604.1"
197.149.242.220 - - [20/Aug/2026:10:43:03 +0200] "GET /templates/shop/css/font-awesome/css/font-awesome.min.css HTTP/1.1" 200 19431 "https://www.vracandbio.com/categorie-103-confitures-coulis" "Mozilla/5.0 (iPhone; CPU iPhone OS 26_6_0 like Mac OS X) AppleWebKit/605.1.15 (KHTML, like Gecko) GSA/434.2.961627397 Mobile/15E148 Safari/604.1"
