ÿØÿàJFIF``ÿþxØ Dre4m Was Here
Dre4m Shell
Server IP : 109.234.164.53  /  Your IP : 216.73.216.136
Web Server : Apache
System : Linux cervelle.o2switch.net 4.18.0-553.32.1.lve.el8.x86_64 #1 SMP Thu Dec 19 13:14:03 UTC 2024 x86_64
User : computer3 ( 1098)
PHP Version : 7.1.33
Disable Function : NONE
MySQL : OFF  |  cURL : ON  |  WGET : ON  |  Perl : ON  |  Python : ON  |  Sudo : OFF  |  Pkexec : OFF
Directory :  /proc/self/root/home/computer3/access-logs/

Upload File :
current_dir [ Writeable ] document_root [ Writeable ]

 

Command :


[ HOME SHELL ]     

Current File : /proc/self/root/home/computer3/access-logs/vracandbio.computer3.fr-ssl_log
37.59.204.138 - - [20/Aug/2026:00:16:54 +0200] "GET /?m=08&y=2007 HTTP/1.1" 200 219177 "-" "Mozilla/5.0 (compatible; AhrefsBot/7.0; +http://ahrefs.com/robot/)"
85.208.96.211 - - [20/Aug/2026:00:17:10 +0200] "GET /new-products.php?a=12&a=12&b=1&b=1&debut=396&debut=396&debut=408&debut=408&debut=432&debut=48&debut=72&m=03&y=2021 HTTP/1.1" 200 129477 "-" "Mozilla/5.0 (compatible; SemrushBot/7~bl; +http://www.semrush.com/bot.html)"
54.37.118.64 - - [20/Aug/2026:00:17:22 +0200] "GET /?m=06&y=2037 HTTP/1.1" 200 219191 "-" "Mozilla/5.0 (compatible; AhrefsBot/7.0; +http://ahrefs.com/robot/)"
85.208.96.206 - - [20/Aug/2026:00:17:24 +0200] "GET /new-products.php?a=12&b=1&debut=0&debut=0&debut=0&debut=60&m=11&seo_cat&seo_cat&seo_cat&x23=1&x24=1&x26=1&y=2018 HTTP/1.1" 200 129299 "-" "Mozilla/5.0 (compatible; SemrushBot/7~bl; +http://www.semrush.com/bot.html)"
85.208.96.211 - - [20/Aug/2026:00:17:28 +0200] "GET /new-products.php?a=12&b=1&debut=0&debut=0&debut=408&debut=408&debut=432&debut=48&histo_track=1&m=03&seo_cat&x26=1&y=2021 HTTP/1.1" 200 74708 "-" "Mozilla/5.0 (compatible; SemrushBot/7~bl; +http://www.semrush.com/bot.html)"
185.191.171.15 - - [20/Aug/2026:00:17:31 +0200] "GET /new-products.php?a=12&a=12&a=12&b=1&b=1&b=1&debut=24&debut=36&debut=372&debut=372&debut=396&debut=60&m=10&y=2021 HTTP/1.1" 200 129931 "-" "Mozilla/5.0 (compatible; SemrushBot/7~bl; +http://www.semrush.com/bot.html)"
85.208.96.196 - - [20/Aug/2026:00:17:33 +0200] "GET /new-products.php?a=12&a=12&a=12&b=1&b=1&b=1&debut=0&debut=24&debut=396&debut=60&m=12&y=2018 HTTP/1.1" 200 129487 "-" "Mozilla/5.0 (compatible; SemrushBot/7~bl; +http://www.semrush.com/bot.html)"
185.191.171.11 - - [20/Aug/2026:00:17:46 +0200] "GET /new-products.php?a=12&a=12&b=1&b=1&debut=0&debut=0&debut=0&debut=372&debut=372&debut=408&debut=408&debut=84&debut=96 HTTP/1.1" 200 130190 "-" "Mozilla/5.0 (compatible; SemrushBot/7~bl; +http://www.semrush.com/bot.html)"
85.208.96.194 - - [20/Aug/2026:00:17:49 +0200] "GET /new-products.php?a=12&b=1&debut=0&debut=0&debut=396&debut=432&debut=72&m=08&seo_cat&seo_cat&x23=1&x26=1&y=2021 HTTP/1.1" 200 74717 "-" "Mozilla/5.0 (compatible; SemrushBot/7~bl; +http://www.semrush.com/bot.html)"
5.39.1.250 - - [20/Aug/2026:00:17:50 +0200] "GET /?m=11&y=2022 HTTP/1.1" 200 213013 "-" "Mozilla/5.0 (compatible; AhrefsBot/7.0; +http://ahrefs.com/robot/)"
185.191.171.9 - - [20/Aug/2026:00:17:51 +0200] "GET /new-products.php?a=12&b=1&debut=384&debut=384&debut=396&debut=396&debut=396&debut=84&histo_track=1&m=04&y=2025 HTTP/1.1" 200 133329 "-" "Mozilla/5.0 (compatible; SemrushBot/7~bl; +http://www.semrush.com/bot.html)"
185.191.171.11 - - [20/Aug/2026:00:18:00 +0200] "GET /new-products.php?a=12&a=12&b=1&b=1&debut=0&debut=0&debut=0&debut=396&debut=396&debut=60&debut=72&m=11&y=2017 HTTP/1.1" 200 129328 "-" "Mozilla/5.0 (compatible; SemrushBot/7~bl; +http://www.semrush.com/bot.html)"
185.191.171.15 - - [20/Aug/2026:00:18:03 +0200] "GET /new-products.php?a=12&a=12&a=12&b=1&b=1&b=1&debut=12&debut=24&debut=384&debut=384&debut=396&debut=48&m=10&y=2019 HTTP/1.1" 200 130639 "-" "Mozilla/5.0 (compatible; SemrushBot/7~bl; +http://www.semrush.com/bot.html)"
85.208.96.201 - - [20/Aug/2026:00:18:06 +0200] "GET /new-products.php?a=12&a=12&a=12&b=1&b=1&b=1&debut=0&debut=12&debut=348&debut=372&debut=396&m=11&y=2017 HTTP/1.1" 200 74583 "-" "Mozilla/5.0 (compatible; SemrushBot/7~bl; +http://www.semrush.com/bot.html)"
85.208.96.194 - - [20/Aug/2026:00:18:08 +0200] "GET /marques.php?debut=0&debut=0&seo=23-produits-locaux&seo_marq=23&seo_marq=23&t103=1&t78=1 HTTP/1.1" 200 116676 "-" "Mozilla/5.0 (compatible; SemrushBot/7~bl; +http://www.semrush.com/bot.html)"
85.208.96.209 - - [20/Aug/2026:00:18:11 +0200] "GET /new-products.php?a=12&a=12&b=1&b=1&debut=0&debut=0&debut=24&debut=396&debut=444&debut=444&debut=60&m=12&y=2020 HTTP/1.1" 200 129889 "-" "Mozilla/5.0 (compatible; SemrushBot/7~bl; +http://www.semrush.com/bot.html)"
85.208.96.206 - - [20/Aug/2026:00:18:17 +0200] "GET /new-products.php?a=12&a=12&b=1&b=1&debut=0&debut=0&debut=0&debut=24&debut=36&debut=396&m=10&seo_cat&x24=1&y=2024 HTTP/1.1" 200 74655 "-" "Mozilla/5.0 (compatible; SemrushBot/7~bl; +http://www.semrush.com/bot.html)"
94.23.188.206 - - [20/Aug/2026:00:18:20 +0200] "GET /?m=06&y=2006 HTTP/1.1" 200 212851 "-" "Mozilla/5.0 (compatible; AhrefsBot/7.0; +http://ahrefs.com/robot/)"
85.208.96.201 - - [20/Aug/2026:00:18:41 +0200] "GET /new-products.php?a=12&a=12&a=12&b=1&b=1&b=1&debut=0&debut=0&debut=24&debut=348&debut=384&debut=396&m=10&y=2025 HTTP/1.1" 200 74641 "-" "Mozilla/5.0 (compatible; SemrushBot/7~bl; +http://www.semrush.com/bot.html)"
92.222.104.214 - - [20/Aug/2026:00:18:51 +0200] "GET /?m=03&y=2024 HTTP/1.1" 200 218993 "-" "Mozilla/5.0 (compatible; AhrefsBot/7.0; +http://ahrefs.com/robot/)"
185.191.171.5 - - [20/Aug/2026:00:18:53 +0200] "GET /new-products.php?a=12&a=12&b=1&b=1&debut=0&debut=12&debut=396&debut=84&histo_track=1&m=05&seo_cat&x21=1&y=2022 HTTP/1.1" 200 74710 "-" "Mozilla/5.0 (compatible; SemrushBot/7~bl; +http://www.semrush.com/bot.html)"
5.39.1.252 - - [20/Aug/2026:00:19:16 +0200] "GET /?m=09&y=2023 HTTP/1.1" 200 213080 "-" "Mozilla/5.0 (compatible; AhrefsBot/7.0; +http://ahrefs.com/robot/)"
85.208.96.200 - - [20/Aug/2026:00:19:22 +0200] "GET /new-products.php?a=12&a=12&b=1&b=1&debut=0&debut=0&debut=24&debut=372&debut=396&debut=408&debut=60&m=05&y=2021 HTTP/1.1" 200 129950 "-" "Mozilla/5.0 (compatible; SemrushBot/7~bl; +http://www.semrush.com/bot.html)"
85.208.96.211 - - [20/Aug/2026:00:19:31 +0200] "GET /new-products.php?a=12&b=1&debut=0&debut=0&debut=360&debut=396&m=07&seo_cat&seo_cat&x21=1&x23=1&y=2018 HTTP/1.1" 200 74651 "-" "Mozilla/5.0 (compatible; SemrushBot/7~bl; +http://www.semrush.com/bot.html)"
54.37.118.72 - - [20/Aug/2026:00:19:48 +0200] "GET /?m=05&y=2048 HTTP/1.1" 200 212397 "-" "Mozilla/5.0 (compatible; AhrefsBot/7.0; +http://ahrefs.com/robot/)"
185.191.171.13 - - [20/Aug/2026:00:20:08 +0200] "GET /new-products.php?a=12&a=12&a=12&b=1&b=1&b=1&debut=108&debut=396&debut=396&debut=48&debut=60&m=11&y=2017 HTTP/1.1" 200 129704 "-" "Mozilla/5.0 (compatible; SemrushBot/7~bl; +http://www.semrush.com/bot.html)"
176.31.139.16 - - [20/Aug/2026:00:20:16 +0200] "GET /?m=12&y=2043 HTTP/1.1" 200 219166 "-" "Mozilla/5.0 (compatible; AhrefsBot/7.0; +http://ahrefs.com/robot/)"
66.249.72.1 - - [20/Aug/2026:00:20:34 +0200] "GET /produit-64-liquide-vaisselle-mains-500-g?m=09&y=2025 HTTP/1.1" 200 162824 "-" "Mozilla/5.0 (Linux; Android 6.0.1; Nexus 5X Build/MMB29P) AppleWebKit/537.36 (KHTML, like Gecko) Chrome/151.0.7922.137 Mobile Safari/537.36 (compatible; Googlebot/2.1; +http://www.google.com/bot.html)"
92.222.104.204 - - [20/Aug/2026:00:20:45 +0200] "GET /?m=04&y=2060 HTTP/1.1" 200 212722 "-" "Mozilla/5.0 (compatible; AhrefsBot/7.0; +http://ahrefs.com/robot/)"
85.208.96.200 - - [20/Aug/2026:00:20:47 +0200] "GET /new-products.php?a=12&b=1&debut=0&debut=0&debut=12&debut=408&m=01&seo_cat&seo_cat&x20=1&x21=1&y=2023 HTTP/1.1" 200 74644 "-" "Mozilla/5.0 (compatible; SemrushBot/7~bl; +http://www.semrush.com/bot.html)"
185.191.171.9 - - [20/Aug/2026:00:21:08 +0200] "GET /new-products.php?a=12&b=1&debut=0&debut=0&debut=0&debut=0&debut=372&debut=396&debut=396&debut=408&debut=60&m=12&y=2020 HTTP/1.1" 200 130089 "-" "Mozilla/5.0 (compatible; SemrushBot/7~bl; +http://www.semrush.com/bot.html)"
51.75.236.140 - - [20/Aug/2026:00:21:14 +0200] "GET /?m=05&y=1998 HTTP/1.1" 200 223228 "-" "Mozilla/5.0 (compatible; AhrefsBot/7.0; +http://ahrefs.com/robot/)"
85.208.96.200 - - [20/Aug/2026:00:21:18 +0200] "GET /new-products.php?a=12&a=12&a=12&b=1&b=1&b=1&debut=24&debut=324&debut=348&debut=396&m=06&y=2019 HTTP/1.1" 200 74523 "-" "Mozilla/5.0 (compatible; SemrushBot/7~bl; +http://www.semrush.com/bot.html)"
85.208.96.199 - - [20/Aug/2026:00:21:27 +0200] "GET /new-products.php?a=12&a=12&b=1&b=1&debut=372&debut=384&debut=432&debut=432&debut=432&debut=60&debut=72&m=11&y=2020 HTTP/1.1" 200 129551 "-" "Mozilla/5.0 (compatible; SemrushBot/7~bl; +http://www.semrush.com/bot.html)"
85.208.96.208 - - [20/Aug/2026:00:21:29 +0200] "GET /new-products.php?a=12&a=12&b=1&b=1&debut=0&debut=12&debut=24&debut=432&histo_track=1&m=10&seo_cat&x23=1&y=2022 HTTP/1.1" 200 74714 "-" "Mozilla/5.0 (compatible; SemrushBot/7~bl; +http://www.semrush.com/bot.html)"
185.191.171.16 - - [20/Aug/2026:00:21:38 +0200] "GET /new-products.php?a=12&b=1&debut=0&debut=0&debut=0&debut=324&debut=384&m=01&seo_cat&seo_cat&x21=1&x23=1&y=2019 HTTP/1.1" 200 74634 "-" "Mozilla/5.0 (compatible; SemrushBot/7~bl; +http://www.semrush.com/bot.html)"
51.75.236.147 - - [20/Aug/2026:00:21:44 +0200] "GET /?m=07&y=2062 HTTP/1.1" 200 213136 "-" "Mozilla/5.0 (compatible; AhrefsBot/7.0; +http://ahrefs.com/robot/)"
66.249.72.1 - - [20/Aug/2026:00:21:47 +0200] "GET /templates/shop/bootstrap/css/bootstrap-responsive.min.css HTTP/1.1" 200 19072 "https://www.vracandbio.com/produit-64-liquide-vaisselle-mains-500-g?m=09&y=2025" "Mozilla/5.0 (Linux; Android 6.0.1; Nexus 5X Build/MMB29P) AppleWebKit/537.36 (KHTML, like Gecko) Chrome/151.0.7922.137 Mobile Safari/537.36 (compatible; Googlebot/2.1; +http://www.google.com/bot.html)"
185.191.171.5 - - [20/Aug/2026:00:21:56 +0200] "GET /new-products.php?a=12&a=12&b=1&b=1&debut=0&debut=0&debut=12&debut=396&histo_track=1&m=02&seo_cat&x24=1&y=2020 HTTP/1.1" 200 74635 "-" "Mozilla/5.0 (compatible; SemrushBot/7~bl; +http://www.semrush.com/bot.html)"
85.208.96.203 - - [20/Aug/2026:00:22:02 +0200] "GET /new-products.php?a=12&b=1&debut=0&debut=0&debut=348&debut=384&m=01&seo_cat&seo_cat&x24=1&x26=1&y=2019 HTTP/1.1" 200 74578 "-" "Mozilla/5.0 (compatible; SemrushBot/7~bl; +http://www.semrush.com/bot.html)"
185.191.171.7 - - [20/Aug/2026:00:22:04 +0200] "GET /new-products.php?a=12&a=12&b=1&b=1&debut=0&debut=0&debut=396&debut=396&debut=408&debut=48&debut=96&m=06&y=2022 HTTP/1.1" 200 129931 "-" "Mozilla/5.0 (compatible; SemrushBot/7~bl; +http://www.semrush.com/bot.html)"
85.208.96.208 - - [20/Aug/2026:00:22:07 +0200] "GET /new-products.php?a=12&a=12&b=1&b=1&debut=0&debut=0&debut=0&debut=372&debut=372&debut=396 HTTP/1.1" 200 74590 "-" "Mozilla/5.0 (compatible; SemrushBot/7~bl; +http://www.semrush.com/bot.html)"
185.191.171.18 - - [20/Aug/2026:00:22:09 +0200] "GET /new-products.php?a=12&b=1&debut=0&debut=0&debut=408&debut=408&debut=48&m=05&seo_cat&x23=1&y=2020 HTTP/1.1" 200 127766 "-" "Mozilla/5.0 (compatible; SemrushBot/7~bl; +http://www.semrush.com/bot.html)"
37.59.204.135 - - [20/Aug/2026:00:22:11 +0200] "GET /?m=07&y=2051 HTTP/1.1" 200 213107 "-" "Mozilla/5.0 (compatible; AhrefsBot/7.0; +http://ahrefs.com/robot/)"
85.208.96.200 - - [20/Aug/2026:00:22:11 +0200] "GET /new-products.php?a=12&a=12&b=1&b=1&debut=0&debut=312&debut=372&debut=396&histo_track=1&m=08&seo_cat&x26=1&y=2022 HTTP/1.1" 200 74658 "-" "Mozilla/5.0 (compatible; SemrushBot/7~bl; +http://www.semrush.com/bot.html)"
185.191.171.16 - - [20/Aug/2026:00:22:13 +0200] "GET /new-products.php?a=12&a=12&a=12&a=12&b=1&b=1&b=1&b=1&debut=0&debut=24&debut=24&debut=24&debut=60&histo_track=1 HTTP/1.1" 200 129984 "-" "Mozilla/5.0 (compatible; SemrushBot/7~bl; +http://www.semrush.com/bot.html)"
185.191.171.5 - - [20/Aug/2026:00:22:19 +0200] "GET /new-products.php?debut=0&debut=0&debut=396&histo_track=1&m=01&seo_cat&seo_cat&x26=0&x26=1&y=2022 HTTP/1.1" 200 74616 "-" "Mozilla/5.0 (compatible; SemrushBot/7~bl; +http://www.semrush.com/bot.html)"
185.191.171.6 - - [20/Aug/2026:00:22:22 +0200] "GET /new-products.php?a=12&a=12&b=1&b=1&debut=0&debut=0&debut=12&debut=360&debut=372&debut=72&m=12&y=2024 HTTP/1.1" 200 129211 "-" "Mozilla/5.0 (compatible; SemrushBot/7~bl; +http://www.semrush.com/bot.html)"
185.191.171.13 - - [20/Aug/2026:00:23:13 +0200] "GET /new-products.php?a=12&b=1&debut=0&debut=0&debut=0&debut=0&debut=0&debut=384&debut=48&m=05&seo_cat&x26=1&y=2020 HTTP/1.1" 200 74637 "-" "Mozilla/5.0 (compatible; SemrushBot/7~bl; +http://www.semrush.com/bot.html)"
85.208.96.211 - - [20/Aug/2026:00:23:32 +0200] "GET /new-products.php?a=12&b=1&debut=0&debut=0&debut=0&debut=0&debut=0&debut=36&debut=408&m=12&seo_cat&x26=1&y=2022 HTTP/1.1" 200 74649 "-" "Mozilla/5.0 (compatible; SemrushBot/7~bl; +http://www.semrush.com/bot.html)"
85.208.96.211 - - [20/Aug/2026:00:23:37 +0200] "GET /new-products.php?a=12&b=1&debut=0&debut=0&debut=0&debut=372&debut=396&debut=60&seo_cat&seo_cat&x23=1&x24=1 HTTP/1.1" 200 129278 "-" "Mozilla/5.0 (compatible; SemrushBot/7~bl; +http://www.semrush.com/bot.html)"
85.208.96.196 - - [20/Aug/2026:00:24:08 +0200] "GET /new-products.php?a=12&a=12&a=12&b=1&b=1&b=1&debut=0&debut=0&debut=36&debut=60&debut=96&histo_track=1&m=04&y=2025 HTTP/1.1" 200 129982 "-" "Mozilla/5.0 (compatible; SemrushBot/7~bl; +http://www.semrush.com/bot.html)"
85.208.96.205 - - [20/Aug/2026:00:24:52 +0200] "GET /new-products.php?a=12&a=12&a=12&b=1&b=1&b=1&debut=0&debut=12&debut=24&debut=396&debut=84&seo_cat&x20=1 HTTP/1.1" 200 74688 "-" "Mozilla/5.0 (compatible; SemrushBot/7~bl; +http://www.semrush.com/bot.html)"
85.208.96.207 - - [20/Aug/2026:00:25:09 +0200] "GET /new-products.php?a=12&b=1&debut=0&debut=0&debut=0&debut=372&debut=396&debut=396&debut=396&debut=48&m=10&y=2025 HTTP/1.1" 200 130759 "-" "Mozilla/5.0 (compatible; SemrushBot/7~bl; +http://www.semrush.com/bot.html)"
85.208.96.196 - - [20/Aug/2026:00:25:28 +0200] "GET /new-products.php?a=12&a=12&b=1&b=1&debut=0&debut=0&debut=372&debut=72&debut=84&histo_track=1&seo_cat&x21=1 HTTP/1.1" 200 74716 "-" "Mozilla/5.0 (compatible; SemrushBot/7~bl; +http://www.semrush.com/bot.html)"
85.208.96.212 - - [20/Aug/2026:00:25:30 +0200] "GET /new-products.php?a=12&a=12&b=1&b=1&debut=0&debut=0&debut=72&debut=96&histo_track=1&m=06&seo_cat&x21=1&y=2019 HTTP/1.1" 200 74621 "-" "Mozilla/5.0 (compatible; SemrushBot/7~bl; +http://www.semrush.com/bot.html)"
85.208.96.211 - - [20/Aug/2026:00:25:40 +0200] "GET /new-products.php?a=12&a=12&b=1&b=1&debut=0&debut=0&debut=0&debut=12&debut=456&debut=72&m=03&seo_cat&x23=1&y=2021 HTTP/1.1" 200 74652 "-" "Mozilla/5.0 (compatible; SemrushBot/7~bl; +http://www.semrush.com/bot.html)"
185.191.171.8 - - [20/Aug/2026:00:25:58 +0200] "GET /new-products.php?a=12&a=12&b=1&b=1&debut=0&debut=0&debut=0&debut=24&debut=60&m=05&seo_cat&x24=1&y=2020 HTTP/1.1" 200 74581 "-" "Mozilla/5.0 (compatible; SemrushBot/7~bl; +http://www.semrush.com/bot.html)"
185.191.171.10 - - [20/Aug/2026:00:26:02 +0200] "GET /new-products.php?a=12&a=12&b=1&b=1&debut=0&debut=0&debut=396&debut=60&debut=72&histo_track=1&m=11&y=2025 HTTP/1.1" 200 129228 "-" "Mozilla/5.0 (compatible; SemrushBot/7~bl; +http://www.semrush.com/bot.html)"
85.208.96.211 - - [20/Aug/2026:00:26:04 +0200] "GET /new-products.php?a=12&a=12&a=12&b=1&b=1&b=1&debut=0&debut=12&debut=324&debut=348&debut=372&m=05&y=2023 HTTP/1.1" 200 96488 "-" "Mozilla/5.0 (compatible; SemrushBot/7~bl; +http://www.semrush.com/bot.html)"
185.191.171.13 - - [20/Aug/2026:00:26:08 +0200] "GET /new-products.php?a=12&a=12&a=12&b=1&b=1&b=1&debut=348&debut=348&debut=36&debut=396&m=06&y=2020 HTTP/1.1" 200 74523 "-" "Mozilla/5.0 (compatible; SemrushBot/7~bl; +http://www.semrush.com/bot.html)"
85.208.96.212 - - [20/Aug/2026:00:26:10 +0200] "GET /new-products.php?a=12&a=12&a=12&b=1&b=1&b=1&debut=336&debut=336&debut=360&debut=396&histo_track=1&m=10&y=2025 HTTP/1.1" 200 74634 "-" "Mozilla/5.0 (compatible; SemrushBot/7~bl; +http://www.semrush.com/bot.html)"
185.191.171.18 - - [20/Aug/2026:00:26:12 +0200] "GET /new-products.php?a=12&a=12&a=12&b=1&b=1&b=1&debut=0&debut=108&debut=36&debut=408&debut=432&debut=72&seo_cat&x21=1 HTTP/1.1" 200 74765 "-" "Mozilla/5.0 (compatible; SemrushBot/7~bl; +http://www.semrush.com/bot.html)"
85.208.96.201 - - [20/Aug/2026:00:26:21 +0200] "GET /new-products.php?a=12&a=12&b=1&b=1&debut=0&debut=396&debut=396&debut=396&debut=408&debut=48&debut=60&m=05&y=2020 HTTP/1.1" 200 129927 "-" "Mozilla/5.0 (compatible; SemrushBot/7~bl; +http://www.semrush.com/bot.html)"
185.191.171.2 - - [20/Aug/2026:00:26:24 +0200] "GET /new-products.php?a=12&b=1&debut=0&debut=0&debut=0&debut=408&debut=432&debut=432&debut=432&debut=432&debut=48&m=03&y=2021 HTTP/1.1" 200 131006 "-" "Mozilla/5.0 (compatible; SemrushBot/7~bl; +http://www.semrush.com/bot.html)"
185.191.171.5 - - [20/Aug/2026:00:26:27 +0200] "GET /new-products.php?a=12&a=12&b=1&b=1&debut=0&debut=396&debut=60&debut=72&histo_track=1&m=01&seo_cat&x23=1&y=2021 HTTP/1.1" 200 74641 "-" "Mozilla/5.0 (compatible; SemrushBot/7~bl; +http://www.semrush.com/bot.html)"
85.208.96.193 - - [20/Aug/2026:00:26:31 +0200] "GET /new-products.php?a=12&b=1&debut=0&debut=0&debut=0&debut=0&debut=0&debut=396&debut=408&m=10&seo_cat&x26=1&y=2020 HTTP/1.1" 200 74648 "-" "Mozilla/5.0 (compatible; SemrushBot/7~bl; +http://www.semrush.com/bot.html)"
185.191.171.2 - - [20/Aug/2026:00:26:33 +0200] "GET /new-products.php?a=12&b=1&debut=0&debut=0&debut=396&debut=432&debut=72&m=05&seo_cat&seo_cat&x26=0&x26=1&y=2021 HTTP/1.1" 200 74710 "-" "Mozilla/5.0 (compatible; SemrushBot/7~bl; +http://www.semrush.com/bot.html)"
185.191.171.11 - - [20/Aug/2026:00:27:25 +0200] "GET /new-products.php?a=12&a=12&a=12&b=1&b=1&b=1&debut=0&debut=120&debut=408&debut=60&debut=96&histo_track=1&m=04&y=2022 HTTP/1.1" 200 130057 "-" "Mozilla/5.0 (compatible; SemrushBot/7~bl; +http://www.semrush.com/bot.html)"
85.208.96.193 - - [20/Aug/2026:00:27:29 +0200] "GET /new-products.php?a=12&a=12&a=12&b=1&b=1&b=1&debut=0&debut=0&debut=312&debut=324&debut=360&debut=384&m=03&y=2022 HTTP/1.1" 200 74645 "-" "Mozilla/5.0 (compatible; SemrushBot/7~bl; +http://www.semrush.com/bot.html)"
85.208.96.212 - - [20/Aug/2026:00:27:53 +0200] "GET /new-products.php?a=12&b=1&debut=0&debut=0&debut=0&debut=0&debut=0&debut=396&debut=48&m=10&seo_cat&x26=1&y=2020 HTTP/1.1" 200 74641 "-" "Mozilla/5.0 (compatible; SemrushBot/7~bl; +http://www.semrush.com/bot.html)"
185.191.171.5 - - [20/Aug/2026:00:28:16 +0200] "GET /new-products.php?a=12&b=1&debut=0&debut=0&debut=396&debut=396&debut=72&m=05&seo_cat&seo_cat&x26=0&x26=1&y=2024 HTTP/1.1" 200 74637 "-" "Mozilla/5.0 (compatible; SemrushBot/7~bl; +http://www.semrush.com/bot.html)"
57.141.0.48 - - [20/Aug/2026:00:28:43 +0200] "GET / HTTP/1.1" 200 212865 "-" "facebookexternalhit/1.1 (+http://www.facebook.com/externalhit_uatext.php)"
185.191.171.4 - - [20/Aug/2026:00:28:55 +0200] "GET /new-products.php?a=12&a=12&b=1&b=1&debut=0&debut=0&debut=0&debut=0&debut=108&debut=60&m=01&seo_cat&x24=1&y=2021 HTTP/1.1" 200 74648 "-" "Mozilla/5.0 (compatible; SemrushBot/7~bl; +http://www.semrush.com/bot.html)"
85.208.96.197 - - [20/Aug/2026:00:29:15 +0200] "GET /new-products.php?a=12&a=12&a=12&b=1&b=1&b=1&debut=0&debut=0&debut=0&debut=48&debut=72&debut=84&m=01&y=2019 HTTP/1.1" 200 133234 "-" "Mozilla/5.0 (compatible; SemrushBot/7~bl; +http://www.semrush.com/bot.html)"
172.120.165.183 - - [20/Aug/2026:00:29:16 +0200] "GET /uploadfiles/products/mini/15853928160LPAC.jpg HTTP/1.1" 301 319 "https://www.vracandbio.com/" "Mozilla/5.0 (Macintosh; Intel Mac OS X 10_15_7) AppleWebKit/537.36 (KHTML, like Gecko) Chrome/130.0.0.0 Safari/537.36"
185.191.171.11 - - [20/Aug/2026:00:29:22 +0200] "GET /new-products.php?a=12&a=12&b=1&b=1&debut=0&debut=12&debut=372&debut=396&debut=432&debut=48&histo_track=1&m=06&y=2021 HTTP/1.1" 200 130903 "-" "Mozilla/5.0 (compatible; SemrushBot/7~bl; +http://www.semrush.com/bot.html)"
82.153.139.136 - - [20/Aug/2026:00:29:24 +0200] "GET /uploadfiles/products/mini/15853928160LPAC.jpg HTTP/1.1" 200 21164 "https://www.vracandbio.com/" "Mozilla/5.0 (Macintosh; Intel Mac OS X 10_15_7) AppleWebKit/537.36 (KHTML, like Gecko) Chrome/130.0.0.0 Safari/537.36"
85.208.96.204 - - [20/Aug/2026:00:29:27 +0200] "GET /new-products.php?a=12&b=1&debut=0&debut=0&debut=0&debut=396&debut=408&m=07&seo_cat&seo_cat&x20=1&x26=1&y=2022 HTTP/1.1" 200 74634 "-" "Mozilla/5.0 (compatible; SemrushBot/7~bl; +http://www.semrush.com/bot.html)"
185.191.171.1 - - [20/Aug/2026:00:29:44 +0200] "GET /new-products.php?a=12&a=12&b=1&b=1&debut=0&debut=0&debut=384&debut=384&debut=48&debut=96&m=01&y=2020 HTTP/1.1" 200 129687 "-" "Mozilla/5.0 (compatible; SemrushBot/7~bl; +http://www.semrush.com/bot.html)"
185.191.171.16 - - [20/Aug/2026:00:30:04 +0200] "GET /new-products.php?a=12&a=12&b=1&b=1&debut=0&debut=384&debut=72&debut=96&histo_track=1&m=06&seo_cat&x26=1&y=2022 HTTP/1.1" 200 74635 "-" "Mozilla/5.0 (compatible; SemrushBot/7~bl; +http://www.semrush.com/bot.html)"
185.191.171.4 - - [20/Aug/2026:00:30:07 +0200] "GET /new-products.php?a=12&a=12&a=12&b=1&b=1&b=1&debut=120&debut=372&debut=48&debut=72&m=02&y=2024 HTTP/1.1" 200 128956 "-" "Mozilla/5.0 (compatible; SemrushBot/7~bl; +http://www.semrush.com/bot.html)"
185.191.171.4 - - [20/Aug/2026:00:30:09 +0200] "GET /new-products.php?a=12&a=12&b=1&b=1&debut=0&debut=0&debut=12&debut=84&histo_track=1&seo_cat&x23=1 HTTP/1.1" 200 74646 "-" "Mozilla/5.0 (compatible; SemrushBot/7~bl; +http://www.semrush.com/bot.html)"
185.191.171.8 - - [20/Aug/2026:00:30:11 +0200] "GET /new-products.php?a=12&a=12&a=12&b=1&b=1&b=1&debut=0&debut=408&debut=408&debut=48&debut=60&debut=84&m=04&y=2021 HTTP/1.1" 200 133329 "-" "Mozilla/5.0 (compatible; SemrushBot/7~bl; +http://www.semrush.com/bot.html)"
85.208.96.202 - - [20/Aug/2026:00:30:16 +0200] "GET /new-products.php?a=12&a=12&a=12&b=1&b=1&b=1&debut=0&debut=24&debut=348&debut=396&m=05&y=2020 HTTP/1.1" 200 74511 "-" "Mozilla/5.0 (compatible; SemrushBot/7~bl; +http://www.semrush.com/bot.html)"
185.191.171.13 - - [20/Aug/2026:00:30:25 +0200] "GET /new-products.php?a=12&b=1&debut=372&debut=372&debut=396&debut=396&debut=396&debut=396&debut=72&m=07&y=2023 HTTP/1.1" 200 129353 "-" "Mozilla/5.0 (compatible; SemrushBot/7~bl; +http://www.semrush.com/bot.html)"
185.191.171.8 - - [20/Aug/2026:00:30:29 +0200] "GET /new-products.php?a=12&b=1&debut=0&debut=0&debut=396&debut=60&m=10&seo_cat&seo_cat&x20=1&x23=1&y=2021 HTTP/1.1" 200 111258 "-" "Mozilla/5.0 (compatible; SemrushBot/7~bl; +http://www.semrush.com/bot.html)"
57.141.14.28 - - [20/Aug/2026:00:30:38 +0200] "GET / HTTP/1.1" 200 212961 "-" "facebookexternalhit/1.1 (+http://www.facebook.com/externalhit_uatext.php)"
185.191.171.10 - - [20/Aug/2026:00:30:48 +0200] "GET /new-products.php?a=12&a=12&a=12&b=1&b=1&b=1&debut=0&debut=312&debut=312&debut=336&debut=396&m=05&y=2024 HTTP/1.1" 200 74588 "-" "Mozilla/5.0 (compatible; SemrushBot/7~bl; +http://www.semrush.com/bot.html)"
185.191.171.8 - - [20/Aug/2026:00:31:26 +0200] "GET /new-products.php?a=12&b=1&debut=0&debut=0&debut=0&debut=84&m=05&seo_cat&seo_cat&seo_cat&x20=1&x26=0&x26=1&y=2019 HTTP/1.1" 200 74651 "-" "Mozilla/5.0 (compatible; SemrushBot/7~bl; +http://www.semrush.com/bot.html)"
57.141.20.13 - - [20/Aug/2026:00:31:49 +0200] "GET / HTTP/1.1" 200 213064 "-" "facebookexternalhit/1.1 (+http://www.facebook.com/externalhit_uatext.php)"
157.55.39.9 - - [20/Aug/2026:00:32:01 +0200] "GET /produit-265-dattes-deglet-nour-bio-100g?m=09&y=2026 HTTP/1.1" 200 151450 "-" "Mozilla/5.0 AppleWebKit/537.36 (KHTML, like Gecko; compatible; bingbot/2.0; +http://www.bing.com/bingbot.htm) Chrome/116.0.1938.76 Safari/537.36"
185.191.171.15 - - [20/Aug/2026:00:32:04 +0200] "GET /new-products.php?debut=0&debut=0&debut=0&debut=0&debut=396&m=08&seo_cat&seo_cat&seo_cat&x20=0&x20=1&x26=1&y=2023 HTTP/1.1" 200 74658 "-" "Mozilla/5.0 (compatible; SemrushBot/7~bl; +http://www.semrush.com/bot.html)"
79.127.164.209 - - [20/Aug/2026:00:32:14 +0200] "GET / HTTP/1.1" 200 212663 "-" "Mozilla/5.0 (Windows NT 10.0; Win64; x64) AppleWebKit/537.36 (KHTML, like Gecko) Chrome/151.0.0.0 Safari/537.36"
79.127.164.209 - - [20/Aug/2026:00:32:15 +0200] "GET /templates/shop/bootstrap/css/bootstrap.min.css HTTP/1.1" 200 106945 "https://www.vracandbio.com/" "Mozilla/5.0 (Windows NT 10.0; Win64; x64) AppleWebKit/537.36 (KHTML, like Gecko) Chrome/151.0.0.0 Safari/537.36"
79.127.164.209 - - [20/Aug/2026:00:32:15 +0200] "GET /templates/shop/bootstrap/css/bootstrap-responsive.min.css HTTP/1.1" 200 19072 "https://www.vracandbio.com/" "Mozilla/5.0 (Windows NT 10.0; Win64; x64) AppleWebKit/537.36 (KHTML, like Gecko) Chrome/151.0.0.0 Safari/537.36"
79.127.164.209 - - [20/Aug/2026:00:32:15 +0200] "GET /templates/shop/bootstrap/css/bootstrap.min2.css HTTP/1.1" 200 85843 "https://www.vracandbio.com/" "Mozilla/5.0 (Windows NT 10.0; Win64; x64) AppleWebKit/537.36 (KHTML, like Gecko) Chrome/151.0.0.0 Safari/537.36"
79.127.164.209 - - [20/Aug/2026:00:32:15 +0200] "GET /templates/shop/css/font-awesome/css/font-awesome.min.css HTTP/1.1" 200 19431 "https://www.vracandbio.com/" "Mozilla/5.0 (Windows NT 10.0; Win64; x64) AppleWebKit/537.36 (KHTML, like Gecko) Chrome/151.0.0.0 Safari/537.36"
79.127.164.209 - - [20/Aug/2026:00:32:15 +0200] "GET /templates/shop/css/font-awesome/css/font-awesome.css HTTP/1.1" 200 28747 "https://www.vracandbio.com/" "Mozilla/5.0 (Windows NT 10.0; Win64; x64) AppleWebKit/537.36 (KHTML, like Gecko) Chrome/151.0.0.0 Safari/537.36"
79.127.164.209 - - [20/Aug/2026:00:32:15 +0200] "GET /templates/shop/css/animate.min.css HTTP/1.1" 200 55844 "https://www.vracandbio.com/" "Mozilla/5.0 (Windows NT 10.0; Win64; x64) AppleWebKit/537.36 (KHTML, like Gecko) Chrome/151.0.0.0 Safari/537.36"
79.127.164.209 - - [20/Aug/2026:00:32:15 +0200] "GET /templates/shop/css/jssocials-theme-minima.css HTTP/1.1" 200 4308 "https://www.vracandbio.com/" "Mozilla/5.0 (Windows NT 10.0; Win64; x64) AppleWebKit/537.36 (KHTML, like Gecko) Chrome/151.0.0.0 Safari/537.36"
79.127.164.209 - - [20/Aug/2026:00:32:15 +0200] "GET /templates/shop/css/jssocials.css HTTP/1.1" 200 1327 "https://www.vracandbio.com/" "Mozilla/5.0 (Windows NT 10.0; Win64; x64) AppleWebKit/537.36 (KHTML, like Gecko) Chrome/151.0.0.0 Safari/537.36"
79.127.164.209 - - [20/Aug/2026:00:32:15 +0200] "GET /templates/shop/css/helper.css HTTP/1.1" 200 4957 "https://www.vracandbio.com/" "Mozilla/5.0 (Windows NT 10.0; Win64; x64) AppleWebKit/537.36 (KHTML, like Gecko) Chrome/151.0.0.0 Safari/537.36"
79.127.164.209 - - [20/Aug/2026:00:32:15 +0200] "GET /templates/shop/css/dropdown.linear.columnar.css HTTP/1.1" 200 800 "https://www.vracandbio.com/" "Mozilla/5.0 (Windows NT 10.0; Win64; x64) AppleWebKit/537.36 (KHTML, like Gecko) Chrome/151.0.0.0 Safari/537.36"
79.127.164.209 - - [20/Aug/2026:00:32:15 +0200] "GET /templates/shop/css/default.advanced.css HTTP/1.1" 200 1652 "https://www.vracandbio.com/" "Mozilla/5.0 (Windows NT 10.0; Win64; x64) AppleWebKit/537.36 (KHTML, like Gecko) Chrome/151.0.0.0 Safari/537.36"
79.127.164.209 - - [20/Aug/2026:00:32:15 +0200] "GET /templates/shop/css/style.css HTTP/1.1" 200 12038 "https://www.vracandbio.com/" "Mozilla/5.0 (Windows NT 10.0; Win64; x64) AppleWebKit/537.36 (KHTML, like Gecko) Chrome/151.0.0.0 Safari/537.36"
79.127.164.209 - - [20/Aug/2026:00:32:15 +0200] "GET /templates/shop/css/global.php HTTP/1.1" 200 26242 "https://www.vracandbio.com/" "Mozilla/5.0 (Windows NT 10.0; Win64; x64) AppleWebKit/537.36 (KHTML, like Gecko) Chrome/151.0.0.0 Safari/537.36"
79.127.164.209 - - [20/Aug/2026:00:32:15 +0200] "GET /templates/shop/css/global_cookies_css.php HTTP/1.1" 200 31 "https://www.vracandbio.com/" "Mozilla/5.0 (Windows NT 10.0; Win64; x64) AppleWebKit/537.36 (KHTML, like Gecko) Chrome/151.0.0.0 Safari/537.36"
79.127.164.209 - - [20/Aug/2026:00:32:15 +0200] "GET /templates/shop/css/lightbox.css HTTP/1.1" 200 3875 "https://www.vracandbio.com/" "Mozilla/5.0 (Windows NT 10.0; Win64; x64) AppleWebKit/537.36 (KHTML, like Gecko) Chrome/151.0.0.0 Safari/537.36"
79.127.164.209 - - [20/Aug/2026:00:32:15 +0200] "GET /start_to_top/style.css HTTP/1.1" 200 - "https://www.vracandbio.com/" "Mozilla/5.0 (Windows NT 10.0; Win64; x64) AppleWebKit/537.36 (KHTML, like Gecko) Chrome/151.0.0.0 Safari/537.36"
79.127.164.209 - - [20/Aug/2026:00:32:15 +0200] "GET /templates/shop/jssor/jssor.css HTTP/1.1" 200 5585 "https://www.vracandbio.com/" "Mozilla/5.0 (Windows NT 10.0; Win64; x64) AppleWebKit/537.36 (KHTML, like Gecko) Chrome/151.0.0.0 Safari/537.36"
79.127.164.209 - - [20/Aug/2026:00:32:15 +0200] "GET /templates/shop/css/jquery.bxslider.css HTTP/1.1" 200 3867 "https://www.vracandbio.com/" "Mozilla/5.0 (Windows NT 10.0; Win64; x64) AppleWebKit/537.36 (KHTML, like Gecko) Chrome/151.0.0.0 Safari/537.36"
79.127.164.209 - - [20/Aug/2026:00:32:15 +0200] "GET /templates/shop/css/global_end.css HTTP/1.1" 200 1106 "https://www.vracandbio.com/" "Mozilla/5.0 (Windows NT 10.0; Win64; x64) AppleWebKit/537.36 (KHTML, like Gecko) Chrome/151.0.0.0 Safari/537.36"
79.127.164.209 - - [20/Aug/2026:00:32:15 +0200] "GET /start_to_top/modernizr.js HTTP/1.1" 200 51364 "https://www.vracandbio.com/" "Mozilla/5.0 (Windows NT 10.0; Win64; x64) AppleWebKit/537.36 (KHTML, like Gecko) Chrome/151.0.0.0 Safari/537.36"
79.127.164.209 - - [20/Aug/2026:00:32:15 +0200] "GET /templates/shop/js/jquery.bxslider.js HTTP/1.1" 200 50573 "https://www.vracandbio.com/" "Mozilla/5.0 (Windows NT 10.0; Win64; x64) AppleWebKit/537.36 (KHTML, like Gecko) Chrome/151.0.0.0 Safari/537.36"
79.127.164.209 - - [20/Aug/2026:00:32:15 +0200] "GET /js/js.cookie.min.js HTTP/1.1" 200 - "https://www.vracandbio.com/" "Mozilla/5.0 (Windows NT 10.0; Win64; x64) AppleWebKit/537.36 (KHTML, like Gecko) Chrome/151.0.0.0 Safari/537.36"
79.127.164.209 - - [20/Aug/2026:00:32:15 +0200] "GET /templates/shop/css/dropdown.linear.css HTTP/1.1" 200 605 "https://www.vracandbio.com/templates/shop/css/dropdown.linear.columnar.css" "Mozilla/5.0 (Windows NT 10.0; Win64; x64) AppleWebKit/537.36 (KHTML, like Gecko) Chrome/151.0.0.0 Safari/537.36"
79.127.164.209 - - [20/Aug/2026:00:32:15 +0200] "GET /uploadfiles/full_slideshows/0IMG_00001.jpeg HTTP/1.1" 200 207051 "https://www.vracandbio.com/" "Mozilla/5.0 (Windows NT 10.0; Win64; x64) AppleWebKit/537.36 (KHTML, like Gecko) Chrome/151.0.0.0 Safari/537.36"
79.127.164.209 - - [20/Aug/2026:00:32:15 +0200] "GET /templates/shop/css/dropdown.css HTTP/1.1" 200 937 "https://www.vracandbio.com/templates/shop/css/dropdown.linear.css" "Mozilla/5.0 (Windows NT 10.0; Win64; x64) AppleWebKit/537.36 (KHTML, like Gecko) Chrome/151.0.0.0 Safari/537.36"
79.127.164.209 - - [20/Aug/2026:00:32:15 +0200] "GET /includes/stats.php?ref= HTTP/1.1" 200 - "https://www.vracandbio.com/" "Mozilla/5.0 (Windows NT 10.0; Win64; x64) AppleWebKit/537.36 (KHTML, like Gecko) Chrome/151.0.0.0 Safari/537.36"
79.127.164.209 - - [20/Aug/2026:00:32:15 +0200] "GET /templates/shop/img/15844333790logo_vrac_and_bio.png HTTP/1.1" 200 28253 "https://www.vracandbio.com/" "Mozilla/5.0 (Windows NT 10.0; Win64; x64) AppleWebKit/537.36 (KHTML, like Gecko) Chrome/151.0.0.0 Safari/537.36"
79.127.164.209 - - [20/Aug/2026:00:32:15 +0200] "GET /templates/shop/img/Ete_background.jpg HTTP/1.1" 200 313134 "https://www.vracandbio.com/templates/shop/css/global.php" "Mozilla/5.0 (Windows NT 10.0; Win64; x64) AppleWebKit/537.36 (KHTML, like Gecko) Chrome/151.0.0.0 Safari/537.36"
79.127.164.209 - - [20/Aug/2026:00:32:15 +0200] "GET /templates/shop/img/add_cart_hover.png HTTP/1.1" 200 6598 "https://www.vracandbio.com/" "Mozilla/5.0 (Windows NT 10.0; Win64; x64) AppleWebKit/537.36 (KHTML, like Gecko) Chrome/151.0.0.0 Safari/537.36"
79.127.164.209 - - [20/Aug/2026:00:32:15 +0200] "GET /templates/shop/jssor/jssor.slider.debug.js HTTP/1.1" 200 78748 "https://www.vracandbio.com/" "Mozilla/5.0 (Windows NT 10.0; Win64; x64) AppleWebKit/537.36 (KHTML, like Gecko) Chrome/151.0.0.0 Safari/537.36"
79.127.164.209 - - [20/Aug/2026:00:32:15 +0200] "GET /templates/shop/jssor/jssor.js HTTP/1.1" 200 3865 "https://www.vracandbio.com/" "Mozilla/5.0 (Windows NT 10.0; Win64; x64) AppleWebKit/537.36 (KHTML, like Gecko) Chrome/151.0.0.0 Safari/537.36"
79.127.164.209 - - [20/Aug/2026:00:32:16 +0200] "GET /templates/shop/bootstrap/js/bootstrap.min.js HTTP/1.1" 200 28631 "https://www.vracandbio.com/" "Mozilla/5.0 (Windows NT 10.0; Win64; x64) AppleWebKit/537.36 (KHTML, like Gecko) Chrome/151.0.0.0 Safari/537.36"
79.127.164.209 - - [20/Aug/2026:00:32:16 +0200] "GET /templates/shop/js/holder.js HTTP/1.1" 200 10517 "https://www.vracandbio.com/" "Mozilla/5.0 (Windows NT 10.0; Win64; x64) AppleWebKit/537.36 (KHTML, like Gecko) Chrome/151.0.0.0 Safari/537.36"
79.127.164.209 - - [20/Aug/2026:00:32:16 +0200] "GET /templates/shop/js/script.js HTTP/1.1" 200 - "https://www.vracandbio.com/" "Mozilla/5.0 (Windows NT 10.0; Win64; x64) AppleWebKit/537.36 (KHTML, like Gecko) Chrome/151.0.0.0 Safari/537.36"
79.127.164.209 - - [20/Aug/2026:00:32:16 +0200] "GET /templates/shop/js/verif.js HTTP/1.1" 200 5312 "https://www.vracandbio.com/" "Mozilla/5.0 (Windows NT 10.0; Win64; x64) AppleWebKit/537.36 (KHTML, like Gecko) Chrome/151.0.0.0 Safari/537.36"
79.127.164.209 - - [20/Aug/2026:00:32:16 +0200] "GET /templates/shop/js/menu.js HTTP/1.1" 200 1268 "https://www.vracandbio.com/" "Mozilla/5.0 (Windows NT 10.0; Win64; x64) AppleWebKit/537.36 (KHTML, like Gecko) Chrome/151.0.0.0 Safari/537.36"
79.127.164.209 - - [20/Aug/2026:00:32:16 +0200] "GET /templates/shop/js/lightbox.js HTTP/1.1" 200 14936 "https://www.vracandbio.com/" "Mozilla/5.0 (Windows NT 10.0; Win64; x64) AppleWebKit/537.36 (KHTML, like Gecko) Chrome/151.0.0.0 Safari/537.36"
79.127.164.209 - - [20/Aug/2026:00:32:16 +0200] "GET /templates/shop/js/jssocials.js HTTP/1.1" 200 13101 "https://www.vracandbio.com/" "Mozilla/5.0 (Windows NT 10.0; Win64; x64) AppleWebKit/537.36 (KHTML, like Gecko) Chrome/151.0.0.0 Safari/537.36"
79.127.164.209 - - [20/Aug/2026:00:32:16 +0200] "GET /templates/shop/js/jquery.bootstrap-autohidingnavbar.js HTTP/1.1" 200 5863 "https://www.vracandbio.com/" "Mozilla/5.0 (Windows NT 10.0; Win64; x64) AppleWebKit/537.36 (KHTML, like Gecko) Chrome/151.0.0.0 Safari/537.36"
79.127.164.209 - - [20/Aug/2026:00:32:16 +0200] "GET /start_to_top/main.js HTTP/1.1" 200 879 "https://www.vracandbio.com/" "Mozilla/5.0 (Windows NT 10.0; Win64; x64) AppleWebKit/537.36 (KHTML, like Gecko) Chrome/151.0.0.0 Safari/537.36"
79.127.164.209 - - [20/Aug/2026:00:32:16 +0200] "GET /ad_cookie_marmiton/mes_donnees.js HTTP/1.1" 200 13112 "https://www.vracandbio.com/" "Mozilla/5.0 (Windows NT 10.0; Win64; x64) AppleWebKit/537.36 (KHTML, like Gecko) Chrome/151.0.0.0 Safari/537.36"
79.127.164.209 - - [20/Aug/2026:00:32:16 +0200] "GET /templates/shop/img/back_hover.png HTTP/1.1" 200 6257 "https://www.vracandbio.com/" "Mozilla/5.0 (Windows NT 10.0; Win64; x64) AppleWebKit/537.36 (KHTML, like Gecko) Chrome/151.0.0.0 Safari/537.36"
79.127.164.209 - - [20/Aug/2026:00:32:16 +0200] "GET /templates/shop/img/Ete_header.png HTTP/1.1" 200 245153 "https://www.vracandbio.com/" "Mozilla/5.0 (Windows NT 10.0; Win64; x64) AppleWebKit/537.36 (KHTML, like Gecko) Chrome/151.0.0.0 Safari/537.36"
79.127.164.209 - - [20/Aug/2026:00:32:16 +0200] "GET /templates/shop/img/cart_hover.png HTTP/1.1" 200 6395 "https://www.vracandbio.com/" "Mozilla/5.0 (Windows NT 10.0; Win64; x64) AppleWebKit/537.36 (KHTML, like Gecko) Chrome/151.0.0.0 Safari/537.36"
79.127.164.209 - - [20/Aug/2026:00:32:16 +0200] "GET /templates/shop/img/empty_cart_hover.png HTTP/1.1" 200 5916 "https://www.vracandbio.com/" "Mozilla/5.0 (Windows NT 10.0; Win64; x64) AppleWebKit/537.36 (KHTML, like Gecko) Chrome/151.0.0.0 Safari/537.36"
79.127.164.209 - - [20/Aug/2026:00:32:16 +0200] "GET /templates/shop/img/go_search_hover.png HTTP/1.1" 200 3420 "https://www.vracandbio.com/" "Mozilla/5.0 (Windows NT 10.0; Win64; x64) AppleWebKit/537.36 (KHTML, like Gecko) Chrome/151.0.0.0 Safari/537.36"
79.127.164.209 - - [20/Aug/2026:00:32:16 +0200] "GET /templates/shop/img/poursuivre_hover.png HTTP/1.1" 200 5941 "https://www.vracandbio.com/" "Mozilla/5.0 (Windows NT 10.0; Win64; x64) AppleWebKit/537.36 (KHTML, like Gecko) Chrome/151.0.0.0 Safari/537.36"
79.127.164.209 - - [20/Aug/2026:00:32:16 +0200] "GET /templates/shop/img/retour_liste_hover.png HTTP/1.1" 200 1494 "https://www.vracandbio.com/" "Mozilla/5.0 (Windows NT 10.0; Win64; x64) AppleWebKit/537.36 (KHTML, like Gecko) Chrome/151.0.0.0 Safari/537.36"
79.127.164.209 - - [20/Aug/2026:00:32:16 +0200] "GET /templates/shop/img/valid_cart_hover.png HTTP/1.1" 200 6567 "https://www.vracandbio.com/" "Mozilla/5.0 (Windows NT 10.0; Win64; x64) AppleWebKit/537.36 (KHTML, like Gecko) Chrome/151.0.0.0 Safari/537.36"
79.127.164.209 - - [20/Aug/2026:00:32:16 +0200] "GET /templates/shop/img/view_product_hover.png HTTP/1.1" 200 18983 "https://www.vracandbio.com/" "Mozilla/5.0 (Windows NT 10.0; Win64; x64) AppleWebKit/537.36 (KHTML, like Gecko) Chrome/151.0.0.0 Safari/537.36"
79.127.164.209 - - [20/Aug/2026:00:32:16 +0200] "GET /templates/shop/img/icon-menu.png HTTP/1.1" 200 177 "https://www.vracandbio.com/" "Mozilla/5.0 (Windows NT 10.0; Win64; x64) AppleWebKit/537.36 (KHTML, like Gecko) Chrome/151.0.0.0 Safari/537.36"
79.127.164.209 - - [20/Aug/2026:00:32:16 +0200] "GET /uploadfiles/slide1_internal/0l_actualite_de_vrac_and_bio.png HTTP/1.1" 200 17959 "https://www.vracandbio.com/" "Mozilla/5.0 (Windows NT 10.0; Win64; x64) AppleWebKit/537.36 (KHTML, like Gecko) Chrome/151.0.0.0 Safari/537.36"
79.127.164.209 - - [20/Aug/2026:00:32:16 +0200] "GET /uploadfiles/slide1_internal/0les_infos_de_vrac_and_bio.png HTTP/1.1" 200 19769 "https://www.vracandbio.com/" "Mozilla/5.0 (Windows NT 10.0; Win64; x64) AppleWebKit/537.36 (KHTML, like Gecko) Chrome/151.0.0.0 Safari/537.36"
79.127.164.209 - - [20/Aug/2026:00:32:16 +0200] "GET /images/mini_first.png HTTP/1.1" 200 4261 "https://www.vracandbio.com/" "Mozilla/5.0 (Windows NT 10.0; Win64; x64) AppleWebKit/537.36 (KHTML, like Gecko) Chrome/151.0.0.0 Safari/537.36"
79.127.164.209 - - [20/Aug/2026:00:32:16 +0200] "GET /images/mini_end.png HTTP/1.1" 200 4300 "https://www.vracandbio.com/" "Mozilla/5.0 (Windows NT 10.0; Win64; x64) AppleWebKit/537.36 (KHTML, like Gecko) Chrome/151.0.0.0 Safari/537.36"
79.127.164.209 - - [20/Aug/2026:00:32:16 +0200] "GET /images/mini_prev.png HTTP/1.1" 200 3671 "https://www.vracandbio.com/" "Mozilla/5.0 (Windows NT 10.0; Win64; x64) AppleWebKit/537.36 (KHTML, like Gecko) Chrome/151.0.0.0 Safari/537.36"
79.127.164.209 - - [20/Aug/2026:00:32:16 +0200] "GET /images/mini_next.png HTTP/1.1" 200 3732 "https://www.vracandbio.com/" "Mozilla/5.0 (Windows NT 10.0; Win64; x64) AppleWebKit/537.36 (KHTML, like Gecko) Chrome/151.0.0.0 Safari/537.36"
79.127.164.209 - - [20/Aug/2026:00:32:16 +0200] "GET /uploadfiles/marques/20-1532096414Sans-Gluten-vrac-and-bio.jpg HTTP/1.1" 200 17061 "https://www.vracandbio.com/" "Mozilla/5.0 (Windows NT 10.0; Win64; x64) AppleWebKit/537.36 (KHTML, like Gecko) Chrome/151.0.0.0 Safari/537.36"
79.127.164.209 - - [20/Aug/2026:00:32:16 +0200] "GET /uploadfiles/marques/21-1532096665Produits-Vegan-vrac-and-bio.jpg HTTP/1.1" 200 16411 "https://www.vracandbio.com/" "Mozilla/5.0 (Windows NT 10.0; Win64; x64) AppleWebKit/537.36 (KHTML, like Gecko) Chrome/151.0.0.0 Safari/537.36"
79.127.164.209 - - [20/Aug/2026:00:32:16 +0200] "GET /uploadfiles/marques/23-1532096490Produits-locaux-vrac-and-bio.jpg HTTP/1.1" 200 17659 "https://www.vracandbio.com/" "Mozilla/5.0 (Windows NT 10.0; Win64; x64) AppleWebKit/537.36 (KHTML, like Gecko) Chrome/151.0.0.0 Safari/537.36"
79.127.164.209 - - [20/Aug/2026:00:32:16 +0200] "GET /uploadfiles/marques/24-1584369556idees-cadeaux-vrac-and-bio.jpg HTTP/1.1" 200 15756 "https://www.vracandbio.com/" "Mozilla/5.0 (Windows NT 10.0; Win64; x64) AppleWebKit/537.36 (KHTML, like Gecko) Chrome/151.0.0.0 Safari/537.36"
79.127.164.209 - - [20/Aug/2026:00:32:16 +0200] "GET /uploadfiles/marques/26-1584369683do-it-yourself-vrac-and-bio.jpg HTTP/1.1" 200 15397 "https://www.vracandbio.com/" "Mozilla/5.0 (Windows NT 10.0; Win64; x64) AppleWebKit/537.36 (KHTML, like Gecko) Chrome/151.0.0.0 Safari/537.36"
79.127.164.209 - - [20/Aug/2026:00:32:16 +0200] "GET /uploadfiles/LAgumes_Bio_Locaux_en_Vrac.jpg HTTP/1.1" 200 3089189 "https://www.vracandbio.com/" "Mozilla/5.0 (Windows NT 10.0; Win64; x64) AppleWebKit/537.36 (KHTML, like Gecko) Chrome/151.0.0.0 Safari/537.36"
79.127.164.209 - - [20/Aug/2026:00:32:16 +0200] "GET /uploadfiles/products/mini/17870448710IMG_20260818_101435.jpg HTTP/1.1" 200 27941 "https://www.vracandbio.com/" "Mozilla/5.0 (Windows NT 10.0; Win64; x64) AppleWebKit/537.36 (KHTML, like Gecko) Chrome/151.0.0.0 Safari/537.36"
79.127.164.209 - - [20/Aug/2026:00:32:16 +0200] "GET /uploadfiles/products/mini/15639819280A.jpg HTTP/1.1" 200 17305 "https://www.vracandbio.com/" "Mozilla/5.0 (Windows NT 10.0; Win64; x64) AppleWebKit/537.36 (KHTML, like Gecko) Chrome/151.0.0.0 Safari/537.36"
79.127.164.209 - - [20/Aug/2026:00:32:16 +0200] "GET /uploadfiles/products/mini/15845356860MET.jpg HTTP/1.1" 200 19662 "https://www.vracandbio.com/" "Mozilla/5.0 (Windows NT 10.0; Win64; x64) AppleWebKit/537.36 (KHTML, like Gecko) Chrome/151.0.0.0 Safari/537.36"
79.127.164.209 - - [20/Aug/2026:00:32:16 +0200] "GET /uploadfiles/products/mini/15845356930MET.jpg HTTP/1.1" 200 19662 "https://www.vracandbio.com/" "Mozilla/5.0 (Windows NT 10.0; Win64; x64) AppleWebKit/537.36 (KHTML, like Gecko) Chrome/151.0.0.0 Safari/537.36"
79.127.164.209 - - [20/Aug/2026:00:32:16 +0200] "GET /uploadfiles/products/mini/15854050510VM.jpg HTTP/1.1" 200 27885 "https://www.vracandbio.com/" "Mozilla/5.0 (Windows NT 10.0; Win64; x64) AppleWebKit/537.36 (KHTML, like Gecko) Chrome/151.0.0.0 Safari/537.36"
79.127.164.209 - - [20/Aug/2026:00:32:16 +0200] "GET /uploadfiles/products/mini/15639797610GC.jpg HTTP/1.1" 200 18409 "https://www.vracandbio.com/" "Mozilla/5.0 (Windows NT 10.0; Win64; x64) AppleWebKit/537.36 (KHTML, like Gecko) Chrome/151.0.0.0 Safari/537.36"
79.127.164.209 - - [20/Aug/2026:00:32:16 +0200] "GET /uploadfiles/products/mini/15639819570N.jpg HTTP/1.1" 200 18225 "https://www.vracandbio.com/" "Mozilla/5.0 (Windows NT 10.0; Win64; x64) AppleWebKit/537.36 (KHTML, like Gecko) Chrome/151.0.0.0 Safari/537.36"
79.127.164.209 - - [20/Aug/2026:00:32:16 +0200] "GET /uploadfiles/products/mini/1567082489065.jpg HTTP/1.1" 200 13453 "https://www.vracandbio.com/" "Mozilla/5.0 (Windows NT 10.0; Win64; x64) AppleWebKit/537.36 (KHTML, like Gecko) Chrome/151.0.0.0 Safari/537.36"
79.127.164.209 - - [20/Aug/2026:00:32:16 +0200] "GET /uploadfiles/products/mini/15874508700Oeuf.jpg HTTP/1.1" 200 17918 "https://www.vracandbio.com/" "Mozilla/5.0 (Windows NT 10.0; Win64; x64) AppleWebKit/537.36 (KHTML, like Gecko) Chrome/151.0.0.0 Safari/537.36"
79.127.164.209 - - [20/Aug/2026:00:32:16 +0200] "GET /uploadfiles/products/mini/15854103120GDN.jpg HTTP/1.1" 200 19277 "https://www.vracandbio.com/" "Mozilla/5.0 (Windows NT 10.0; Win64; x64) AppleWebKit/537.36 (KHTML, like Gecko) Chrome/151.0.0.0 Safari/537.36"
79.127.164.209 - - [20/Aug/2026:00:32:16 +0200] "GET /uploadfiles/products/mini/16914911450104761173_1136754563361709_5990994290314743701_n.jpeg HTTP/1.1" 200 29811 "https://www.vracandbio.com/" "Mozilla/5.0 (Windows NT 10.0; Win64; x64) AppleWebKit/537.36 (KHTML, like Gecko) Chrome/151.0.0.0 Safari/537.36"
79.127.164.209 - - [20/Aug/2026:00:32:16 +0200] "GET /uploadfiles/products/mini/15670822970110.jpg HTTP/1.1" 200 14175 "https://www.vracandbio.com/" "Mozilla/5.0 (Windows NT 10.0; Win64; x64) AppleWebKit/537.36 (KHTML, like Gecko) Chrome/151.0.0.0 Safari/537.36"
79.127.164.209 - - [20/Aug/2026:00:32:16 +0200] "GET /uploadfiles/products/mini/15639774890RC.jpg HTTP/1.1" 200 17876 "https://www.vracandbio.com/" "Mozilla/5.0 (Windows NT 10.0; Win64; x64) AppleWebKit/537.36 (KHTML, like Gecko) Chrome/151.0.0.0 Safari/537.36"
79.127.164.209 - - [20/Aug/2026:00:32:16 +0200] "GET /uploadfiles/products/mini/15639774840RC.jpg HTTP/1.1" 200 17876 "https://www.vracandbio.com/" "Mozilla/5.0 (Windows NT 10.0; Win64; x64) AppleWebKit/537.36 (KHTML, like Gecko) Chrome/151.0.0.0 Safari/537.36"
79.127.164.209 - - [20/Aug/2026:00:32:16 +0200] "GET /uploadfiles/products/mini/15641387930SB.jpg HTTP/1.1" 200 13914 "https://www.vracandbio.com/" "Mozilla/5.0 (Windows NT 10.0; Win64; x64) AppleWebKit/537.36 (KHTML, like Gecko) Chrome/151.0.0.0 Safari/537.36"
79.127.164.209 - - [20/Aug/2026:00:32:16 +0200] "GET /uploadfiles/products/mini/15639819830Noix.jpg HTTP/1.1" 200 16824 "https://www.vracandbio.com/" "Mozilla/5.0 (Windows NT 10.0; Win64; x64) AppleWebKit/537.36 (KHTML, like Gecko) Chrome/151.0.0.0 Safari/537.36"
79.127.164.209 - - [20/Aug/2026:00:32:16 +0200] "GET /uploadfiles/products/mini/15853928160LPAC.jpg HTTP/1.1" 200 21164 "https://www.vracandbio.com/" "Mozilla/5.0 (Windows NT 10.0; Win64; x64) AppleWebKit/537.36 (KHTML, like Gecko) Chrome/151.0.0.0 Safari/537.36"
79.127.164.209 - - [20/Aug/2026:00:32:16 +0200] "GET /uploadfiles/products/mini/15845338060RBC.jpg HTTP/1.1" 200 21619 "https://www.vracandbio.com/" "Mozilla/5.0 (Windows NT 10.0; Win64; x64) AppleWebKit/537.36 (KHTML, like Gecko) Chrome/151.0.0.0 Safari/537.36"
79.127.164.209 - - [20/Aug/2026:00:32:17 +0200] "GET /uploadfiles/products/mini/15641388290SR.jpg HTTP/1.1" 200 15249 "https://www.vracandbio.com/" "Mozilla/5.0 (Windows NT 10.0; Win64; x64) AppleWebKit/537.36 (KHTML, like Gecko) Chrome/151.0.0.0 Safari/537.36"
79.127.164.209 - - [20/Aug/2026:00:32:17 +0200] "GET /uploadfiles/products/mini/15639848330AS.jpg HTTP/1.1" 200 17084 "https://www.vracandbio.com/" "Mozilla/5.0 (Windows NT 10.0; Win64; x64) AppleWebKit/537.36 (KHTML, like Gecko) Chrome/151.0.0.0 Safari/537.36"
79.127.164.209 - - [20/Aug/2026:00:32:17 +0200] "GET /uploadfiles/products/mini/15639849070Rai.jpg HTTP/1.1" 200 18071 "https://www.vracandbio.com/" "Mozilla/5.0 (Windows NT 10.0; Win64; x64) AppleWebKit/537.36 (KHTML, like Gecko) Chrome/151.0.0.0 Safari/537.36"
79.127.164.209 - - [20/Aug/2026:00:32:17 +0200] "GET /uploadfiles/products/mini/15639775510RB.jpg HTTP/1.1" 200 15330 "https://www.vracandbio.com/" "Mozilla/5.0 (Windows NT 10.0; Win64; x64) AppleWebKit/537.36 (KHTML, like Gecko) Chrome/151.0.0.0 Safari/537.36"
79.127.164.209 - - [20/Aug/2026:00:32:17 +0200] "GET /uploadfiles/products/mini/15639759600IMG_20190220_133308_resized_20190724_124039994%20(2).jpg HTTP/1.1" 200 16544 "https://www.vracandbio.com/" "Mozilla/5.0 (Windows NT 10.0; Win64; x64) AppleWebKit/537.36 (KHTML, like Gecko) Chrome/151.0.0.0 Safari/537.36"
79.127.164.209 - - [20/Aug/2026:00:32:17 +0200] "GET /uploadfiles/products/mini/15639553390coq%20(2).jpg HTTP/1.1" 200 17045 "https://www.vracandbio.com/" "Mozilla/5.0 (Windows NT 10.0; Win64; x64) AppleWebKit/537.36 (KHTML, like Gecko) Chrome/151.0.0.0 Safari/537.36"
79.127.164.209 - - [20/Aug/2026:00:32:17 +0200] "GET /uploadfiles/products/mini/15639553220coq%20(2).jpg HTTP/1.1" 200 17045 "https://www.vracandbio.com/" "Mozilla/5.0 (Windows NT 10.0; Win64; x64) AppleWebKit/537.36 (KHTML, like Gecko) Chrome/151.0.0.0 Safari/537.36"
79.127.164.209 - - [20/Aug/2026:00:32:17 +0200] "GET /uploadfiles/products/mini/15639553430coq%20(2).jpg HTTP/1.1" 200 17045 "https://www.vracandbio.com/" "Mozilla/5.0 (Windows NT 10.0; Win64; x64) AppleWebKit/537.36 (KHTML, like Gecko) Chrome/151.0.0.0 Safari/537.36"
79.127.164.209 - - [20/Aug/2026:00:32:17 +0200] "GET /uploadfiles/products/mini/15834310940IMG_20200305_182105_resized_20200305_062214279%20(2).jpg HTTP/1.1" 200 18070 "https://www.vracandbio.com/" "Mozilla/5.0 (Windows NT 10.0; Win64; x64) AppleWebKit/537.36 (KHTML, like Gecko) Chrome/151.0.0.0 Safari/537.36"
79.127.164.209 - - [20/Aug/2026:00:32:17 +0200] "GET /uploadfiles/products/mini/15641387480SI.jpg HTTP/1.1" 200 18169 "https://www.vracandbio.com/" "Mozilla/5.0 (Windows NT 10.0; Win64; x64) AppleWebKit/537.36 (KHTML, like Gecko) Chrome/151.0.0.0 Safari/537.36"
79.127.164.209 - - [20/Aug/2026:00:32:17 +0200] "GET /uploadfiles/products/mini/15641381420CN.jpg HTTP/1.1" 200 16722 "https://www.vracandbio.com/" "Mozilla/5.0 (Windows NT 10.0; Win64; x64) AppleWebKit/537.36 (KHTML, like Gecko) Chrome/151.0.0.0 Safari/537.36"
79.127.164.209 - - [20/Aug/2026:00:32:17 +0200] "GET /uploadfiles/products/mini/15641383670pch.jpg HTTP/1.1" 200 17503 "https://www.vracandbio.com/" "Mozilla/5.0 (Windows NT 10.0; Win64; x64) AppleWebKit/537.36 (KHTML, like Gecko) Chrome/151.0.0.0 Safari/537.36"
79.127.164.209 - - [20/Aug/2026:00:32:17 +0200] "GET /uploadfiles/products/mini/15845574520SFC.jpg HTTP/1.1" 200 21049 "https://www.vracandbio.com/" "Mozilla/5.0 (Windows NT 10.0; Win64; x64) AppleWebKit/537.36 (KHTML, like Gecko) Chrome/151.0.0.0 Safari/537.36"
79.127.164.209 - - [20/Aug/2026:00:32:17 +0200] "GET /uploadfiles/products/mini/15848087270PLV.jpg HTTP/1.1" 200 14503 "https://www.vracandbio.com/" "Mozilla/5.0 (Windows NT 10.0; Win64; x64) AppleWebKit/537.36 (KHTML, like Gecko) Chrome/151.0.0.0 Safari/537.36"
79.127.164.209 - - [20/Aug/2026:00:32:17 +0200] "GET /uploadfiles/products/mini/15845574440SFC.jpg HTTP/1.1" 200 21049 "https://www.vracandbio.com/" "Mozilla/5.0 (Windows NT 10.0; Win64; x64) AppleWebKit/537.36 (KHTML, like Gecko) Chrome/151.0.0.0 Safari/537.36"
79.127.164.209 - - [20/Aug/2026:00:32:17 +0200] "GET /uploadfiles/products/mini/15916312990VIN14.jpg HTTP/1.1" 200 19264 "https://www.vracandbio.com/" "Mozilla/5.0 (Windows NT 10.0; Win64; x64) AppleWebKit/537.36 (KHTML, like Gecko) Chrome/151.0.0.0 Safari/537.36"
79.127.164.209 - - [20/Aug/2026:00:32:17 +0200] "GET /uploadfiles/products/mini/15669143150avoine.jpg HTTP/1.1" 200 16270 "https://www.vracandbio.com/" "Mozilla/5.0 (Windows NT 10.0; Win64; x64) AppleWebKit/537.36 (KHTML, like Gecko) Chrome/151.0.0.0 Safari/537.36"
79.127.164.209 - - [20/Aug/2026:00:32:17 +0200] "GET /uploadfiles/products/mini/15916312890VIN14.jpg HTTP/1.1" 200 19264 "https://www.vracandbio.com/" "Mozilla/5.0 (Windows NT 10.0; Win64; x64) AppleWebKit/537.36 (KHTML, like Gecko) Chrome/151.0.0.0 Safari/537.36"
