79.127.164.209 - - [20/Aug/2026:00:32:17 +0200] "GET /uploadfiles/products/mini/15639806980LC.jpg HTTP/1.1" 200 17046 "https://www.vracandbio.com/" "Mozilla/5.0 (Windows NT 10.0; Win64; x64) AppleWebKit/537.36 (KHTML, like Gecko) Chrome/151.0.0.0 Safari/537.36"
79.127.164.209 - - [20/Aug/2026:00:32:17 +0200] "GET /uploadfiles/products/mini/15645833470datte.jpg HTTP/1.1" 200 16886 "https://www.vracandbio.com/" "Mozilla/5.0 (Windows NT 10.0; Win64; x64) AppleWebKit/537.36 (KHTML, like Gecko) Chrome/151.0.0.0 Safari/537.36"
79.127.164.209 - - [20/Aug/2026:00:32:17 +0200] "GET /uploadfiles/products/mini/15639848730Cra.jpg HTTP/1.1" 200 18170 "https://www.vracandbio.com/" "Mozilla/5.0 (Windows NT 10.0; Win64; x64) AppleWebKit/537.36 (KHTML, like Gecko) Chrome/151.0.0.0 Safari/537.36"
79.127.164.209 - - [20/Aug/2026:00:32:17 +0200] "GET /uploadfiles/products/mini/15639759010IMG_20190220_133239_resized_20190724_124040856%20(2).jpg HTTP/1.1" 200 16031 "https://www.vracandbio.com/" "Mozilla/5.0 (Windows NT 10.0; Win64; x64) AppleWebKit/537.36 (KHTML, like Gecko) Chrome/151.0.0.0 Safari/537.36"
79.127.164.209 - - [20/Aug/2026:00:32:17 +0200] "GET /uploadfiles/products/mini/15639758980IMG_20190220_133239_resized_20190724_124040856%20(2).jpg HTTP/1.1" 200 16031 "https://www.vracandbio.com/" "Mozilla/5.0 (Windows NT 10.0; Win64; x64) AppleWebKit/537.36 (KHTML, like Gecko) Chrome/151.0.0.0 Safari/537.36"
79.127.164.209 - - [20/Aug/2026:00:32:17 +0200] "GET /uploadfiles/products/mini/15669101440perle%20miel.jpg HTTP/1.1" 200 16176 "https://www.vracandbio.com/" "Mozilla/5.0 (Windows NT 10.0; Win64; x64) AppleWebKit/537.36 (KHTML, like Gecko) Chrome/151.0.0.0 Safari/537.36"
79.127.164.209 - - [20/Aug/2026:00:32:17 +0200] "GET /uploadfiles/products/mini/16914890250Sans%20titre-.jpg HTTP/1.1" 200 26297 "https://www.vracandbio.com/" "Mozilla/5.0 (Windows NT 10.0; Win64; x64) AppleWebKit/537.36 (KHTML, like Gecko) Chrome/151.0.0.0 Safari/537.36"
79.127.164.209 - - [20/Aug/2026:00:32:17 +0200] "GET /uploadfiles/products/mini/15669095940muesli%20au%20fruit.jpg HTTP/1.1" 200 17415 "https://www.vracandbio.com/" "Mozilla/5.0 (Windows NT 10.0; Win64; x64) AppleWebKit/537.36 (KHTML, like Gecko) Chrome/151.0.0.0 Safari/537.36"
79.127.164.209 - - [20/Aug/2026:00:32:17 +0200] "GET /uploadfiles/products/mini/15639806550LV.jpg HTTP/1.1" 200 17687 "https://www.vracandbio.com/" "Mozilla/5.0 (Windows NT 10.0; Win64; x64) AppleWebKit/537.36 (KHTML, like Gecko) Chrome/151.0.0.0 Safari/537.36"
79.127.164.209 - - [20/Aug/2026:00:32:17 +0200] "GET /uploadfiles/products/mini/15916314050FS.jpg HTTP/1.1" 200 18324 "https://www.vracandbio.com/" "Mozilla/5.0 (Windows NT 10.0; Win64; x64) AppleWebKit/537.36 (KHTML, like Gecko) Chrome/151.0.0.0 Safari/537.36"
79.127.164.209 - - [20/Aug/2026:00:32:17 +0200] "GET /uploadfiles/products/mini/17855792840IMG_20260801_103522.jpg HTTP/1.1" 200 22362 "https://www.vracandbio.com/" "Mozilla/5.0 (Windows NT 10.0; Win64; x64) AppleWebKit/537.36 (KHTML, like Gecko) Chrome/151.0.0.0 Safari/537.36"
79.127.164.209 - - [20/Aug/2026:00:32:17 +0200] "GET /templates/shop/img/dispo.png HTTP/1.1" 200 3031 "https://www.vracandbio.com/" "Mozilla/5.0 (Windows NT 10.0; Win64; x64) AppleWebKit/537.36 (KHTML, like Gecko) Chrome/151.0.0.0 Safari/537.36"
79.127.164.209 - - [20/Aug/2026:00:32:17 +0200] "GET /templates/shop/img/view_product.png HTTP/1.1" 200 19436 "https://www.vracandbio.com/" "Mozilla/5.0 (Windows NT 10.0; Win64; x64) AppleWebKit/537.36 (KHTML, like Gecko) Chrome/151.0.0.0 Safari/537.36"
79.127.164.209 - - [20/Aug/2026:00:32:17 +0200] "GET /templates/shop/img/no_achat.png HTTP/1.1" 200 6534 "https://www.vracandbio.com/" "Mozilla/5.0 (Windows NT 10.0; Win64; x64) AppleWebKit/537.36 (KHTML, like Gecko) Chrome/151.0.0.0 Safari/537.36"
79.127.164.209 - - [20/Aug/2026:00:32:17 +0200] "GET /uploadfiles/products/mini/15853852320GCD.jpg HTTP/1.1" 200 19240 "https://www.vracandbio.com/" "Mozilla/5.0 (Windows NT 10.0; Win64; x64) AppleWebKit/537.36 (KHTML, like Gecko) Chrome/151.0.0.0 Safari/537.36"
79.127.164.209 - - [20/Aug/2026:00:32:17 +0200] "GET /uploadfiles/products/mini/15879268500chico.png HTTP/1.1" 200 164056 "https://www.vracandbio.com/" "Mozilla/5.0 (Windows NT 10.0; Win64; x64) AppleWebKit/537.36 (KHTML, like Gecko) Chrome/151.0.0.0 Safari/537.36"
79.127.164.209 - - [20/Aug/2026:00:32:17 +0200] "GET /uploadfiles/products/mini/15861741730cac.jpg HTTP/1.1" 200 19967 "https://www.vracandbio.com/" "Mozilla/5.0 (Windows NT 10.0; Win64; x64) AppleWebKit/537.36 (KHTML, like Gecko) Chrome/151.0.0.0 Safari/537.36"
79.127.164.209 - - [20/Aug/2026:00:32:17 +0200] "GET /uploadfiles/products/mini/1744275900025.JPG HTTP/1.1" 200 20738 "https://www.vracandbio.com/" "Mozilla/5.0 (Windows NT 10.0; Win64; x64) AppleWebKit/537.36 (KHTML, like Gecko) Chrome/151.0.0.0 Safari/537.36"
79.127.164.209 - - [20/Aug/2026:00:32:17 +0200] "GET /uploadfiles/products/mini/1744276666026.JPG HTTP/1.1" 200 20839 "https://www.vracandbio.com/" "Mozilla/5.0 (Windows NT 10.0; Win64; x64) AppleWebKit/537.36 (KHTML, like Gecko) Chrome/151.0.0.0 Safari/537.36"
79.127.164.209 - - [20/Aug/2026:00:32:17 +0200] "GET /uploadfiles/products/mini/1744277611030.JPG HTTP/1.1" 200 19873 "https://www.vracandbio.com/" "Mozilla/5.0 (Windows NT 10.0; Win64; x64) AppleWebKit/537.36 (KHTML, like Gecko) Chrome/151.0.0.0 Safari/537.36"
79.127.164.209 - - [20/Aug/2026:00:32:17 +0200] "GET /uploadfiles/products/mini/1744278046023.JPG HTTP/1.1" 200 20188 "https://www.vracandbio.com/" "Mozilla/5.0 (Windows NT 10.0; Win64; x64) AppleWebKit/537.36 (KHTML, like Gecko) Chrome/151.0.0.0 Safari/537.36"
79.127.164.209 - - [20/Aug/2026:00:32:17 +0200] "GET /uploadfiles/products/mini/1744276550027.JPG HTTP/1.1" 200 18890 "https://www.vracandbio.com/" "Mozilla/5.0 (Windows NT 10.0; Win64; x64) AppleWebKit/537.36 (KHTML, like Gecko) Chrome/151.0.0.0 Safari/537.36"
79.127.164.209 - - [20/Aug/2026:00:32:17 +0200] "GET /uploadfiles/blog/9-1584719121IMG_2913.JPG HTTP/1.1" 200 13698 "https://www.vracandbio.com/" "Mozilla/5.0 (Windows NT 10.0; Win64; x64) AppleWebKit/537.36 (KHTML, like Gecko) Chrome/151.0.0.0 Safari/537.36"
79.127.164.209 - - [20/Aug/2026:00:32:17 +0200] "GET /uploadfiles/blog/10-1584720585IMG_3087.JPG HTTP/1.1" 200 8683 "https://www.vracandbio.com/" "Mozilla/5.0 (Windows NT 10.0; Win64; x64) AppleWebKit/537.36 (KHTML, like Gecko) Chrome/151.0.0.0 Safari/537.36"
79.127.164.209 - - [20/Aug/2026:00:32:17 +0200] "GET /uploadfiles/blog/11-1584723658Logo-vrac-and-bio_drive.jpg HTTP/1.1" 200 10253 "https://www.vracandbio.com/" "Mozilla/5.0 (Windows NT 10.0; Win64; x64) AppleWebKit/537.36 (KHTML, like Gecko) Chrome/151.0.0.0 Safari/537.36"
79.127.164.209 - - [20/Aug/2026:00:32:17 +0200] "GET /templates/shop/img/panier_vide.png HTTP/1.1" 200 3914 "https://www.vracandbio.com/" "Mozilla/5.0 (Windows NT 10.0; Win64; x64) AppleWebKit/537.36 (KHTML, like Gecko) Chrome/151.0.0.0 Safari/537.36"
79.127.164.209 - - [20/Aug/2026:00:32:17 +0200] "GET /templates/shop/img/events.png HTTP/1.1" 200 3571 "https://www.vracandbio.com/" "Mozilla/5.0 (Windows NT 10.0; Win64; x64) AppleWebKit/537.36 (KHTML, like Gecko) Chrome/151.0.0.0 Safari/537.36"
79.127.164.209 - - [20/Aug/2026:00:32:17 +0200] "GET /uploadfiles/slide1_internal/0Zero.jpg HTTP/1.1" 200 270843 "https://www.vracandbio.com/" "Mozilla/5.0 (Windows NT 10.0; Win64; x64) AppleWebKit/537.36 (KHTML, like Gecko) Chrome/151.0.0.0 Safari/537.36"
79.127.164.209 - - [20/Aug/2026:00:32:17 +0200] "GET /uploadfiles/slide1_internal/0Vracandbio.png HTTP/1.1" 200 43097 "https://www.vracandbio.com/" "Mozilla/5.0 (Windows NT 10.0; Win64; x64) AppleWebKit/537.36 (KHTML, like Gecko) Chrome/151.0.0.0 Safari/537.36"
79.127.164.209 - - [20/Aug/2026:00:32:17 +0200] "GET /uploadfiles/slide1_internal/0Cosmetique.jpg HTTP/1.1" 200 29160 "https://www.vracandbio.com/" "Mozilla/5.0 (Windows NT 10.0; Win64; x64) AppleWebKit/537.36 (KHTML, like Gecko) Chrome/151.0.0.0 Safari/537.36"
79.127.164.209 - - [20/Aug/2026:00:32:17 +0200] "GET /uploadfiles/slide1_internal/0Paiement.jpg HTTP/1.1" 200 70030 "https://www.vracandbio.com/" "Mozilla/5.0 (Windows NT 10.0; Win64; x64) AppleWebKit/537.36 (KHTML, like Gecko) Chrome/151.0.0.0 Safari/537.36"
79.127.164.209 - - [20/Aug/2026:00:32:17 +0200] "GET /templates/shop/img/facebook.png HTTP/1.1" 200 4816 "https://www.vracandbio.com/" "Mozilla/5.0 (Windows NT 10.0; Win64; x64) AppleWebKit/537.36 (KHTML, like Gecko) Chrome/151.0.0.0 Safari/537.36"
79.127.164.209 - - [20/Aug/2026:00:32:18 +0200] "GET /templates/shop/img/logo_signature_picto.png HTTP/1.1" 200 6299 "https://www.vracandbio.com/" "Mozilla/5.0 (Windows NT 10.0; Win64; x64) AppleWebKit/537.36 (KHTML, like Gecko) Chrome/151.0.0.0 Safari/537.36"
79.127.164.209 - - [20/Aug/2026:00:32:18 +0200] "GET /templates/shop/jssor/a17.png HTTP/1.1" 200 4881 "https://www.vracandbio.com/templates/shop/jssor/jssor.css" "Mozilla/5.0 (Windows NT 10.0; Win64; x64) AppleWebKit/537.36 (KHTML, like Gecko) Chrome/151.0.0.0 Safari/537.36"
79.127.164.209 - - [20/Aug/2026:00:32:18 +0200] "GET /favicon/manifest.json HTTP/1.1" 200 720 "https://www.vracandbio.com/" "Mozilla/5.0 (Windows NT 10.0; Win64; x64) AppleWebKit/537.36 (KHTML, like Gecko) Chrome/151.0.0.0 Safari/537.36"
79.127.164.209 - - [20/Aug/2026:00:32:18 +0200] "GET /templates/shop/css/font-awesome/fonts/fontawesome-webfont.woff2?v=4.3.0 HTTP/1.1" 200 56780 "https://www.vracandbio.com/templates/shop/css/font-awesome/css/font-awesome.css" "Mozilla/5.0 (Windows NT 10.0; Win64; x64) AppleWebKit/537.36 (KHTML, like Gecko) Chrome/151.0.0.0 Safari/537.36"
79.127.164.209 - - [20/Aug/2026:00:32:18 +0200] "GET /templates/shop/img/marques_liv.png HTTP/1.1" 200 3355 "https://www.vracandbio.com/templates/shop/css/global.php" "Mozilla/5.0 (Windows NT 10.0; Win64; x64) AppleWebKit/537.36 (KHTML, like Gecko) Chrome/151.0.0.0 Safari/537.36"
79.127.164.209 - - [20/Aug/2026:00:32:18 +0200] "GET /templates/shop/img/categories_liv.png HTTP/1.1" 200 3232 "https://www.vracandbio.com/templates/shop/css/global.php" "Mozilla/5.0 (Windows NT 10.0; Win64; x64) AppleWebKit/537.36 (KHTML, like Gecko) Chrome/151.0.0.0 Safari/537.36"
79.127.164.209 - - [20/Aug/2026:00:32:18 +0200] "GET /templates/shop/img/Ete_footer.png HTTP/1.1" 200 455878 "https://www.vracandbio.com/templates/shop/css/global.php" "Mozilla/5.0 (Windows NT 10.0; Win64; x64) AppleWebKit/537.36 (KHTML, like Gecko) Chrome/151.0.0.0 Safari/537.36"
79.127.164.209 - - [20/Aug/2026:00:32:18 +0200] "GET /start_to_top/img/cd-top-arrow.svg HTTP/1.1" 200 555 "https://www.vracandbio.com/templates/shop/css/global.php" "Mozilla/5.0 (Windows NT 10.0; Win64; x64) AppleWebKit/537.36 (KHTML, like Gecko) Chrome/151.0.0.0 Safari/537.36"
79.127.164.209 - - [20/Aug/2026:00:32:18 +0200] "GET /templates/shop/css/images/bx_loader.gif HTTP/1.1" 200 8581 "https://www.vracandbio.com/templates/shop/css/jquery.bxslider.css" "Mozilla/5.0 (Windows NT 10.0; Win64; x64) AppleWebKit/537.36 (KHTML, like Gecko) Chrome/151.0.0.0 Safari/537.36"
79.127.164.209 - - [20/Aug/2026:00:32:18 +0200] "GET /templates/shop/css/images/close.png HTTP/1.1" 200 280 "https://www.vracandbio.com/templates/shop/css/lightbox.css" "Mozilla/5.0 (Windows NT 10.0; Win64; x64) AppleWebKit/537.36 (KHTML, like Gecko) Chrome/151.0.0.0 Safari/537.36"
79.127.164.209 - - [20/Aug/2026:00:32:18 +0200] "GET /templates/shop/css/images/prev.png HTTP/1.1" 200 1360 "https://www.vracandbio.com/templates/shop/css/lightbox.css" "Mozilla/5.0 (Windows NT 10.0; Win64; x64) AppleWebKit/537.36 (KHTML, like Gecko) Chrome/151.0.0.0 Safari/537.36"
79.127.164.209 - - [20/Aug/2026:00:32:18 +0200] "GET /templates/shop/css/images/next.png HTTP/1.1" 200 1350 "https://www.vracandbio.com/templates/shop/css/lightbox.css" "Mozilla/5.0 (Windows NT 10.0; Win64; x64) AppleWebKit/537.36 (KHTML, like Gecko) Chrome/151.0.0.0 Safari/537.36"
79.127.164.209 - - [20/Aug/2026:00:32:18 +0200] "GET /templates/shop/css/images/loading.gif HTTP/1.1" 200 8476 "https://www.vracandbio.com/templates/shop/css/lightbox.css" "Mozilla/5.0 (Windows NT 10.0; Win64; x64) AppleWebKit/537.36 (KHTML, like Gecko) Chrome/151.0.0.0 Safari/537.36"
79.127.164.209 - - [20/Aug/2026:00:32:18 +0200] "GET /images/loading.gif HTTP/1.1" 404 212840 "https://www.vracandbio.com/" "Mozilla/5.0 (Windows NT 10.0; Win64; x64) AppleWebKit/537.36 (KHTML, like Gecko) Chrome/151.0.0.0 Safari/537.36"
79.127.164.209 - - [20/Aug/2026:00:32:18 +0200] "GET /favicon/favicon-32x32.png HTTP/1.1" 200 2718 "https://www.vracandbio.com/" "Mozilla/5.0 (Windows NT 10.0; Win64; x64) AppleWebKit/537.36 (KHTML, like Gecko) Chrome/151.0.0.0 Safari/537.36"
185.191.171.9 - - [20/Aug/2026:00:32:19 +0200] "GET /new-products.php?a=12&b=1&debut=0&debut=372&debut=384&debut=384&debut=396&debut=396&debut=396&debut=48&m=03&y=2022 HTTP/1.1" 200 130686 "-" "Mozilla/5.0 (compatible; SemrushBot/7~bl; +http://www.semrush.com/bot.html)"
79.127.164.209 - - [20/Aug/2026:00:32:27 +0200] "GET / HTTP/1.1" 200 212679 "https://www.vracandbio.com/" "Mozilla/5.0 (Windows NT 10.0; Win64; x64) AppleWebKit/537.36 (KHTML, like Gecko) Chrome/151.0.0.0 Safari/537.36"
79.127.164.209 - - [20/Aug/2026:00:32:27 +0200] "GET /templates/shop/css/global.php HTTP/1.1" 200 26242 "https://www.vracandbio.com/" "Mozilla/5.0 (Windows NT 10.0; Win64; x64) AppleWebKit/537.36 (KHTML, like Gecko) Chrome/151.0.0.0 Safari/537.36"
79.127.164.209 - - [20/Aug/2026:00:32:27 +0200] "GET /uploadfiles/products/mini/174357655601.JPG HTTP/1.1" 200 18294 "https://www.vracandbio.com/" "Mozilla/5.0 (Windows NT 10.0; Win64; x64) AppleWebKit/537.36 (KHTML, like Gecko) Chrome/151.0.0.0 Safari/537.36"
79.127.164.209 - - [20/Aug/2026:00:32:28 +0200] "GET /templates/shop/img/indispo.png HTTP/1.1" 200 893 "https://www.vracandbio.com/" "Mozilla/5.0 (Windows NT 10.0; Win64; x64) AppleWebKit/537.36 (KHTML, like Gecko) Chrome/151.0.0.0 Safari/537.36"
79.127.164.209 - - [20/Aug/2026:00:32:27 +0200] "GET /includes/stats.php?ref=https%3A%2F%2Fwww.vracandbio.com%2F HTTP/1.1" 200 - "https://www.vracandbio.com/" "Mozilla/5.0 (Windows NT 10.0; Win64; x64) AppleWebKit/537.36 (KHTML, like Gecko) Chrome/151.0.0.0 Safari/537.36"
79.127.164.209 - - [20/Aug/2026:00:32:28 +0200] "GET /templates/shop/img/hors_stock.png HTTP/1.1" 200 7797 "https://www.vracandbio.com/" "Mozilla/5.0 (Windows NT 10.0; Win64; x64) AppleWebKit/537.36 (KHTML, like Gecko) Chrome/151.0.0.0 Safari/537.36"
79.127.164.209 - - [20/Aug/2026:00:32:28 +0200] "GET /uploadfiles/products/mini/16056433820Gla%C3%A7ons_en_Inox_modele1.jpg HTTP/1.1" 200 17422 "https://www.vracandbio.com/" "Mozilla/5.0 (Windows NT 10.0; Win64; x64) AppleWebKit/537.36 (KHTML, like Gecko) Chrome/151.0.0.0 Safari/537.36"
79.127.164.209 - - [20/Aug/2026:00:32:28 +0200] "GET /uploadfiles/products/mini/15853959530SN.jpg HTTP/1.1" 200 19228 "https://www.vracandbio.com/" "Mozilla/5.0 (Windows NT 10.0; Win64; x64) AppleWebKit/537.36 (KHTML, like Gecko) Chrome/151.0.0.0 Safari/537.36"
79.127.164.209 - - [20/Aug/2026:00:32:28 +0200] "GET /images/loading.gif HTTP/1.1" 404 212942 "https://www.vracandbio.com/" "Mozilla/5.0 (Windows NT 10.0; Win64; x64) AppleWebKit/537.36 (KHTML, like Gecko) Chrome/151.0.0.0 Safari/537.36"
173.252.70.49 - - [20/Aug/2026:00:32:31 +0200] "GET /templates/shop/css/global_cookies_css.php HTTP/1.1" 200 31 "https://www.vracandbio.com/categorie-94-bicarbonate-co?m=11&y=2024" "Mozilla/5.0 (Windows NT 10.0; Win64; x64) AppleWebKit/537.36 (KHTML, like Gecko) Chrome/145.0.0.0 Safari/537.36 (compatible; meta-webindexer/1.1 (+https://developers.facebook.com/docs/sharing/webmasters/crawler))"
173.252.82.38 - - [20/Aug/2026:00:32:33 +0200] "GET /uploadfiles/products/mini/15835171230SC.jpg HTTP/1.1" 200 20446 "https://www.vracandbio.com/categorie-94-bicarbonate-co?m=11&y=2024" "Mozilla/5.0 (Windows NT 10.0; Win64; x64) AppleWebKit/537.36 (KHTML, like Gecko) Chrome/145.0.0.0 Safari/537.36 (compatible; meta-webindexer/1.1 (+https://developers.facebook.com/docs/sharing/webmasters/crawler))"
79.127.164.209 - - [20/Aug/2026:00:32:32 +0200] "GET /page-mentions-legales-cgu HTTP/1.1" 200 91716 "https://www.vracandbio.com/" "Mozilla/5.0 (Windows NT 10.0; Win64; x64) AppleWebKit/537.36 (KHTML, like Gecko) Chrome/151.0.0.0 Safari/537.36"
173.252.95.16 - - [20/Aug/2026:00:32:33 +0200] "GET /uploadfiles/products/mini/15835162670PS.jpg HTTP/1.1" 200 20855 "https://www.vracandbio.com/categorie-94-bicarbonate-co?m=11&y=2024" "Mozilla/5.0 (Windows NT 10.0; Win64; x64) AppleWebKit/537.36 (KHTML, like Gecko) Chrome/145.0.0.0 Safari/537.36 (compatible; meta-webindexer/1.1 (+https://developers.facebook.com/docs/sharing/webmasters/crawler))"
79.127.164.209 - - [20/Aug/2026:00:32:33 +0200] "GET /templates/shop/css/global.php HTTP/1.1" 200 26242 "https://www.vracandbio.com/page-mentions-legales-cgu" "Mozilla/5.0 (Windows NT 10.0; Win64; x64) AppleWebKit/537.36 (KHTML, like Gecko) Chrome/151.0.0.0 Safari/537.36"
79.127.164.209 - - [20/Aug/2026:00:32:33 +0200] "GET /includes/stats.php?ref=https%3A%2F%2Fwww.vracandbio.com%2F HTTP/1.1" 200 - "https://www.vracandbio.com/page-mentions-legales-cgu" "Mozilla/5.0 (Windows NT 10.0; Win64; x64) AppleWebKit/537.36 (KHTML, like Gecko) Chrome/151.0.0.0 Safari/537.36"
173.252.87.34 - - [20/Aug/2026:00:32:35 +0200] "GET /templates/shop/images/downArrow.png HTTP/1.1" 404 213165 "https://www.vracandbio.com/templates/shop/css/style.css" "Mozilla/5.0 (Windows NT 10.0; Win64; x64) AppleWebKit/537.36 (KHTML, like Gecko) Chrome/145.0.0.0 Safari/537.36 (compatible; meta-webindexer/1.1 (+https://developers.facebook.com/docs/sharing/webmasters/crawler))"
185.191.171.15 - - [20/Aug/2026:00:33:01 +0200] "GET /new-products.php?a=12&b=1&debut=0&debut=0&debut=396&debut=396&debut=396&debut=48&m=07&seo_cat&x23=1&y=2020 HTTP/1.1" 200 127945 "-" "Mozilla/5.0 (compatible; SemrushBot/7~bl; +http://www.semrush.com/bot.html)"
185.152.38.164 - - [20/Aug/2026:00:33:04 +0200] "GET /categorie-62-cadeaux-zero-dechet?m=09&y=2026 HTTP/1.1" 200 108787 "-" "Mozilla/5.0 (Linux; Android 6.0; Nexus 5 Build/MRA58N) AppleWebKit/537.36 (KHTML, like Gecko) Chrome/48.0.1985.1401 Mobile Safari/537.36"
185.152.38.164 - - [20/Aug/2026:00:33:05 +0200] "GET /start_to_top/style.css HTTP/1.1" 200 - "https://www.vracandbio.com/categorie-62-cadeaux-zero-dechet?m=09&y=2026" "Mozilla/5.0 (Linux; Android 6.0; Nexus 5 Build/MRA58N) AppleWebKit/537.36 (KHTML, like Gecko) Chrome/48.0.1985.1401 Mobile Safari/537.36"
185.152.38.164 - - [20/Aug/2026:00:33:06 +0200] "GET /js/js.cookie.min.js HTTP/1.1" 200 - "https://www.vracandbio.com/categorie-62-cadeaux-zero-dechet?m=09&y=2026" "Mozilla/5.0 (Linux; Android 6.0; Nexus 5 Build/MRA58N) AppleWebKit/537.36 (KHTML, like Gecko) Chrome/48.0.1985.1401 Mobile Safari/537.36"
185.152.38.164 - - [20/Aug/2026:00:33:06 +0200] "GET /includes/stats.php?ref= HTTP/1.1" 200 - "https://www.vracandbio.com/categorie-62-cadeaux-zero-dechet?m=09&y=2026" "Mozilla/5.0 (Linux; Android 6.0; Nexus 5 Build/MRA58N) AppleWebKit/537.36 (KHTML, like Gecko) Chrome/48.0.1985.1401 Mobile Safari/537.36"
185.152.38.164 - - [20/Aug/2026:00:33:06 +0200] "GET /templates/shop/js/script.js HTTP/1.1" 200 - "https://www.vracandbio.com/categorie-62-cadeaux-zero-dechet?m=09&y=2026" "Mozilla/5.0 (Linux; Android 6.0; Nexus 5 Build/MRA58N) AppleWebKit/537.36 (KHTML, like Gecko) Chrome/48.0.1985.1401 Mobile Safari/537.36"
185.152.38.164 - - [20/Aug/2026:00:33:07 +0200] "GET /uploadfiles/products/mini/15835946550GPI.jpg HTTP/1.1" 200 20575 "https://www.vracandbio.com/categorie-62-cadeaux-zero-dechet?m=09&y=2026" "Mozilla/5.0 (Linux; Android 6.0; Nexus 5 Build/MRA58N) AppleWebKit/537.36 (KHTML, like Gecko) Chrome/48.0.1985.1401 Mobile Safari/537.36"
185.152.38.164 - - [20/Aug/2026:00:33:07 +0200] "GET /templates/shop/images/downArrow.png HTTP/1.1" 404 212904 "https://www.vracandbio.com/templates/shop/css/style.css" "Mozilla/5.0 (Linux; Android 6.0; Nexus 5 Build/MRA58N) AppleWebKit/537.36 (KHTML, like Gecko) Chrome/48.0.1985.1401 Mobile Safari/537.36"
185.191.171.12 - - [20/Aug/2026:00:33:10 +0200] "GET /new-products.php?a=12&a=12&b=1&b=1&debut=0&debut=108&debut=396&debut=396&debut=396&debut=396&debut=72&m=02&y=2024 HTTP/1.1" 200 129787 "-" "Mozilla/5.0 (compatible; SemrushBot/7~bl; +http://www.semrush.com/bot.html)"
57.141.20.7 - - [20/Aug/2026:00:33:13 +0200] "GET / HTTP/1.1" 200 212747 "-" "facebookexternalhit/1.1 (+http://www.facebook.com/externalhit_uatext.php)"
85.208.96.212 - - [20/Aug/2026:00:33:23 +0200] "GET /new-products.php?a=12&a=12&a=12&b=1&b=1&b=1&debut=24&debut=372&debut=384&debut=48&debut=60&m=04&y=2018 HTTP/1.1" 200 129768 "-" "Mozilla/5.0 (compatible; SemrushBot/7~bl; +http://www.semrush.com/bot.html)"
85.208.96.194 - - [20/Aug/2026:00:33:29 +0200] "GET /new-products.php?a=12&a=12&b=1&b=1&debut=36&debut=372&debut=72&m=11&y=2019 HTTP/1.1" 200 128809 "-" "Mozilla/5.0 (compatible; SemrushBot/7~bl; +http://www.semrush.com/bot.html)"
57.141.10.22 - - [20/Aug/2026:00:33:36 +0200] "GET / HTTP/1.1" 200 212606 "-" "facebookexternalhit/1.1 (+http://www.facebook.com/externalhit_uatext.php)"
185.191.171.7 - - [20/Aug/2026:00:33:45 +0200] "GET /new-products.php?a=12&a=12&a=12&b=1&b=1&b=1&debut=0&debut=0&debut=12&debut=396&debut=396&debut=84&m=02&y=2019 HTTP/1.1" 200 133307 "-" "Mozilla/5.0 (compatible; SemrushBot/7~bl; +http://www.semrush.com/bot.html)"
85.208.96.212 - - [20/Aug/2026:00:34:14 +0200] "GET /new-products.php?a=12&a=12&b=1&b=1&debut=0&debut=0&debut=24&debut=84&histo_track=1&m=12&seo_cat&x26=1&y=2023 HTTP/1.1" 200 74635 "-" "Mozilla/5.0 (compatible; SemrushBot/7~bl; +http://www.semrush.com/bot.html)"
85.208.96.212 - - [20/Aug/2026:00:34:20 +0200] "GET /new-products.php?a=12&a=12&a=12&b=1&b=1&b=1&debut=0&debut=12&debut=24&debut=384&debut=396&debut=48&m=09&y=2020 HTTP/1.1" 200 130588 "-" "Mozilla/5.0 (compatible; SemrushBot/7~bl; +http://www.semrush.com/bot.html)"
185.191.171.2 - - [20/Aug/2026:00:34:23 +0200] "GET /new-products.php?a=12&b=1&debut=0&debut=0&debut=0&debut=0&debut=0&debut=396&debut=396&debut=60&histo_track=1&m=10&y=2021 HTTP/1.1" 200 130150 "-" "Mozilla/5.0 (compatible; SemrushBot/7~bl; +http://www.semrush.com/bot.html)"
85.208.96.200 - - [20/Aug/2026:00:34:26 +0200] "GET /new-products.php?a=12&a=12&b=1&b=1&debut=0&debut=432&debut=48&debut=72&histo_track=1&m=06&seo_cat&x21=1&y=2022 HTTP/1.1" 200 74635 "-" "Mozilla/5.0 (compatible; SemrushBot/7~bl; +http://www.semrush.com/bot.html)"
85.208.96.193 - - [20/Aug/2026:00:34:28 +0200] "GET /new-products.php?a=12&a=12&b=1&b=1&debut=0&debut=348&debut=36&debut=396&m=11&seo_cat&x24=1&y=2021 HTTP/1.1" 200 74548 "-" "Mozilla/5.0 (compatible; SemrushBot/7~bl; +http://www.semrush.com/bot.html)"
85.208.96.196 - - [20/Aug/2026:00:34:30 +0200] "GET /new-products.php?a=12&b=1&debut=0&debut=0&debut=120&debut=120&debut=48&m=05&seo_cat&seo_cat&x23=1&x24=1&y=2025 HTTP/1.1" 200 129577 "-" "Mozilla/5.0 (compatible; SemrushBot/7~bl; +http://www.semrush.com/bot.html)"
185.191.171.11 - - [20/Aug/2026:00:34:36 +0200] "GET /new-products.php?a=12&a=12&a=12&a=12&b=1&b=1&b=1&b=1&debut=108&debut=36&debut=36&debut=72&m=03&y=2020 HTTP/1.1" 200 129556 "-" "Mozilla/5.0 (compatible; SemrushBot/7~bl; +http://www.semrush.com/bot.html)"
85.208.96.196 - - [20/Aug/2026:00:34:38 +0200] "GET /new-products.php?a=12&a=12&a=12&b=1&b=1&b=1&debut=0&debut=0&debut=360&debut=384&debut=384&debut=396&m=12&y=2020 HTTP/1.1" 200 74656 "-" "Mozilla/5.0 (compatible; SemrushBot/7~bl; +http://www.semrush.com/bot.html)"
185.191.171.10 - - [20/Aug/2026:00:34:40 +0200] "GET /new-products.php?a=12&a=12&a=12&b=1&b=1&b=1&debut=132&debut=396&debut=396&debut=48&debut=84&m=07&y=2022 HTTP/1.1" 200 133159 "-" "Mozilla/5.0 (compatible; SemrushBot/7~bl; +http://www.semrush.com/bot.html)"
85.208.96.201 - - [20/Aug/2026:00:34:56 +0200] "GET /new-products.php?a=12&a=12&a=12&b=1&b=1&b=1&debut=144&debut=372&debut=384&debut=396&debut=408&debut=84&debut=96 HTTP/1.1" 200 130065 "-" "Mozilla/5.0 (compatible; SemrushBot/7~bl; +http://www.semrush.com/bot.html)"
85.208.96.211 - - [20/Aug/2026:00:35:06 +0200] "GET /robots.txt HTTP/1.1" 200 89 "-" "Mozilla/5.0 (compatible; SemrushBot/7~bl; +http://www.semrush.com/bot.html)"
85.208.96.208 - - [20/Aug/2026:00:35:06 +0200] "GET /new-products.php?a=12&a=12&a=12&b=1&b=1&b=1&debut=312&debut=384&debut=384&debut=396&histo_track=1&m=05&y=2018 HTTP/1.1" 200 74630 "-" "Mozilla/5.0 (compatible; SemrushBot/7~bl; +http://www.semrush.com/bot.html)"
57.141.22.43 - - [20/Aug/2026:00:35:15 +0200] "GET / HTTP/1.1" 200 212577 "-" "facebookexternalhit/1.1 (+http://www.facebook.com/externalhit_uatext.php)"
185.191.171.2 - - [20/Aug/2026:00:35:30 +0200] "GET /new-products.php?a=12&a=12&b=1&b=1&debut=0&debut=0&debut=48&debut=84&histo_track=1&m=09&seo_cat&x23=1&y=2025 HTTP/1.1" 200 74626 "-" "Mozilla/5.0 (compatible; SemrushBot/7~bl; +http://www.semrush.com/bot.html)"
57.141.10.61 - - [20/Aug/2026:00:35:30 +0200] "GET / HTTP/1.1" 200 212470 "-" "facebookexternalhit/1.1 (+http://www.facebook.com/externalhit_uatext.php)"
85.208.96.199 - - [20/Aug/2026:00:36:01 +0200] "GET /new-products.php?a=12&a=12&b=1&b=1&debut=0&debut=348&debut=360&debut=396&histo_track=1&m=08&seo_cat&x23=1&y=2019 HTTP/1.1" 200 74658 "-" "Mozilla/5.0 (compatible; SemrushBot/7~bl; +http://www.semrush.com/bot.html)"
185.191.171.12 - - [20/Aug/2026:00:36:10 +0200] "GET /new-products.php?a=12&a=12&b=1&b=1&debut=0&debut=0&debut=336&debut=360&debut=396&m=11&seo_cat&x24=1&y=2025 HTTP/1.1" 200 74611 "-" "Mozilla/5.0 (compatible; SemrushBot/7~bl; +http://www.semrush.com/bot.html)"
66.249.72.1 - - [20/Aug/2026:00:36:25 +0200] "GET /produit-251-fusilli-encre-de-seiche-bio-250g HTTP/1.1" 200 110554 "-" "Mozilla/5.0 (Linux; Android 6.0.1; Nexus 5X Build/MMB29P) AppleWebKit/537.36 (KHTML, like Gecko) Chrome/151.0.7922.137 Mobile Safari/537.36 (compatible; Googlebot/2.1; +http://www.google.com/bot.html)"
85.208.96.210 - - [20/Aug/2026:00:36:28 +0200] "GET /new-products.php?a=12&a=12&a=12&b=1&b=1&b=1&debut=0&debut=0&debut=312&debut=324&debut=324&debut=396&m=05&y=2021 HTTP/1.1" 200 74717 "-" "Mozilla/5.0 (compatible; SemrushBot/7~bl; +http://www.semrush.com/bot.html)"
85.208.96.200 - - [20/Aug/2026:00:36:59 +0200] "GET /new-products.php?a=12&a=12&b=1&b=1&debut=0&debut=336&debut=360&debut=396&histo_track=1&m=02&seo_cat&x26=1&y=2018 HTTP/1.1" 200 74653 "-" "Mozilla/5.0 (compatible; SemrushBot/7~bl; +http://www.semrush.com/bot.html)"
2.58.13.170 - - [20/Aug/2026:00:37:04 +0200] "GET /blog-upcycling-d-un-touret-etape-par-etape?m=09&y=2026 HTTP/1.1" 200 115616 "-" "Mozilla/5.0 (Linux; Android 8.0; Pixel 2 Build/OPD3.170816.012) AppleWebKit/537.36 (KHTML, like Gecko) Chrome/60.0.5405.1049 Mobile Safari/537.36"
2.58.13.170 - - [20/Aug/2026:00:37:06 +0200] "GET /start_to_top/style.css HTTP/1.1" 200 - "https://www.vracandbio.com/blog-upcycling-d-un-touret-etape-par-etape?m=09&y=2026" "Mozilla/5.0 (Linux; Android 8.0; Pixel 2 Build/OPD3.170816.012) AppleWebKit/537.36 (KHTML, like Gecko) Chrome/60.0.5405.1049 Mobile Safari/537.36"
2.58.13.170 - - [20/Aug/2026:00:37:06 +0200] "GET /js/js.cookie.min.js HTTP/1.1" 200 - "https://www.vracandbio.com/blog-upcycling-d-un-touret-etape-par-etape?m=09&y=2026" "Mozilla/5.0 (Linux; Android 8.0; Pixel 2 Build/OPD3.170816.012) AppleWebKit/537.36 (KHTML, like Gecko) Chrome/60.0.5405.1049 Mobile Safari/537.36"
2.58.13.170 - - [20/Aug/2026:00:37:06 +0200] "GET /includes/stats.php?ref= HTTP/1.1" 200 - "https://www.vracandbio.com/blog-upcycling-d-un-touret-etape-par-etape?m=09&y=2026" "Mozilla/5.0 (Linux; Android 8.0; Pixel 2 Build/OPD3.170816.012) AppleWebKit/537.36 (KHTML, like Gecko) Chrome/60.0.5405.1049 Mobile Safari/537.36"
2.58.13.170 - - [20/Aug/2026:00:37:07 +0200] "GET /templates/shop/js/script.js HTTP/1.1" 200 - "https://www.vracandbio.com/blog-upcycling-d-un-touret-etape-par-etape?m=09&y=2026" "Mozilla/5.0 (Linux; Android 8.0; Pixel 2 Build/OPD3.170816.012) AppleWebKit/537.36 (KHTML, like Gecko) Chrome/60.0.5405.1049 Mobile Safari/537.36"
2.58.13.170 - - [20/Aug/2026:00:37:09 +0200] "GET /uploadfiles/IMG_2678.jpg HTTP/1.1" 200 1079220 "https://www.vracandbio.com/blog-upcycling-d-un-touret-etape-par-etape?m=09&y=2026" "Mozilla/5.0 (Linux; Android 8.0; Pixel 2 Build/OPD3.170816.012) AppleWebKit/537.36 (KHTML, like Gecko) Chrome/60.0.5405.1049 Mobile Safari/537.36"
2.58.13.170 - - [20/Aug/2026:00:37:09 +0200] "GET /uploadfiles/IMG_3089.jpg HTTP/1.1" 200 771307 "https://www.vracandbio.com/blog-upcycling-d-un-touret-etape-par-etape?m=09&y=2026" "Mozilla/5.0 (Linux; Android 8.0; Pixel 2 Build/OPD3.170816.012) AppleWebKit/537.36 (KHTML, like Gecko) Chrome/60.0.5405.1049 Mobile Safari/537.36"
2.58.13.170 - - [20/Aug/2026:00:37:09 +0200] "GET /uploadfiles/IMG_3134.jpg HTTP/1.1" 200 1519827 "https://www.vracandbio.com/blog-upcycling-d-un-touret-etape-par-etape?m=09&y=2026" "Mozilla/5.0 (Linux; Android 8.0; Pixel 2 Build/OPD3.170816.012) AppleWebKit/537.36 (KHTML, like Gecko) Chrome/60.0.5405.1049 Mobile Safari/537.36"
2.58.13.170 - - [20/Aug/2026:00:37:09 +0200] "GET /uploadfiles/IMG_3084.jpg HTTP/1.1" 200 1017273 "https://www.vracandbio.com/blog-upcycling-d-un-touret-etape-par-etape?m=09&y=2026" "Mozilla/5.0 (Linux; Android 8.0; Pixel 2 Build/OPD3.170816.012) AppleWebKit/537.36 (KHTML, like Gecko) Chrome/60.0.5405.1049 Mobile Safari/537.36"
2.58.13.170 - - [20/Aug/2026:00:37:09 +0200] "GET /uploadfiles/IMG_3142-min.jpg HTTP/1.1" 200 600253 "https://www.vracandbio.com/blog-upcycling-d-un-touret-etape-par-etape?m=09&y=2026" "Mozilla/5.0 (Linux; Android 8.0; Pixel 2 Build/OPD3.170816.012) AppleWebKit/537.36 (KHTML, like Gecko) Chrome/60.0.5405.1049 Mobile Safari/537.36"
2.58.13.170 - - [20/Aug/2026:00:37:09 +0200] "GET /uploadfiles/IMG_3112-min.jpg HTTP/1.1" 200 534653 "https://www.vracandbio.com/blog-upcycling-d-un-touret-etape-par-etape?m=09&y=2026" "Mozilla/5.0 (Linux; Android 8.0; Pixel 2 Build/OPD3.170816.012) AppleWebKit/537.36 (KHTML, like Gecko) Chrome/60.0.5405.1049 Mobile Safari/537.36"
2.58.13.170 - - [20/Aug/2026:00:37:09 +0200] "GET /uploadfiles/IMG_3140-min.jpg HTTP/1.1" 200 761272 "https://www.vracandbio.com/blog-upcycling-d-un-touret-etape-par-etape?m=09&y=2026" "Mozilla/5.0 (Linux; Android 8.0; Pixel 2 Build/OPD3.170816.012) AppleWebKit/537.36 (KHTML, like Gecko) Chrome/60.0.5405.1049 Mobile Safari/537.36"
2.58.13.170 - - [20/Aug/2026:00:37:09 +0200] "GET /uploadfiles/IMG_3137-min.jpg HTTP/1.1" 200 871821 "https://www.vracandbio.com/blog-upcycling-d-un-touret-etape-par-etape?m=09&y=2026" "Mozilla/5.0 (Linux; Android 8.0; Pixel 2 Build/OPD3.170816.012) AppleWebKit/537.36 (KHTML, like Gecko) Chrome/60.0.5405.1049 Mobile Safari/537.36"
2.58.13.170 - - [20/Aug/2026:00:37:09 +0200] "GET /uploadfiles/IMG_20181013_151117-min1.jpg HTTP/1.1" 200 446960 "https://www.vracandbio.com/blog-upcycling-d-un-touret-etape-par-etape?m=09&y=2026" "Mozilla/5.0 (Linux; Android 8.0; Pixel 2 Build/OPD3.170816.012) AppleWebKit/537.36 (KHTML, like Gecko) Chrome/60.0.5405.1049 Mobile Safari/537.36"
2.58.13.170 - - [20/Aug/2026:00:37:09 +0200] "GET /uploadfiles/IMG_3145-min.jpg HTTP/1.1" 200 749782 "https://www.vracandbio.com/blog-upcycling-d-un-touret-etape-par-etape?m=09&y=2026" "Mozilla/5.0 (Linux; Android 8.0; Pixel 2 Build/OPD3.170816.012) AppleWebKit/537.36 (KHTML, like Gecko) Chrome/60.0.5405.1049 Mobile Safari/537.36"
2.58.13.170 - - [20/Aug/2026:00:37:09 +0200] "GET /uploadfiles/IMG_2678.jpg HTTP/1.1" 200 1079220 "https://www.vracandbio.com/blog-upcycling-d-un-touret-etape-par-etape?m=09&y=2026" "Mozilla/5.0 (Linux; Android 8.0; Pixel 2 Build/OPD3.170816.012) AppleWebKit/537.36 (KHTML, like Gecko) Chrome/60.0.5405.1049 Mobile Safari/537.36"
2.58.13.170 - - [20/Aug/2026:00:37:09 +0200] "GET /uploadfiles/IMG_3084.jpg HTTP/1.1" 200 1017273 "https://www.vracandbio.com/blog-upcycling-d-un-touret-etape-par-etape?m=09&y=2026" "Mozilla/5.0 (Linux; Android 8.0; Pixel 2 Build/OPD3.170816.012) AppleWebKit/537.36 (KHTML, like Gecko) Chrome/60.0.5405.1049 Mobile Safari/537.36"
185.191.171.19 - - [20/Aug/2026:00:37:09 +0200] "GET /new-products.php?a=12&a=12&a=12&b=1&b=1&b=1&debut=0&debut=0&debut=408&debut=48&debut=84&debut=96&m=03&y=2021 HTTP/1.1" 200 129884 "-" "Mozilla/5.0 (compatible; SemrushBot/7~bl; +http://www.semrush.com/bot.html)"
2.58.13.170 - - [20/Aug/2026:00:37:09 +0200] "GET /uploadfiles/IMG_2678.jpg HTTP/1.1" 200 1079220 "https://www.vracandbio.com/blog-upcycling-d-un-touret-etape-par-etape?m=09&y=2026" "Mozilla/5.0 (Linux; Android 8.0; Pixel 2 Build/OPD3.170816.012) AppleWebKit/537.36 (KHTML, like Gecko) Chrome/60.0.5405.1049 Mobile Safari/537.36"
2.58.13.170 - - [20/Aug/2026:00:37:09 +0200] "GET /uploadfiles/IMG_3084.jpg HTTP/1.1" 200 1017273 "https://www.vracandbio.com/blog-upcycling-d-un-touret-etape-par-etape?m=09&y=2026" "Mozilla/5.0 (Linux; Android 8.0; Pixel 2 Build/OPD3.170816.012) AppleWebKit/537.36 (KHTML, like Gecko) Chrome/60.0.5405.1049 Mobile Safari/537.36"
2.58.13.170 - - [20/Aug/2026:00:37:10 +0200] "GET /uploadfiles/IMG_3134.jpg HTTP/1.1" 200 1519827 "https://www.vracandbio.com/blog-upcycling-d-un-touret-etape-par-etape?m=09&y=2026" "Mozilla/5.0 (Linux; Android 8.0; Pixel 2 Build/OPD3.170816.012) AppleWebKit/537.36 (KHTML, like Gecko) Chrome/60.0.5405.1049 Mobile Safari/537.36"
2.58.13.170 - - [20/Aug/2026:00:37:10 +0200] "GET /uploadfiles/IMG_3089.jpg HTTP/1.1" 200 771307 "https://www.vracandbio.com/blog-upcycling-d-un-touret-etape-par-etape?m=09&y=2026" "Mozilla/5.0 (Linux; Android 8.0; Pixel 2 Build/OPD3.170816.012) AppleWebKit/537.36 (KHTML, like Gecko) Chrome/60.0.5405.1049 Mobile Safari/537.36"
2.58.13.170 - - [20/Aug/2026:00:37:10 +0200] "GET /uploadfiles/IMG_3134.jpg HTTP/1.1" 200 1519827 "https://www.vracandbio.com/blog-upcycling-d-un-touret-etape-par-etape?m=09&y=2026" "Mozilla/5.0 (Linux; Android 8.0; Pixel 2 Build/OPD3.170816.012) AppleWebKit/537.36 (KHTML, like Gecko) Chrome/60.0.5405.1049 Mobile Safari/537.36"
2.58.13.170 - - [20/Aug/2026:00:37:11 +0200] "GET /uploadfiles/IMG_3089.jpg HTTP/1.1" 200 771307 "https://www.vracandbio.com/blog-upcycling-d-un-touret-etape-par-etape?m=09&y=2026" "Mozilla/5.0 (Linux; Android 8.0; Pixel 2 Build/OPD3.170816.012) AppleWebKit/537.36 (KHTML, like Gecko) Chrome/60.0.5405.1049 Mobile Safari/537.36"
2.58.13.170 - - [20/Aug/2026:00:37:10 +0200] "GET /templates/shop/images/downArrow.png HTTP/1.1" 404 212938 "https://www.vracandbio.com/templates/shop/css/style.css" "Mozilla/5.0 (Linux; Android 8.0; Pixel 2 Build/OPD3.170816.012) AppleWebKit/537.36 (KHTML, like Gecko) Chrome/60.0.5405.1049 Mobile Safari/537.36"
185.191.171.12 - - [20/Aug/2026:00:37:26 +0200] "GET /new-products.php?a=12&a=12&b=1&b=1&debut=384&debut=396&debut=396&debut=408&debut=72&debut=96&m=02&y=2020 HTTP/1.1" 200 129788 "-" "Mozilla/5.0 (compatible; SemrushBot/7~bl; +http://www.semrush.com/bot.html)"
57.141.4.68 - - [20/Aug/2026:00:37:37 +0200] "GET / HTTP/1.1" 200 212897 "-" "facebookexternalhit/1.1 (+http://www.facebook.com/externalhit_uatext.php)"
185.191.171.5 - - [20/Aug/2026:00:37:43 +0200] "GET /new-products.php?a=12&a=12&b=1&b=1&debut=0&debut=396&debut=396&debut=48&debut=72&m=07&seo_cat&x21=1&y=2021 HTTP/1.1" 200 74613 "-" "Mozilla/5.0 (compatible; SemrushBot/7~bl; +http://www.semrush.com/bot.html)"
157.55.39.57 - - [20/Aug/2026:00:37:53 +0200] "GET /top-ventes HTTP/1.1" 301 284 "-" "Mozilla/5.0 AppleWebKit/537.36 (KHTML, like Gecko; compatible; bingbot/2.0; +http://www.bing.com/bingbot.htm) Chrome/116.0.1938.76 Safari/537.36"
111.225.214.172 - - [20/Aug/2026:00:38:01 +0200] "GET /page-nos-ateliers?m=08&y=2026 HTTP/1.1" 200 74168 "-" "Mozilla/5.0 (Windows NT 10.0; WOW64) AppleWebKit/537.36 (KHTML, like Gecko) Chrome/48.0.2564.116 Safari/537.36"
85.208.96.195 - - [20/Aug/2026:00:38:13 +0200] "GET /new-products.php?a=12&a=12&a=12&b=1&b=1&b=1&debut=12&debut=396&debut=396&debut=444&debut=48&debut=72&m=05&y=2021 HTTP/1.1" 200 129849 "-" "Mozilla/5.0 (compatible; SemrushBot/7~bl; +http://www.semrush.com/bot.html)"
40.77.167.48 - - [20/Aug/2026:00:38:18 +0200] "GET /categorie-94-bicarbonate-co HTTP/1.1" 301 301 "-" "Mozilla/5.0 AppleWebKit/537.36 (KHTML, like Gecko; compatible; bingbot/2.0; +http://www.bing.com/bingbot.htm) Chrome/116.0.1938.76 Safari/537.36"
185.191.171.5 - - [20/Aug/2026:00:38:20 +0200] "GET /new-products.php?a=12&b=1&debut=0&debut=0&debut=0&debut=72&m=07&seo_cat&seo_cat&seo_cat&x21=1&x23=0&x23=1&y=2025 HTTP/1.1" 200 74655 "-" "Mozilla/5.0 (compatible; SemrushBot/7~bl; +http://www.semrush.com/bot.html)"
185.191.171.3 - - [20/Aug/2026:00:38:27 +0200] "GET /new-products.php?a=12&a=12&a=12&b=1&b=1&b=1&debut=0&debut=0&debut=12&debut=396&debut=396&debut=60&m=10&y=2025 HTTP/1.1" 200 129875 "-" "Mozilla/5.0 (compatible; SemrushBot/7~bl; +http://www.semrush.com/bot.html)"
85.208.96.201 - - [20/Aug/2026:00:38:32 +0200] "GET /new-products.php?a=12&a=12&a=12&b=1&b=1&b=1&debut=0&debut=12&debut=324&debut=360&debut=372&seo_cat&x23=1 HTTP/1.1" 200 74702 "-" "Mozilla/5.0 (compatible; SemrushBot/7~bl; +http://www.semrush.com/bot.html)"
57.141.22.24 - - [20/Aug/2026:00:38:38 +0200] "GET / HTTP/1.1" 200 212615 "-" "facebookexternalhit/1.1 (+http://www.facebook.com/externalhit_uatext.php)"
185.191.171.9 - - [20/Aug/2026:00:38:39 +0200] "GET /new-products.php?a=12&a=12&b=1&b=1&debut=0&debut=24&debut=84&histo_track=1&m=05&y=2020 HTTP/1.1" 200 132730 "-" "Mozilla/5.0 (compatible; SemrushBot/7~bl; +http://www.semrush.com/bot.html)"
185.191.171.13 - - [20/Aug/2026:00:38:53 +0200] "GET /new-products.php?a=12&b=1&debut=0&debut=0&debut=0&debut=0&debut=0&debut=0&debut=0&debut=72&m=04&seo_cat&x21=1&y=2021 HTTP/1.1" 200 74678 "-" "Mozilla/5.0 (compatible; SemrushBot/7~bl; +http://www.semrush.com/bot.html)"
185.191.171.16 - - [20/Aug/2026:00:39:08 +0200] "GET /new-products.php?a=12&a=12&b=1&b=1&debut=0&debut=0&debut=0&debut=12&debut=24&debut=432&m=05&seo_cat&x23=1&y=2020 HTTP/1.1" 200 74651 "-" "Mozilla/5.0 (compatible; SemrushBot/7~bl; +http://www.semrush.com/bot.html)"
85.208.96.210 - - [20/Aug/2026:00:39:24 +0200] "GET /new-products.php?a=12&a=12&a=12&b=1&b=1&b=1&debut=384&debut=396&debut=48&debut=84&debut=96&m=07&y=2019 HTTP/1.1" 200 129737 "-" "Mozilla/5.0 (compatible; SemrushBot/7~bl; +http://www.semrush.com/bot.html)"
185.191.171.9 - - [20/Aug/2026:00:39:33 +0200] "GET /new-products.php?a=12&a=12&b=1&b=1&debut=372&debut=372&debut=384&debut=384&debut=60&debut=84&m=06&y=2020 HTTP/1.1" 200 133178 "-" "Mozilla/5.0 (compatible; SemrushBot/7~bl; +http://www.semrush.com/bot.html)"
66.249.72.3 - - [20/Aug/2026:00:39:35 +0200] "GET /categorie-55-deodorants HTTP/1.1" 200 101905 "-" "Mozilla/5.0 (Linux; Android 6.0.1; Nexus 5X Build/MMB29P) AppleWebKit/537.36 (KHTML, like Gecko) Chrome/151.0.7922.169 Mobile Safari/537.36 (compatible; Googlebot/2.1; +http://www.google.com/bot.html)"
157.55.39.193 - - [20/Aug/2026:00:39:37 +0200] "GET /produit-158-raisins-secs-bio-100g HTTP/1.1" 200 152403 "-" "Mozilla/5.0 AppleWebKit/537.36 (KHTML, like Gecko; compatible; bingbot/2.0; +http://www.bing.com/bingbot.htm) Chrome/116.0.1938.76 Safari/537.36"
85.208.96.208 - - [20/Aug/2026:00:39:47 +0200] "GET /new-products.php?a=12&b=1&debut=0&debut=0&debut=0&debut=384&debut=384&debut=396&debut=396&debut=396&debut=48&m=12&y=2022 HTTP/1.1" 200 130752 "-" "Mozilla/5.0 (compatible; SemrushBot/7~bl; +http://www.semrush.com/bot.html)"
57.141.16.100 - - [20/Aug/2026:00:40:24 +0200] "GET / HTTP/1.1" 200 213042 "-" "facebookexternalhit/1.1 (+http://www.facebook.com/externalhit_uatext.php)"
85.208.96.197 - - [20/Aug/2026:00:40:36 +0200] "GET /new-products.php?a=12&b=1&debut=0&debut=0&debut=0&debut=408&debut=48&m=09&seo_cat&seo_cat&x21=1&x26=1&y=2021 HTTP/1.1" 200 74626 "-" "Mozilla/5.0 (compatible; SemrushBot/7~bl; +http://www.semrush.com/bot.html)"
85.208.96.211 - - [20/Aug/2026:00:40:42 +0200] "GET /new-products.php?a=12&a=12&b=1&b=1&debut=0&debut=0&debut=0&debut=0&debut=0&debut=108&debut=60&m=10&y=2021 HTTP/1.1" 200 129775 "-" "Mozilla/5.0 (compatible; SemrushBot/7~bl; +http://www.semrush.com/bot.html)"
85.208.96.206 - - [20/Aug/2026:00:40:56 +0200] "GET /new-products.php?a=12&a=12&a=12&a=12&b=1&b=1&b=1&b=1&debut=0&debut=24&debut=48&debut=60&debut=84&m=12&y=2020 HTTP/1.1" 200 132961 "-" "Mozilla/5.0 (compatible; SemrushBot/7~bl; +http://www.semrush.com/bot.html)"
23.230.91.222 - - [20/Aug/2026:00:41:05 +0200] "GET /produit-151-amandes-bio-100g?m=09&y=2026 HTTP/1.1" 200 152397 "-" "Mozilla/5.0 (Linux; Android 5.0; SM-G900P Build/LRX21T) AppleWebKit/537.36 (KHTML, like Gecko) Chrome/45.0.5267.1654 Mobile Safari/537.36"
23.230.91.222 - - [20/Aug/2026:00:41:06 +0200] "GET /start_to_top/style.css HTTP/1.1" 200 - "https://www.vracandbio.com/produit-151-amandes-bio-100g?m=09&y=2026" "Mozilla/5.0 (Linux; Android 5.0; SM-G900P Build/LRX21T) AppleWebKit/537.36 (KHTML, like Gecko) Chrome/45.0.5267.1654 Mobile Safari/537.36"
23.230.91.222 - - [20/Aug/2026:00:41:06 +0200] "GET /js/js.cookie.min.js HTTP/1.1" 200 - "https://www.vracandbio.com/produit-151-amandes-bio-100g?m=09&y=2026" "Mozilla/5.0 (Linux; Android 5.0; SM-G900P Build/LRX21T) AppleWebKit/537.36 (KHTML, like Gecko) Chrome/45.0.5267.1654 Mobile Safari/537.36"
23.230.91.222 - - [20/Aug/2026:00:41:06 +0200] "GET /templates/shop/js/script.js HTTP/1.1" 200 - "https://www.vracandbio.com/produit-151-amandes-bio-100g?m=09&y=2026" "Mozilla/5.0 (Linux; Android 5.0; SM-G900P Build/LRX21T) AppleWebKit/537.36 (KHTML, like Gecko) Chrome/45.0.5267.1654 Mobile Safari/537.36"
23.230.91.222 - - [20/Aug/2026:00:41:06 +0200] "GET /includes/stats.php?ref= HTTP/1.1" 200 - "https://www.vracandbio.com/produit-151-amandes-bio-100g?m=09&y=2026" "Mozilla/5.0 (Linux; Android 5.0; SM-G900P Build/LRX21T) AppleWebKit/537.36 (KHTML, like Gecko) Chrome/45.0.5267.1654 Mobile Safari/537.36"
23.230.91.222 - - [20/Aug/2026:00:41:06 +0200] "GET /uploadfiles/products/15639819280A.jpg HTTP/1.1" 200 511434 "https://www.vracandbio.com/produit-151-amandes-bio-100g?m=09&y=2026" "Mozilla/5.0 (Linux; Android 5.0; SM-G900P Build/LRX21T) AppleWebKit/537.36 (KHTML, like Gecko) Chrome/45.0.5267.1654 Mobile Safari/537.36"
23.230.91.222 - - [20/Aug/2026:00:41:07 +0200] "GET /uploadfiles/products/mini/15639819830Noix.jpg HTTP/1.1" 200 16824 "https://www.vracandbio.com/produit-151-amandes-bio-100g?m=09&y=2026" "Mozilla/5.0 (Linux; Android 5.0; SM-G900P Build/LRX21T) AppleWebKit/537.36 (KHTML, like Gecko) Chrome/45.0.5267.1654 Mobile Safari/537.36"
23.230.91.222 - - [20/Aug/2026:00:41:07 +0200] "GET /uploadfiles/products/mini/15645833470datte.jpg HTTP/1.1" 200 16886 "https://www.vracandbio.com/produit-151-amandes-bio-100g?m=09&y=2026" "Mozilla/5.0 (Linux; Android 5.0; SM-G900P Build/LRX21T) AppleWebKit/537.36 (KHTML, like Gecko) Chrome/45.0.5267.1654 Mobile Safari/537.36"
23.230.91.222 - - [20/Aug/2026:00:41:07 +0200] "GET /uploadfiles/products/mini/15639819570N.jpg HTTP/1.1" 200 18225 "https://www.vracandbio.com/produit-151-amandes-bio-100g?m=09&y=2026" "Mozilla/5.0 (Linux; Android 5.0; SM-G900P Build/LRX21T) AppleWebKit/537.36 (KHTML, like Gecko) Chrome/45.0.5267.1654 Mobile Safari/537.36"
23.230.91.222 - - [20/Aug/2026:00:41:07 +0200] "GET /uploadfiles/products/mini/15639849070Rai.jpg HTTP/1.1" 200 18071 "https://www.vracandbio.com/produit-151-amandes-bio-100g?m=09&y=2026" "Mozilla/5.0 (Linux; Android 5.0; SM-G900P Build/LRX21T) AppleWebKit/537.36 (KHTML, like Gecko) Chrome/45.0.5267.1654 Mobile Safari/537.36"
23.230.91.222 - - [20/Aug/2026:00:41:07 +0200] "GET /uploadfiles/products/mini/15639848330AS.jpg HTTP/1.1" 200 17084 "https://www.vracandbio.com/produit-151-amandes-bio-100g?m=09&y=2026" "Mozilla/5.0 (Linux; Android 5.0; SM-G900P Build/LRX21T) AppleWebKit/537.36 (KHTML, like Gecko) Chrome/45.0.5267.1654 Mobile Safari/537.36"
23.230.91.222 - - [20/Aug/2026:00:41:07 +0200] "GET /uploadfiles/products/mini/15861741730cac.jpg HTTP/1.1" 200 19967 "https://www.vracandbio.com/produit-151-amandes-bio-100g?m=09&y=2026" "Mozilla/5.0 (Linux; Android 5.0; SM-G900P Build/LRX21T) AppleWebKit/537.36 (KHTML, like Gecko) Chrome/45.0.5267.1654 Mobile Safari/537.36"
23.230.91.222 - - [20/Aug/2026:00:41:07 +0200] "GET /uploadfiles/products/mini/15856409730MA.jpg HTTP/1.1" 200 23134 "https://www.vracandbio.com/produit-151-amandes-bio-100g?m=09&y=2026" "Mozilla/5.0 (Linux; Android 5.0; SM-G900P Build/LRX21T) AppleWebKit/537.36 (KHTML, like Gecko) Chrome/45.0.5267.1654 Mobile Safari/537.36"
23.230.91.222 - - [20/Aug/2026:00:41:07 +0200] "GET /uploadfiles/products/15639819280A.jpg HTTP/1.1" 200 511434 "https://www.vracandbio.com/produit-151-amandes-bio-100g?m=09&y=2026" "Mozilla/5.0 (Linux; Android 5.0; SM-G900P Build/LRX21T) AppleWebKit/537.36 (KHTML, like Gecko) Chrome/45.0.5267.1654 Mobile Safari/537.36"
23.230.91.222 - - [20/Aug/2026:00:41:07 +0200] "GET /uploadfiles/products/mini/15639848730Cra.jpg HTTP/1.1" 200 18170 "https://www.vracandbio.com/produit-151-amandes-bio-100g?m=09&y=2026" "Mozilla/5.0 (Linux; Android 5.0; SM-G900P Build/LRX21T) AppleWebKit/537.36 (KHTML, like Gecko) Chrome/45.0.5267.1654 Mobile Safari/537.36"
23.230.91.222 - - [20/Aug/2026:00:41:07 +0200] "GET /templates/shop/img/add_cart.png HTTP/1.1" 200 6350 "https://www.vracandbio.com/templates/shop/css/style.css" "Mozilla/5.0 (Linux; Android 5.0; SM-G900P Build/LRX21T) AppleWebKit/537.36 (KHTML, like Gecko) Chrome/45.0.5267.1654 Mobile Safari/537.36"
23.230.91.222 - - [20/Aug/2026:00:41:07 +0200] "GET /uploadfiles/products/15639819280A.jpg HTTP/1.1" 200 511434 "https://www.vracandbio.com/produit-151-amandes-bio-100g?m=09&y=2026" "Mozilla/5.0 (Linux; Android 5.0; SM-G900P Build/LRX21T) AppleWebKit/537.36 (KHTML, like Gecko) Chrome/45.0.5267.1654 Mobile Safari/537.36"
85.208.96.202 - - [20/Aug/2026:00:41:07 +0200] "GET /new-products.php?a=12&b=1&debut=0&debut=0&debut=0&debut=0&debut=36&debut=372&m=12&seo_cat&x23=1&y=2023 HTTP/1.1" 200 74593 "-" "Mozilla/5.0 (compatible; SemrushBot/7~bl; +http://www.semrush.com/bot.html)"
23.230.91.222 - - [20/Aug/2026:00:41:07 +0200] "GET /templates/shop/images/downArrow.png HTTP/1.1" 404 225612 "https://www.vracandbio.com/templates/shop/css/style.css" "Mozilla/5.0 (Linux; Android 5.0; SM-G900P Build/LRX21T) AppleWebKit/537.36 (KHTML, like Gecko) Chrome/45.0.5267.1654 Mobile Safari/537.36"
185.191.171.4 - - [20/Aug/2026:00:41:44 +0200] "GET /new-products.php?a=12&a=12&a=12&b=1&b=1&b=1&debut=0&debut=24&debut=36&debut=396&debut=48&m=11&y=2021 HTTP/1.1" 200 130507 "-" "Mozilla/5.0 (compatible; SemrushBot/7~bl; +http://www.semrush.com/bot.html)"
185.191.171.13 - - [20/Aug/2026:00:41:46 +0200] "GET /new-products.php?a=12&a=12&b=1&b=1&debut=0&debut=0&debut=24&debut=396&histo_track=1&m=12&seo_cat&x26=1&y=2019 HTTP/1.1" 200 74715 "-" "Mozilla/5.0 (compatible; SemrushBot/7~bl; +http://www.semrush.com/bot.html)"
85.208.96.202 - - [20/Aug/2026:00:41:49 +0200] "GET /new-products.php?a=12&a=12&a=12&b=1&b=1&b=1&debut=0&debut=120&debut=48&debut=84&histo_track=1&m=12&y=2023 HTTP/1.1" 200 133217 "-" "Mozilla/5.0 (compatible; SemrushBot/7~bl; +http://www.semrush.com/bot.html)"
57.141.4.68 - - [20/Aug/2026:00:41:50 +0200] "GET / HTTP/1.1" 200 212680 "-" "facebookexternalhit/1.1 (+http://www.facebook.com/externalhit_uatext.php)"
37.59.204.155 - - [20/Aug/2026:00:41:58 +0200] "GET /?m=09&y=2042 HTTP/1.1" 200 212629 "-" "Mozilla/5.0 (compatible; AhrefsBot/7.0; +http://ahrefs.com/robot/)"
85.208.96.200 - - [20/Aug/2026:00:42:12 +0200] "GET /new-products.php?a=12&a=12&b=1&b=1&debut=0&debut=0&debut=0&debut=396&debut=72&debut=84&histo_track=1&m=04&y=2022 HTTP/1.1" 200 133379 "-" "Mozilla/5.0 (compatible; SemrushBot/7~bl; +http://www.semrush.com/bot.html)"
85.208.96.202 - - [20/Aug/2026:00:42:22 +0200] "GET /new-products.php?a=12&a=12&a=12&b=1&b=1&b=1&debut=0&debut=0&debut=144&debut=396&debut=72&debut=96&m=10&y=2017 HTTP/1.1" 200 129985 "-" "Mozilla/5.0 (compatible; SemrushBot/7~bl; +http://www.semrush.com/bot.html)"
51.68.247.212 - - [20/Aug/2026:00:42:22 +0200] "GET /?m=04&y=2038 HTTP/1.1" 200 212582 "-" "Mozilla/5.0 (compatible; AhrefsBot/7.0; +http://ahrefs.com/robot/)"
185.191.171.19 - - [20/Aug/2026:00:42:31 +0200] "GET /new-products.php?a=12&a=12&a=12&b=1&b=1&b=1&debut=0&debut=12&debut=36&debut=372&debut=372&debut=48&m=10&y=2022 HTTP/1.1" 200 130832 "-" "Mozilla/5.0 (compatible; SemrushBot/7~bl; +http://www.semrush.com/bot.html)"
66.249.72.3 - - [20/Aug/2026:00:42:33 +0200] "GET /categorie-109-plats-cuisines HTTP/1.1" 200 106085 "-" "Mozilla/5.0 (Linux; Android 6.0.1; Nexus 5X Build/MMB29P) AppleWebKit/537.36 (KHTML, like Gecko) Chrome/151.0.7922.137 Mobile Safari/537.36 (compatible; Googlebot/2.1; +http://www.google.com/bot.html)"
185.191.171.13 - - [20/Aug/2026:00:42:36 +0200] "GET /new-products.php?a=12&b=1&debut=0&debut=0&debut=0&debut=72&m=05&seo_cat&seo_cat&seo_cat&x20=1&x21=0&x21=1&y=2018 HTTP/1.1" 200 74651 "-" "Mozilla/5.0 (compatible; SemrushBot/7~bl; +http://www.semrush.com/bot.html)"
94.23.188.208 - - [20/Aug/2026:00:42:42 +0200] "GET /?m=01&y=1998 HTTP/1.1" 200 212879 "-" "Mozilla/5.0 (compatible; AhrefsBot/7.0; +http://ahrefs.com/robot/)"
85.208.96.194 - - [20/Aug/2026:00:42:43 +0200] "GET /new-products.php?a=12&a=12&b=1&b=1&debut=0&debut=108&debut=444&debut=444&debut=444&debut=60&histo_track=1&seo_cat&x21=1 HTTP/1.1" 200 74807 "-" "Mozilla/5.0 (compatible; SemrushBot/7~bl; +http://www.semrush.com/bot.html)"
185.191.171.4 - - [20/Aug/2026:00:42:57 +0200] "GET /new-products.php?a=12&a=12&b=1&b=1&debut=372&debut=384&debut=384&debut=48&debut=84&m=11&y=2023 HTTP/1.1" 200 132932 "-" "Mozilla/5.0 (compatible; SemrushBot/7~bl; +http://www.semrush.com/bot.html)"
51.68.247.218 - - [20/Aug/2026:00:43:02 +0200] "GET /?m=05&y=2046 HTTP/1.1" 200 213178 "-" "Mozilla/5.0 (compatible; AhrefsBot/7.0; +http://ahrefs.com/robot/)"
85.208.96.207 - - [20/Aug/2026:00:43:03 +0200] "GET /new-products.php?a=12&a=12&b=1&b=1&debut=0&debut=0&debut=0&debut=372&debut=396&debut=48&m=08&seo_cat&x23=1&y=2022 HTTP/1.1" 200 128062 "-" "Mozilla/5.0 (compatible; SemrushBot/7~bl; +http://www.semrush.com/bot.html)"
