80.9.113.17 - - [20/Aug/2026:08:04:08 +0200] "GET /uploadfiles/products/mini/15848087270PLV.jpg HTTP/1.1" 200 14503 "https://www.vracandbio.com/?ved=2ahUKEwj-uvHIxK6WAxW2SaQEHea2N6IQgU96BAhCEAM" "Mozilla/5.0 (Linux; Android 10; K) AppleWebKit/537.36 (KHTML, like Gecko) Chrome/151.0.0.0 Mobile Safari/537.36"
80.9.113.17 - - [20/Aug/2026:08:04:08 +0200] "GET /uploadfiles/products/mini/15845574440SFC.jpg HTTP/1.1" 200 21049 "https://www.vracandbio.com/?ved=2ahUKEwj-uvHIxK6WAxW2SaQEHea2N6IQgU96BAhCEAM" "Mozilla/5.0 (Linux; Android 10; K) AppleWebKit/537.36 (KHTML, like Gecko) Chrome/151.0.0.0 Mobile Safari/537.36"
80.9.113.17 - - [20/Aug/2026:08:04:08 +0200] "GET /uploadfiles/products/mini/15669143150avoine.jpg HTTP/1.1" 200 16270 "https://www.vracandbio.com/?ved=2ahUKEwj-uvHIxK6WAxW2SaQEHea2N6IQgU96BAhCEAM" "Mozilla/5.0 (Linux; Android 10; K) AppleWebKit/537.36 (KHTML, like Gecko) Chrome/151.0.0.0 Mobile Safari/537.36"
80.9.113.17 - - [20/Aug/2026:08:04:08 +0200] "GET /uploadfiles/products/mini/15916312890VIN14.jpg HTTP/1.1" 200 19264 "https://www.vracandbio.com/?ved=2ahUKEwj-uvHIxK6WAxW2SaQEHea2N6IQgU96BAhCEAM" "Mozilla/5.0 (Linux; Android 10; K) AppleWebKit/537.36 (KHTML, like Gecko) Chrome/151.0.0.0 Mobile Safari/537.36"
80.9.113.17 - - [20/Aug/2026:08:04:08 +0200] "GET /uploadfiles/products/mini/15916312990VIN14.jpg HTTP/1.1" 200 19264 "https://www.vracandbio.com/?ved=2ahUKEwj-uvHIxK6WAxW2SaQEHea2N6IQgU96BAhCEAM" "Mozilla/5.0 (Linux; Android 10; K) AppleWebKit/537.36 (KHTML, like Gecko) Chrome/151.0.0.0 Mobile Safari/537.36"
80.9.113.17 - - [20/Aug/2026:08:04:08 +0200] "GET /uploadfiles/products/mini/15639806980LC.jpg HTTP/1.1" 200 17046 "https://www.vracandbio.com/?ved=2ahUKEwj-uvHIxK6WAxW2SaQEHea2N6IQgU96BAhCEAM" "Mozilla/5.0 (Linux; Android 10; K) AppleWebKit/537.36 (KHTML, like Gecko) Chrome/151.0.0.0 Mobile Safari/537.36"
80.9.113.17 - - [20/Aug/2026:08:04:08 +0200] "GET /uploadfiles/products/mini/15645833470datte.jpg HTTP/1.1" 200 16886 "https://www.vracandbio.com/?ved=2ahUKEwj-uvHIxK6WAxW2SaQEHea2N6IQgU96BAhCEAM" "Mozilla/5.0 (Linux; Android 10; K) AppleWebKit/537.36 (KHTML, like Gecko) Chrome/151.0.0.0 Mobile Safari/537.36"
80.9.113.17 - - [20/Aug/2026:08:04:08 +0200] "GET /uploadfiles/products/mini/15639759010IMG_20190220_133239_resized_20190724_124040856%20(2).jpg HTTP/1.1" 200 16031 "https://www.vracandbio.com/?ved=2ahUKEwj-uvHIxK6WAxW2SaQEHea2N6IQgU96BAhCEAM" "Mozilla/5.0 (Linux; Android 10; K) AppleWebKit/537.36 (KHTML, like Gecko) Chrome/151.0.0.0 Mobile Safari/537.36"
80.9.113.17 - - [20/Aug/2026:08:04:08 +0200] "GET /uploadfiles/products/mini/15639758980IMG_20190220_133239_resized_20190724_124040856%20(2).jpg HTTP/1.1" 200 16031 "https://www.vracandbio.com/?ved=2ahUKEwj-uvHIxK6WAxW2SaQEHea2N6IQgU96BAhCEAM" "Mozilla/5.0 (Linux; Android 10; K) AppleWebKit/537.36 (KHTML, like Gecko) Chrome/151.0.0.0 Mobile Safari/537.36"
80.9.113.17 - - [20/Aug/2026:08:04:08 +0200] "GET /uploadfiles/products/mini/15669101440perle%20miel.jpg HTTP/1.1" 200 16176 "https://www.vracandbio.com/?ved=2ahUKEwj-uvHIxK6WAxW2SaQEHea2N6IQgU96BAhCEAM" "Mozilla/5.0 (Linux; Android 10; K) AppleWebKit/537.36 (KHTML, like Gecko) Chrome/151.0.0.0 Mobile Safari/537.36"
80.9.113.17 - - [20/Aug/2026:08:04:08 +0200] "GET /uploadfiles/products/mini/15639848730Cra.jpg HTTP/1.1" 200 18170 "https://www.vracandbio.com/?ved=2ahUKEwj-uvHIxK6WAxW2SaQEHea2N6IQgU96BAhCEAM" "Mozilla/5.0 (Linux; Android 10; K) AppleWebKit/537.36 (KHTML, like Gecko) Chrome/151.0.0.0 Mobile Safari/537.36"
80.9.113.17 - - [20/Aug/2026:08:04:08 +0200] "GET /uploadfiles/products/mini/15669095940muesli%20au%20fruit.jpg HTTP/1.1" 200 17415 "https://www.vracandbio.com/?ved=2ahUKEwj-uvHIxK6WAxW2SaQEHea2N6IQgU96BAhCEAM" "Mozilla/5.0 (Linux; Android 10; K) AppleWebKit/537.36 (KHTML, like Gecko) Chrome/151.0.0.0 Mobile Safari/537.36"
80.9.113.17 - - [20/Aug/2026:08:04:08 +0200] "GET /uploadfiles/products/mini/15639806550LV.jpg HTTP/1.1" 200 17687 "https://www.vracandbio.com/?ved=2ahUKEwj-uvHIxK6WAxW2SaQEHea2N6IQgU96BAhCEAM" "Mozilla/5.0 (Linux; Android 10; K) AppleWebKit/537.36 (KHTML, like Gecko) Chrome/151.0.0.0 Mobile Safari/537.36"
80.9.113.17 - - [20/Aug/2026:08:04:08 +0200] "GET /uploadfiles/products/mini/16914890250Sans%20titre-.jpg HTTP/1.1" 200 26297 "https://www.vracandbio.com/?ved=2ahUKEwj-uvHIxK6WAxW2SaQEHea2N6IQgU96BAhCEAM" "Mozilla/5.0 (Linux; Android 10; K) AppleWebKit/537.36 (KHTML, like Gecko) Chrome/151.0.0.0 Mobile Safari/537.36"
80.9.113.17 - - [20/Aug/2026:08:04:08 +0200] "GET /uploadfiles/products/mini/15916314230FS.jpg HTTP/1.1" 200 18324 "https://www.vracandbio.com/?ved=2ahUKEwj-uvHIxK6WAxW2SaQEHea2N6IQgU96BAhCEAM" "Mozilla/5.0 (Linux; Android 10; K) AppleWebKit/537.36 (KHTML, like Gecko) Chrome/151.0.0.0 Mobile Safari/537.36"
80.9.113.17 - - [20/Aug/2026:08:04:08 +0200] "GET /uploadfiles/products/mini/16056479080famille-presque-zero-dechet-ze-jeu.jpg HTTP/1.1" 200 18539 "https://www.vracandbio.com/?ved=2ahUKEwj-uvHIxK6WAxW2SaQEHea2N6IQgU96BAhCEAM" "Mozilla/5.0 (Linux; Android 10; K) AppleWebKit/537.36 (KHTML, like Gecko) Chrome/151.0.0.0 Mobile Safari/537.36"
80.9.113.17 - - [20/Aug/2026:08:04:08 +0200] "GET /templates/shop/img/dispo.png HTTP/1.1" 200 3031 "https://www.vracandbio.com/?ved=2ahUKEwj-uvHIxK6WAxW2SaQEHea2N6IQgU96BAhCEAM" "Mozilla/5.0 (Linux; Android 10; K) AppleWebKit/537.36 (KHTML, like Gecko) Chrome/151.0.0.0 Mobile Safari/537.36"
80.9.113.17 - - [20/Aug/2026:08:04:08 +0200] "GET /templates/shop/img/view_product.png HTTP/1.1" 200 19436 "https://www.vracandbio.com/?ved=2ahUKEwj-uvHIxK6WAxW2SaQEHea2N6IQgU96BAhCEAM" "Mozilla/5.0 (Linux; Android 10; K) AppleWebKit/537.36 (KHTML, like Gecko) Chrome/151.0.0.0 Mobile Safari/537.36"
80.9.113.17 - - [20/Aug/2026:08:04:08 +0200] "GET /templates/shop/img/no_achat.png HTTP/1.1" 200 6534 "https://www.vracandbio.com/?ved=2ahUKEwj-uvHIxK6WAxW2SaQEHea2N6IQgU96BAhCEAM" "Mozilla/5.0 (Linux; Android 10; K) AppleWebKit/537.36 (KHTML, like Gecko) Chrome/151.0.0.0 Mobile Safari/537.36"
80.9.113.17 - - [20/Aug/2026:08:04:08 +0200] "GET /uploadfiles/products/mini/15916313490MUS.jpg HTTP/1.1" 200 19636 "https://www.vracandbio.com/?ved=2ahUKEwj-uvHIxK6WAxW2SaQEHea2N6IQgU96BAhCEAM" "Mozilla/5.0 (Linux; Android 10; K) AppleWebKit/537.36 (KHTML, like Gecko) Chrome/151.0.0.0 Mobile Safari/537.36"
80.9.113.17 - - [20/Aug/2026:08:04:08 +0200] "GET /uploadfiles/products/mini/174357761202.JPG HTTP/1.1" 200 17896 "https://www.vracandbio.com/?ved=2ahUKEwj-uvHIxK6WAxW2SaQEHea2N6IQgU96BAhCEAM" "Mozilla/5.0 (Linux; Android 10; K) AppleWebKit/537.36 (KHTML, like Gecko) Chrome/151.0.0.0 Mobile Safari/537.36"
80.9.113.17 - - [20/Aug/2026:08:04:08 +0200] "GET /uploadfiles/products/mini/15846194870secret-argan.jpg HTTP/1.1" 200 13165 "https://www.vracandbio.com/?ved=2ahUKEwj-uvHIxK6WAxW2SaQEHea2N6IQgU96BAhCEAM" "Mozilla/5.0 (Linux; Android 10; K) AppleWebKit/537.36 (KHTML, like Gecko) Chrome/151.0.0.0 Mobile Safari/537.36"
80.9.113.17 - - [20/Aug/2026:08:04:08 +0200] "GET /uploadfiles/products/mini/17855792840IMG_20260801_103522.jpg HTTP/1.1" 200 22362 "https://www.vracandbio.com/?ved=2ahUKEwj-uvHIxK6WAxW2SaQEHea2N6IQgU96BAhCEAM" "Mozilla/5.0 (Linux; Android 10; K) AppleWebKit/537.36 (KHTML, like Gecko) Chrome/151.0.0.0 Mobile Safari/537.36"
80.9.113.17 - - [20/Aug/2026:08:04:08 +0200] "GET /uploadfiles/products/mini/1744275900025.JPG HTTP/1.1" 200 20738 "https://www.vracandbio.com/?ved=2ahUKEwj-uvHIxK6WAxW2SaQEHea2N6IQgU96BAhCEAM" "Mozilla/5.0 (Linux; Android 10; K) AppleWebKit/537.36 (KHTML, like Gecko) Chrome/151.0.0.0 Mobile Safari/537.36"
80.9.113.17 - - [20/Aug/2026:08:04:08 +0200] "GET /uploadfiles/products/mini/1744276666026.JPG HTTP/1.1" 200 20839 "https://www.vracandbio.com/?ved=2ahUKEwj-uvHIxK6WAxW2SaQEHea2N6IQgU96BAhCEAM" "Mozilla/5.0 (Linux; Android 10; K) AppleWebKit/537.36 (KHTML, like Gecko) Chrome/151.0.0.0 Mobile Safari/537.36"
80.9.113.17 - - [20/Aug/2026:08:04:08 +0200] "GET /uploadfiles/products/mini/1744277611030.JPG HTTP/1.1" 200 19873 "https://www.vracandbio.com/?ved=2ahUKEwj-uvHIxK6WAxW2SaQEHea2N6IQgU96BAhCEAM" "Mozilla/5.0 (Linux; Android 10; K) AppleWebKit/537.36 (KHTML, like Gecko) Chrome/151.0.0.0 Mobile Safari/537.36"
80.9.113.17 - - [20/Aug/2026:08:04:08 +0200] "GET /uploadfiles/products/mini/1744278046023.JPG HTTP/1.1" 200 20188 "https://www.vracandbio.com/?ved=2ahUKEwj-uvHIxK6WAxW2SaQEHea2N6IQgU96BAhCEAM" "Mozilla/5.0 (Linux; Android 10; K) AppleWebKit/537.36 (KHTML, like Gecko) Chrome/151.0.0.0 Mobile Safari/537.36"
80.9.113.17 - - [20/Aug/2026:08:04:08 +0200] "GET /uploadfiles/products/mini/1744276550027.JPG HTTP/1.1" 200 18890 "https://www.vracandbio.com/?ved=2ahUKEwj-uvHIxK6WAxW2SaQEHea2N6IQgU96BAhCEAM" "Mozilla/5.0 (Linux; Android 10; K) AppleWebKit/537.36 (KHTML, like Gecko) Chrome/151.0.0.0 Mobile Safari/537.36"
80.9.113.17 - - [20/Aug/2026:08:04:08 +0200] "GET /uploadfiles/blog/9-1584719121IMG_2913.JPG HTTP/1.1" 200 13698 "https://www.vracandbio.com/?ved=2ahUKEwj-uvHIxK6WAxW2SaQEHea2N6IQgU96BAhCEAM" "Mozilla/5.0 (Linux; Android 10; K) AppleWebKit/537.36 (KHTML, like Gecko) Chrome/151.0.0.0 Mobile Safari/537.36"
80.9.113.17 - - [20/Aug/2026:08:04:08 +0200] "GET /uploadfiles/blog/10-1584720585IMG_3087.JPG HTTP/1.1" 200 8683 "https://www.vracandbio.com/?ved=2ahUKEwj-uvHIxK6WAxW2SaQEHea2N6IQgU96BAhCEAM" "Mozilla/5.0 (Linux; Android 10; K) AppleWebKit/537.36 (KHTML, like Gecko) Chrome/151.0.0.0 Mobile Safari/537.36"
80.9.113.17 - - [20/Aug/2026:08:04:08 +0200] "GET /uploadfiles/blog/11-1584723658Logo-vrac-and-bio_drive.jpg HTTP/1.1" 200 10253 "https://www.vracandbio.com/?ved=2ahUKEwj-uvHIxK6WAxW2SaQEHea2N6IQgU96BAhCEAM" "Mozilla/5.0 (Linux; Android 10; K) AppleWebKit/537.36 (KHTML, like Gecko) Chrome/151.0.0.0 Mobile Safari/537.36"
80.9.113.17 - - [20/Aug/2026:08:04:08 +0200] "GET /templates/shop/img/panier_vide.png HTTP/1.1" 200 3914 "https://www.vracandbio.com/?ved=2ahUKEwj-uvHIxK6WAxW2SaQEHea2N6IQgU96BAhCEAM" "Mozilla/5.0 (Linux; Android 10; K) AppleWebKit/537.36 (KHTML, like Gecko) Chrome/151.0.0.0 Mobile Safari/537.36"
80.9.113.17 - - [20/Aug/2026:08:04:08 +0200] "GET /templates/shop/img/events.png HTTP/1.1" 200 3571 "https://www.vracandbio.com/?ved=2ahUKEwj-uvHIxK6WAxW2SaQEHea2N6IQgU96BAhCEAM" "Mozilla/5.0 (Linux; Android 10; K) AppleWebKit/537.36 (KHTML, like Gecko) Chrome/151.0.0.0 Mobile Safari/537.36"
80.9.113.17 - - [20/Aug/2026:08:04:08 +0200] "GET /uploadfiles/slide1_internal/0Zero.jpg HTTP/1.1" 200 270843 "https://www.vracandbio.com/?ved=2ahUKEwj-uvHIxK6WAxW2SaQEHea2N6IQgU96BAhCEAM" "Mozilla/5.0 (Linux; Android 10; K) AppleWebKit/537.36 (KHTML, like Gecko) Chrome/151.0.0.0 Mobile Safari/537.36"
80.9.113.17 - - [20/Aug/2026:08:04:08 +0200] "GET /uploadfiles/slide1_internal/0Vracandbio.png HTTP/1.1" 200 43097 "https://www.vracandbio.com/?ved=2ahUKEwj-uvHIxK6WAxW2SaQEHea2N6IQgU96BAhCEAM" "Mozilla/5.0 (Linux; Android 10; K) AppleWebKit/537.36 (KHTML, like Gecko) Chrome/151.0.0.0 Mobile Safari/537.36"
80.9.113.17 - - [20/Aug/2026:08:04:08 +0200] "GET /uploadfiles/slide1_internal/0Cosmetique.jpg HTTP/1.1" 200 29160 "https://www.vracandbio.com/?ved=2ahUKEwj-uvHIxK6WAxW2SaQEHea2N6IQgU96BAhCEAM" "Mozilla/5.0 (Linux; Android 10; K) AppleWebKit/537.36 (KHTML, like Gecko) Chrome/151.0.0.0 Mobile Safari/537.36"
80.9.113.17 - - [20/Aug/2026:08:04:08 +0200] "GET /uploadfiles/slide1_internal/0Paiement.jpg HTTP/1.1" 200 70030 "https://www.vracandbio.com/?ved=2ahUKEwj-uvHIxK6WAxW2SaQEHea2N6IQgU96BAhCEAM" "Mozilla/5.0 (Linux; Android 10; K) AppleWebKit/537.36 (KHTML, like Gecko) Chrome/151.0.0.0 Mobile Safari/537.36"
80.9.113.17 - - [20/Aug/2026:08:04:08 +0200] "GET /templates/shop/img/facebook.png HTTP/1.1" 200 4816 "https://www.vracandbio.com/?ved=2ahUKEwj-uvHIxK6WAxW2SaQEHea2N6IQgU96BAhCEAM" "Mozilla/5.0 (Linux; Android 10; K) AppleWebKit/537.36 (KHTML, like Gecko) Chrome/151.0.0.0 Mobile Safari/537.36"
80.9.113.17 - - [20/Aug/2026:08:04:08 +0200] "GET /templates/shop/img/logo_signature_picto.png HTTP/1.1" 200 6299 "https://www.vracandbio.com/?ved=2ahUKEwj-uvHIxK6WAxW2SaQEHea2N6IQgU96BAhCEAM" "Mozilla/5.0 (Linux; Android 10; K) AppleWebKit/537.36 (KHTML, like Gecko) Chrome/151.0.0.0 Mobile Safari/537.36"
80.9.113.17 - - [20/Aug/2026:08:04:09 +0200] "GET /templates/shop/img/marques_liv.png HTTP/1.1" 200 3355 "https://www.vracandbio.com/templates/shop/css/global.php" "Mozilla/5.0 (Linux; Android 10; K) AppleWebKit/537.36 (KHTML, like Gecko) Chrome/151.0.0.0 Mobile Safari/537.36"
80.9.113.17 - - [20/Aug/2026:08:04:09 +0200] "GET /templates/shop/img/categories_liv.png HTTP/1.1" 200 3232 "https://www.vracandbio.com/templates/shop/css/global.php" "Mozilla/5.0 (Linux; Android 10; K) AppleWebKit/537.36 (KHTML, like Gecko) Chrome/151.0.0.0 Mobile Safari/537.36"
80.9.113.17 - - [20/Aug/2026:08:04:09 +0200] "GET /start_to_top/img/cd-top-arrow.svg HTTP/1.1" 200 555 "https://www.vracandbio.com/templates/shop/css/global.php" "Mozilla/5.0 (Linux; Android 10; K) AppleWebKit/537.36 (KHTML, like Gecko) Chrome/151.0.0.0 Mobile Safari/537.36"
80.9.113.17 - - [20/Aug/2026:08:04:09 +0200] "GET /templates/shop/css/images/close.png HTTP/1.1" 200 280 "https://www.vracandbio.com/templates/shop/css/lightbox.css" "Mozilla/5.0 (Linux; Android 10; K) AppleWebKit/537.36 (KHTML, like Gecko) Chrome/151.0.0.0 Mobile Safari/537.36"
80.9.113.17 - - [20/Aug/2026:08:04:09 +0200] "GET /templates/shop/css/images/prev.png HTTP/1.1" 200 1360 "https://www.vracandbio.com/templates/shop/css/lightbox.css" "Mozilla/5.0 (Linux; Android 10; K) AppleWebKit/537.36 (KHTML, like Gecko) Chrome/151.0.0.0 Mobile Safari/537.36"
80.9.113.17 - - [20/Aug/2026:08:04:09 +0200] "GET /templates/shop/css/images/next.png HTTP/1.1" 200 1350 "https://www.vracandbio.com/templates/shop/css/lightbox.css" "Mozilla/5.0 (Linux; Android 10; K) AppleWebKit/537.36 (KHTML, like Gecko) Chrome/151.0.0.0 Mobile Safari/537.36"
80.9.113.17 - - [20/Aug/2026:08:04:09 +0200] "GET /templates/shop/css/images/loading.gif HTTP/1.1" 200 8476 "https://www.vracandbio.com/templates/shop/css/lightbox.css" "Mozilla/5.0 (Linux; Android 10; K) AppleWebKit/537.36 (KHTML, like Gecko) Chrome/151.0.0.0 Mobile Safari/537.36"
80.9.113.17 - - [20/Aug/2026:08:04:09 +0200] "GET /favicon/manifest.json HTTP/1.1" 200 720 "https://www.vracandbio.com/?ved=2ahUKEwj-uvHIxK6WAxW2SaQEHea2N6IQgU96BAhCEAM" "Mozilla/5.0 (Linux; Android 10; K) AppleWebKit/537.36 (KHTML, like Gecko) Chrome/151.0.0.0 Mobile Safari/537.36"
185.191.171.16 - - [20/Aug/2026:08:04:09 +0200] "GET /new-products.php?a=12&a=12&b=1&b=1&debut=0&debut=0&debut=24&debut=360&debut=360&debut=396&debut=60&seo_cat&x24=1 HTTP/1.1" 200 74758 "-" "Mozilla/5.0 (compatible; SemrushBot/7~bl; +http://www.semrush.com/bot.html)"
80.9.113.17 - - [20/Aug/2026:08:04:09 +0200] "GET /templates/shop/images/downArrow.png HTTP/1.1" 404 213275 "https://www.vracandbio.com/templates/shop/css/style.css" "Mozilla/5.0 (Linux; Android 10; K) AppleWebKit/537.36 (KHTML, like Gecko) Chrome/151.0.0.0 Mobile Safari/537.36"
80.9.113.17 - - [20/Aug/2026:08:04:09 +0200] "GET /favicon/android-icon-192x192.png HTTP/1.1" 200 24697 "https://www.vracandbio.com/?ved=2ahUKEwj-uvHIxK6WAxW2SaQEHea2N6IQgU96BAhCEAM" "Mozilla/5.0 (Linux; Android 10; K) AppleWebKit/537.36 (KHTML, like Gecko) Chrome/151.0.0.0 Mobile Safari/537.36"
80.9.113.17 - - [20/Aug/2026:08:04:09 +0200] "GET /favicon/apple-icon-180x180.png HTTP/1.1" 200 25008 "https://www.vracandbio.com/?ved=2ahUKEwj-uvHIxK6WAxW2SaQEHea2N6IQgU96BAhCEAM" "Mozilla/5.0 (Linux; Android 10; K) AppleWebKit/537.36 (KHTML, like Gecko) Chrome/151.0.0.0 Mobile Safari/537.36"
80.9.113.17 - - [20/Aug/2026:08:04:09 +0200] "GET /android-icon-144x144.png HTTP/1.1" 404 212865 "https://www.vracandbio.com/?ved=2ahUKEwj-uvHIxK6WAxW2SaQEHea2N6IQgU96BAhCEAM" "Mozilla/5.0 (Linux; Android 10; K) AppleWebKit/537.36 (KHTML, like Gecko) Chrome/151.0.0.0 Mobile Safari/537.36"
80.9.113.17 - - [20/Aug/2026:08:04:10 +0200] "GET /?ved=2ahUKEwj-uvHIxK6WAxW2SaQEHea2N6IQgU96BAhCEAM HTTP/1.1" 200 213317 "https://www.vracandbio.com/?ved=2ahUKEwj-uvHIxK6WAxW2SaQEHea2N6IQgU96BAhCEAM" "Mozilla/5.0 (Linux; Android 10; K) AppleWebKit/537.36 (KHTML, like Gecko) Chrome/151.0.0.0 Mobile Safari/537.36"
80.9.113.17 - - [20/Aug/2026:08:04:10 +0200] "GET /templates/shop/css/global.php HTTP/1.1" 200 26242 "https://www.vracandbio.com/?ved=2ahUKEwj-uvHIxK6WAxW2SaQEHea2N6IQgU96BAhCEAM" "Mozilla/5.0 (Linux; Android 10; K) AppleWebKit/537.36 (KHTML, like Gecko) Chrome/151.0.0.0 Mobile Safari/537.36"
80.9.113.17 - - [20/Aug/2026:08:04:10 +0200] "GET /uploadfiles/products/mini/15916314050FS.jpg HTTP/1.1" 200 18324 "https://www.vracandbio.com/?ved=2ahUKEwj-uvHIxK6WAxW2SaQEHea2N6IQgU96BAhCEAM" "Mozilla/5.0 (Linux; Android 10; K) AppleWebKit/537.36 (KHTML, like Gecko) Chrome/151.0.0.0 Mobile Safari/537.36"
80.9.113.17 - - [20/Aug/2026:08:04:10 +0200] "GET /templates/shop/img/indispo.png HTTP/1.1" 200 893 "https://www.vracandbio.com/?ved=2ahUKEwj-uvHIxK6WAxW2SaQEHea2N6IQgU96BAhCEAM" "Mozilla/5.0 (Linux; Android 10; K) AppleWebKit/537.36 (KHTML, like Gecko) Chrome/151.0.0.0 Mobile Safari/537.36"
80.9.113.17 - - [20/Aug/2026:08:04:10 +0200] "GET /templates/shop/img/hors_stock.png HTTP/1.1" 200 7797 "https://www.vracandbio.com/?ved=2ahUKEwj-uvHIxK6WAxW2SaQEHea2N6IQgU96BAhCEAM" "Mozilla/5.0 (Linux; Android 10; K) AppleWebKit/537.36 (KHTML, like Gecko) Chrome/151.0.0.0 Mobile Safari/537.36"
80.9.113.17 - - [20/Aug/2026:08:04:10 +0200] "GET /uploadfiles/products/mini/15879268500chico.png HTTP/1.1" 200 164056 "https://www.vracandbio.com/?ved=2ahUKEwj-uvHIxK6WAxW2SaQEHea2N6IQgU96BAhCEAM" "Mozilla/5.0 (Linux; Android 10; K) AppleWebKit/537.36 (KHTML, like Gecko) Chrome/151.0.0.0 Mobile Safari/537.36"
80.9.113.17 - - [20/Aug/2026:08:04:10 +0200] "GET /includes/stats.php?ref=https%3A%2F%2Fwww.vracandbio.com%2F%3Fved%3D2ahUKEwj-uvHIxK6WAxW2SaQEHea2N6IQgU96BAhCEAM HTTP/1.1" 200 - "https://www.vracandbio.com/?ved=2ahUKEwj-uvHIxK6WAxW2SaQEHea2N6IQgU96BAhCEAM" "Mozilla/5.0 (Linux; Android 10; K) AppleWebKit/537.36 (KHTML, like Gecko) Chrome/151.0.0.0 Mobile Safari/537.36"
80.9.113.17 - - [20/Aug/2026:08:04:10 +0200] "GET /uploadfiles/products/mini/174359482408.JPG HTTP/1.1" 200 17276 "https://www.vracandbio.com/?ved=2ahUKEwj-uvHIxK6WAxW2SaQEHea2N6IQgU96BAhCEAM" "Mozilla/5.0 (Linux; Android 10; K) AppleWebKit/537.36 (KHTML, like Gecko) Chrome/151.0.0.0 Mobile Safari/537.36"
80.9.113.17 - - [20/Aug/2026:08:04:11 +0200] "GET /android-icon-144x144.png HTTP/1.1" 404 213089 "https://www.vracandbio.com/?ved=2ahUKEwj-uvHIxK6WAxW2SaQEHea2N6IQgU96BAhCEAM" "Mozilla/5.0 (Linux; Android 10; K) AppleWebKit/537.36 (KHTML, like Gecko) Chrome/151.0.0.0 Mobile Safari/537.36"
185.191.171.11 - - [20/Aug/2026:08:04:11 +0200] "GET /new-products.php?a=12&a=12&b=1&b=1&debut=0&debut=396&debut=60&debut=72&histo_track=1&m=11&seo_cat&x21=1&y=2022 HTTP/1.1" 200 74639 "-" "Mozilla/5.0 (compatible; SemrushBot/7~bl; +http://www.semrush.com/bot.html)"
80.9.113.17 - - [20/Aug/2026:08:04:21 +0200] "GET /categorie-73-rooibos HTTP/1.1" 200 92253 "https://www.vracandbio.com/?ved=2ahUKEwj-uvHIxK6WAxW2SaQEHea2N6IQgU96BAhCEAM" "Mozilla/5.0 (Linux; Android 10; K) AppleWebKit/537.36 (KHTML, like Gecko) Chrome/151.0.0.0 Mobile Safari/537.36"
185.191.171.6 - - [20/Aug/2026:08:04:21 +0200] "GET /new-products.php?a=12&a=12&b=1&b=1&debut=0&debut=0&debut=0&debut=12&debut=72&histo_track=1&m=07&y=2017 HTTP/1.1" 200 129253 "-" "Mozilla/5.0 (compatible; SemrushBot/7~bl; +http://www.semrush.com/bot.html)"
80.9.113.17 - - [20/Aug/2026:08:04:22 +0200] "GET /templates/shop/css/global.php HTTP/1.1" 200 26242 "https://www.vracandbio.com/categorie-73-rooibos" "Mozilla/5.0 (Linux; Android 10; K) AppleWebKit/537.36 (KHTML, like Gecko) Chrome/151.0.0.0 Mobile Safari/537.36"
80.9.113.17 - - [20/Aug/2026:08:04:22 +0200] "GET /uploadfiles/products/mini/15640594870rooibos-nature%20(2).png HTTP/1.1" 200 206294 "https://www.vracandbio.com/categorie-73-rooibos" "Mozilla/5.0 (Linux; Android 10; K) AppleWebKit/537.36 (KHTML, like Gecko) Chrome/151.0.0.0 Mobile Safari/537.36"
80.9.113.17 - - [20/Aug/2026:08:04:22 +0200] "GET /uploadfiles/products/mini/15640598520cocooning%20(2).png HTTP/1.1" 200 180592 "https://www.vracandbio.com/categorie-73-rooibos" "Mozilla/5.0 (Linux; Android 10; K) AppleWebKit/537.36 (KHTML, like Gecko) Chrome/151.0.0.0 Mobile Safari/537.36"
80.9.113.17 - - [20/Aug/2026:08:04:22 +0200] "GET /uploadfiles/products/mini/15640593340agrumes.png HTTP/1.1" 200 187260 "https://www.vracandbio.com/categorie-73-rooibos" "Mozilla/5.0 (Linux; Android 10; K) AppleWebKit/537.36 (KHTML, like Gecko) Chrome/151.0.0.0 Mobile Safari/537.36"
80.9.113.17 - - [20/Aug/2026:08:04:22 +0200] "GET /uploadfiles/products/mini/15640598260legende-d-afrique%20(2).png HTTP/1.1" 200 213429 "https://www.vracandbio.com/categorie-73-rooibos" "Mozilla/5.0 (Linux; Android 10; K) AppleWebKit/537.36 (KHTML, like Gecko) Chrome/151.0.0.0 Mobile Safari/537.36"
80.9.113.17 - - [20/Aug/2026:08:04:22 +0200] "GET /includes/stats.php?ref=https%3A%2F%2Fwww.vracandbio.com%2F%3Fved%3D2ahUKEwj-uvHIxK6WAxW2SaQEHea2N6IQgU96BAhCEAM HTTP/1.1" 200 - "https://www.vracandbio.com/categorie-73-rooibos" "Mozilla/5.0 (Linux; Android 10; K) AppleWebKit/537.36 (KHTML, like Gecko) Chrome/151.0.0.0 Mobile Safari/537.36"
80.9.113.17 - - [20/Aug/2026:08:04:22 +0200] "GET /templates/shop/img/cancel12.png HTTP/1.1" 200 236 "https://www.vracandbio.com/categorie-73-rooibos" "Mozilla/5.0 (Linux; Android 10; K) AppleWebKit/537.36 (KHTML, like Gecko) Chrome/151.0.0.0 Mobile Safari/537.36"
80.9.113.17 - - [20/Aug/2026:08:04:22 +0200] "GET /android-icon-144x144.png HTTP/1.1" 404 212840 "https://www.vracandbio.com/categorie-73-rooibos" "Mozilla/5.0 (Linux; Android 10; K) AppleWebKit/537.36 (KHTML, like Gecko) Chrome/151.0.0.0 Mobile Safari/537.36"
66.249.72.2 - - [20/Aug/2026:08:04:34 +0200] "GET /new-products.php?m=03&y=2019&histo_track=1&debut=48&a=12&b=1&debut=0&seo_cat=&x20=1&debut=0&seo_cat=&x24=1&debut=0&debut=24&a=12&b=1 HTTP/1.1" 200 127993 "-" "Mozilla/5.0 (Linux; Android 6.0.1; Nexus 5X Build/MMB29P) AppleWebKit/537.36 (KHTML, like Gecko) Chrome/151.0.7922.137 Mobile Safari/537.36 (compatible; Googlebot/2.1; +http://www.google.com/bot.html)"
80.9.113.17 - - [20/Aug/2026:08:04:40 +0200] "GET /produit-215-rooibos-bio-nature-50g HTTP/1.1" 200 113049 "https://www.vracandbio.com/categorie-73-rooibos" "Mozilla/5.0 (Linux; Android 10; K) AppleWebKit/537.36 (KHTML, like Gecko) Chrome/151.0.0.0 Mobile Safari/537.36"
80.9.113.17 - - [20/Aug/2026:08:04:41 +0200] "GET /templates/shop/css/global.php HTTP/1.1" 200 26242 "https://www.vracandbio.com/produit-215-rooibos-bio-nature-50g" "Mozilla/5.0 (Linux; Android 10; K) AppleWebKit/537.36 (KHTML, like Gecko) Chrome/151.0.0.0 Mobile Safari/537.36"
80.9.113.17 - - [20/Aug/2026:08:04:41 +0200] "GET /templates/shop/img/poursuivre.png HTTP/1.1" 200 5937 "https://www.vracandbio.com/produit-215-rooibos-bio-nature-50g" "Mozilla/5.0 (Linux; Android 10; K) AppleWebKit/537.36 (KHTML, like Gecko) Chrome/151.0.0.0 Mobile Safari/537.36"
80.9.113.17 - - [20/Aug/2026:08:04:41 +0200] "GET /uploadfiles/products/15640594870rooibos-nature%20(2).png HTTP/1.1" 200 757821 "https://www.vracandbio.com/produit-215-rooibos-bio-nature-50g" "Mozilla/5.0 (Linux; Android 10; K) AppleWebKit/537.36 (KHTML, like Gecko) Chrome/151.0.0.0 Mobile Safari/537.36"
80.9.113.17 - - [20/Aug/2026:08:04:41 +0200] "GET /templates/shop/img/add_cart.png HTTP/1.1" 200 6350 "https://www.vracandbio.com/templates/shop/css/style.css" "Mozilla/5.0 (Linux; Android 10; K) AppleWebKit/537.36 (KHTML, like Gecko) Chrome/151.0.0.0 Mobile Safari/537.36"
80.9.113.17 - - [20/Aug/2026:08:04:41 +0200] "GET /includes/stats.php?ref=https%3A%2F%2Fwww.vracandbio.com%2Fcategorie-73-rooibos HTTP/1.1" 200 - "https://www.vracandbio.com/produit-215-rooibos-bio-nature-50g" "Mozilla/5.0 (Linux; Android 10; K) AppleWebKit/537.36 (KHTML, like Gecko) Chrome/151.0.0.0 Mobile Safari/537.36"
80.9.113.17 - - [20/Aug/2026:08:04:41 +0200] "GET /android-icon-144x144.png HTTP/1.1" 404 223661 "https://www.vracandbio.com/produit-215-rooibos-bio-nature-50g" "Mozilla/5.0 (Linux; Android 10; K) AppleWebKit/537.36 (KHTML, like Gecko) Chrome/151.0.0.0 Mobile Safari/537.36"
185.191.171.10 - - [20/Aug/2026:08:04:54 +0200] "GET /new-products.php?a=12&a=12&b=1&b=1&debut=0&debut=0&debut=24&debut=336&debut=372&m=05&y=2020 HTTP/1.1" 200 96235 "-" "Mozilla/5.0 (compatible; SemrushBot/7~bl; +http://www.semrush.com/bot.html)"
80.9.113.17 - - [20/Aug/2026:08:04:55 +0200] "GET /categorie-73-rooibos HTTP/1.1" 200 102812 "https://www.vracandbio.com/?ved=2ahUKEwj-uvHIxK6WAxW2SaQEHea2N6IQgU96BAhCEAM" "Mozilla/5.0 (Linux; Android 10; K) AppleWebKit/537.36 (KHTML, like Gecko) Chrome/151.0.0.0 Mobile Safari/537.36"
80.9.113.17 - - [20/Aug/2026:08:04:55 +0200] "GET /android-icon-144x144.png HTTP/1.1" 404 223462 "https://www.vracandbio.com/categorie-73-rooibos" "Mozilla/5.0 (Linux; Android 10; K) AppleWebKit/537.36 (KHTML, like Gecko) Chrome/151.0.0.0 Mobile Safari/537.36"
57.141.14.109 - - [20/Aug/2026:08:05:15 +0200] "GET / HTTP/1.1" 200 212954 "-" "facebookexternalhit/1.1 (+http://www.facebook.com/externalhit_uatext.php)"
85.208.96.195 - - [20/Aug/2026:08:05:24 +0200] "GET /new-products.php?a=12&b=1&debut=0&debut=0&debut=0&debut=372&debut=408&m=09&seo_cat&seo_cat&x21=1&x24=1&y=2021 HTTP/1.1" 200 74633 "-" "Mozilla/5.0 (compatible; SemrushBot/7~bl; +http://www.semrush.com/bot.html)"
85.208.96.206 - - [20/Aug/2026:08:05:26 +0200] "GET /new-products.php?a=12&b=1&debut=0&debut=0&debut=0&debut=0&debut=0&debut=348&debut=396&m=12&seo_cat&x23=1&y=2024 HTTP/1.1" 200 74729 "-" "Mozilla/5.0 (compatible; SemrushBot/7~bl; +http://www.semrush.com/bot.html)"
185.191.171.16 - - [20/Aug/2026:08:05:35 +0200] "GET /new-products.php?a=12&a=12&a=12&a=12&b=1&b=1&b=1&b=1&debut=48&debut=60&debut=60&debut=84&m=08&y=2025 HTTP/1.1" 200 133087 "-" "Mozilla/5.0 (compatible; SemrushBot/7~bl; +http://www.semrush.com/bot.html)"
85.208.96.203 - - [20/Aug/2026:08:05:38 +0200] "GET /new-products.php?a=12&a=12&a=12&b=1&b=1&b=1&debut=0&debut=12&debut=396&debut=48&debut=96&seo_cat&x23=1 HTTP/1.1" 200 74688 "-" "Mozilla/5.0 (compatible; SemrushBot/7~bl; +http://www.semrush.com/bot.html)"
152.163.243.15 - - [20/Aug/2026:08:05:39 +0200] "GET /produit-203-lentilles-corail-bio-500g HTTP/1.1" 200 141606 "-" "Mozilla/5.0 (compatible; ExaSearchBot/1.0; +https://crawler.exa.ai/)"
66.249.72.1 - - [20/Aug/2026:08:05:44 +0200] "GET /templates/shop/bootstrap/css/bootstrap-responsive.min.css HTTP/1.1" 200 19072 "https://www.vracandbio.com/new-products.php?m=03&y=2019&histo_track=1&debut=48&a=12&b=1&debut=0&seo_cat=&x20=1&debut=0&seo_cat=&x24=1&debut=0&debut=24&a=12&b=1" "Mozilla/5.0 (Linux; Android 6.0.1; Nexus 5X Build/MMB29P) AppleWebKit/537.36 (KHTML, like Gecko) Chrome/151.0.7922.137 Mobile Safari/537.36 (compatible; Googlebot/2.1; +http://www.google.com/bot.html)"
66.249.72.1 - - [20/Aug/2026:08:05:44 +0200] "GET /js/js.cookie.min.js HTTP/1.1" 200 - "https://www.vracandbio.com/new-products.php?m=03&y=2019&histo_track=1&debut=48&a=12&b=1&debut=0&seo_cat=&x20=1&debut=0&seo_cat=&x24=1&debut=0&debut=24&a=12&b=1" "Mozilla/5.0 (Linux; Android 6.0.1; Nexus 5X Build/MMB29P) AppleWebKit/537.36 (KHTML, like Gecko) Chrome/151.0.7922.137 Mobile Safari/537.36 (compatible; Googlebot/2.1; +http://www.google.com/bot.html)"
66.249.72.1 - - [20/Aug/2026:08:05:44 +0200] "GET /templates/shop/js/lightbox.js HTTP/1.1" 200 14936 "https://www.vracandbio.com/new-products.php?m=03&y=2019&histo_track=1&debut=48&a=12&b=1&debut=0&seo_cat=&x20=1&debut=0&seo_cat=&x24=1&debut=0&debut=24&a=12&b=1" "Mozilla/5.0 (Linux; Android 6.0.1; Nexus 5X Build/MMB29P) AppleWebKit/537.36 (KHTML, like Gecko) Chrome/151.0.7922.137 Mobile Safari/537.36 (compatible; Googlebot/2.1; +http://www.google.com/bot.html)"
66.249.72.2 - - [20/Aug/2026:08:05:46 +0200] "GET /templates/shop/css/dropdown.css HTTP/1.1" 200 937 "https://www.vracandbio.com/templates/shop/css/dropdown.linear.css" "Mozilla/5.0 (Linux; Android 6.0.1; Nexus 5X Build/MMB29P) AppleWebKit/537.36 (KHTML, like Gecko) Chrome/151.0.7922.137 Mobile Safari/537.36 (compatible; Googlebot/2.1; +http://www.google.com/bot.html)"
66.249.72.1 - - [20/Aug/2026:08:05:52 +0200] "GET /produit-632-puree-d-amande-blanche-bio?m=02&y=2026 HTTP/1.1" 200 150339 "-" "Mozilla/5.0 (Linux; Android 6.0.1; Nexus 5X Build/MMB29P) AppleWebKit/537.36 (KHTML, like Gecko) Chrome/151.0.7922.137 Mobile Safari/537.36 (compatible; Googlebot/2.1; +http://www.google.com/bot.html)"
185.191.171.12 - - [20/Aug/2026:08:06:10 +0200] "GET /marques.php?debut=0&debut=0&debut=0&debut=96&seo=23-produits-locaux&seo_marq=23&seo_marq=23&seo_marq=23&t117=1&t5=1&t81=1 HTTP/1.1" 200 77992 "-" "Mozilla/5.0 (compatible; SemrushBot/7~bl; +http://www.semrush.com/bot.html)"
66.249.72.2 - - [20/Aug/2026:08:06:15 +0200] "GET /new-products.php?m=05&y=2019&debut=84&a=12&b=1&histo_track=1&seo_cat=&x26=1&debut=0 HTTP/1.1" 200 121787 "-" "Mozilla/5.0 (Linux; Android 6.0.1; Nexus 5X Build/MMB29P) AppleWebKit/537.36 (KHTML, like Gecko) Chrome/151.0.7922.137 Mobile Safari/537.36 (compatible; Googlebot/2.1; +http://www.google.com/bot.html)"
66.249.72.2 - - [20/Aug/2026:08:06:21 +0200] "GET /new-products.php?m=05&y=2032&debut=372&histo_track=1&seo_cat=&x21=1&debut=0&debut=12&a=12&b=1&seo_cat=&x20=1&debut=0 HTTP/1.1" 200 127267 "-" "Mozilla/5.0 (Linux; Android 6.0.1; Nexus 5X Build/MMB29P) AppleWebKit/537.36 (KHTML, like Gecko) Chrome/151.0.7922.137 Mobile Safari/537.36 (compatible; Googlebot/2.1; +http://www.google.com/bot.html)"
66.249.72.1 - - [20/Aug/2026:08:06:33 +0200] "GET /js/js.cookie.min.js HTTP/1.1" 200 - "https://www.vracandbio.com/new-products.php?m=05&y=2032&debut=372&histo_track=1&seo_cat=&x21=1&debut=0&debut=12&a=12&b=1&seo_cat=&x20=1&debut=0" "Mozilla/5.0 (Linux; Android 6.0.1; Nexus 5X Build/MMB29P) AppleWebKit/537.36 (KHTML, like Gecko) Chrome/151.0.7922.137 Mobile Safari/537.36 (compatible; Googlebot/2.1; +http://www.google.com/bot.html)"
85.208.96.198 - - [20/Aug/2026:08:06:35 +0200] "GET /new-products.php?a=12&a=12&b=1&b=1&debut=0&debut=0&debut=0&debut=24&debut=348&debut=396&m=02&seo_cat&x21=1&y=2020 HTTP/1.1" 200 74663 "-" "Mozilla/5.0 (compatible; SemrushBot/7~bl; +http://www.semrush.com/bot.html)"
185.191.171.7 - - [20/Aug/2026:08:06:38 +0200] "GET /new-products.php?a=12&a=12&a=12&b=1&b=1&b=1&debut=0&debut=312&debut=36&debut=372&debut=396&m=06&y=2020 HTTP/1.1" 200 74579 "-" "Mozilla/5.0 (compatible; SemrushBot/7~bl; +http://www.semrush.com/bot.html)"
185.191.171.3 - - [20/Aug/2026:08:06:50 +0200] "GET /new-products.php?a=12&a=12&b=1&b=1&debut=0&debut=0&debut=384&debut=396&debut=48&debut=96&m=10&seo_cat&x26=1&y=2017 HTTP/1.1" 200 74742 "-" "Mozilla/5.0 (compatible; SemrushBot/7~bl; +http://www.semrush.com/bot.html)"
185.191.171.4 - - [20/Aug/2026:08:06:53 +0200] "GET /new-products.php?a=12&a=12&b=1&b=1&debut=372&debut=396&debut=396&debut=84&debut=96&histo_track=1&m=11&y=2021 HTTP/1.1" 200 129885 "-" "Mozilla/5.0 (compatible; SemrushBot/7~bl; +http://www.semrush.com/bot.html)"
185.191.171.2 - - [20/Aug/2026:08:07:02 +0200] "GET /new-products.php?a=12&a=12&b=1&b=1&debut=0&debut=0&debut=324&debut=36&debut=372&histo_track=1&m=11&y=2019 HTTP/1.1" 200 96559 "-" "Mozilla/5.0 (compatible; SemrushBot/7~bl; +http://www.semrush.com/bot.html)"
185.191.171.7 - - [20/Aug/2026:08:07:04 +0200] "GET /new-products.php?a=12&b=1&debut=0&debut=372&debut=384&debut=384&debut=384&debut=60&histo_track=1&m=03&seo_cat&x23=1&y=2018 HTTP/1.1" 200 82434 "-" "Mozilla/5.0 (compatible; SemrushBot/7~bl; +http://www.semrush.com/bot.html)"
185.191.171.7 - - [20/Aug/2026:08:07:05 +0200] "GET /new-products.php?a=12&b=1&debut=0&debut=372&debut=384&debut=384&debut=384&debut=60&histo_track=1&m=03&seo_cat&x23=1&y=2018 HTTP/1.1" 200 82434 "-" "Mozilla/5.0 (compatible; SemrushBot/7~bl; +http://www.semrush.com/bot.html)"
185.191.171.3 - - [20/Aug/2026:08:07:07 +0200] "GET /new-products.php?a=12&a=12&a=12&b=1&b=1&b=1&debut=0&debut=0&debut=312&debut=372&debut=372&debut=396&m=12&y=2018 HTTP/1.1" 200 74729 "-" "Mozilla/5.0 (compatible; SemrushBot/7~bl; +http://www.semrush.com/bot.html)"
185.191.171.4 - - [20/Aug/2026:08:07:30 +0200] "GET /new-products.php?a=12&a=12&b=1&b=1&debut=0&debut=0&debut=36&debut=372&debut=372&debut=60&histo_track=1&m=12&y=2023 HTTP/1.1" 200 130008 "-" "Mozilla/5.0 (compatible; SemrushBot/7~bl; +http://www.semrush.com/bot.html)"
85.208.96.206 - - [20/Aug/2026:08:07:48 +0200] "GET /new-products.php?a=12&b=1&debut=0&debut=0&debut=36&debut=396&m=04&seo_cat&seo_cat&x20=1&x21=1&y=2025 HTTP/1.1" 200 74566 "-" "Mozilla/5.0 (compatible; SemrushBot/7~bl; +http://www.semrush.com/bot.html)"
85.208.96.206 - - [20/Aug/2026:08:08:00 +0200] "GET /new-products.php?a=12&a=12&a=12&b=1&b=1&b=1&debut=108&debut=384&debut=396&debut=396&debut=72&debut=96&m=11&y=2023 HTTP/1.1" 200 130010 "-" "Mozilla/5.0 (compatible; SemrushBot/7~bl; +http://www.semrush.com/bot.html)"
85.208.96.209 - - [20/Aug/2026:08:08:03 +0200] "GET /new-products.php?a=12&a=12&a=12&b=1&b=1&b=1&debut=0&debut=0&debut=108&debut=120&debut=408&debut=72&m=04&y=2020 HTTP/1.1" 200 129375 "-" "Mozilla/5.0 (compatible; SemrushBot/7~bl; +http://www.semrush.com/bot.html)"
194.187.171.138 - - [20/Aug/2026:08:08:03 +0200] "GET /produit-560-baton-de-charbon-actif-francais HTTP/1.1" 200 103954 "-" "Mozilla/5.0 (compatible; Qwantbot/1.0_5200296; +https://help.qwant.com/bot/)"
185.191.171.18 - - [20/Aug/2026:08:08:14 +0200] "GET /new-products.php?a=12&a=12&b=1&b=1&debut=0&debut=372&debut=60&debut=96&histo_track=1&m=11&y=2025 HTTP/1.1" 200 129585 "-" "Mozilla/5.0 (compatible; SemrushBot/7~bl; +http://www.semrush.com/bot.html)"
185.191.171.4 - - [20/Aug/2026:08:08:16 +0200] "GET /new-products.php?a=12&a=12&a=12&b=1&b=1&b=1&debut=0&debut=108&debut=396&debut=48&debut=96&m=05&y=2017 HTTP/1.1" 200 129708 "-" "Mozilla/5.0 (compatible; SemrushBot/7~bl; +http://www.semrush.com/bot.html)"
173.252.82.37 - - [20/Aug/2026:08:08:51 +0200] "GET /categorie-98-bieres?m=02&y=2025 HTTP/1.1" 200 111411 "-" "Mozilla/5.0 (Windows NT 10.0; Win64; x64) AppleWebKit/537.36 (KHTML, like Gecko) Chrome/145.0.0.0 Safari/537.36 (compatible; meta-webindexer/1.1 (+https://developers.facebook.com/docs/sharing/webmasters/crawler))"
173.252.70.43 - - [20/Aug/2026:08:08:52 +0200] "GET /templates/shop/bootstrap/css/bootstrap.min.css HTTP/1.1" 200 106945 "https://www.vracandbio.com/categorie-98-bieres?m=02&y=2025" "Mozilla/5.0 (Windows NT 10.0; Win64; x64) AppleWebKit/537.36 (KHTML, like Gecko) Chrome/145.0.0.0 Safari/537.36 (compatible; meta-webindexer/1.1 (+https://developers.facebook.com/docs/sharing/webmasters/crawler))"
173.252.70.49 - - [20/Aug/2026:08:08:53 +0200] "GET /uploadfiles/products/mini/16129589240BIRA.jpg HTTP/1.1" 200 17757 "https://www.vracandbio.com/categorie-98-bieres?m=02&y=2025" "Mozilla/5.0 (Windows NT 10.0; Win64; x64) AppleWebKit/537.36 (KHTML, like Gecko) Chrome/145.0.0.0 Safari/537.36 (compatible; meta-webindexer/1.1 (+https://developers.facebook.com/docs/sharing/webmasters/crawler))"
173.252.87.50 - - [20/Aug/2026:08:08:53 +0200] "GET /uploadfiles/products/mini/15641531210qepi.jpg HTTP/1.1" 200 17646 "https://www.vracandbio.com/categorie-98-bieres?m=02&y=2025" "Mozilla/5.0 (Windows NT 10.0; Win64; x64) AppleWebKit/537.36 (KHTML, like Gecko) Chrome/145.0.0.0 Safari/537.36 (compatible; meta-webindexer/1.1 (+https://developers.facebook.com/docs/sharing/webmasters/crawler))"
173.252.82.8 - - [20/Aug/2026:08:08:54 +0200] "GET /uploadfiles/products/mini/15641527960pepi.jpg HTTP/1.1" 200 14871 "https://www.vracandbio.com/categorie-98-bieres?m=02&y=2025" "Mozilla/5.0 (Windows NT 10.0; Win64; x64) AppleWebKit/537.36 (KHTML, like Gecko) Chrome/145.0.0.0 Safari/537.36 (compatible; meta-webindexer/1.1 (+https://developers.facebook.com/docs/sharing/webmasters/crawler))"
173.252.87.50 - - [20/Aug/2026:08:08:56 +0200] "GET /templates/shop/images/downArrow.png HTTP/1.1" 404 212760 "https://www.vracandbio.com/templates/shop/css/style.css" "Mozilla/5.0 (Windows NT 10.0; Win64; x64) AppleWebKit/537.36 (KHTML, like Gecko) Chrome/145.0.0.0 Safari/537.36 (compatible; meta-webindexer/1.1 (+https://developers.facebook.com/docs/sharing/webmasters/crawler))"
85.208.96.211 - - [20/Aug/2026:08:09:06 +0200] "GET /new-products.php?a=12&a=12&b=1&b=1&debut=24&debut=384&debut=396&debut=396&debut=432&debut=48&histo_track=1&m=01&y=2021 HTTP/1.1" 200 130959 "-" "Mozilla/5.0 (compatible; SemrushBot/7~bl; +http://www.semrush.com/bot.html)"
185.191.171.13 - - [20/Aug/2026:08:09:24 +0200] "GET /new-products.php?debut=0&debut=0&debut=0&debut=0&debut=0&debut=0&debut=0&debut=0&debut=396&histo_track=1&m=12&y=2019 HTTP/1.1" 200 74764 "-" "Mozilla/5.0 (compatible; SemrushBot/7~bl; +http://www.semrush.com/bot.html)"
185.191.171.14 - - [20/Aug/2026:08:09:41 +0200] "GET /new-products.php?a=12&a=12&b=1&b=1&debut=0&debut=372&debut=396&debut=396&debut=408&debut=84&debut=96&m=05&y=2021 HTTP/1.1" 200 130056 "-" "Mozilla/5.0 (compatible; SemrushBot/7~bl; +http://www.semrush.com/bot.html)"
185.191.171.11 - - [20/Aug/2026:08:09:45 +0200] "GET /new-products.php?a=12&a=12&a=12&b=1&b=1&b=1&debut=324&debut=348&debut=384&debut=396&histo_track=1&m=08&y=2017 HTTP/1.1" 200 74637 "-" "Mozilla/5.0 (compatible; SemrushBot/7~bl; +http://www.semrush.com/bot.html)"
185.191.171.4 - - [20/Aug/2026:08:09:47 +0200] "GET /new-products.php?a=12&b=1&debut=0&debut=0&debut=0&debut=396&debut=432&debut=432&debut=432&debut=432&debut=60&m=04&y=2021 HTTP/1.1" 200 130145 "-" "Mozilla/5.0 (compatible; SemrushBot/7~bl; +http://www.semrush.com/bot.html)"
66.249.72.2 - - [20/Aug/2026:08:10:12 +0200] "GET /new-products.php?m=06&y=2026&histo_track=1&debut=24&a=12&b=1&debut=372&seo_cat=&x24=1&debut=0&seo_cat=&x23=1&debut=0&debut=60&a=12&b=1&debut=0 HTTP/1.1" 200 130068 "-" "Mozilla/5.0 (Linux; Android 6.0.1; Nexus 5X Build/MMB29P) AppleWebKit/537.36 (KHTML, like Gecko) Chrome/151.0.7922.137 Mobile Safari/537.36 (compatible; Googlebot/2.1; +http://www.google.com/bot.html)"
185.191.171.13 - - [20/Aug/2026:08:10:14 +0200] "GET /new-products.php?a=12&a=12&a=12&b=1&b=1&b=1&debut=0&debut=0&debut=132&debut=24&debut=84&seo_cat&x23=1 HTTP/1.1" 200 74681 "-" "Mozilla/5.0 (compatible; SemrushBot/7~bl; +http://www.semrush.com/bot.html)"
185.191.171.6 - - [20/Aug/2026:08:10:42 +0200] "GET /new-products.php?a=12&a=12&b=1&b=1&debut=0&debut=60&debut=84&m=08&seo_cat&x24=1&y=2025 HTTP/1.1" 200 74476 "-" "Mozilla/5.0 (compatible; SemrushBot/7~bl; +http://www.semrush.com/bot.html)"
40.77.167.224 - - [20/Aug/2026:08:10:46 +0200] "GET /produit-628-puree-de-sesame-noir-bio?m=09&y=2026 HTTP/1.1" 200 176752 "-" "Mozilla/5.0 AppleWebKit/537.36 (KHTML, like Gecko; compatible; bingbot/2.0; +http://www.bing.com/bingbot.htm) Chrome/116.0.1938.76 Safari/537.36"
85.208.96.204 - - [20/Aug/2026:08:10:48 +0200] "GET /new-products.php?a=12&b=1&debut=0&debut=0&debut=0&debut=0&debut=372&debut=372&debut=372&debut=84&histo_track=1&m=06&y=2025 HTTP/1.1" 200 133370 "-" "Mozilla/5.0 (compatible; SemrushBot/7~bl; +http://www.semrush.com/bot.html)"
185.191.171.1 - - [20/Aug/2026:08:10:53 +0200] "GET /new-products.php?a=12&b=1&debut=0&debut=0&debut=0&debut=48&seo_cat&seo_cat&x20=1&x26=1 HTTP/1.1" 200 74576 "-" "Mozilla/5.0 (compatible; SemrushBot/7~bl; +http://www.semrush.com/bot.html)"
85.208.96.196 - - [20/Aug/2026:08:11:03 +0200] "GET /new-products.php?debut=0&debut=0&debut=0&debut=0&debut=396&seo_cat&seo_cat&seo_cat&x20=1&x21=0&x21=1 HTTP/1.1" 200 74674 "-" "Mozilla/5.0 (compatible; SemrushBot/7~bl; +http://www.semrush.com/bot.html)"
85.208.96.210 - - [20/Aug/2026:08:11:09 +0200] "GET /new-products.php?a=12&a=12&a=12&b=1&b=1&b=1&debut=0&debut=0&debut=36&debut=84&debut=96&histo_track=1&m=08&y=2018 HTTP/1.1" 200 129990 "-" "Mozilla/5.0 (compatible; SemrushBot/7~bl; +http://www.semrush.com/bot.html)"
185.191.171.6 - - [20/Aug/2026:08:11:12 +0200] "GET /new-products.php?a=12&a=12&a=12&a=12&b=1&b=1&b=1&b=1&debut=0&debut=12&debut=348&debut=348&debut=372&histo_track=1 HTTP/1.1" 200 96848 "-" "Mozilla/5.0 (compatible; SemrushBot/7~bl; +http://www.semrush.com/bot.html)"
185.191.171.7 - - [20/Aug/2026:08:11:19 +0200] "GET /new-products.php?a=12&a=12&a=12&a=12&b=1&b=1&b=1&b=1&debut=108&debut=372&debut=432&debut=60&debut=60&debut=96 HTTP/1.1" 200 130015 "-" "Mozilla/5.0 (compatible; SemrushBot/7~bl; +http://www.semrush.com/bot.html)"
85.208.96.206 - - [20/Aug/2026:08:11:31 +0200] "GET /new-products.php?a=12&a=12&b=1&b=1&debut=0&debut=384&debut=384&debut=408&debut=432&debut=48&debut=60&m=11&y=2021 HTTP/1.1" 200 129929 "-" "Mozilla/5.0 (compatible; SemrushBot/7~bl; +http://www.semrush.com/bot.html)"
185.191.171.5 - - [20/Aug/2026:08:11:35 +0200] "GET /new-products.php?a=12&b=1&debut=0&debut=0&debut=384&debut=396&m=06&seo_cat&seo_cat&x24=0&x24=1&y=2020 HTTP/1.1" 200 74572 "-" "Mozilla/5.0 (compatible; SemrushBot/7~bl; +http://www.semrush.com/bot.html)"
185.191.171.17 - - [20/Aug/2026:08:11:57 +0200] "GET /new-products.php?a=12&a=12&a=12&b=1&b=1&b=1&debut=0&debut=0&debut=120&debut=36&debut=72&histo_track=1&seo_cat&x24=1 HTTP/1.1" 200 74779 "-" "Mozilla/5.0 (compatible; SemrushBot/7~bl; +http://www.semrush.com/bot.html)"
66.249.72.2 - - [20/Aug/2026:08:11:57 +0200] "GET /categorie-104-fruits-secs HTTP/1.1" 200 127457 "-" "Mozilla/5.0 (Linux; Android 6.0.1; Nexus 5X Build/MMB29P) AppleWebKit/537.36 (KHTML, like Gecko) Chrome/151.0.7922.169 Mobile Safari/537.36 (compatible; Googlebot/2.1; +http://www.google.com/bot.html)"
66.249.72.3 - - [20/Aug/2026:08:12:01 +0200] "GET /new-products.php?m=11&y=2032&debut=372&seo_cat=&x26=1&debut=0&seo_cat=&x21=1&debut=0 HTTP/1.1" 200 127042 "-" "Mozilla/5.0 (Linux; Android 6.0.1; Nexus 5X Build/MMB29P) AppleWebKit/537.36 (KHTML, like Gecko) Chrome/151.0.7922.137 Mobile Safari/537.36 (compatible; Googlebot/2.1; +http://www.google.com/bot.html)"
85.208.96.193 - - [20/Aug/2026:08:12:03 +0200] "GET /new-products.php?a=12&a=12&b=1&b=1&debut=0&debut=0&debut=0&debut=24&debut=372&debut=72&m=11&seo_cat&x26=1&y=2025 HTTP/1.1" 200 74653 "-" "Mozilla/5.0 (compatible; SemrushBot/7~bl; +http://www.semrush.com/bot.html)"
185.191.171.17 - - [20/Aug/2026:08:12:10 +0200] "GET /marques.php?a=12&b=1&debut=0&debut=60&seo=23-produits-locaux&seo_marq=23&t113=1 HTTP/1.1" 200 77278 "-" "Mozilla/5.0 (compatible; SemrushBot/7~bl; +http://www.semrush.com/bot.html)"
85.208.96.195 - - [20/Aug/2026:08:12:16 +0200] "GET /new-products.php?a=12&a=12&a=12&b=1&b=1&b=1&debut=0&debut=12&debut=36&histo_track=1&m=07&y=2021 HTTP/1.1" 200 130100 "-" "Mozilla/5.0 (compatible; SemrushBot/7~bl; +http://www.semrush.com/bot.html)"
85.208.96.206 - - [20/Aug/2026:08:12:19 +0200] "GET /new-products.php?a=12&a=12&b=1&b=1&debut=372&debut=384&debut=396&debut=396&debut=408&debut=408&debut=48&debut=72 HTTP/1.1" 200 129533 "-" "Mozilla/5.0 (compatible; SemrushBot/7~bl; +http://www.semrush.com/bot.html)"
186.6.38.204 - - [20/Aug/2026:08:12:20 +0200] "GET /produit-287-miel-de-callune-bio-500g HTTP/1.1" 200 134955 "-" "Mozilla/5.0 (Windows NT 5.1) AppleWebKit/536.0 (KHTML, like Gecko) Chrome/40.0.801.0 Safari/536.0"
66.249.72.1 - - [20/Aug/2026:08:12:23 +0200] "GET /new-products.php?m=06&y=2026&histo_track=1&debut=372&debut=336&a=12&b=1&seo_cat=&x20=1&debut=0&seo_cat=&x26=1&debut=0 HTTP/1.1" 200 127016 "-" "Mozilla/5.0 (Linux; Android 6.0.1; Nexus 5X Build/MMB29P) AppleWebKit/537.36 (KHTML, like Gecko) Chrome/151.0.7922.137 Mobile Safari/537.36 (compatible; Googlebot/2.1; +http://www.google.com/bot.html)"
66.249.72.1 - - [20/Aug/2026:08:12:29 +0200] "GET /new-products.php?m=10&y=2023&debut=72&a=12&b=1&histo_track=1&debut=84&a=12&b=1&seo_cat=&x26=1&debut=0 HTTP/1.1" 200 121990 "-" "Mozilla/5.0 (Linux; Android 6.0.1; Nexus 5X Build/MMB29P) AppleWebKit/537.36 (KHTML, like Gecko) Chrome/151.0.7922.137 Mobile Safari/537.36 (compatible; Googlebot/2.1; +http://www.google.com/bot.html)"
92.222.108.97 - - [20/Aug/2026:08:12:37 +0200] "GET /?m=10&y=1997 HTTP/1.1" 200 223496 "-" "Mozilla/5.0 (compatible; AhrefsBot/7.0; +http://ahrefs.com/robot/)"
66.249.72.1 - - [20/Aug/2026:08:12:46 +0200] "GET /templates/shop/bootstrap/css/bootstrap-responsive.min.css HTTP/1.1" 200 19072 "https://www.vracandbio.com/new-products.php?m=10&y=2023&debut=72&a=12&b=1&histo_track=1&debut=84&a=12&b=1&seo_cat=&x26=1&debut=0" "Mozilla/5.0 (Linux; Android 6.0.1; Nexus 5X Build/MMB29P) AppleWebKit/537.36 (KHTML, like Gecko) Chrome/151.0.7922.137 Mobile Safari/537.36 (compatible; Googlebot/2.1; +http://www.google.com/bot.html)"
66.249.72.1 - - [20/Aug/2026:08:12:50 +0200] "GET /templates/shop/css/dropdown.css HTTP/1.1" 200 937 "https://www.vracandbio.com/templates/shop/css/dropdown.linear.css" "Mozilla/5.0 (Linux; Android 6.0.1; Nexus 5X Build/MMB29P) AppleWebKit/537.36 (KHTML, like Gecko) Chrome/151.0.7922.137 Mobile Safari/537.36 (compatible; Googlebot/2.1; +http://www.google.com/bot.html)"
94.23.188.210 - - [20/Aug/2026:08:13:14 +0200] "GET /?m=11&y=2046 HTTP/1.1" 200 212882 "-" "Mozilla/5.0 (compatible; AhrefsBot/7.0; +http://ahrefs.com/robot/)"
85.208.96.208 - - [20/Aug/2026:08:13:26 +0200] "GET /new-products.php?a=12&b=1&debut=0&debut=0&debut=0&debut=0&debut=0&debut=396&debut=60&m=05&seo_cat&x21=1&y=2024 HTTP/1.1" 200 74637 "-" "Mozilla/5.0 (compatible; SemrushBot/7~bl; +http://www.semrush.com/bot.html)"
185.191.171.5 - - [20/Aug/2026:08:13:40 +0200] "GET /new-products.php?a=12&a=12&b=1&b=1&debut=0&debut=0&debut=120&debut=372&debut=372&debut=72&m=05&y=2019 HTTP/1.1" 200 129151 "-" "Mozilla/5.0 (compatible; SemrushBot/7~bl; +http://www.semrush.com/bot.html)"
185.191.171.15 - - [20/Aug/2026:08:13:43 +0200] "GET /new-products.php?a=12&b=1&debut=0&debut=0&debut=60&m=11&seo_cat&seo_cat&x21=1&x26=1&y=2017 HTTP/1.1" 200 74499 "-" "Mozilla/5.0 (compatible; SemrushBot/7~bl; +http://www.semrush.com/bot.html)"
185.191.171.4 - - [20/Aug/2026:08:13:46 +0200] "GET /new-products.php?a=12&a=12&a=12&b=1&b=1&b=1&debut=0&debut=108&debut=36&debut=396&debut=396&debut=60&m=02&y=2021 HTTP/1.1" 200 129831 "-" "Mozilla/5.0 (compatible; SemrushBot/7~bl; +http://www.semrush.com/bot.html)"
66.249.72.1 - - [20/Aug/2026:08:13:46 +0200] "GET /new-products.php?m=06&y=2026&histo_track=1&debut=372&seo_cat=&x21=1&debut=0&debut=12&a=12&b=1 HTTP/1.1" 200 89179 "-" "Mozilla/5.0 (Linux; Android 6.0.1; Nexus 5X Build/MMB29P) AppleWebKit/537.36 (KHTML, like Gecko) Chrome/151.0.7922.137 Mobile Safari/537.36 (compatible; Googlebot/2.1; +http://www.google.com/bot.html)"
51.75.236.133 - - [20/Aug/2026:08:13:47 +0200] "GET /?m=09&y=2066 HTTP/1.1" 200 213126 "-" "Mozilla/5.0 (compatible; AhrefsBot/7.0; +http://ahrefs.com/robot/)"
85.208.96.207 - - [20/Aug/2026:08:13:49 +0200] "GET /new-products.php?a=12&a=12&b=1&b=1&debut=0&debut=0&debut=372&debut=396&debut=396&debut=84&debut=96&m=06&y=2020 HTTP/1.1" 200 129931 "-" "Mozilla/5.0 (compatible; SemrushBot/7~bl; +http://www.semrush.com/bot.html)"
66.249.72.1 - - [20/Aug/2026:08:14:13 +0200] "GET /new-products.php?m=08&y=2030&histo_track=1&debut=24&a=12&b=1&seo_cat=&x23=1&debut=0&seo_cat=&x20=1&debut=0 HTTP/1.1" 200 128200 "-" "Mozilla/5.0 (Linux; Android 6.0.1; Nexus 5X Build/MMB29P) AppleWebKit/537.36 (KHTML, like Gecko) Chrome/151.0.7922.137 Mobile Safari/537.36 (compatible; Googlebot/2.1; +http://www.google.com/bot.html)"
85.208.96.210 - - [20/Aug/2026:08:14:26 +0200] "GET /new-products.php?a=12&b=1&debut=0&debut=0&debut=0&debut=336&debut=372&seo_cat&seo_cat&x20=1&x24=1 HTTP/1.1" 200 74653 "-" "Mozilla/5.0 (compatible; SemrushBot/7~bl; +http://www.semrush.com/bot.html)"
54.37.118.73 - - [20/Aug/2026:08:14:26 +0200] "GET /?m=06&y=1984 HTTP/1.1" 200 212810 "-" "Mozilla/5.0 (compatible; AhrefsBot/7.0; +http://ahrefs.com/robot/)"
66.249.72.1 - - [20/Aug/2026:08:14:35 +0200] "GET /new-products.php?m=06&y=2031&debut=24&a=12&b=1&debut=372&histo_track=1&seo_cat=&x23=1&debut=0&seo_cat=&x20=1&debut=0&debut=12&a=12&b=1 HTTP/1.1" 200 128889 "-" "Mozilla/5.0 (Linux; Android 6.0.1; Nexus 5X Build/MMB29P) AppleWebKit/537.36 (KHTML, like Gecko) Chrome/151.0.7922.137 Mobile Safari/537.36 (compatible; Googlebot/2.1; +http://www.google.com/bot.html)"
85.208.96.201 - - [20/Aug/2026:08:14:52 +0200] "GET /new-products.php?a=12&b=1&debut=0&debut=0&debut=396&debut=396&debut=72&m=01&seo_cat&x24=1&y=2025 HTTP/1.1" 200 74543 "-" "Mozilla/5.0 (compatible; SemrushBot/7~bl; +http://www.semrush.com/bot.html)"
85.208.96.205 - - [20/Aug/2026:08:14:54 +0200] "GET /new-products.php?a=12&a=12&b=1&b=1&debut=24&debut=348&debut=396&m=08&y=2020 HTTP/1.1" 200 74472 "-" "Mozilla/5.0 (compatible; SemrushBot/7~bl; +http://www.semrush.com/bot.html)"
185.191.171.1 - - [20/Aug/2026:08:14:59 +0200] "GET /new-products.php?a=12&a=12&a=12&b=1&b=1&b=1&debut=0&debut=24&debut=36&debut=60&histo_track=1&m=12&y=2023 HTTP/1.1" 200 129739 "-" "Mozilla/5.0 (compatible; SemrushBot/7~bl; +http://www.semrush.com/bot.html)"
37.59.204.136 - - [20/Aug/2026:08:15:01 +0200] "GET /?m=05&y=2060 HTTP/1.1" 200 212858 "-" "Mozilla/5.0 (compatible; AhrefsBot/7.0; +http://ahrefs.com/robot/)"
77.248.142.155 - - [20/Aug/2026:08:15:08 +0200] "GET /produit-634-puree-de-sesame-12-complet-bio?m=09&y=2026 HTTP/1.1" 200 150354 "-" "Mozilla/5.0 (iPad; CPU iPad OS 17_1 like Mac OS X) AppleWebKit/534.2 (KHTML, like Gecko) FxiOS/17.1y3629.0 Mobile/13A103 Safari/534.2"
185.191.171.1 - - [20/Aug/2026:08:15:25 +0200] "GET /new-products.php?a=12&b=1&debut=0&debut=0&debut=0&debut=396&debut=60&seo_cat&seo_cat&seo_cat&x20=1&x24=0&x24=1 HTTP/1.1" 200 74744 "-" "Mozilla/5.0 (compatible; SemrushBot/7~bl; +http://www.semrush.com/bot.html)"
85.208.96.207 - - [20/Aug/2026:08:15:29 +0200] "GET /new-products.php?a=12&a=12&a=12&b=1&b=1&b=1&debut=0&debut=108&debut=372&debut=396&debut=60&debut=84&m=02&y=2022 HTTP/1.1" 200 133357 "-" "Mozilla/5.0 (compatible; SemrushBot/7~bl; +http://www.semrush.com/bot.html)"
185.191.171.11 - - [20/Aug/2026:08:15:31 +0200] "GET /new-products.php?a=12&a=12&b=1&b=1&debut=0&debut=0&debut=0&debut=108&debut=384&debut=432&debut=84&seo_cat&x23=1 HTTP/1.1" 200 74751 "-" "Mozilla/5.0 (compatible; SemrushBot/7~bl; +http://www.semrush.com/bot.html)"
